(5893,13,0,'aksessuary-dlya-zhivotnykh/tovary-dlya-kotov2/igrushki-dlya-koshek/mysh-dlya-koshki','index.php?option=com_djclassifieds&Itemid=1198&cid=398&lang=ru&view=items','',0,'0000-00-00'),(5894,8,0,'aksessuary-dlya-zhivotnykh/tovary-dlya-kotov2/vitaminy-dlya-koshek','index.php?option=com_djclassifieds&Itemid=1199&cid=399&lang=ru&view=items','',0,'0000-00-00'),(5895,10,0,'aksessuary-dlya-zhivotnykh/tovary-dlya-kotov2/vitaminy-dlya-koshek/vitaminy-dlya-beremennykh-koshek','index.php?option=com_djclassifieds&Itemid=1200&cid=400&lang=ru&view=items','',0,'0000-00-00'),(5896,15,0,'aksessuary-dlya-zhivotnykh/tovary-dlya-kotov2/vitaminy-dlya-koshek/vitaminy-dlya-shersti-kotov','index.php?option=com_djclassifieds&Itemid=1201&cid=401&lang=ru&view=items','',0,'0000-00-00'),(5897,7,0,'aksessuary-dlya-zhivotnykh/tovary-dlya-kotov2/instrumenty-dlya-gruminga','index.php?option=com_djclassifieds&Itemid=1202&cid=402&lang=ru&view=items','',0,'0000-00-00'),(5898,0,0,'kogterezy403','index.php?option=com_djclassifieds&Itemid=1202&cid=403&lang=ru&view=items','',0,'0000-00-00'),(5899,10,0,'aksessuary-dlya-zhivotnykh/tovary-dlya-kotov2/instrumenty-dlya-gruminga/kogterezy','index.php?option=com_djclassifieds&Itemid=1203&cid=403&lang=ru&view=items','',0,'0000-00-00'),(5900,11,0,'aksessuary-dlya-zhivotnykh/tovary-dlya-kotov2/instrumenty-dlya-gruminga/mashinki-dlya-strizhki-kotov','index.php?option=com_djclassifieds&Itemid=1204&cid=404&lang=ru&view=items','',0,'0000-00-00'),(5901,10,0,'aksessuary-dlya-zhivotnykh/tovary-dlya-kotov2/domiki-dlya-kotov','index.php?option=com_djclassifieds&Itemid=1205&cid=405&lang=ru&view=items','',0,'0000-00-00'),(5902,7,0,'aksessuary-dlya-zhivotnykh/tovary-dlya-kotov2/domiki-dlya-kotov/kogtetochki-dlya-kotov-i-koshek','index.php?option=com_djclassifieds&Itemid=1206&cid=406&lang=ru&view=items','',0,'0000-00-00'),(5903,13,0,'aksessuary-dlya-zhivotnykh/tovary-dlya-kotov2/domiki-dlya-kotov/kogtetochki-dlya-kotov-i-koshek/domik-kogtetochka-dlya-koshki','index.php?option=com_djclassifieds&Itemid=1207&cid=407&lang=ru&view=items','',0,'0000-00-00'),(5904,0,0,'kovrik-kogtetochka408','index.php?option=com_djclassifieds&Itemid=1206&cid=408&lang=ru&view=items','',0,'0000-00-00'),(5905,13,0,'aksessuary-dlya-zhivotnykh/tovary-dlya-kotov2/domiki-dlya-kotov/kogtetochki-dlya-kotov-i-koshek/kogtetochka-stolbik-dlya-koshek','index.php?option=com_djclassifieds&Itemid=1209&cid=409&lang=ru&view=items','',0,'0000-00-00'),(5906,11,0,'aksessuary-dlya-zhivotnykh/tovary-dlya-kotov2/domiki-dlya-kotov/kogtetochki-dlya-kotov-i-koshek/kovrik-kogtetochka','index.php?option=com_djclassifieds&Itemid=1208&cid=408&lang=ru&view=items','',0,'0000-00-00'),(5907,9,0,'aksessuary-dlya-zhivotnykh/tovary-dlya-kotov2/domiki-dlya-kotov/lezhanki-dlya-koshek','index.php?option=com_djclassifieds&Itemid=1210&cid=410&lang=ru&view=items','',0,'0000-00-00'),(5908,13,0,'aksessuary-dlya-zhivotnykh/tovary-dlya-kotov2/domiki-dlya-kotov/tunneli-dlya-koshek','index.php?option=com_djclassifieds&Itemid=1211&cid=411&lang=ru&view=items','',0,'0000-00-00'),(5909,11,0,'aksessuary-dlya-zhivotnykh/tovary-dlya-kotov2/domiki-dlya-kotov/gamak-dlya-koshki','index.php?option=com_djclassifieds&Itemid=1212&cid=412&lang=ru&view=items','',0,'0000-00-00'),(5910,10,0,'aksessuary-dlya-zhivotnykh/tovary-dlya-kotov2/domiki-dlya-kotov/podushki-lezhanki','index.php?option=com_djclassifieds&Itemid=1213&cid=413&lang=ru&view=items','',0,'0000-00-00'),(5911,14,0,'miski-dlya-koshek','index.php?option=com_djclassifieds&Itemid=1214&cid=383&lang=ru&view=items','',0,'0000-00-00'),(5912,4,0,'miski-dlya-koshek414','index.php?option=com_djclassifieds&Itemid=1205&cid=414&lang=ru&view=items','',0,'0000-00-00'),(5913,11,0,'aksessuary-dlya-zhivotnykh/tovary-dlya-kotov2/oshejniki-dlya-kotov','index.php?option=com_djclassifieds&Itemid=1215&cid=415&lang=ru&view=items','',0,'0000-00-00'),(5914,10,0,'aksessuary-dlya-zhivotnykh/tovary-dlya-kotov2/sredstva-ot-blokh-i-kleshchej','index.php?option=com_djclassifieds&Itemid=1216&cid=416&lang=ru&view=items','',0,'0000-00-00'),(5915,11,0,'aksessuary-dlya-zhivotnykh/tovary-dlya-kotov2/sredstva-po-ukhodu','index.php?option=com_djclassifieds&Itemid=1217&cid=417&lang=ru&view=items','',0,'0000-00-00'),(5916,12,0,'aksessuary-dlya-zhivotnykh/tovary-dlya-kotov2/sredstva-po-ukhodu/losony-dlya-koshek','index.php?option=com_djclassifieds&Itemid=1218&cid=418&lang=ru&view=items','',0,'0000-00-00'),(5917,15,0,'aksessuary-dlya-zhivotnykh/tovary-dlya-sobak','index.php?option=com_djclassifieds&Itemid=1219&cid=420&lang=ru&view=items','',0,'0000-00-00'),(5918,16,0,'aksessuary-dlya-zhivotnykh/tovary-dlya-gryzunov','index.php?option=com_djclassifieds&Itemid=1220&cid=421&lang=ru&view=items','',0,'0000-00-00'),(5919,13,0,'aksessuary-dlya-zhivotnykh/tovary-dlya-ptits','index.php?option=com_djclassifieds&Itemid=1221&cid=422&lang=ru&view=items','',0,'0000-00-00'),(5920,9,0,'aksessuary-dlya-zhivotnykh/tovary-dlya-ryb','index.php?option=com_djclassifieds&Itemid=1222&cid=423&lang=ru&view=items','',0,'0000-00-00'),(5921,13,0,'aksessuary-dlya-zhivotnykh/tovary-dlya-selkhoz-zhivotnykh','index.php?option=com_djclassifieds&Itemid=1223&cid=424&lang=ru&view=items','',0,'0000-00-00'),(5922,0,1,'miski-dlya-koshek414','index.php?option=com_djclassifieds&Itemid=1214&cid=414&lang=ru&view=items','',0,'0000-00-00'),(5923,0,293,'all0','index.php?option=com_djclassifieds&Itemid=1214&lang=ru&view=items','',0,'0000-00-00'),(5924,0,1,'ad/pitevoj-fontan-dlya-domashnikh-zhivotnykh9301','index.php?option=com_djclassifieds&Itemid=1214&cid=383&id=9301&lang=ru&view=item','',0,'0000-00-00'),(5925,0,294,'all0','index.php?option=com_djclassifieds&Itemid=1222&lang=ru&view=items','',0,'0000-00-00'),(5926,0,295,'all0','index.php?option=com_djclassifieds&Itemid=1220&lang=ru&view=items','',0,'0000-00-00'),(5927,0,296,'all0','index.php?option=com_djclassifieds&Itemid=1187&lang=ru&view=items','',0,'0000-00-00'),(5928,0,297,'all0','index.php?option=com_djclassifieds&Itemid=1193&lang=ru&view=items','',0,'0000-00-00'),(5929,0,298,'all0','index.php?option=com_djclassifieds&Itemid=1211&lang=ru&view=items','',0,'0000-00-00'),(5930,0,299,'all0','index.php?option=com_djclassifieds&Itemid=1196&lang=ru&view=items','',0,'0000-00-00'),(5931,0,300,'all0','index.php?option=com_djclassifieds&Itemid=1197&lang=ru&view=items','',0,'0000-00-00'),(5932,0,301,'all0','index.php?option=com_djclassifieds&Itemid=1206&lang=ru&view=items','',0,'0000-00-00'),(5933,0,302,'all0','index.php?option=com_djclassifieds&Itemid=1223&lang=ru&view=items','',0,'0000-00-00'),(5934,0,303,'all0','index.php?option=com_djclassifieds&Itemid=1216&lang=ru&view=items','',0,'0000-00-00'),(5935,0,304,'all0','index.php?option=com_djclassifieds&Itemid=1190&lang=ru&view=items','',0,'0000-00-00'),(5936,0,305,'all0','index.php?option=com_djclassifieds&Itemid=1217&lang=ru&view=items','',0,'0000-00-00'),(5937,0,306,'all0','index.php?option=com_djclassifieds&Itemid=1219&lang=ru&view=items','',0,'0000-00-00'),(5938,0,307,'all0','index.php?option=com_djclassifieds&Itemid=1188&lang=ru&view=items','',0,'0000-00-00'),(5939,0,308,'all0','index.php?option=com_djclassifieds&Itemid=1218&lang=ru&view=items','',0,'0000-00-00'),(5940,0,309,'all0','index.php?option=com_djclassifieds&Itemid=1200&lang=ru&view=items','',0,'0000-00-00'),(5941,0,310,'all0','index.php?option=com_djclassifieds&Itemid=1202&lang=ru&view=items','',0,'0000-00-00'),(5942,0,311,'all0','index.php?option=com_djclassifieds&Itemid=1195&lang=ru&view=items','',0,'0000-00-00'),(5943,0,312,'all0','index.php?option=com_djclassifieds&Itemid=1189&lang=ru&view=items','',0,'0000-00-00'),(5944,0,313,'all0','index.php?option=com_djclassifieds&Itemid=1192&view=items&lang=ru','',0,'0000-00-00'),(5945,0,314,'all0','index.php?option=com_djclassifieds&Itemid=1207&lang=ru&view=items','',0,'0000-00-00'),(5946,0,315,'all0','index.php?option=com_djclassifieds&Itemid=1198&lang=ru&view=items','',0,'0000-00-00'),(5947,0,316,'all0','index.php?option=com_djclassifieds&Itemid=1199&lang=ru&view=items','',0,'0000-00-00'),(5948,0,317,'all0','index.php?option=com_djclassifieds&Itemid=1212&lang=ru&view=items','',0,'0000-00-00'),(5949,0,318,'all0','index.php?option=com_djclassifieds&Itemid=1204&lang=ru&view=items','',0,'0000-00-00'),(5950,0,319,'all0','index.php?option=com_djclassifieds&Itemid=1201&lang=ru&view=items','',0,'0000-00-00'),(5951,0,320,'all0','index.php?option=com_djclassifieds&Itemid=1205&lang=ru&view=items','',0,'0000-00-00'),(5952,0,321,'all0','index.php?option=com_djclassifieds&Itemid=1208&lang=ru&view=items','',0,'0000-00-00'),(5953,0,322,'all0','index.php?option=com_djclassifieds&Itemid=1191&lang=ru&view=items','',0,'0000-00-00'),(5954,0,323,'all0','index.php?option=com_djclassifieds&Itemid=1209&lang=ru&view=items','',0,'0000-00-00'),(5955,0,324,'all0','index.php?option=com_djclassifieds&Itemid=1203&lang=ru&view=items','',0,'0000-00-00'),(5956,0,325,'all0','index.php?option=com_djclassifieds&Itemid=1213&lang=ru&view=items','',0,'0000-00-00'),(5957,0,326,'all0','index.php?option=com_djclassifieds&Itemid=1194&lang=ru&view=items','',0,'0000-00-00'),(5958,0,327,'all0','index.php?option=com_djclassifieds&Itemid=1210&lang=ru&view=items','',0,'0000-00-00'),(5959,0,328,'all0','index.php?option=com_djclassifieds&Itemid=1215&lang=ru&view=items','',0,'0000-00-00'),(5960,0,329,'all0','index.php?option=com_djclassifieds&Itemid=1221&lang=ru&view=items','',0,'0000-00-00'),(5961,0,0,'ad/napolniteli-dlya-kotov384/napolnitel-dlya-tualeta-kotov-bazyl-compact-10-0-l9039','index.php?option=com_djclassifieds&Itemid=910&cid=384&id=9039&lang=ru&view=item','',0,'0000-00-00'),(5962,3,0,'napolniteli-dlya-kotov384','index.php?option=com_djclassifieds&Itemid=910&cid=384&lang=ru&view=items','',0,'0000-00-00'),(5963,0,0,'tovary-dlya-koshek383','index.php?option=com_djclassifieds&Itemid=910&cid=383&lang=ru&view=items','',0,'0000-00-00'),(5964,0,0,'ryukzaki-perenoski-dlya-koshek393','index.php?option=com_djclassifieds&Itemid=1190&cid=393&lang=ru&view=items','',0,'0000-00-00'),(5965,0,0,'domiki-dlya-kotov405','index.php?option=com_djclassifieds&Itemid=910&cid=405&lang=ru&view=items','',0,'0000-00-00'),(5966,0,0,'kogtetochki-dlya-kotov-i-koshek406','index.php?option=com_djclassifieds&Itemid=910&cid=406&lang=ru&view=items','',0,'0000-00-00'),(5967,0,0,'domik-kogtetochka-dlya-koshki407','index.php?option=com_djclassifieds&Itemid=910&cid=407&lang=ru&view=items','',0,'0000-00-00'),(5968,0,1,'kovrik-kogtetochka408','index.php?option=com_djclassifieds&Itemid=910&cid=408&lang=ru&view=items','',0,'0000-00-00'),(5969,0,0,'kogtetochka-stolbik-dlya-koshek409','index.php?option=com_djclassifieds&Itemid=910&cid=409&lang=ru&view=items','',0,'0000-00-00'),(5970,0,0,'lezhanki-dlya-koshek410','index.php?option=com_djclassifieds&Itemid=910&cid=410&lang=ru&view=items','',0,'0000-00-00'),(5971,0,0,'tunneli-dlya-koshek411','index.php?option=com_djclassifieds&Itemid=910&cid=411&lang=ru&view=items','',0,'0000-00-00'),(5972,0,0,'gamak-dlya-koshki412','index.php?option=com_djclassifieds&Itemid=910&cid=412&lang=ru&view=items','',0,'0000-00-00'),(5973,0,0,'podushki-lezhanki413','index.php?option=com_djclassifieds&Itemid=910&cid=413&lang=ru&view=items','',0,'0000-00-00'),(5974,0,0,'igrushki-dlya-koshek394','index.php?option=com_djclassifieds&Itemid=910&cid=394&lang=ru&view=items','',0,'0000-00-00'),(5975,0,0,'myagkie-igrushki-dlya-koshek396','index.php?option=com_djclassifieds&Itemid=910&cid=396&lang=ru&view=items','',0,'0000-00-00'),(5976,0,0,'draznilki-dlya-koshek395','index.php?option=com_djclassifieds&Itemid=910&cid=395&lang=ru&view=items','',0,'0000-00-00'),(5977,0,0,'myachiki-dlya-koshek397','index.php?option=com_djclassifieds&Itemid=910&cid=397&lang=ru&view=items','',0,'0000-00-00'),(5978,0,0,'mysh-dlya-koshki398','index.php?option=com_djclassifieds&Itemid=910&cid=398&lang=ru&view=items','',0,'0000-00-00'),(5979,0,0,'vitaminy-dlya-koshek399','index.php?option=com_djclassifieds&Itemid=910&cid=399&lang=ru&view=items','',0,'0000-00-00'),(5980,0,0,'vitaminy-dlya-beremennykh-koshek400','index.php?option=com_djclassifieds&Itemid=910&cid=400&lang=ru&view=items','',0,'0000-00-00'),(5981,0,0,'vitaminy-dlya-shersti-kotov401','index.php?option=com_djclassifieds&Itemid=910&cid=401&lang=ru&view=items','',0,'0000-00-00'),(5982,0,0,'instrumenty-dlya-gruminga402','index.php?option=com_djclassifieds&Itemid=910&cid=402&lang=ru&view=items','',0,'0000-00-00'),(5983,0,1,'kogterezy403','index.php?option=com_djclassifieds&Itemid=910&cid=403&lang=ru&view=items','',0,'0000-00-00'),(5984,0,0,'mashinki-dlya-strizhki-kotov404','index.php?option=com_djclassifieds&Itemid=910&cid=404&lang=ru&view=items','',0,'0000-00-00'),(5985,0,2,'miski-dlya-koshek414','index.php?option=com_djclassifieds&Itemid=910&cid=414&lang=ru&view=items','',0,'0000-00-00'),(5986,0,0,'oshejniki-dlya-kotov415','index.php?option=com_djclassifieds&Itemid=910&cid=415&lang=ru&view=items','',0,'0000-00-00'),(5987,0,0,'sredstva-ot-blokh-i-kleshchej416','index.php?option=com_djclassifieds&Itemid=910&cid=416&lang=ru&view=items','',0,'0000-00-00'),(5988,0,0,'sredstva-po-ukhodu417','index.php?option=com_djclassifieds&Itemid=910&cid=417&lang=ru&view=items','',0,'0000-00-00'),(5989,0,0,'losony-dlya-koshek418','index.php?option=com_djclassifieds&Itemid=910&cid=418&lang=ru&view=items','',0,'0000-00-00'),(5990,0,0,'tovary-dlya-sobak420','index.php?option=com_djclassifieds&Itemid=910&cid=420&lang=ru&view=items','',0,'0000-00-00'),(5991,0,0,'tovary-dlya-gryzunov421','index.php?option=com_djclassifieds&Itemid=910&cid=421&lang=ru&view=items','',0,'0000-00-00'),(5992,0,0,'tovary-dlya-ptits422','index.php?option=com_djclassifieds&Itemid=910&cid=422&lang=ru&view=items','',0,'0000-00-00'),(5993,0,0,'tovary-dlya-ryb423','index.php?option=com_djclassifieds&Itemid=910&cid=423&lang=ru&view=items','',0,'0000-00-00'),(5994,0,0,'tovary-dlya-selkhoz-zhivotnykh424','index.php?option=com_djclassifieds&Itemid=910&cid=424&lang=ru&view=items','',0,'0000-00-00'),(5995,14,0,'ad/korm-mamynat-cat-adult-govyadina9455','index.php?option=com_djclassifieds&Itemid=1187&cid=387&id=9455&lang=ru&view=item','',0,'0000-00-00'),(5996,0,160,'ad','index.php?option=com_djclassifieds&Itemid=1187&lang=ru&view=item','',0,'0000-00-00'),(5997,2,0,'upload/iblock/270/270517dc74374f064dfe0c05918b4d58.jpeg','','',0,'2019-06-17'),(5998,6,0,'ad/lakomstvo-dlya-koshki-kishki-barani-titbit-b2-s9456','index.php?option=com_djclassifieds&Itemid=1189&cid=389&id=9456&lang=ru&view=item','',0,'0000-00-00'),(5999,0,161,'ad','index.php?option=com_djclassifieds&Itemid=1189&lang=ru&view=item','',0,'0000-00-00'),(6000,9,0,'ad/konservy-dlya-kotov-1st-choice-kitten-tunets-premium9457','index.php?option=com_djclassifieds&Itemid=1188&cid=388&id=9457&lang=ru&view=item','',0,'0000-00-00'),(6001,0,162,'ad','index.php?option=com_djclassifieds&Itemid=1188&lang=ru&view=item','',0,'0000-00-00'),(6002,5,0,'ad/prodam-sumku-dlya-perenoski-kotov9458','index.php?option=com_djclassifieds&Itemid=1191&cid=391&id=9458&lang=ru&view=item','',0,'0000-00-00'),(6003,0,163,'ad','index.php?option=com_djclassifieds&Itemid=1191&lang=ru&view=item','',0,'0000-00-00'),(6004,6,0,'ad/perenoska-dlya-zhivotnykh-koshek-i-sobak9459','index.php?option=com_djclassifieds&Itemid=1192&cid=392&id=9459&lang=ru&view=item','',0,'0000-00-00'),(6005,0,164,'ad','index.php?option=com_djclassifieds&Itemid=1192&lang=ru&view=item','',0,'0000-00-00'),(6008,14,0,'ad/ryukzak-perenoska-catsy-atlantis-atl0019460','index.php?option=com_djclassifieds&Itemid=1193&cid=393&id=9460&lang=ru&view=item','',0,'0000-00-00'),(6009,0,165,'ad','index.php?option=com_djclassifieds&Itemid=1193&lang=ru&view=item','',0,'0000-00-00'),(6010,0,1,'domashnie-zhivotnye/rybki-dlya-akvariuma/rybki-karpy-koi','index.php?option=com_djclassifieds&Itemid=1104&cid=311&view=items&lang=ru','',0,'0000-00-00'),(6012,0,1,'domashnie-zhivotnye/gryzuny/shinshilly/belye-shinshilly','index.php?option=com_djclassifieds&Itemid=1081&cid=288&view=items&lang=ru','',0,'0000-00-00'),(6013,0,1,'v-dobrye-ruki/ekzoticheskie-zhivotnye-v-dar/shinshilly-v-dar','index.php?option=com_djclassifieds&Itemid=1145&cid=352&view=items&lang=ru','',0,'0000-00-00'),(6014,1,0,'%D1%81%D1%82%D0%B0%D1%82%D1%8C%D0%B8-%D0%BF%D1%80%D0%BE-%D0%B6%D0%B8%D0%B2%D0%BE%D1%82%D0%BD%D1%8B%D1%85/shotla','','',0,'2019-06-18'),(6015,10,0,'aksessuary-dlya-zhivotnykh/tovary-dlya-sobak/korma-dlya-sobak','index.php?option=com_djclassifieds&Itemid=1224&cid=425&lang=ru&view=items','',0,'0000-00-00'),(6016,9,0,'aksessuary-dlya-zhivotnykh/tovary-dlya-sobak/korma-dlya-sobak/sukhoj-korm-dlya-sobak-i-shchenkov','index.php?option=com_djclassifieds&Itemid=1225&cid=426&lang=ru&view=items','',0,'0000-00-00'),(6017,11,0,'aksessuary-dlya-zhivotnykh/tovary-dlya-sobak/korma-dlya-sobak/konservy-dlya-sobak-i-shchenkov','index.php?option=com_djclassifieds&Itemid=1226&cid=427&lang=ru&view=items','',0,'0000-00-00'),(6018,12,0,'aksessuary-dlya-zhivotnykh/tovary-dlya-sobak/korma-dlya-sobak/sukhoj-korm-dlya-sobak-i-shchenkov/cukhoj-korm-dlya-aktivnykh-sobak','index.php?option=com_djclassifieds&Itemid=1227&cid=428&lang=ru&view=items','',0,'0000-00-00'),(6019,8,0,'aksessuary-dlya-zhivotnykh/tovary-dlya-sobak/korma-dlya-sobak/sukhoj-korm-dlya-sobak-i-shchenkov/dlya-vzroslykh-sobak','index.php?option=com_djclassifieds&Itemid=1228&cid=429&lang=ru&view=items','',0,'0000-00-00'),(6020,10,0,'aksessuary-dlya-zhivotnykh/tovary-dlya-sobak/korma-dlya-sobak/sukhoj-korm-dlya-sobak-i-shchenkov/veterinarnye-korma','index.php?option=com_djclassifieds&Itemid=1229&cid=430&lang=ru&view=items','',0,'0000-00-00'),(6021,9,0,'aksessuary-dlya-zhivotnykh/tovary-dlya-sobak/korma-dlya-sobak/sukhoj-korm-dlya-sobak-i-shchenkov/korm-izbytochnym-vesom','index.php?option=com_djclassifieds&Itemid=1230&cid=431&lang=ru&view=items','',0,'0000-00-00'),(6022,12,0,'aksessuary-dlya-zhivotnykh/tovary-dlya-sobak/korma-dlya-sobak/sukhoj-korm-dlya-sobak-i-shchenkov/gipoallergennyj-sukhoj-korm-dlya-sobak','index.php?option=com_djclassifieds&Itemid=1231&cid=432&lang=ru&view=items','',0,'0000-00-00'),(6023,0,0,'ad/m6j2a2m49461','index.php?option=com_djclassifieds&Itemid=898&cid=113&id=9461&lang=ru&view=item','',0,'0000-00-00'),(6024,11,0,'aksessuary-dlya-zhivotnykh/tovary-dlya-sobak/korma-dlya-sobak/sukhoj-korm-dlya-sobak-i-shchenkov/dlya-pozhilykh','index.php?option=com_djclassifieds&Itemid=1232&cid=433&lang=ru&view=items','',0,'0000-00-00'),(6025,10,0,'aksessuary-dlya-zhivotnykh/tovary-dlya-sobak/korma-dlya-sobak/lakomstva','index.php?option=com_djclassifieds&Itemid=1233&cid=434&lang=ru&view=items','',0,'0000-00-00'),(6026,11,0,'aksessuary-dlya-zhivotnykh/tovary-dlya-sobak/korma-dlya-sobak/lakomstva/lakomstva-dlya-dressirovki','index.php?option=com_djclassifieds&Itemid=1234&cid=435&lang=ru&view=items','',0,'0000-00-00'),(6027,9,0,'aksessuary-dlya-zhivotnykh/tovary-dlya-sobak/korma-dlya-sobak/lakomstva/kosti-dlya-sobak','index.php?option=com_djclassifieds&Itemid=1235&cid=436&lang=ru&view=items','',0,'0000-00-00'),(6028,11,0,'aksessuary-dlya-zhivotnykh/tovary-dlya-sobak/korma-dlya-sobak/lakomstva/pechene-dlya-sobak','index.php?option=com_djclassifieds&Itemid=1236&cid=437&lang=ru&view=items','',0,'0000-00-00'),(6029,12,0,'aksessuary-dlya-zhivotnykh/tovary-dlya-sobak/korma-dlya-sobak/lakomstva/sanal-dlya-sobak','index.php?option=com_djclassifieds&Itemid=1237&cid=438&lang=ru&view=items','',0,'0000-00-00'),(6030,14,0,'aksessuary-dlya-zhivotnykh/tovary-dlya-sobak/namordniki-dlya-sobak','index.php?option=com_djclassifieds&Itemid=1238&cid=439&lang=ru&view=items','',0,'0000-00-00'),(6031,13,0,'aksessuary-dlya-zhivotnykh/tovary-dlya-sobak/namordniki-dlya-sobak/kozhanye-namordniki-dlya-sobak','index.php?option=com_djclassifieds&Itemid=1239&cid=440&lang=ru&view=items','',0,'0000-00-00'),(6032,12,0,'aksessuary-dlya-zhivotnykh/tovary-dlya-sobak/namordniki-dlya-sobak/metallicheskie-namordniki-dlya-sobak','index.php?option=com_djclassifieds&Itemid=1240&cid=441&lang=ru&view=items','',0,'0000-00-00'),(6033,14,0,'aksessuary-dlya-zhivotnykh/tovary-dlya-sobak/namordniki-dlya-sobak/plastikovye','index.php?option=com_djclassifieds&Itemid=1241&cid=442&lang=ru&view=items','',0,'0000-00-00'),(6034,11,0,'aksessuary-dlya-zhivotnykh/tovary-dlya-sobak/povodki-ruletki-dlya-sobak','index.php?option=com_djclassifieds&Itemid=1242&cid=444&lang=ru&view=items','',0,'0000-00-00'),(6035,9,0,'aksessuary-dlya-zhivotnykh/tovary-dlya-sobak/povodki-ruletki-dlya-sobak/ruletki-dlya-sobak','index.php?option=com_djclassifieds&Itemid=1243&cid=446&lang=ru&view=items','',0,'0000-00-00'),(6036,9,0,'aksessuary-dlya-zhivotnykh/tovary-dlya-sobak/povodki-ruletki-dlya-sobak/tsepi-dlya-privyazi-sobak','index.php?option=com_djclassifieds&Itemid=1244&cid=447&lang=ru&view=items','',0,'0000-00-00'),(6037,12,0,'aksessuary-dlya-zhivotnykh/tovary-dlya-sobak/povodki-ruletki-dlya-sobak/povodki-dlya-sobak','index.php?option=com_djclassifieds&Itemid=1245&cid=445&lang=ru&view=items','',0,'0000-00-00'),(6038,10,0,'aksessuary-dlya-zhivotnykh/tovary-dlya-sobak/oshejniki-dlya-sobak','index.php?option=com_djclassifieds&Itemid=1246&cid=448&lang=ru&view=items','',0,'0000-00-00'),(6039,12,0,'aksessuary-dlya-zhivotnykh/tovary-dlya-sobak/oshejniki-dlya-sobak/oshejnik-dlya-krupnykh-sobak','index.php?option=com_djclassifieds&Itemid=1247&cid=449&lang=ru&view=items','',0,'0000-00-00'),(6040,12,0,'aksessuary-dlya-zhivotnykh/tovary-dlya-sobak/oshejniki-dlya-sobak/dlya-melkikh-porod','index.php?option=com_djclassifieds&Itemid=1248&cid=450&lang=ru&view=items','',0,'0000-00-00'),(6041,12,0,'aksessuary-dlya-zhivotnykh/tovary-dlya-sobak/oshejniki-dlya-sobak/kozhanyj','index.php?option=com_djclassifieds&Itemid=1249&cid=451&lang=ru&view=items','',0,'0000-00-00'),(6042,10,0,'aksessuary-dlya-zhivotnykh/tovary-dlya-sobak/oshejniki-dlya-sobak/svetyashchijsya-oshejnik-dlya-sobak','index.php?option=com_djclassifieds&Itemid=1250&cid=452&lang=ru&view=items','',0,'0000-00-00'),(6043,9,0,'aksessuary-dlya-zhivotnykh/tovary-dlya-sobak/igrushki-dlya-sobak','index.php?option=com_djclassifieds&Itemid=1251&cid=453&lang=ru&view=items','',0,'0000-00-00'),(6044,7,0,'aksessuary-dlya-zhivotnykh/tovary-dlya-sobak/igrushki-dlya-sobak/myagkie-igrushki-dlya-sobak','index.php?option=com_djclassifieds&Itemid=1252&cid=454&lang=ru&view=items','',0,'0000-00-00'),(6045,10,0,'aksessuary-dlya-zhivotnykh/tovary-dlya-sobak/igrushki-dlya-sobak/rezinovye-igrushki-dlya-sobak','index.php?option=com_djclassifieds&Itemid=1253&cid=455&lang=ru&view=items','',0,'0000-00-00'),(6046,0,0,'ad/thomasneele9462','index.php?option=com_djclassifieds&Itemid=883&cid=98&id=9462&lang=ru&view=item','',0,'0000-00-00'),(6047,8,0,'aksessuary-dlya-zhivotnykh/tovary-dlya-sobak/lezhaki-domiki-dlya-sobak','index.php?option=com_djclassifieds&Itemid=1254&cid=456&lang=ru&view=items','',0,'0000-00-00'),(6048,11,0,'aksessuary-dlya-zhivotnykh/tovary-dlya-sobak/lezhaki-domiki-dlya-sobak/lezhaki-dlya-sobak','index.php?option=com_djclassifieds&Itemid=1255&cid=457&lang=ru&view=items','',0,'0000-00-00'),(6049,0,330,'all0','index.php?option=com_djclassifieds&Itemid=1238&lang=ru&view=items','',0,'0000-00-00'),(6050,3,0,'tkanevye-namordniki-dlya-sobak443','index.php?option=com_djclassifieds&Itemid=1238&cid=443&lang=ru&view=items','',0,'0000-00-00'),(6051,0,331,'all0','index.php?option=com_djclassifieds&Itemid=1239&lang=ru&view=items','',0,'0000-00-00'),(6052,4,0,'ad/kozhanyj-oshejnik-dlya-bolshikh-sobak9463','index.php?option=com_djclassifieds&Itemid=1247&cid=449&id=9463&lang=ru&view=item','',0,'0000-00-00'),(6053,0,166,'ad','index.php?option=com_djclassifieds&Itemid=1247&lang=ru&view=item','',0,'0000-00-00'),(6054,4,0,'ad/kozhanyj-oshejnik-dlya-sobak9464','index.php?option=com_djclassifieds&Itemid=1249&cid=451&id=9464&lang=ru&view=item','',0,'0000-00-00'),(6055,0,167,'ad','index.php?option=com_djclassifieds&Itemid=1249&lang=ru&view=item','',0,'0000-00-00'),(6056,5,0,'ad/oshejniki-iz-kozhi-v-minske9465','index.php?option=com_djclassifieds&Itemid=1249&cid=451&id=9465&lang=ru&view=item','',0,'0000-00-00'),(6057,3,0,'ad/oshejnik-dlya-bolshikh-sobak9466','index.php?option=com_djclassifieds&Itemid=1247&cid=449&id=9466&lang=ru&view=item','',0,'0000-00-00'),(6058,0,332,'all0','index.php?option=com_djclassifieds&Itemid=1230&lang=ru&view=items','',0,'0000-00-00'),(6059,0,333,'all0','index.php?option=com_djclassifieds&Itemid=1232&lang=ru&view=items','',0,'0000-00-00'),(6060,0,334,'all0','index.php?option=com_djclassifieds&Itemid=1250&lang=ru&view=items','',0,'0000-00-00'),(6061,0,335,'all0','index.php?option=com_djclassifieds&Itemid=1245&lang=ru&view=items','',0,'0000-00-00'),(6062,0,336,'all0','index.php?option=com_djclassifieds&Itemid=1231&lang=ru&view=items','',0,'0000-00-00'),(6063,0,337,'all0','index.php?option=com_djclassifieds&Itemid=1240&lang=ru&view=items','',0,'0000-00-00'),(6064,0,338,'all0','index.php?option=com_djclassifieds&Itemid=1248&lang=ru&view=items','',0,'0000-00-00'),(6065,0,339,'all0','index.php?option=com_djclassifieds&Itemid=1233&lang=ru&view=items','',0,'0000-00-00'),(6066,0,340,'all0','index.php?option=com_djclassifieds&Itemid=1227&lang=ru&view=items','',0,'0000-00-00'),(6067,0,341,'all0','index.php?option=com_djclassifieds&Itemid=1253&lang=ru&view=items','',0,'0000-00-00'),(6068,0,342,'all0','index.php?option=com_djclassifieds&Itemid=1224&lang=ru&view=items','',0,'0000-00-00'),(6069,0,343,'all0','index.php?option=com_djclassifieds&Itemid=1241&lang=ru&view=items','',0,'0000-00-00'),(6070,1,0,'ad/tkanevye-namordniki-dlya-sobak443/namordnik-novyj-podojdet-dlya-biglya9467','index.php?option=com_djclassifieds&Itemid=1238&cid=443&id=9467&lang=ru&view=item','',0,'0000-00-00'),(6071,0,168,'ad','index.php?option=com_djclassifieds&Itemid=1238&lang=ru&view=item','',0,'0000-00-00'),(6072,0,344,'all0','index.php?option=com_djclassifieds&Itemid=1226&lang=ru&view=items','',0,'0000-00-00'),(6073,0,345,'all0','index.php?option=com_djclassifieds&Itemid=1234&lang=ru&view=items','',0,'0000-00-00'),(6074,0,346,'all0','index.php?option=com_djclassifieds&Itemid=1251&lang=ru&view=items','',0,'0000-00-00'),(6075,0,347,'all0','index.php?option=com_djclassifieds&Itemid=1243&lang=ru&view=items','',0,'0000-00-00'),(6076,0,348,'all0','index.php?option=com_djclassifieds&Itemid=1225&lang=ru&view=items','',0,'0000-00-00'),(6077,0,349,'all0','index.php?option=com_djclassifieds&Itemid=1229&lang=ru&view=items','',0,'0000-00-00'),(6078,0,350,'all0','index.php?option=com_djclassifieds&Itemid=1249&lang=ru&view=items','',0,'0000-00-00'),(6079,0,351,'all0','index.php?option=com_djclassifieds&Itemid=1252&lang=ru&view=items','',0,'0000-00-00'),(6080,0,352,'all0','index.php?option=com_djclassifieds&Itemid=1247&lang=ru&view=items','',0,'0000-00-00'),(6081,0,353,'all0','index.php?option=com_djclassifieds&Itemid=1246&lang=ru&view=items','',0,'0000-00-00'),(6082,0,354,'all0','index.php?option=com_djclassifieds&Itemid=1254&lang=ru&view=items','',0,'0000-00-00'),(6083,0,355,'all0','index.php?option=com_djclassifieds&Itemid=1228&lang=ru&view=items','',0,'0000-00-00'),(6084,0,356,'all0','index.php?option=com_djclassifieds&Itemid=1237&lang=ru&view=items','',0,'0000-00-00'),(6085,0,357,'all0','index.php?option=com_djclassifieds&Itemid=1244&lang=ru&view=items','',0,'0000-00-00'),(6086,0,358,'all0','index.php?option=com_djclassifieds&Itemid=1255&lang=ru&view=items','',0,'0000-00-00'),(6087,7,0,'lezhaki-dlya-krupnykh-sobak458','index.php?option=com_djclassifieds&Itemid=1255&cid=458&lang=ru&view=items','',0,'0000-00-00'),(6088,0,359,'all0','index.php?option=com_djclassifieds&Itemid=1235&lang=ru&view=items','',0,'0000-00-00'),(6089,0,360,'all0','index.php?option=com_djclassifieds&Itemid=1236&lang=ru&view=items','',0,'0000-00-00'),(6090,3,0,'ad/namordnik-dlya-bolshikh-pjosov-kozhanyj9468','index.php?option=com_djclassifieds&Itemid=1239&cid=440&id=9468&lang=ru&view=item','',0,'0000-00-00'),(6091,0,169,'ad','index.php?option=com_djclassifieds&Itemid=1239&lang=ru&view=item','',0,'0000-00-00'),(6092,0,361,'all0','index.php?option=com_djclassifieds&Itemid=1242&lang=ru&view=items','',0,'0000-00-00'),(6093,3,0,'ad/prodam-namordnik-kozha-i-stal9469','index.php?option=com_djclassifieds&Itemid=1239&cid=440&id=9469&lang=ru&view=item','',0,'0000-00-00'),(6094,2,0,'ad/namordnik-na-krupnuyu-sobaku-chernyj9470','index.php?option=com_djclassifieds&Itemid=1240&cid=441&id=9470&lang=ru&view=item','',0,'0000-00-00'),(6095,0,170,'ad','index.php?option=com_djclassifieds&Itemid=1240&lang=ru&view=item','',0,'0000-00-00'),(6096,7,0,'ad/plastikovyj-namordnik-dlya-melkoj-sobaki9471','index.php?option=com_djclassifieds&Itemid=1241&cid=442&id=9471&lang=ru&view=item','',0,'0000-00-00'),(6097,0,171,'ad','index.php?option=com_djclassifieds&Itemid=1241&lang=ru&view=item','',0,'0000-00-00'),(6098,2,0,'ad/tkanevye-namordniki-dlya-sobak443/namordnik-trixie-reguliruemyj-iz-nejlona9472','index.php?option=com_djclassifieds&Itemid=1238&cid=443&id=9472&lang=ru&view=item','',0,'0000-00-00'),(6099,2,0,'ad/tkanevye-namordniki-dlya-sobak443/tkanevoj-namordnik-trixie-reguliruemyj-myagkij9473','index.php?option=com_djclassifieds&Itemid=1238&cid=443&id=9473&lang=ru&view=item','',0,'0000-00-00'),(6100,7,0,'ad/povodok-ruletka-flexi-collection-m-belyj-krasnyj9474','index.php?option=com_djclassifieds&Itemid=1243&cid=446&id=9474&lang=ru&view=item','',0,'0000-00-00'),(6101,0,172,'ad','index.php?option=com_djclassifieds&Itemid=1243&lang=ru&view=item','',0,'0000-00-00'),(6102,6,0,'ad/povodok-ruletka-dlya-sobak-flexi-design-15-kg-5-m-zheltyj9475','index.php?option=com_djclassifieds&Itemid=1243&cid=446&id=9475&lang=ru&view=item','',0,'0000-00-00'),(6103,4,0,'ad/povodok-ruletka-dlya-sobak-do-15-kg-flexi-new-comfort-s9476','index.php?option=com_djclassifieds&Itemid=1243&cid=446&id=9476&lang=ru&view=item','',0,'0000-00-00'),(6104,12,0,'aksessuary-dlya-zhivotnykh/tovary-dlya-sobak/namordniki-dlya-sobak/tkanevye-namordniki-dlya-sobak','index.php?option=com_djclassifieds&Itemid=1256&cid=443&lang=ru&view=items','',0,'0000-00-00'),(6105,7,0,'ad/tkanevoj-namordnik-trixie-reguliruemyj-myagkij9473','index.php?option=com_djclassifieds&Itemid=1256&cid=443&id=9473&lang=ru&view=item','',0,'0000-00-00'),(6106,5,0,'ad/namordnik-trixie-reguliruemyj-iz-nejlona9472','index.php?option=com_djclassifieds&Itemid=1256&cid=443&id=9472&lang=ru&view=item','',0,'0000-00-00'),(6107,6,0,'ad/namordnik-novyj-podojdet-dlya-biglya9467','index.php?option=com_djclassifieds&Itemid=1256&cid=443&id=9467&lang=ru&view=item','',0,'0000-00-00'),(6108,0,362,'all0','index.php?option=com_djclassifieds&Itemid=1256&lang=ru&view=items','',0,'0000-00-00'),(6109,5,0,'ad/oshejnik-cvetodiodnyj-cinij-25-510-610mm-triol9477','index.php?option=com_djclassifieds&Itemid=1250&cid=452&id=9477&lang=ru&view=item','',0,'0000-00-00'),(6110,0,173,'ad','index.php?option=com_djclassifieds&Itemid=1250&lang=ru&view=item','',0,'0000-00-00'),(6111,5,0,'ad/oshejnik-kozhanyj-dvojnoj-gamma-kosa-arlekin-so-svetootrazhayushchimi-elementami9478','index.php?option=com_djclassifieds&Itemid=1250&cid=452&id=9478&lang=ru&view=item','',0,'0000-00-00'),(6112,0,0,'ad/herbertheaft9479','index.php?option=com_djclassifieds&Itemid=898&cid=113&id=9479&lang=ru&view=item','',0,'0000-00-00'),(6115,0,0,'ad/ooorfavets9480','index.php?option=com_djclassifieds&Itemid=904&cid=120&id=9480&lang=ru&view=item','',0,'0000-00-00'),(6116,2,0,'vendor/phpunit/phpunit/src/Util/PHP/eval-stdin.php','','',0,'2019-06-18'),(6117,0,0,'ad/hahatone-rus9481','index.php?option=com_djclassifieds&Itemid=904&cid=120&id=9481&lang=ru&view=item','',0,'0000-00-00'),(6118,0,0,'ad/mookflolulp9482','index.php?option=com_djclassifieds&Itemid=883&cid=98&id=9482&lang=ru&view=item','',0,'0000-00-00'),(6119,0,0,'ad/joshuasom9483','index.php?option=com_djclassifieds&Itemid=910&cid=121&id=9483&lang=ru&view=item','',0,'0000-00-00'),(6120,1,0,'v-dobry','','',0,'2019-06-19'),(6126,1,0,'media/djmediatools/cache/index.php','','',0,'2019-06-19'),(6127,1,0,'domashnie-zhivotnye/gryzu','','',0,'2019-06-19'),(6128,1,0,'domashnie-zhivotnye/mlekopitayushchie/d','','',0,'2019-06-19'),(6129,1,0,'domashnie-zhivotnye/mlekopitayushchie/domashnie-ezhi/ezhi-afrikan','','',0,'2019-06-19'),(6130,1,0,'domashnie-zhivotnye/mlekopitayushchie/domashnie-ezhi/ezhi-afrikansk','','',0,'2019-06-19'),(6131,1,0,'domashnie-zhivotnye/mlekopitayushchie/domashnie-ezhi/ezhi-afrikanskij-karlik','','',0,'2019-06-19'),(6132,1,0,'domashnie-zhivotnye/rybki','','',0,'2019-06-19'),(6133,1,0,'domashnie-zhivotnye/rybki-dl','','',0,'2019-06-19'),(6134,1,0,'domashnie-zhivotnye/rybki-dly','','',0,'2019-06-19'),(6135,1,0,'domashnie-zhivotnye/rybki-dlya-akvariuma/rybki-karp','','',0,'2019-06-19'),(6136,1,0,'domashnie-zhivotnye/s-kh-zhiv','','',0,'2019-06-19'),(6137,1,0,'domashnie-zhivotnye/s-kh-zhivotn','','',0,'2019-06-19'),(6138,1,0,'domashnie-zhivotnye/s-kh-zhivotnye/doma','','',0,'2019-06-19'),(6139,1,0,'domashnie-zhivotnye/s-kh-zhivotnye/po','','',0,'2019-06-19'),(6140,1,0,'domashnie-zhivotnye/s-kh-zhivotnye/porosyat','','',0,'2019-06-19'),(6141,0,0,'ad/hermanatoma9484','index.php?option=com_djclassifieds&Itemid=910&cid=121&id=9484&lang=ru&view=item','',0,'0000-00-00'),(6144,0,0,'ad/hermanatoma9485','index.php?option=com_djclassifieds&Itemid=904&cid=120&id=9485&lang=ru&view=item','',0,'0000-00-00'),(6145,0,0,'ad/isaacnus9486','index.php?option=com_djclassifieds&Itemid=883&cid=98&id=9486&lang=ru&view=item','',0,'0000-00-00'),(6146,0,0,'ad/hermanatoma9487','index.php?option=com_djclassifieds&Itemid=910&cid=121&id=9487&lang=ru&view=item','',0,'0000-00-00'),(6147,0,0,'ad/edwardtic9488','index.php?option=com_djclassifieds&Itemid=904&cid=120&id=9488&lang=ru&view=item','',0,'0000-00-00'),(6148,0,0,'ad/arechwrasp9489','index.php?option=com_djclassifieds&Itemid=910&cid=121&id=9489&lang=ru&view=item','',0,'0000-00-00'),(6149,4,0,'ad/lezhaki-transformery9490','index.php?option=com_djclassifieds&Itemid=1255&cid=457&id=9490&lang=ru&view=item','',0,'0000-00-00'),(6150,0,174,'ad','index.php?option=com_djclassifieds&Itemid=1255&lang=ru&view=item','',0,'0000-00-00'),(6151,4,0,'ad/lezhak-lezhanka-domik-dlya-sobaki9491','index.php?option=com_djclassifieds&Itemid=1255&cid=457&id=9491&lang=ru&view=item','',0,'0000-00-00'),(6152,4,0,'ad/lezhaki-dlya-krupnykh-sobak458/lezhak-dlya-zhivotnykh-ruchnaya-rabota9492','index.php?option=com_djclassifieds&Itemid=1255&cid=458&id=9492&lang=ru&view=item','',0,'0000-00-00'),(6153,4,0,'ad/lezhanka-dlya-sobachki9493','index.php?option=com_djclassifieds&Itemid=1255&cid=457&id=9493&lang=ru&view=item','',0,'0000-00-00'),(6154,5,0,'ad/shchenki-yagdterer9494','index.php?option=com_djclassifieds&Itemid=951&cid=168&id=9494&lang=ru&view=item','',0,'0000-00-00'),(6155,0,175,'ad','index.php?option=com_djclassifieds&Itemid=951&lang=ru&view=item','',0,'0000-00-00'),(6156,6,0,'ad/shchenki-yagdterera-tsena-dogovornaya9495','index.php?option=com_djclassifieds&Itemid=951&cid=168&id=9495&lang=ru&view=item','',0,'0000-00-00'),(6157,3,0,'ad/shchenki-yagdterera-v-bobrujske9496','index.php?option=com_djclassifieds&Itemid=951&cid=168&id=9496&lang=ru&view=item','',0,'0000-00-00'),(6158,4,0,'ad/shchenki-yagdterera-devochka9497','index.php?option=com_djclassifieds&Itemid=951&cid=168&id=9497&lang=ru&view=item','',0,'0000-00-00'),(6159,0,0,'ad/larrylax9498','index.php?option=com_djclassifieds&Itemid=883&cid=98&id=9498&lang=ru&view=item','',0,'0000-00-00'),(6160,0,0,'ad/whitneykat9499','index.php?option=com_djclassifieds&Itemid=910&cid=121&id=9499&lang=ru&view=item','',0,'0000-00-00'),(6161,0,0,'ad/rebeccautten9500','index.php?option=com_djclassifieds&Itemid=883&cid=98&id=9500&lang=ru&view=item','',0,'0000-00-00'),(6162,0,0,'ad/thomaszoosy9501','index.php?option=com_djclassifieds&Itemid=910&cid=121&id=9501&lang=ru&view=item','',0,'0000-00-00'),(6163,0,0,'ad/josephtaugh9502','index.php?option=com_djclassifieds&Itemid=883&cid=98&id=9502&lang=ru&view=item','',0,'0000-00-00'),(6164,0,0,'ad/peterhib9503','index.php?option=com_djclassifieds&Itemid=904&cid=120&id=9503&lang=ru&view=item','',0,'0000-00-00'),(6165,0,0,'ad/stewartpoelm9504','index.php?option=com_djclassifieds&Itemid=883&cid=98&id=9504&lang=ru&view=item','',0,'0000-00-00'),(6166,5,0,'ad/dzhek-rassel-terer-malchik9505','index.php?option=com_djclassifieds&Itemid=960&cid=177&id=9505&lang=ru&view=item','',0,'0000-00-00'),(6167,0,0,'ad/korpusencum9506','index.php?option=com_djclassifieds&Itemid=910&cid=121&id=9506&lang=ru&view=item','',0,'0000-00-00'),(6168,0,1,'domashnie-zhivotnye/ptitsy/utki','index.php?option=com_djclassifieds&Itemid=1093&cid=300&view=items&lang=ru','',0,'0000-00-00'),(6169,1,0,'domashnie-zhivotnye/gry','','',0,'2019-06-21'),(6172,11,0,'ad/shchenki-nyufaundlenda9507','index.php?option=com_djclassifieds&Itemid=922&cid=138&id=9507&lang=ru&view=item','',0,'0000-00-00'),(6173,5,0,'ad/metis-ovcharki-v-dar9508','index.php?option=com_djclassifieds&Itemid=875&cid=90&id=9508&lang=ru&view=item','',0,'0000-00-00'),(6174,6,0,'ad/shchenki-v-dar9509','index.php?option=com_djclassifieds&Itemid=1050&cid=257&id=9509&lang=ru&view=item','',0,'0000-00-00'),(6175,0,0,'ad/leslieutide9510','index.php?option=com_djclassifieds&Itemid=910&cid=121&id=9510&lang=ru&view=item','',0,'0000-00-00'),(6176,5,0,'ad/shchenok-ars-ishchet-dom9511','index.php?option=com_djclassifieds&Itemid=875&cid=90&id=9511&lang=ru&view=item','',0,'0000-00-00'),(6179,0,0,'ad/onionmoney9512','index.php?option=com_djclassifieds&Itemid=883&cid=98&id=9512&lang=ru&view=item','',0,'0000-00-00'),(6180,0,0,'ad/shawnsoase9513','index.php?option=com_djclassifieds&Itemid=904&cid=120&id=9513&lang=ru&view=item','',0,'0000-00-00'),(6181,0,0,'ad/skyreverynut9514','index.php?option=com_djclassifieds&Itemid=910&cid=121&id=9514&lang=ru&view=item','',0,'0000-00-00'),(6182,6,0,'ad/otdam-shchenka-v-khoroshie-ruki9515','index.php?option=com_djclassifieds&Itemid=884&cid=99&id=9515&lang=ru&view=item','',0,'0000-00-00'),(6183,0,0,'ad/otdam-shchenka-v-khoroshie-ruki9516','index.php?option=com_djclassifieds&Itemid=884&cid=99&id=9516&lang=ru&view=item','',0,'0000-00-00'),(6184,14,0,'ad/otdam-v-khoroshie-ruki-vzroslogo-jorkshirskogo-terera-10-let-malchik9517','index.php?option=com_djclassifieds&Itemid=884&cid=99&id=9517&lang=ru&view=item','',0,'0000-00-00'),(6185,1,0,'v-','','',0,'2019-06-22'),(6186,1,0,'v-dobrye-ruki/otdam-sobaku/jorkshirskij-t','','',0,'2019-06-22'),(6187,0,0,'ad/herbertheaft9518','index.php?option=com_djclassifieds&Itemid=883&cid=98&id=9518&lang=ru&view=item','',0,'0000-00-00'),(6188,3,0,'ad/koshka-vivi-v-dar-nuzhen-dom-ili-perederzhka-v-minske9519','index.php?option=com_djclassifieds&Itemid=887&cid=108&id=9519&lang=ru&view=item','',0,'0000-00-00'),(6189,3,0,'ad/naryadnaya-malyshka-v-dar9520','index.php?option=com_djclassifieds&Itemid=887&cid=108&id=9520&lang=ru&view=item','',0,'0000-00-00'),(6190,3,0,'ad/krasivaya-koshechka-v-dobrye-ruki9521','index.php?option=com_djclassifieds&Itemid=887&cid=108&id=9521&lang=ru&view=item','',0,'0000-00-00'),(6191,13,0,'v-dobrye-ruki/vozmu-kota/belyj-kot-v-dar','index.php?option=com_djclassifieds&Itemid=1257&cid=459&lang=ru&view=items','',0,'0000-00-00'),(6192,0,363,'all0','index.php?option=com_djclassifieds&Itemid=1257&lang=ru&view=items','',0,'0000-00-00'),(6193,11,0,'v-dobrye-ruki/vozmu-kota/bengalskie-koshki-v-dar','index.php?option=com_djclassifieds&Itemid=1258&cid=460&lang=ru&view=items','',0,'0000-00-00'),(6194,0,364,'all0','index.php?option=com_djclassifieds&Itemid=1258&lang=ru&view=items','',0,'0000-00-00'),(6195,11,0,'v-dobrye-ruki/vozmu-kota/vzyat-kota-na-perederzhku','index.php?option=com_djclassifieds&Itemid=1259&cid=461&lang=ru&view=items','',0,'0000-00-00'),(6196,0,365,'all0','index.php?option=com_djclassifieds&Itemid=1259&lang=ru&view=items','',0,'0000-00-00'),(6197,10,0,'v-dobrye-ruki/vozmu-kota/visloukhie-kotyata-v-dar','index.php?option=com_djclassifieds&Itemid=1260&cid=462&lang=ru&view=items','',0,'0000-00-00'),(6198,0,366,'all0','index.php?option=com_djclassifieds&Itemid=1260&lang=ru&view=items','',0,'0000-00-00'),(6199,14,0,'v-dobrye-ruki/vozmu-kota/chernye-kotyata-v-dar','index.php?option=com_djclassifieds&Itemid=1261&cid=463&lang=ru&view=items','',0,'0000-00-00'),(6200,0,367,'all0','index.php?option=com_djclassifieds&Itemid=1261&lang=ru&view=items','',0,'0000-00-00'),(6201,9,0,'v-dobrye-ruki/vozmu-kota/koty-sfinks-darom','index.php?option=com_djclassifieds&Itemid=1262&cid=464&lang=ru&view=items','',0,'0000-00-00'),(6202,0,368,'all0','index.php?option=com_djclassifieds&Itemid=1262&lang=ru&view=items','',0,'0000-00-00'),(6203,9,0,'v-dobrye-ruki/vozmu-kota/kotenok-britanets-darom','index.php?option=com_djclassifieds&Itemid=1263&cid=465&lang=ru&view=items','',0,'0000-00-00'),(6204,0,369,'all0','index.php?option=com_djclassifieds&Itemid=1263&lang=ru&view=items','',0,'0000-00-00'),(6205,15,0,'v-dobrye-ruki/vozmu-kota/kotenok-v-dar','index.php?option=com_djclassifieds&Itemid=1264&cid=466&lang=ru&view=items','',0,'0000-00-00'),(6206,0,370,'all0','index.php?option=com_djclassifieds&Itemid=1264&lang=ru&view=items','',0,'0000-00-00'),(6207,13,0,'v-dobrye-ruki/vozmu-kota/kotenok-mejn-kun-v-dar','index.php?option=com_djclassifieds&Itemid=1265&cid=467&lang=ru&view=items','',0,'0000-00-00'),(6208,0,371,'all0','index.php?option=com_djclassifieds&Itemid=1265&lang=ru&view=items','',0,'0000-00-00'),(6209,14,0,'v-dobrye-ruki/vozmu-kota/kotyata-shinshilly-darom','index.php?option=com_djclassifieds&Itemid=1266&cid=468&lang=ru&view=items','',0,'0000-00-00'),(6210,0,372,'all0','index.php?option=com_djclassifieds&Itemid=1266&lang=ru&view=items','',0,'0000-00-00'),(6211,11,0,'v-dobrye-ruki/vozmu-kota/koshka-darom','index.php?option=com_djclassifieds&Itemid=1267&cid=469&lang=ru&view=items','',0,'0000-00-00'),(6212,0,373,'all0','index.php?option=com_djclassifieds&Itemid=1267&lang=ru&view=items','',0,'0000-00-00'),(6213,12,0,'v-dobrye-ruki/vozmu-kota/porodistye-koty-darom','index.php?option=com_djclassifieds&Itemid=1268&cid=470&lang=ru&view=items','',0,'0000-00-00'),(6214,0,374,'all0','index.php?option=com_djclassifieds&Itemid=1268&lang=ru&view=items','',0,'0000-00-00'),(6215,12,0,'v-dobrye-ruki/vozmu-kota/persidskie-koty-darom','index.php?option=com_djclassifieds&Itemid=1269&cid=471&lang=ru&view=items','',0,'0000-00-00'),(6216,0,375,'all0','index.php?option=com_djclassifieds&Itemid=1269&lang=ru&view=items','',0,'0000-00-00'),(6217,10,0,'v-dobrye-ruki/vozmu-kota/golubye-kotyata-v-dar','index.php?option=com_djclassifieds&Itemid=1270&cid=472&lang=ru&view=items','',0,'0000-00-00'),(6218,0,376,'all0','index.php?option=com_djclassifieds&Itemid=1270&lang=ru&view=items','',0,'0000-00-00'),(6219,11,0,'v-dobrye-ruki/vozmu-kota/ryzhie-koty-v-dar','index.php?option=com_djclassifieds&Itemid=1271&cid=473&lang=ru&view=items','',0,'0000-00-00'),(6220,0,377,'all0','index.php?option=com_djclassifieds&Itemid=1271&lang=ru&view=items','',0,'0000-00-00'),(6221,11,0,'v-dobrye-ruki/vozmu-kota/siamskie-kotyata-v-dar','index.php?option=com_djclassifieds&Itemid=1272&cid=474&lang=ru&view=items','',0,'0000-00-00'),(6222,0,378,'all0','index.php?option=com_djclassifieds&Itemid=1272&lang=ru&view=items','',0,'0000-00-00'),(6223,18,0,'v-dobrye-ruki/vozmu-kota/sibirskie-kotyata-darom','index.php?option=com_djclassifieds&Itemid=1273&cid=475&lang=ru&view=items','',0,'0000-00-00'),(6224,0,379,'all0','index.php?option=com_djclassifieds&Itemid=1273&lang=ru&view=items','',0,'0000-00-00'),(6225,0,1,'domashnie-zhivotnye/gryzuny/dec-krolyk','index.php?option=com_djclassifieds&Itemid=998&cid=202&view=items&lang=ru','',0,'0000-00-00'),(6226,0,1,'domashnie-zhivotnye/gryzuny/dec-krolyk/krolika-kalifornijskogo','index.php?option=com_djclassifieds&Itemid=1000&cid=206&view=items&lang=ru','',0,'0000-00-00'),(6229,0,0,'ad/normamug9522','index.php?option=com_djclassifieds&Itemid=898&cid=113&id=9522&lang=ru&view=item','',0,'0000-00-00'),(6230,0,0,'ad/stevenoume9523','index.php?option=com_djclassifieds&Itemid=910&cid=121&id=9523&lang=ru&view=item','',0,'0000-00-00'),(6231,4,0,'ad/trekhtsvetnyj-kotenok-v-dar9524','index.php?option=com_djclassifieds&Itemid=1264&cid=466&id=9524&lang=ru&view=item','',0,'0000-00-00'),(6232,0,176,'ad','index.php?option=com_djclassifieds&Itemid=1264&lang=ru&view=item','',0,'0000-00-00'),(6233,5,0,'ad/kotenok-v-dar-knopochku-solnyshko9525','index.php?option=com_djclassifieds&Itemid=1264&cid=466&id=9525&lang=ru&view=item','',0,'0000-00-00'),(6234,3,0,'ad/trekhtsvetnyj-kotenok-darom-s-dostavkoj-po-rb9526','index.php?option=com_djclassifieds&Itemid=1264&cid=466&id=9526&lang=ru&view=item','',0,'0000-00-00'),(6235,3,0,'ad/vzyat-kotenka-na-perederzhku-ili-v-dom9527','index.php?option=com_djclassifieds&Itemid=1259&cid=461&id=9527&lang=ru&view=item','',0,'0000-00-00'),(6236,0,177,'ad','index.php?option=com_djclassifieds&Itemid=1259&lang=ru&view=item','',0,'0000-00-00'),(6237,1,0,'aksessua','','',0,'2019-06-23'),(6238,7,0,'ad/chernyj-kotenok-darom-malchik9528','index.php?option=com_djclassifieds&Itemid=1261&cid=463&id=9528&lang=ru&view=item','',0,'0000-00-00'),(6239,0,178,'ad','index.php?option=com_djclassifieds&Itemid=1261&lang=ru&view=item','',0,'0000-00-00'),(6240,1,0,'domashnie-zhivotnye/ptitsy/popugai/popugai-amazo','','',0,'2019-06-23'),(6241,1,0,'domashnie-zhivotnye/reptilii-i-amfibii/dom','','',0,'2019-06-23'),(6242,6,0,'ad/kotyata-shotlandskie-visloukhie-v-dar9529','index.php?option=com_djclassifieds&Itemid=1260&cid=462&id=9529&lang=ru&view=item','',0,'0000-00-00'),(6243,0,179,'ad','index.php?option=com_djclassifieds&Itemid=1260&lang=ru&view=item','',0,'0000-00-00'),(6244,10,0,'ad/kot-britanets-darom-elvis9530','index.php?option=com_djclassifieds&Itemid=1263&cid=465&id=9530&lang=ru&view=item','',0,'0000-00-00'),(6245,0,180,'ad','index.php?option=com_djclassifieds&Itemid=1263&lang=ru&view=item','',0,'0000-00-00'),(6246,5,0,'ad/bengalskogo-kota-darom-v-minske9531','index.php?option=com_djclassifieds&Itemid=1258&cid=460&id=9531&lang=ru&view=item','',0,'0000-00-00'),(6247,0,181,'ad','index.php?option=com_djclassifieds&Itemid=1258&lang=ru&view=item','',0,'0000-00-00'),(6248,9,0,'ad/kot-porody-mejn-kun-kuzya-v-khoroshie-ruki9532','index.php?option=com_djclassifieds&Itemid=1265&cid=467&id=9532&lang=ru&view=item','',0,'0000-00-00'),(6249,0,182,'ad','index.php?option=com_djclassifieds&Itemid=1265&lang=ru&view=item','',0,'0000-00-00'),(6250,6,0,'ad/shotlandskij-visloukhij-kot-oskar-v-khoroshie-ruki9533','index.php?option=com_djclassifieds&Itemid=1260&cid=462&id=9533&lang=ru&view=item','',0,'0000-00-00'),(6251,12,0,'ad/krasivyj-britanskij-kot-martin-v-khoroshie-ruki9534','index.php?option=com_djclassifieds&Itemid=1263&cid=465&id=9534&lang=ru&view=item','',0,'0000-00-00'),(6252,11,0,'ad/shotlandskaya-visloukhaya-koshka-v-dar9535','index.php?option=com_djclassifieds&Itemid=1260&cid=462&id=9535&lang=ru&view=item','',0,'0000-00-00'),(6253,9,0,'ad/britanskij-kot-graf-v-khoroshie-ruki9536','index.php?option=com_djclassifieds&Itemid=1263&cid=465&id=9536&lang=ru&view=item','',0,'0000-00-00'),(6254,7,0,'ad/kot-mejn-kun-darom-v-minske9537','index.php?option=com_djclassifieds&Itemid=1265&cid=467&id=9537&lang=ru&view=item','',0,'0000-00-00'),(6255,12,0,'ad/koshka-donskoj-sfinks-darom-v-khoroshie-ruki9538','index.php?option=com_djclassifieds&Itemid=1262&cid=464&id=9538&lang=ru&view=item','',0,'0000-00-00'),(6256,0,183,'ad','index.php?option=com_djclassifieds&Itemid=1262&lang=ru&view=item','',0,'0000-00-00'),(6257,5,0,'ad/tajskij-kotjonok-devochka-1-mesyats9539','index.php?option=com_djclassifieds&Itemid=1264&cid=466&id=9539&lang=ru&view=item','',0,'0000-00-00'),(6258,7,0,'ad/kotik-kornish-reks-v-dobrye-terpelivye-ruki9540','index.php?option=com_djclassifieds&Itemid=1268&cid=470&id=9540&lang=ru&view=item','',0,'0000-00-00'),(6259,0,184,'ad','index.php?option=com_djclassifieds&Itemid=1268&lang=ru&view=item','',0,'0000-00-00'),(6260,5,0,'ad/kotiku-s-gurskogo-srochno-nuzhna-perederzhka-ili-dom9541','index.php?option=com_djclassifieds&Itemid=1259&cid=461&id=9541&lang=ru&view=item','',0,'0000-00-00'),(6261,5,0,'ad/angorskij-kotik-darom-v-minske9542','index.php?option=com_djclassifieds&Itemid=1267&cid=469&id=9542&lang=ru&view=item','',0,'0000-00-00'),(6262,0,185,'ad','index.php?option=com_djclassifieds&Itemid=1267&lang=ru&view=item','',0,'0000-00-00'),(6263,5,0,'ad/kot-nevskij-maskaradnyj-v-dar9543','index.php?option=com_djclassifieds&Itemid=1268&cid=470&id=9543&lang=ru&view=item','',0,'0000-00-00'),(6264,8,0,'ad/britanskaya-koshechka-shokoladka-v-khoroshie-ruki9544','index.php?option=com_djclassifieds&Itemid=1260&cid=462&id=9544&lang=ru&view=item','',0,'0000-00-00'),(6265,10,0,'ad/shotlandskaya-visloukhaya-koshka-bella9545','index.php?option=com_djclassifieds&Itemid=1260&cid=462&id=9545&lang=ru&view=item','',0,'0000-00-00'),(6266,10,0,'ad/metis-britanskoj-koshki-v-dar9546','index.php?option=com_djclassifieds&Itemid=1263&cid=465&id=9546&lang=ru&view=item','',0,'0000-00-00'),(6267,11,0,'ad/britanskie-koty-i-koshki-v-khoroshie-ruki9547','index.php?option=com_djclassifieds&Itemid=1263&cid=465&id=9547&lang=ru&view=item','',0,'0000-00-00'),(6268,4,0,'ad/siamskij-kot-v-dar9548','index.php?option=com_djclassifieds&Itemid=1272&cid=474&id=9548&lang=ru&view=item','',0,'0000-00-00'),(6269,0,186,'ad','index.php?option=com_djclassifieds&Itemid=1272&lang=ru&view=item','',0,'0000-00-00'),(6270,5,0,'ad/belyj-kot-v-dar9549','index.php?option=com_djclassifieds&Itemid=1257&cid=459&id=9549&lang=ru&view=item','',0,'0000-00-00'),(6271,0,187,'ad','index.php?option=com_djclassifieds&Itemid=1257&lang=ru&view=item','',0,'0000-00-00'),(6272,5,0,'ad/devochka-polusiamochki-v-dobrye-ruki9550','index.php?option=com_djclassifieds&Itemid=1268&cid=470&id=9550&lang=ru&view=item','',0,'0000-00-00'),(6273,7,0,'ad/ocharovatelnaya-malyshka-snezhka-belogo-tsveta9551','index.php?option=com_djclassifieds&Itemid=1257&cid=459&id=9551&lang=ru&view=item','',0,'0000-00-00'),(6274,5,0,'ad/porodistaya-koshka-v-dar-bonya9552','index.php?option=com_djclassifieds&Itemid=1268&cid=470&id=9552&lang=ru&view=item','',0,'0000-00-00'),(6275,6,0,'ad/seraya-molodaya-koshka-darom9553','index.php?option=com_djclassifieds&Itemid=1267&cid=469&id=9553&lang=ru&view=item','',0,'0000-00-00'),(6276,4,0,'ad/shotlandskij-visloukhij-kot-v-dar9554','index.php?option=com_djclassifieds&Itemid=1260&cid=462&id=9554&lang=ru&view=item','',0,'0000-00-00'),(6277,11,0,'ad/ishchet-otvetstvennogo-khozyaina-koshka-sfinks-3-goda9555','index.php?option=com_djclassifieds&Itemid=1262&cid=464&id=9555&lang=ru&view=item','',0,'0000-00-00'),(6278,7,0,'ad/bengalskie-kotyata-iz-pitomnika9556','index.php?option=com_djclassifieds&Itemid=1258&cid=460&id=9556&lang=ru&view=item','',0,'0000-00-00'),(6279,6,0,'ad/kot-britanets-darom9557','index.php?option=com_djclassifieds&Itemid=1263&cid=465&id=9557&lang=ru&view=item','',0,'0000-00-00'),(6280,5,0,'ad/chernyj-kotenok-2-5-mesyatsa-v-dar9558','index.php?option=com_djclassifieds&Itemid=1261&cid=463&id=9558&lang=ru&view=item','',0,'0000-00-00'),(6281,5,0,'ad/kroshechnyj-kotjonkok-v-dar9559','index.php?option=com_djclassifieds&Itemid=1261&cid=463&id=9559&lang=ru&view=item','',0,'0000-00-00'),(6282,11,0,'ad/prekrasnyj-kotorebjonok-v-dar-chernogo-tsveta9560','index.php?option=com_djclassifieds&Itemid=1261&cid=463&id=9560&lang=ru&view=item','',0,'0000-00-00'),(6283,5,0,'ad/kotyata-devochki-v-poiske-doma9561','index.php?option=com_djclassifieds&Itemid=1261&cid=463&id=9561&lang=ru&view=item','',0,'0000-00-00'),(6284,5,0,'ad/chernyj-kotenok-darom9562','index.php?option=com_djclassifieds&Itemid=1261&cid=463&id=9562&lang=ru&view=item','',0,'0000-00-00'),(6285,6,0,'ad/koyata-v-dar-v-minske9563','index.php?option=com_djclassifieds&Itemid=1264&cid=466&id=9563&lang=ru&view=item','',0,'0000-00-00'),(6286,6,0,'ad/kotenok-v-dar-devochka-igrivaya9564','index.php?option=com_djclassifieds&Itemid=1264&cid=466&id=9564&lang=ru&view=item','',0,'0000-00-00'),(6287,5,0,'ad/persidskaya-koshka-v-dar9565','index.php?option=com_djclassifieds&Itemid=1269&cid=471&id=9565&lang=ru&view=item','',0,'0000-00-00'),(6288,0,188,'ad','index.php?option=com_djclassifieds&Itemid=1269&lang=ru&view=item','',0,'0000-00-00'),(6289,5,0,'ad/ryzhij-kotenok-v-dar-s-dostavkoj-i-lotkom9566','index.php?option=com_djclassifieds&Itemid=1271&cid=473&id=9566&lang=ru&view=item','',0,'0000-00-00'),(6290,0,189,'ad','index.php?option=com_djclassifieds&Itemid=1271&lang=ru&view=item','',0,'0000-00-00'),(6291,1,0,'domashnie-zhivotnye/gryzuny/khom','','',0,'2019-06-23'),(6292,1,0,'domashnie-zhivotnye/s-kh-zhivotnye/korovy/koro','','',0,'2019-06-23'),(6293,1,0,'domashnie-zhivotnye/s-kh-zhivotnye/korovy/korovy-shvi','','',0,'2019-06-23'),(6294,1,0,'domashnie-zhivotnye/s-kh-zhivotnye/korovy/korovy-shvit','','',0,'2019-06-23'),(6295,1,0,'domashnie-zhivotnye/s-kh-zhivotnye/korovy/korovy-shvits','','',0,'2019-06-23'),(6296,1,0,'domashnie-zhivotnye/s-kh-zhivotnye/korovy/korovy-shvitskoj-','','',0,'2019-06-23'),(6297,5,0,'ad/ryzhij-kotenok-chester-v-poiske-doma9567','index.php?option=com_djclassifieds&Itemid=1271&cid=473&id=9567&lang=ru&view=item','',0,'0000-00-00'),(6298,12,0,'ad/siamskij-kot-darom-malchik9568','index.php?option=com_djclassifieds&Itemid=1272&cid=474&id=9568&lang=ru&view=item','',0,'0000-00-00'),(6299,8,0,'ad/ryzhij-kotenok-butuzik-darom9569','index.php?option=com_djclassifieds&Itemid=1271&cid=473&id=9569&lang=ru&view=item','',0,'0000-00-00'),(6300,10,0,'ad/otdadim-v-dar-shchenka-10-mesyatsev9570','index.php?option=com_djclassifieds&Itemid=884&cid=99&id=9570&lang=ru&view=item','',0,'0000-00-00'),(6301,10,0,'ad/chetvero-sibirskikh-kotyat-ot-2-mes-v-dar-besplatno9571','index.php?option=com_djclassifieds&Itemid=1273&cid=475&id=9571&lang=ru&view=item','',0,'0000-00-00'),(6302,0,190,'ad','index.php?option=com_djclassifieds&Itemid=1273&lang=ru&view=item','',0,'0000-00-00'),(6303,10,0,'ad/kotjonok-devochka-sibirskoj-koshki-2-5-mes-v-dar-besplatno9572','index.php?option=com_djclassifieds&Itemid=1273&cid=475&id=9572&lang=ru&view=item','',0,'0000-00-00'),(6304,7,0,'ad/sibirskij-kotjonok-devochka-galanteya-v-dar-besplatno9573','index.php?option=com_djclassifieds&Itemid=1273&cid=475&id=9573&lang=ru&view=item','',0,'0000-00-00'),(6305,0,0,'ad/prohormef9574','index.php?option=com_djclassifieds&Itemid=904&cid=120&id=9574&lang=ru&view=item','',0,'0000-00-00'),(6307,0,0,'ad/kio-jullyllsheme9575','index.php?option=com_djclassifieds&Itemid=904&cid=120&id=9575&lang=ru&view=item','',0,'0000-00-00'),(6308,9,0,'ad/veterinarnyj-tsentr-drug9576','index.php?option=com_djclassifieds&Itemid=905&cid=122&id=9576&lang=ru&view=item','',0,'0000-00-00'),(6309,0,191,'ad','index.php?option=com_djclassifieds&Itemid=905&lang=ru&view=item','',0,'0000-00-00'),(6310,0,0,'djclassifieds','index.php?option=com_djclassifieds&Itemid=619&lang=ru','',1,'0000-00-00'),(6311,0,0,'ad/latashawp49577','index.php?option=com_djclassifieds&Itemid=898&cid=113&id=9577&lang=ru&view=item','',0,'0000-00-00'),(6312,0,0,'ad/kio-jullyllsheme9578','index.php?option=com_djclassifieds&Itemid=910&cid=121&id=9578&lang=ru&view=item','',0,'0000-00-00'),(6313,0,0,'ad/sherridiutt9579','index.php?option=com_djclassifieds&Itemid=883&cid=98&id=9579&lang=ru&view=item','',0,'0000-00-00'),(6314,0,0,'ad/kio-jullyllsheme9580','index.php?option=com_djclassifieds&Itemid=883&cid=98&id=9580&lang=ru&view=item','',0,'0000-00-00'),(6315,0,0,'ad/albertcit9581','index.php?option=com_djclassifieds&Itemid=898&cid=113&id=9581&lang=ru&view=item','',0,'0000-00-00'),(6316,1,0,'tmp/djupload/index.htm','','',0,'2019-06-24'),(6317,1,0,'components/com_djclassifieds/images/item/','','',0,'2019-06-24'),(6318,0,0,'ad/mookflolulp9582','index.php?option=com_djclassifieds&Itemid=904&cid=120&id=9582&lang=ru&view=item','',0,'0000-00-00'),(6319,1,0,'ABJB5e4iIgRTmBjPkiqCa','','',0,'2019-06-24'),(6320,0,0,'ad/aleksej9583','index.php?option=com_djclassifieds&Itemid=904&cid=120&id=9583&lang=ru&view=item','',0,'0000-00-00'),(6321,0,0,'ad/aleksej9584','index.php?option=com_djclassifieds&Itemid=904&cid=120&id=9584&lang=ru&view=item','',0,'0000-00-00'),(6322,0,0,'ad/sherridiutt9585','index.php?option=com_djclassifieds&Itemid=898&cid=113&id=9585&lang=ru&view=item','',0,'0000-00-00'),(6323,1,0,'faq.php','','',0,'2019-06-24'),(6324,0,0,'ad/dedikwoony9586','index.php?option=com_djclassifieds&Itemid=898&cid=113&id=9586&lang=ru&view=item','',0,'0000-00-00'),(6325,0,0,'ad/kevintep9587','index.php?option=com_djclassifieds&Itemid=910&cid=121&id=9587&lang=ru&view=item','',0,'0000-00-00'),(6326,0,0,'ad/davidnib9588','index.php?option=com_djclassifieds&Itemid=883&cid=98&id=9588&lang=ru&view=item','',0,'0000-00-00'),(6327,0,0,'ad/michaelfraus9589','index.php?option=com_djclassifieds&Itemid=910&cid=121&id=9589&lang=ru&view=item','',0,'0000-00-00'),(6328,0,0,'ad/amadiny-afrikanskie9590','index.php?option=com_djclassifieds&Itemid=1142&cid=349&id=9590&lang=ru&view=item','',0,'0000-00-00'),(6329,0,192,'ad','index.php?option=com_djclassifieds&Itemid=1142&lang=ru&view=item','',0,'0000-00-00'),(6330,0,0,'ad/vodavog9591','index.php?option=com_djclassifieds&Itemid=883&cid=98&id=9591&lang=ru&view=item','',0,'0000-00-00'),(6331,0,1,'djclassifieds','index.php?option=com_djclassifieds&Itemid=470&lang=ru','',0,'0000-00-00'),(6332,0,2,'djclassifieds','index.php?option=com_djclassifieds&Itemid=1048&lang=ru','',0,'0000-00-00'),(6333,1,0,'domashnie-zhivotnye/reptilii-i-amf','','',0,'2019-06-25'),(6334,0,0,'ad/sherridiutt9592','index.php?option=com_djclassifieds&Itemid=904&cid=120&id=9592&lang=ru&view=item','',0,'0000-00-00'),(6335,0,0,'ad/robertelema9593','index.php?option=com_djclassifieds&Itemid=910&cid=121&id=9593&lang=ru&view=item','',0,'0000-00-00'),(6336,6,0,'ad/shchenok-malchik-3-mesyatsa-v-dar9594','index.php?option=com_djclassifieds&Itemid=884&cid=99&id=9594&lang=ru&view=item','',0,'0000-00-00'),(6337,5,0,'ad/shchenki-ishchut-dom9595','index.php?option=com_djclassifieds&Itemid=884&cid=99&id=9595&lang=ru&view=item','',0,'0000-00-00'),(6338,4,0,'ad/dymchatyj-kotenok-malchik-v-khoroshie-ruki9596','index.php?option=com_djclassifieds&Itemid=877&cid=94&id=9596&lang=ru&view=item','',0,'0000-00-00'),(6339,0,1,'v-dobrye-ruki/vozmu-kota/sibirskie-kotyata-darom','index.php?option=com_djclassifieds&Itemid=1273&cid=475&view=items&lang=ru','',0,'0000-00-00'),(6340,4,0,'ad/shchenkt-nemetskoj-ovcharki9597','index.php?option=com_djclassifieds&Itemid=921&cid=137&id=9597&lang=ru&view=item','',0,'0000-00-00'),(6341,0,193,'ad','index.php?option=com_djclassifieds&Itemid=921&lang=ru&view=item','',0,'0000-00-00'),(6342,0,0,'ad/sherridiutt9598','index.php?option=com_djclassifieds&Itemid=898&cid=113&id=9598&lang=ru&view=item','',0,'0000-00-00'),(6343,0,3,'djclassifieds','index.php?option=com_djclassifieds&Itemid=990&lang=ru','',0,'0000-00-00'),(6344,0,0,'ad/herbertheaft9599','index.php?option=com_djclassifieds&Itemid=898&cid=113&id=9599&lang=ru&view=item','',0,'0000-00-00'),(6345,2,0,'ad/shchenok-na-perederzhku-ili-domoj-besplatno9600','index.php?option=com_djclassifieds&Itemid=884&cid=99&id=9600&lang=ru&view=item','',0,'0000-00-00'),(6346,0,0,'ad/malenkaya-devochka-ugolek-v-khoroshie-ruki9601','index.php?option=com_djclassifieds&Itemid=884&cid=99&id=9601&lang=ru&view=item','',0,'0000-00-00'),(6347,0,0,'ad/ocharovatelnye-milye-shchenki-v-dar9602','index.php?option=com_djclassifieds&Itemid=884&cid=99&id=9602&lang=ru&view=item','',0,'0000-00-00'),(6348,0,4,'djclassifieds','index.php?option=com_djclassifieds&Itemid=943&lang=ru','',0,'0000-00-00'),(6349,0,1,'domashnie-zhivotnye/koty/selkirk-strajt-koty','index.php?option=com_djclassifieds&Itemid=1045&cid=252&view=items&lang=ru','',0,'0000-00-00');
CREATE TABLE `cf8nx_sh404sef_urls_src` (
  `id` int(11) NOT NULL AUTO_INCREMENT,
  `url` varchar(333) NOT NULL DEFAULT '',
  `routed_url` varchar(333) NOT NULL DEFAULT '',
  `source_url` varchar(333) NOT NULL DEFAULT '',
  `source_routed_url` varchar(333) NOT NULL DEFAULT '',
  `trace` varchar(10000) NOT NULL DEFAULT '',
  `datetime` datetime NOT NULL DEFAULT '0000-00-00 00:00:00',
  PRIMARY KEY (`id`),
  KEY `url` (`url`(255)),
  KEY `routed_url` (`routed_url`(255)),
  KEY `source_url` (`source_url`(255))
) ENGINE=InnoDB DEFAULT CHARSET=utf8;

CREATE TABLE `cf8nx_shlib_consumers` (
  `id` int(10) unsigned NOT NULL AUTO_INCREMENT,
  `resource` varchar(50) NOT NULL DEFAULT '',
  `context` varchar(50) NOT NULL DEFAULT '',
  `min_version` varchar(20) NOT NULL DEFAULT '0',
  `max_version` varchar(20) NOT NULL DEFAULT '0',
  `refuse_versions` varchar(255) NOT NULL DEFAULT '',
  `accept_versions` varchar(255) NOT NULL DEFAULT '',
  PRIMARY KEY (`id`),
  KEY `idx_context` (`context`)
) ENGINE=InnoDB AUTO_INCREMENT=2 DEFAULT CHARSET=utf8;

INSERT INTO `cf8nx_shlib_consumers` (`id`, `resource`, `context`, `min_version`, `max_version`, `refuse_versions`, `accept_versions`) VALUES (1,'shlib','com_sh404sef','0.3.0','0','','');
CREATE TABLE `cf8nx_shlib_resources` (
  `id` int(10) unsigned NOT NULL AUTO_INCREMENT,
  `resource` varchar(50) NOT NULL DEFAULT '',
  `current_version` varchar(20) NOT NULL DEFAULT '0',
  PRIMARY KEY (`id`),
  KEY `idx_resource` (`resource`)
) ENGINE=InnoDB AUTO_INCREMENT=2 DEFAULT CHARSET=utf8;

INSERT INTO `cf8nx_shlib_resources` (`id`, `resource`, `current_version`) VALUES (1,'shlib','0.3.1.487');
CREATE TABLE `cf8nx_tags` (
  `id` int(10) unsigned NOT NULL AUTO_INCREMENT,
  `parent_id` int(10) unsigned NOT NULL DEFAULT '0',
  `lft` int(11) NOT NULL DEFAULT '0',
  `rgt` int(11) NOT NULL DEFAULT '0',
  `level` int(10) unsigned NOT NULL DEFAULT '0',
  `path` varchar(400) NOT NULL DEFAULT '',
  `title` varchar(255) NOT NULL,
  `alias` varchar(400) NOT NULL DEFAULT '',
  `note` varchar(255) NOT NULL DEFAULT '',
  `description` longtext NOT NULL,
  `published` tinyint(1) NOT NULL DEFAULT '0',
  `checked_out` int(11) unsigned NOT NULL DEFAULT '0',
  `checked_out_time` datetime NOT NULL DEFAULT '0000-00-00 00:00:00',
  `access` int(10) unsigned NOT NULL DEFAULT '0',
  `params` mediumtext NOT NULL,
  `metadesc` varchar(1024) NOT NULL COMMENT 'The meta description for the page.',
  `metakey` varchar(1024) NOT NULL COMMENT 'The meta keywords for the page.',
  `metadata` varchar(2048) NOT NULL COMMENT 'JSON encoded metadata properties.',
  `created_user_id` int(10) unsigned NOT NULL DEFAULT '0',
  `created_time` datetime NOT NULL DEFAULT '0000-00-00 00:00:00',
  `created_by_alias` varchar(255) NOT NULL DEFAULT '',
  `modified_user_id` int(10) unsigned NOT NULL DEFAULT '0',
  `modified_time` datetime NOT NULL DEFAULT '0000-00-00 00:00:00',
  `images` mediumtext NOT NULL,
  `urls` mediumtext NOT NULL,
  `hits` int(10) unsigned NOT NULL DEFAULT '0',
  `language` char(7) NOT NULL,
  `version` int(10) unsigned NOT NULL DEFAULT '1',
  `publish_up` datetime NOT NULL DEFAULT '0000-00-00 00:00:00',
  `publish_down` datetime NOT NULL DEFAULT '0000-00-00 00:00:00',
  PRIMARY KEY (`id`),
  KEY `tag_idx` (`published`,`access`),
  KEY `idx_access` (`access`),
  KEY `idx_checkout` (`checked_out`),
  KEY `idx_left_right` (`lft`,`rgt`),
  KEY `idx_language` (`language`),
  KEY `idx_path` (`path`(100)),
  KEY `idx_alias` (`alias`(100))
) ENGINE=InnoDB AUTO_INCREMENT=7 DEFAULT CHARSET=utf8;

INSERT INTO `cf8nx_tags` (`id`, `parent_id`, `lft`, `rgt`, `level`, `path`, `title`, `alias`, `note`, `description`, `published`, `checked_out`, `checked_out_time`, `access`, `params`, `metadesc`, `metakey`, `metadata`, `created_user_id`, `created_time`, `created_by_alias`, `modified_user_id`, `modified_time`, `images`, `urls`, `hits`, `language`, `version`, `publish_up`, `publish_down`) VALUES (1,0,0,11,0,'','ROOT','root','','',1,0,'0000-00-00 00:00:00',1,'{}','','','',75,'2011-01-01 00:00:01','',0,'0000-00-00 00:00:00','','',0,'*',1,'0000-00-00 00:00:00','0000-00-00 00:00:00'),(2,1,1,2,1,'lorem','lorem','lorem','','',1,0,'0000-00-00 00:00:00',1,'','','','',75,'2015-08-28 07:16:16','',0,'2015-08-28 07:16:16','','',31,'*',1,'0000-00-00 00:00:00','0000-00-00 00:00:00'),(3,1,3,4,1,'ipsum','ipsum','ipsum','','',1,0,'0000-00-00 00:00:00',1,'','','','',75,'2015-08-28 07:16:16','',0,'2015-08-28 07:16:16','','',28,'*',1,'0000-00-00 00:00:00','0000-00-00 00:00:00'),(4,1,5,6,1,'dolor','dolor','dolor','','',1,0,'2016-07-05 13:25:25',1,'{\"tag_layout\":\"\",\"tag_link_class\":\"label label-info\"}','','','{\"author\":\"\",\"robots\":\"\"}',75,'2016-07-05 13:25:25','',0,'2016-07-05 13:25:25','{\"image_intro\":\"\",\"float_intro\":\"\",\"image_intro_alt\":\"\",\"image_intro_caption\":\"\",\"image_fulltext\":\"\",\"float_fulltext\":\"\",\"image_fulltext_alt\":\"\",\"image_fulltext_caption\":\"\"}','{}',34,'*',1,'2016-07-05 13:25:25','2016-07-05 13:25:25'),(5,1,7,8,1,'sit','sit','sit','','',1,0,'2016-07-05 13:25:30',1,'{\"tag_layout\":\"\",\"tag_link_class\":\"label label-info\"}','','','{\"author\":\"\",\"robots\":\"\"}',75,'2016-07-05 13:25:30','',0,'2016-07-05 13:25:30','{\"image_intro\":\"\",\"float_intro\":\"\",\"image_intro_alt\":\"\",\"image_intro_caption\":\"\",\"image_fulltext\":\"\",\"float_fulltext\":\"\",\"image_fulltext_alt\":\"\",\"image_fulltext_caption\":\"\"}','{}',29,'*',1,'2016-07-05 13:25:30','2016-07-05 13:25:30'),(6,1,9,10,1,'amet','amet','amet','','',1,0,'2016-07-05 13:25:39',1,'{\"tag_layout\":\"\",\"tag_link_class\":\"label label-info\"}','','','{\"author\":\"\",\"robots\":\"\"}',75,'2016-07-05 13:25:39','',0,'2016-07-05 13:25:39','{\"image_intro\":\"\",\"float_intro\":\"\",\"image_intro_alt\":\"\",\"image_intro_caption\":\"\",\"image_fulltext\":\"\",\"float_fulltext\":\"\",\"image_fulltext_alt\":\"\",\"image_fulltext_caption\":\"\"}','{}',32,'*',1,'2016-07-05 13:25:39','2016-07-05 13:25:39');
CREATE TABLE `cf8nx_template_styles` (
  `id` int(10) unsigned NOT NULL AUTO_INCREMENT,
  `template` varchar(50) NOT NULL DEFAULT '',
  `client_id` tinyint(1) unsigned NOT NULL DEFAULT '0',
  `home` char(7) NOT NULL DEFAULT '0',
  `title` varchar(255) NOT NULL DEFAULT '',
  `params` mediumtext NOT NULL,
  PRIMARY KEY (`id`),
  KEY `idx_template` (`template`),
  KEY `idx_home` (`home`)
) ENGINE=InnoDB AUTO_INCREMENT=30 DEFAULT CHARSET=utf8;

INSERT INTO `cf8nx_template_styles` (`id`, `template`, `client_id`, `home`, `title`, `params`) VALUES (5,'hathor',1,'0','Hathor - Default','{\"showSiteName\":\"0\",\"colourChoice\":\"\",\"boldText\":\"0\"}'),(8,'isis',1,'1','isis - Default','{\"templateColor\":\"\",\"logoFile\":\"\"}'),(19,'beez3',0,'0','beez3 - Default','{\"wrapperSmall\":\"53\",\"wrapperLarge\":\"72\",\"sitetitle\":\"\",\"sitedescription\":\"\",\"navposition\":\"center\",\"templatecolor\":\"nature\",\"backgroundcolor\":\"#eee\"}'),(20,'protostar',0,'0','protostar - Default','{\"templateColor\":\"#08C\",\"templateBackgroundColor\":\"#F4F6F7\",\"logoFile\":\"\",\"sitetitle\":\"\",\"sitedescription\":\"\",\"googleFont\":\"1\",\"googleFontName\":\"Open+Sans\",\"fluidContainer\":\"0\"}'),(29,'jm-classifiedads',0,'1','jm-classifiedads - Default','{\"logo\":\"images\\/logo.png\",\"logoText\":\"\",\"siteDescription\":\"\",\"favIconImg\":\"images\\/favicon.ico\",\"fontSizeSwitcher\":\"0\",\"backToTop\":\"1\",\"offCanvas\":\"1\",\"JMoffCanvasWidth\":\"315px\",\"offCanvasPosition\":\"left\",\"comingSoon\":\"0\",\"comingSoonDate\":\"23-11-2016\",\"error404article\":\"\",\"responsiveLayout\":\"1\",\"layout\":\"default\",\"JMbaseFontSize\":\"14px\",\"bodyFontType\":\"1;bodyGoogleWebFontUrl;bodyGoogleWebFontFamily\",\"bodyFontFamily\":\"Arial, Helvetica, sans-serif\",\"bodyGoogleWebFontUrl\":\"\\/\\/fonts.googleapis.com\\/css?family=Roboto:400,500\",\"bodyGoogleWebFontFamily\":\"\'Roboto\', sans-serif\",\"JMtopmenuFontSize\":\"13px\",\"djmenuFontType\":\"1;djmenuGoogleWebFontUrl;djmenuGoogleWebFontFamily\",\"djmenuFontFamily\":\"Arial, Helvetica, sans-serif\",\"djmenuGoogleWebFontUrl\":\"\\/\\/fonts.googleapis.com\\/css?family=Roboto:400,500\",\"djmenuGoogleWebFontFamily\":\"\'Roboto\', sans-serif\",\"JMmoduleTitleFontSize\":\"16px\",\"headingsFontType\":\"1;headingsGoogleWebFontUrl;headingsGoogleWebFontFamily\",\"headingsFontFamily\":\"Arial, Helvetica, sans-serif\",\"headingsGoogleWebFontUrl\":\"\\/\\/fonts.googleapis.com\\/css?family=Roboto:400,500\",\"headingsGoogleWebFontFamily\":\"\'Roboto\', sans-serif\",\"JMarticleTitleFontSize\":\"16px\",\"articlesFontType\":\"1;articlesGoogleWebFontUrl;articlesGoogleWebFontFamily\",\"articlesFontFamily\":\"Arial, Helvetica, sans-serif\",\"articlesGoogleWebFontUrl\":\"\\/\\/fonts.googleapis.com\\/css?family=Roboto:400,500\",\"articlesGoogleWebFontFamily\":\"\'Roboto\', sans-serif\",\"advancedFontSize\":\"18px\",\"advancedFontType\":\"0;advancedFontFamily\",\"advancedFontFamily\":\"Arial, Helvetica, sans-serif\",\"advancedGoogleWebFontUrl\":\"\",\"advancedGoogleWebFontFamily\":\"\",\"advancedSelectors\":\"\",\"advancedFontAwesome\":\"1\",\"themermode\":\"0\",\"themerlogin\":\"0\",\"themeradminaccess\":\"0\",\"sourceMap\":\"1\",\"codeInjection\":\"\",\"cssCompress\":\"0\",\"jsCompress\":\"0\",\"htmlCompress\":\"0\",\"skipCompress\":\"\",\"jsDefer\":\"0\",\"skipDefer\":\"\",\"debug\":\"0\",\"facebookOpenGraph\":\"0\",\"facebookOpenGraphAppID\":\"\",\"config\":\"30-10.cfg.json\",\"stickyBar\":\"1\",\"materialIcons\":\"0\",\"JMitemViewWidth\":\"1224px\",\"itemViewMenuItem\":[\"761\",\"762\",\"763\",\"766\",\"764\",\"551\",\"625\",\"624\",\"708\",\"491\",\"618\",\"619\",\"574\",\"575\",\"576\",\"577\"],\"JMcolorVersion\":\"#00bcd4\",\"JMcolorVersionContent\":\"#ffffff\",\"JMcomplementaryColor\":\"#009688\",\"JMimagesDir\":\"\",\"JMpageBackground\":\"#fafafa\",\"JMbaseBorderColor\":\"#ebebeb\",\"JMbaseFontColor\":\"#757575\",\"JMarticleTitleColor\":\"#212121\",\"JMmoduleTitleColor\":\"#212121\",\"JMheaderBackground\":\"#212121\",\"JMheaderFontColor\":\"#a3a3a3\",\"JMtopmenuFontColor\":\"#a3a3a3\",\"JMtopmenuFontColorActive\":\"#ffffff\",\"JMtopmenuSubmenuBackground\":\"#ffffff\",\"JMtopmenuSubmenuFontColor\":\"#444444\",\"JMtop1Background\":\"#eeeeee\",\"JMtop1TitleFontColor\":\"#212121\",\"JMtop1FontColor\":\"#757575\",\"JMbottom2Background\":\"#263238\",\"JMbottom2TitleFontColor\":\"#ffffff\",\"JMbottom2FontColor\":\"#9ba1a4\",\"JMfootermodBackground\":\"#263238\",\"JMfootermodModuleTitle\":\"#ffffff\",\"JMfootermodFontColor\":\"#9ba1a4\",\"JMcopyrightsBackground\":\"#000000\",\"JMcopyrightsFontColor\":\"#5f5f5f\",\"JMiconBoxBackground1\":\"#64b5f6\",\"JMiconBoxBackground2\":\"#00bfa5\",\"JMiconBoxBackground3\":\"#f9a825\",\"JMiconBoxBackground4\":\"#ef5350\",\"JMiconBoxBackground5\":\"#ba68c8\",\"JMcolor1msBackground\":\"#ffffff\",\"JMcolor1msTitleBackground\":\"#f5f5f5\",\"JMcolor1msTitleFontColor\":\"#212121\",\"JMcolor1msBorder\":\"#eeeeee\",\"JMcolor1msFontColor\":\"#757575\",\"JMcolor2msBackground\":\"#ffffff\",\"JMcolor2msTitleFontColor\":\"#212121\",\"JMcolor2msFontColor\":\"#757575\",\"JMcolor3msBackground\":\"#263238\",\"JMcolor3msTitleFontColor\":\"#ffffff\",\"JMcolor3msFontColor\":\"#9ba1a4\",\"JMoffCanvasBackground\":\"#ffffff\",\"JMoffCanvasBorder\":\"#eeeeee\",\"JMoffCanvasFontColor\":\"#757575\",\"JMmediatoolsDescriptionFontColor\":\"#ffffff\",\"JMmediatoolsDescriptionBackground\":\"#000000\"}');
CREATE TABLE `cf8nx_ucm_base` (
  `ucm_id` int(10) unsigned NOT NULL,
  `ucm_item_id` int(10) NOT NULL,
  `ucm_type_id` int(11) NOT NULL,
  `ucm_language_id` int(11) NOT NULL,
  PRIMARY KEY (`ucm_id`),
  KEY `idx_ucm_item_id` (`ucm_item_id`),
  KEY `idx_ucm_type_id` (`ucm_type_id`),
  KEY `idx_ucm_language_id` (`ucm_language_id`)
) ENGINE=InnoDB DEFAULT CHARSET=utf8;

INSERT INTO `cf8nx_ucm_base` (`ucm_id`, `ucm_item_id`, `ucm_type_id`, `ucm_language_id`) VALUES (3,96,1,0),(4,95,1,0),(5,94,1,0),(6,93,1,0),(7,92,1,0),(8,91,1,0),(9,90,1,0),(10,89,1,0);
CREATE TABLE `cf8nx_ucm_content` (
  `core_content_id` int(10) unsigned NOT NULL AUTO_INCREMENT,
  `core_type_alias` varchar(400) NOT NULL DEFAULT '' COMMENT 'FK to the content types table',
  `core_title` varchar(400) NOT NULL,
  `core_alias` varchar(400) NOT NULL DEFAULT '',
  `core_body` longtext NOT NULL,
  `core_state` tinyint(1) NOT NULL DEFAULT '0',
  `core_checked_out_time` varchar(255) NOT NULL DEFAULT '',
  `core_checked_out_user_id` int(10) unsigned NOT NULL DEFAULT '0',
  `core_access` int(10) unsigned NOT NULL DEFAULT '0',
  `core_params` mediumtext NOT NULL,
  `core_featured` tinyint(4) unsigned NOT NULL DEFAULT '0',
  `core_metadata` varchar(2048) NOT NULL COMMENT 'JSON encoded metadata properties.',
  `core_created_user_id` int(10) unsigned NOT NULL DEFAULT '0',
  `core_created_by_alias` varchar(255) NOT NULL DEFAULT '',
  `core_created_time` datetime NOT NULL DEFAULT '0000-00-00 00:00:00',
  `core_modified_user_id` int(10) unsigned NOT NULL DEFAULT '0' COMMENT 'Most recent user that modified',
  `core_modified_time` datetime NOT NULL DEFAULT '0000-00-00 00:00:00',
  `core_language` char(7) NOT NULL,
  `core_publish_up` datetime NOT NULL,
  `core_publish_down` datetime NOT NULL,
  `core_content_item_id` int(10) unsigned DEFAULT NULL COMMENT 'ID from the individual type table',
  `asset_id` int(10) unsigned DEFAULT NULL COMMENT 'FK to the #__assets table.',
  `core_images` mediumtext NOT NULL,
  `core_urls` mediumtext NOT NULL,
  `core_hits` int(10) unsigned NOT NULL DEFAULT '0',
  `core_version` int(10) unsigned NOT NULL DEFAULT '1',
  `core_ordering` int(11) NOT NULL DEFAULT '0',
  `core_metakey` mediumtext NOT NULL,
  `core_metadesc` mediumtext NOT NULL,
  `core_catid` int(10) unsigned NOT NULL DEFAULT '0',
  `core_xreference` varchar(50) NOT NULL COMMENT 'A reference to enable linkages to external data sets.',
  `core_type_id` int(10) unsigned DEFAULT NULL,
  PRIMARY KEY (`core_content_id`),
  KEY `tag_idx` (`core_state`,`core_access`),
  KEY `idx_access` (`core_access`),
  KEY `idx_language` (`core_language`),
  KEY `idx_modified_time` (`core_modified_time`),
  KEY `idx_created_time` (`core_created_time`),
  KEY `idx_core_modified_user_id` (`core_modified_user_id`),
  KEY `idx_core_checked_out_user_id` (`core_checked_out_user_id`),
  KEY `idx_core_created_user_id` (`core_created_user_id`),
  KEY `idx_core_type_id` (`core_type_id`),
  KEY `idx_alias` (`core_alias`(100)),
  KEY `idx_title` (`core_title`(100)),
  KEY `idx_content_type` (`core_type_alias`(100))
) ENGINE=InnoDB AUTO_INCREMENT=11 DEFAULT CHARSET=utf8 COMMENT='Contains core content data in name spaced fields';

INSERT INTO `cf8nx_ucm_content` (`core_content_id`, `core_type_alias`, `core_title`, `core_alias`, `core_body`, `core_state`, `core_checked_out_time`, `core_checked_out_user_id`, `core_access`, `core_params`, `core_featured`, `core_metadata`, `core_created_user_id`, `core_created_by_alias`, `core_created_time`, `core_modified_user_id`, `core_modified_time`, `core_language`, `core_publish_up`, `core_publish_down`, `core_content_item_id`, `asset_id`, `core_images`, `core_urls`, `core_hits`, `core_version`, `core_ordering`, `core_metakey`, `core_metadesc`, `core_catid`, `core_xreference`, `core_type_id`) VALUES (3,'com_content.article','Lorem ipsum','leading-article','<p>Nemo enim ipsam voluptatem quia voluptas sit aspernatur aut odit aut fugit, sed quia consequuntur magni dolores eos qui ratione voluptatem sequi nesciunt. Neque porro quisquam est, qui dolorem ipsum quia dolor sit amet, consectetur, adipisci velit, sed quia non numquam eius modi tempora incidunt ut labore et dolore magnam aliquam quaerat voluptatem.</p>\r\n',1,'',0,1,'{\"show_title\":\"\",\"link_titles\":\"\",\"show_tags\":\"\",\"show_intro\":\"\",\"info_block_position\":\"\",\"show_category\":\"\",\"link_category\":\"\",\"show_parent_category\":\"\",\"link_parent_category\":\"\",\"show_author\":\"\",\"link_author\":\"\",\"show_create_date\":\"\",\"show_modify_date\":\"\",\"show_publish_date\":\"\",\"show_item_navigation\":\"\",\"show_icons\":\"\",\"show_print_icon\":\"\",\"show_email_icon\":\"\",\"show_vote\":\"\",\"show_hits\":\"\",\"show_noauth\":\"\",\"urls_position\":\"\",\"alternative_readmore\":\"\",\"article_layout\":\"\",\"show_publishing_options\":\"\",\"show_article_options\":\"\",\"show_urls_images_backend\":\"\",\"show_urls_images_frontend\":\"\"}',0,'{\"robots\":\"\",\"author\":\"\",\"rights\":\"\",\"xreference\":\"\"}',75,'','2014-02-12 13:10:05',867,'2016-08-09 12:42:04','*','2014-02-12 13:10:05','0000-00-00 00:00:00',96,453,'{\"image_intro\":\"images\\/modules\\/articles\\/article02.jpg\",\"float_intro\":\"\",\"image_intro_alt\":\"\",\"image_intro_caption\":\"\",\"image_fulltext\":\"images\\/modules\\/articles\\/article02.jpg\",\"float_fulltext\":\"\",\"image_fulltext_alt\":\"\",\"image_fulltext_caption\":\"\"}','{\"urla\":false,\"urlatext\":\"\",\"targeta\":\"\",\"urlb\":false,\"urlbtext\":\"\",\"targetb\":\"\",\"urlc\":false,\"urlctext\":\"\",\"targetc\":\"\"}',19,11,0,'','',83,'',1),(4,'com_content.article','Dolor sit amet','blog-article-7','<p>Nemo enim ipsam voluptatem quia voluptas sit aspernatur aut odit aut fugit, sed quia consequuntur magni dolores eos qui ratione voluptatem sequi nesciunt. Neque porro quisquam est, qui dolorem ipsum quia dolor sit amet, consectetur, adipisci velit, sed quia non numquam eius modi tempora incidunt ut labore et dolore magnam aliquam quaerat voluptatem.</p>\r\n',1,'',0,1,'{\"show_title\":\"\",\"link_titles\":\"\",\"show_tags\":\"\",\"show_intro\":\"\",\"info_block_position\":\"\",\"show_category\":\"\",\"link_category\":\"\",\"show_parent_category\":\"\",\"link_parent_category\":\"\",\"show_author\":\"\",\"link_author\":\"\",\"show_create_date\":\"\",\"show_modify_date\":\"\",\"show_publish_date\":\"\",\"show_item_navigation\":\"\",\"show_icons\":\"\",\"show_print_icon\":\"\",\"show_email_icon\":\"\",\"show_vote\":\"\",\"show_hits\":\"\",\"show_noauth\":\"\",\"urls_position\":\"\",\"alternative_readmore\":\"\",\"article_layout\":\"\",\"show_publishing_options\":\"\",\"show_article_options\":\"\",\"show_urls_images_backend\":\"\",\"show_urls_images_frontend\":\"\"}',0,'{\"robots\":\"\",\"author\":\"\",\"rights\":\"\",\"xreference\":\"\"}',75,'','2014-02-12 13:09:51',867,'2016-07-28 08:35:50','*','2014-02-12 13:09:51','0000-00-00 00:00:00',95,454,'{\"image_intro\":\"images\\/modules\\/articles\\/article03.jpg\",\"float_intro\":\"\",\"image_intro_alt\":\"\",\"image_intro_caption\":\"\",\"image_fulltext\":\"images\\/modules\\/articles\\/article03.jpg\",\"float_fulltext\":\"\",\"image_fulltext_alt\":\"\",\"image_fulltext_caption\":\"\"}','{\"urla\":false,\"urlatext\":\"\",\"targeta\":\"\",\"urlb\":false,\"urlbtext\":\"\",\"targetb\":\"\",\"urlc\":false,\"urlctext\":\"\",\"targetc\":\"\"}',1,9,1,'','',83,'',1),(5,'com_content.article','Consectetur adipiscing elit','blog-article-6','<p>Nemo enim ipsam voluptatem quia voluptas sit aspernatur aut odit aut fugit, sed quia consequuntur magni dolores eos qui ratione voluptatem sequi nesciunt. Neque porro quisquam est, qui dolorem ipsum quia dolor sit amet, consectetur, adipisci velit, sed quia non numquam eius modi tempora incidunt ut labore et dolore magnam aliquam quaerat voluptatem.</p>\r\n',1,'',0,1,'{\"show_title\":\"\",\"link_titles\":\"\",\"show_tags\":\"\",\"show_intro\":\"\",\"info_block_position\":\"\",\"show_category\":\"\",\"link_category\":\"\",\"show_parent_category\":\"\",\"link_parent_category\":\"\",\"show_author\":\"\",\"link_author\":\"\",\"show_create_date\":\"\",\"show_modify_date\":\"\",\"show_publish_date\":\"\",\"show_item_navigation\":\"\",\"show_icons\":\"\",\"show_print_icon\":\"\",\"show_email_icon\":\"\",\"show_vote\":\"\",\"show_hits\":\"\",\"show_noauth\":\"\",\"urls_position\":\"\",\"alternative_readmore\":\"\",\"article_layout\":\"\",\"show_publishing_options\":\"\",\"show_article_options\":\"\",\"show_urls_images_backend\":\"\",\"show_urls_images_frontend\":\"\"}',0,'{\"robots\":\"\",\"author\":\"\",\"rights\":\"\",\"xreference\":\"\"}',75,'','2014-02-12 13:09:33',867,'2016-07-28 08:36:02','*','2014-02-12 13:09:33','0000-00-00 00:00:00',94,455,'{\"image_intro\":\"images\\/modules\\/articles\\/article05.jpg\",\"float_intro\":\"\",\"image_intro_alt\":\"\",\"image_intro_caption\":\"\",\"image_fulltext\":\"images\\/modules\\/articles\\/article05.jpg\",\"float_fulltext\":\"\",\"image_fulltext_alt\":\"\",\"image_fulltext_caption\":\"\"}','{\"urla\":false,\"urlatext\":\"\",\"targeta\":\"\",\"urlb\":false,\"urlbtext\":\"\",\"targetb\":\"\",\"urlc\":false,\"urlctext\":\"\",\"targetc\":\"\"}',0,9,2,'','',83,'',1),(6,'com_content.article','Nam egestas','blog-article-5','<p>Nemo enim ipsam voluptatem quia voluptas sit aspernatur aut odit aut fugit, sed quia consequuntur magni dolores eos qui ratione voluptatem sequi nesciunt. Neque porro quisquam est, qui dolorem ipsum quia dolor sit amet, consectetur, adipisci velit, sed quia non numquam eius modi tempora incidunt ut labore et dolore magnam aliquam quaerat voluptatem.</p>\r\n',1,'',0,1,'{\"show_title\":\"\",\"link_titles\":\"\",\"show_tags\":\"\",\"show_intro\":\"\",\"info_block_position\":\"\",\"show_category\":\"\",\"link_category\":\"\",\"show_parent_category\":\"\",\"link_parent_category\":\"\",\"show_author\":\"\",\"link_author\":\"\",\"show_create_date\":\"\",\"show_modify_date\":\"\",\"show_publish_date\":\"\",\"show_item_navigation\":\"\",\"show_icons\":\"\",\"show_print_icon\":\"\",\"show_email_icon\":\"\",\"show_vote\":\"\",\"show_hits\":\"\",\"show_noauth\":\"\",\"urls_position\":\"\",\"alternative_readmore\":\"\",\"article_layout\":\"\",\"show_publishing_options\":\"\",\"show_article_options\":\"\",\"show_urls_images_backend\":\"\",\"show_urls_images_frontend\":\"\"}',0,'{\"robots\":\"\",\"author\":\"\",\"rights\":\"\",\"xreference\":\"\"}',75,'','2014-02-12 13:09:16',867,'2016-07-28 08:36:14','*','2014-02-12 13:09:16','0000-00-00 00:00:00',93,456,'{\"image_intro\":\"images\\/modules\\/articles\\/article06.jpg\",\"float_intro\":\"\",\"image_intro_alt\":\"\",\"image_intro_caption\":\"\",\"image_fulltext\":\"images\\/modules\\/articles\\/article06.jpg\",\"float_fulltext\":\"\",\"image_fulltext_alt\":\"\",\"image_fulltext_caption\":\"\"}','{\"urla\":false,\"urlatext\":\"\",\"targeta\":\"\",\"urlb\":false,\"urlbtext\":\"\",\"targetb\":\"\",\"urlc\":false,\"urlctext\":\"\",\"targetc\":\"\"}',4,9,3,'','',83,'',1),(7,'com_content.article','Sapien in efficitur','blog-article-4','<p>Nemo enim ipsam voluptatem quia voluptas sit aspernatur aut odit aut fugit, sed quia consequuntur magni dolores eos qui ratione voluptatem sequi nesciunt. Neque porro quisquam est, qui dolorem ipsum quia dolor sit amet, consectetur, adipisci velit, sed quia non numquam eius modi tempora incidunt ut labore et dolore magnam aliquam quaerat voluptatem.</p>\r\n',1,'',0,1,'{\"show_title\":\"\",\"link_titles\":\"\",\"show_tags\":\"\",\"show_intro\":\"\",\"info_block_position\":\"\",\"show_category\":\"\",\"link_category\":\"\",\"show_parent_category\":\"\",\"link_parent_category\":\"\",\"show_author\":\"\",\"link_author\":\"\",\"show_create_date\":\"\",\"show_modify_date\":\"\",\"show_publish_date\":\"\",\"show_item_navigation\":\"\",\"show_icons\":\"\",\"show_print_icon\":\"\",\"show_email_icon\":\"\",\"show_vote\":\"\",\"show_hits\":\"\",\"show_noauth\":\"\",\"urls_position\":\"\",\"alternative_readmore\":\"\",\"article_layout\":\"\",\"show_publishing_options\":\"\",\"show_article_options\":\"\",\"show_urls_images_backend\":\"\",\"show_urls_images_frontend\":\"\"}',0,'{\"robots\":\"\",\"author\":\"\",\"rights\":\"\",\"xreference\":\"\"}',75,'','2014-02-12 13:09:01',867,'2016-07-28 08:36:20','*','2014-02-12 13:09:01','0000-00-00 00:00:00',92,457,'{\"image_intro\":\"images\\/modules\\/articles\\/article07.jpg\",\"float_intro\":\"\",\"image_intro_alt\":\"\",\"image_intro_caption\":\"\",\"image_fulltext\":\"images\\/modules\\/articles\\/article07.jpg\",\"float_fulltext\":\"\",\"image_fulltext_alt\":\"\",\"image_fulltext_caption\":\"\"}','{\"urla\":false,\"urlatext\":\"\",\"targeta\":\"\",\"urlb\":false,\"urlbtext\":\"\",\"targetb\":\"\",\"urlc\":false,\"urlctext\":\"\",\"targetc\":\"\"}',0,9,4,'','',83,'',1),(8,'com_content.article','Etiam malesuada','blog-article-3','<p>Nemo enim ipsam voluptatem quia voluptas sit aspernatur aut odit aut fugit, sed quia consequuntur magni dolores eos qui ratione voluptatem sequi nesciunt. Neque porro quisquam est, qui dolorem ipsum quia dolor sit amet, consectetur, adipisci velit, sed quia non numquam eius modi tempora incidunt ut labore et dolore magnam aliquam quaerat voluptatem.</p>\r\n',1,'',0,1,'{\"show_title\":\"\",\"link_titles\":\"\",\"show_tags\":\"\",\"show_intro\":\"\",\"info_block_position\":\"\",\"show_category\":\"\",\"link_category\":\"\",\"show_parent_category\":\"\",\"link_parent_category\":\"\",\"show_author\":\"\",\"link_author\":\"\",\"show_create_date\":\"\",\"show_modify_date\":\"\",\"show_publish_date\":\"\",\"show_item_navigation\":\"\",\"show_icons\":\"\",\"show_print_icon\":\"\",\"show_email_icon\":\"\",\"show_vote\":\"\",\"show_hits\":\"\",\"show_noauth\":\"\",\"urls_position\":\"\",\"alternative_readmore\":\"\",\"article_layout\":\"\",\"show_publishing_options\":\"\",\"show_article_options\":\"\",\"show_urls_images_backend\":\"\",\"show_urls_images_frontend\":\"\"}',0,'{\"robots\":\"\",\"author\":\"\",\"rights\":\"\",\"xreference\":\"\"}',75,'','2014-02-12 13:08:46',867,'2016-07-28 08:36:25','*','2014-02-12 13:08:46','0000-00-00 00:00:00',91,458,'{\"image_intro\":\"images\\/modules\\/articles\\/article01.jpg\",\"float_intro\":\"\",\"image_intro_alt\":\"\",\"image_intro_caption\":\"\",\"image_fulltext\":\"images\\/modules\\/articles\\/article01.jpg\",\"float_fulltext\":\"\",\"image_fulltext_alt\":\"\",\"image_fulltext_caption\":\"\"}','{\"urla\":false,\"urlatext\":\"\",\"targeta\":\"\",\"urlb\":false,\"urlbtext\":\"\",\"targetb\":\"\",\"urlc\":false,\"urlctext\":\"\",\"targetc\":\"\"}',1,9,5,'','',83,'',1),(9,'com_content.article','Praesent porttitor','blog-article-2','<p>Nemo enim ipsam voluptatem quia voluptas sit aspernatur aut odit aut fugit, sed quia consequuntur magni dolores eos qui ratione voluptatem sequi nesciunt. Neque porro quisquam est, qui dolorem ipsum quia dolor sit amet, consectetur, adipisci velit, sed quia non numquam eius modi tempora incidunt ut labore et dolore magnam aliquam quaerat voluptatem.</p>\r\n',1,'',0,1,'{\"show_title\":\"\",\"link_titles\":\"\",\"show_tags\":\"\",\"show_intro\":\"\",\"info_block_position\":\"\",\"show_category\":\"\",\"link_category\":\"\",\"show_parent_category\":\"\",\"link_parent_category\":\"\",\"show_author\":\"\",\"link_author\":\"\",\"show_create_date\":\"\",\"show_modify_date\":\"\",\"show_publish_date\":\"\",\"show_item_navigation\":\"\",\"show_icons\":\"\",\"show_print_icon\":\"\",\"show_email_icon\":\"\",\"show_vote\":\"\",\"show_hits\":\"\",\"show_noauth\":\"\",\"urls_position\":\"\",\"alternative_readmore\":\"\",\"article_layout\":\"\",\"show_publishing_options\":\"\",\"show_article_options\":\"\",\"show_urls_images_backend\":\"\",\"show_urls_images_frontend\":\"\"}',0,'{\"robots\":\"\",\"author\":\"\",\"rights\":\"\",\"xreference\":\"\"}',75,'','2014-02-12 13:08:30',867,'2016-07-28 08:37:24','*','2014-02-12 13:08:30','0000-00-00 00:00:00',90,459,'{\"image_intro\":\"images\\/modules\\/articles\\/article08.jpg\",\"float_intro\":\"\",\"image_intro_alt\":\"\",\"image_intro_caption\":\"\",\"image_fulltext\":\"images\\/modules\\/articles\\/article08.jpg\",\"float_fulltext\":\"\",\"image_fulltext_alt\":\"\",\"image_fulltext_caption\":\"\"}','{\"urla\":false,\"urlatext\":\"\",\"targeta\":\"\",\"urlb\":false,\"urlbtext\":\"\",\"targetb\":\"\",\"urlc\":false,\"urlctext\":\"\",\"targetc\":\"\"}',4,10,6,'','',83,'',1),(10,'com_content.article','Ut vitae varius','blog-article-1','<p>Nemo enim ipsam voluptatem quia voluptas sit aspernatur aut odit aut fugit, sed quia consequuntur magni dolores eos qui ratione voluptatem sequi nesciunt. Neque porro quisquam est, qui dolorem ipsum quia dolor sit amet, consectetur, adipisci velit, sed quia non numquam eius modi tempora incidunt ut labore et dolore magnam aliquam quaerat voluptatem.</p>\r\n',1,'',0,1,'{\"show_title\":\"\",\"link_titles\":\"\",\"show_tags\":\"\",\"show_intro\":\"\",\"info_block_position\":\"\",\"show_category\":\"\",\"link_category\":\"\",\"show_parent_category\":\"\",\"link_parent_category\":\"\",\"show_author\":\"\",\"link_author\":\"\",\"show_create_date\":\"\",\"show_modify_date\":\"\",\"show_publish_date\":\"\",\"show_item_navigation\":\"\",\"show_icons\":\"\",\"show_print_icon\":\"\",\"show_email_icon\":\"\",\"show_vote\":\"\",\"show_hits\":\"\",\"show_noauth\":\"\",\"urls_position\":\"\",\"alternative_readmore\":\"\",\"article_layout\":\"\",\"show_publishing_options\":\"\",\"show_article_options\":\"\",\"show_urls_images_backend\":\"\",\"show_urls_images_frontend\":\"\"}',0,'{\"robots\":\"\",\"author\":\"\",\"rights\":\"\",\"xreference\":\"\"}',75,'','2014-02-12 13:08:13',867,'2016-07-28 08:36:39','*','2014-02-12 13:08:13','0000-00-00 00:00:00',89,460,'{\"image_intro\":\"images\\/modules\\/articles\\/article04.jpg\",\"float_intro\":\"\",\"image_intro_alt\":\"\",\"image_intro_caption\":\"\",\"image_fulltext\":\"images\\/modules\\/articles\\/article04.jpg\",\"float_fulltext\":\"\",\"image_fulltext_alt\":\"\",\"image_fulltext_caption\":\"\"}','{\"urla\":false,\"urlatext\":\"\",\"targeta\":\"\",\"urlb\":false,\"urlbtext\":\"\",\"targetb\":\"\",\"urlc\":false,\"urlctext\":\"\",\"targetc\":\"\"}',4,10,7,'','',83,'',1);
CREATE TABLE `cf8nx_ucm_history` (
  `version_id` int(10) unsigned NOT NULL AUTO_INCREMENT,
  `ucm_item_id` int(10) unsigned NOT NULL,
  `ucm_type_id` int(10) unsigned NOT NULL,
  `version_note` varchar(255) NOT NULL DEFAULT '' COMMENT 'Optional version name',
  `save_date` datetime NOT NULL DEFAULT '0000-00-00 00:00:00',
  `editor_user_id` int(10) unsigned NOT NULL DEFAULT '0',
  `character_count` int(10) unsigned NOT NULL DEFAULT '0' COMMENT 'Number of characters in this version.',
  `sha1_hash` varchar(50) NOT NULL DEFAULT '' COMMENT 'SHA1 hash of the version_data column.',
  `version_data` longtext NOT NULL COMMENT 'json-encoded string of version data',
  `keep_forever` tinyint(4) NOT NULL DEFAULT '0' COMMENT '0=auto delete; 1=keep',
  PRIMARY KEY (`version_id`),
  KEY `idx_ucm_item_id` (`ucm_type_id`,`ucm_item_id`),
  KEY `idx_save_date` (`save_date`)
) ENGINE=InnoDB DEFAULT CHARSET=utf8;

CREATE TABLE `cf8nx_update_sites` (
  `update_site_id` int(11) NOT NULL AUTO_INCREMENT,
  `name` varchar(100) DEFAULT '',
  `type` varchar(20) DEFAULT '',
  `location` mediumtext NOT NULL,
  `enabled` int(11) DEFAULT '0',
  `last_check_timestamp` bigint(20) DEFAULT '0',
  `extra_query` varchar(1000) DEFAULT '',
  PRIMARY KEY (`update_site_id`)
) ENGINE=InnoDB AUTO_INCREMENT=27 DEFAULT CHARSET=utf8 COMMENT='Update Sites';

INSERT INTO `cf8nx_update_sites` (`update_site_id`, `name`, `type`, `location`, `enabled`, `last_check_timestamp`, `extra_query`) VALUES (1,'Joomla! Core','collection','https://update.joomla.org/core/list.xml',1,1561570296,''),(2,'Joomla! Extension Directory','collection','https://update.joomla.org/jed/list.xml',1,1561570297,''),(3,'Accredited Joomla! Translations','collection','https://update.joomla.org/language/translationlist_3.xml',1,0,''),(5,'DJ-MegaMenu Package','extension','http://dj-extensions.com/updates/djmegamenu.xml',0,0,''),(6,'Joomla! Update Component Update Site','extension','https://update.joomla.org/core/extensions/com_joomlaupdate.xml',1,0,''),(7,'Weblinks Update Site','extension','https://raw.githubusercontent.com/joomla-extensions/weblinks/master/manifest.xml',1,0,''),(9,'EF4 Joomla Monster Framework','extension','http://www.joomla-monster.com/updates/ef4framework.xml',1,0,''),(10,'DJ-jQueryMonster Plugin','extension','http://dj-extensions.com/updates/djjquerymonster.xml',1,1561570296,''),(14,'DJ-EasyContact','extension','http://dj-extensions.com/updates/djeasycontact.xml',1,1561570296,''),(16,'Accredited Joomla! Translations','collection','http://update.joomla.org/language/translationlist_3.xml',1,1561570297,''),(17,'DJ-Reviews','extension','https://dj-extensions.com/api/getUpdateInfo?extension=djreviews.xml',1,1561570297,'license=&v=1.2.1&site=http://animal/'),(18,'DJ-MediaTools','extension','https://dj-extensions.com/api/getUpdateInfo?extension=djmediatools.xml',1,1561570297,'license=&v=2.7.2&site=https://zooby.by/'),(19,'DJ-MegaMenu','extension','https://dj-extensions.com/api/getUpdateInfo?extension=djmegamenu.xml',1,1561570297,'license=&v=3.4.3&site=https://zooby.by/'),(21,'DJ-Classifieds','extension','https://dj-extensions.com/api/getUpdateInfo?extension=djclassifieds.xml',1,1561570298,''),(26,'sh404SEF updates','extension','https://u1.weeblr.com/public/direct/sh404sef/update/com_sh404sef_j3_full.xml',1,1561570298,'');
CREATE TABLE `cf8nx_update_sites_extensions` (
  `update_site_id` int(11) NOT NULL DEFAULT '0',
  `extension_id` int(11) NOT NULL DEFAULT '0',
  PRIMARY KEY (`update_site_id`,`extension_id`)
) ENGINE=InnoDB DEFAULT CHARSET=utf8 COMMENT='Links extensions to update sites';

INSERT INTO `cf8nx_update_sites_extensions` (`update_site_id`, `extension_id`) VALUES (1,700),(2,700),(3,802),(3,10043),(3,10096),(5,10011),(6,28),(7,801),(9,10034),(10,10035),(14,10066),(16,10043),(17,10056),(18,10008),(19,10011),(21,10025),(26,10084);
CREATE TABLE `cf8nx_updates` (
  `update_id` int(11) NOT NULL AUTO_INCREMENT,
  `update_site_id` int(11) DEFAULT '0',
  `extension_id` int(11) DEFAULT '0',
  `name` varchar(100) COLLATE utf8_unicode_ci DEFAULT '',
  `description` text COLLATE utf8_unicode_ci NOT NULL,
  `element` varchar(100) COLLATE utf8_unicode_ci DEFAULT '',
  `type` varchar(20) COLLATE utf8_unicode_ci DEFAULT '',
  `folder` varchar(20) COLLATE utf8_unicode_ci DEFAULT '',
  `client_id` tinyint(3) DEFAULT '0',
  `version` varchar(32) COLLATE utf8_unicode_ci DEFAULT '',
  `data` text COLLATE utf8_unicode_ci NOT NULL,
  `detailsurl` text COLLATE utf8_unicode_ci NOT NULL,
  `infourl` text COLLATE utf8_unicode_ci NOT NULL,
  `extra_query` varchar(1000) COLLATE utf8_unicode_ci DEFAULT '',
  PRIMARY KEY (`update_id`)
) ENGINE=InnoDB AUTO_INCREMENT=86 DEFAULT CHARSET=utf8 COLLATE=utf8_unicode_ci COMMENT='Available Updates';

INSERT INTO `cf8nx_updates` (`update_id`, `update_site_id`, `extension_id`, `name`, `description`, `element`, `type`, `folder`, `client_id`, `version`, `data`, `detailsurl`, `infourl`, `extra_query`) VALUES (1,10,0,'DJ-jQueryMonster plugin','DJ-jQueryMonster plugin update','djjquerymonster','plugin','content',0,'1.3.3','','http://dj-extensions.com/updates/djjquerymonster.xml','https://dj-extensions.com/downloads/cat_view/167-dj-jquerymonster',''),(2,1,700,'Joomla','','joomla','file','',0,'3.6.5','','https://update.joomla.org/core/sts/extension_sts.xml','',''),(3,14,10066,'DJ-EasyContact','DJ-EasyContact Update','mod_dj_easy_contact','module','',0,'1.4.9','','http://dj-extensions.com/updates/djeasycontact.xml','http://dj-extensions.com/dj-easycontact',''),(4,16,0,'Armenian','','pkg_hy-AM','package','',0,'3.4.4.1','','https://update.joomla.org/language/details3/hy-AM_details.xml','',''),(5,16,0,'Malay','','pkg_ms-MY','package','',0,'3.4.1.2','','https://update.joomla.org/language/details3/ms-MY_details.xml','',''),(6,16,0,'Romanian','','pkg_ro-RO','package','',0,'3.9.7.1','','https://update.joomla.org/language/details3/ro-RO_details.xml','',''),(7,16,0,'Flemish','','pkg_nl-BE','package','',0,'3.9.8.1','','https://update.joomla.org/language/details3/nl-BE_details.xml','',''),(8,16,0,'Chinese Traditional','','pkg_zh-TW','package','',0,'3.8.0.1','','https://update.joomla.org/language/details3/zh-TW_details.xml','',''),(9,16,0,'French','','pkg_fr-FR','package','',0,'3.9.8.1','','https://update.joomla.org/language/details3/fr-FR_details.xml','',''),(10,16,0,'Galician','','pkg_gl-ES','package','',0,'3.3.1.2','','https://update.joomla.org/language/details3/gl-ES_details.xml','',''),(11,16,0,'Georgian','','pkg_ka-GE','package','',0,'3.9.8.1','','https://update.joomla.org/language/details3/ka-GE_details.xml','',''),(12,16,0,'Greek','','pkg_el-GR','package','',0,'3.9.7.1','','https://update.joomla.org/language/details3/el-GR_details.xml','',''),(13,16,0,'Japanese','','pkg_ja-JP','package','',0,'3.9.8.1','','https://update.joomla.org/language/details3/ja-JP_details.xml','',''),(14,16,0,'Hebrew','','pkg_he-IL','package','',0,'3.1.1.2','','https://update.joomla.org/language/details3/he-IL_details.xml','',''),(15,16,0,'Bengali','','pkg_bn-BD','package','',0,'3.8.10.1','','https://update.joomla.org/language/details3/bn-BD_details.xml','',''),(16,16,0,'Hungarian','','pkg_hu-HU','package','',0,'3.9.5.1','','https://update.joomla.org/language/details3/hu-HU_details.xml','',''),(17,16,0,'Afrikaans','','pkg_af-ZA','package','',0,'3.9.6.1','','https://update.joomla.org/language/details3/af-ZA_details.xml','',''),(18,16,10043,'Arabic Unitag','','pkg_ar-AA','package','',0,'3.9.5.1','','https://update.joomla.org/language/details3/ar-AA_details.xml','',''),(19,16,0,'Belarusian','','pkg_be-BY','package','',0,'3.2.1.2','','https://update.joomla.org/language/details3/be-BY_details.xml','',''),(20,16,0,'Bulgarian','','pkg_bg-BG','package','',0,'3.6.5.2','','https://update.joomla.org/language/details3/bg-BG_details.xml','',''),(21,16,0,'Catalan','','pkg_ca-ES','package','',0,'3.8.11.1','','https://update.joomla.org/language/details3/ca-ES_details.xml','',''),(22,16,0,'Chinese Simplified','','pkg_zh-CN','package','',0,'3.9.8.1','','https://update.joomla.org/language/details3/zh-CN_details.xml','',''),(23,16,0,'Croatian','','pkg_hr-HR','package','',0,'3.8.5.1','','https://update.joomla.org/language/details3/hr-HR_details.xml','',''),(24,16,0,'Czech','','pkg_cs-CZ','package','',0,'3.9.6.1','','https://update.joomla.org/language/details3/cs-CZ_details.xml','',''),(25,16,0,'Danish','','pkg_da-DK','package','',0,'3.9.7.1','','https://update.joomla.org/language/details3/da-DK_details.xml','',''),(26,16,0,'Dutch','','pkg_nl-NL','package','',0,'3.9.6.1','','https://update.joomla.org/language/details3/nl-NL_details.xml','',''),(27,16,0,'Esperanto','','pkg_eo-XX','package','',0,'3.8.11.1','','https://update.joomla.org/language/details3/eo-XX_details.xml','',''),(28,16,0,'Estonian','','pkg_et-EE','package','',0,'3.8.10.1','','https://update.joomla.org/language/details3/et-EE_details.xml','',''),(29,16,0,'Italian','','pkg_it-IT','package','',0,'3.9.8.1','','https://update.joomla.org/language/details3/it-IT_details.xml','',''),(30,16,0,'Khmer','','pkg_km-KH','package','',0,'3.4.5.1','','https://update.joomla.org/language/details3/km-KH_details.xml','',''),(31,16,0,'Korean','','pkg_ko-KR','package','',0,'3.8.9.1','','https://update.joomla.org/language/details3/ko-KR_details.xml','',''),(32,16,0,'Latvian','','pkg_lv-LV','package','',0,'3.7.3.1','','https://update.joomla.org/language/details3/lv-LV_details.xml','',''),(33,16,0,'Lithuanian','','pkg_lt-LT','package','',0,'3.9.6.1','','https://update.joomla.org/language/details3/lt-LT_details.xml','',''),(34,16,0,'Macedonian','','pkg_mk-MK','package','',0,'3.6.5.1','','https://update.joomla.org/language/details3/mk-MK_details.xml','',''),(35,16,0,'Norwegian Bokmal','','pkg_nb-NO','package','',0,'3.8.11.1','','https://update.joomla.org/language/details3/nb-NO_details.xml','',''),(36,16,0,'Norwegian Nynorsk','','pkg_nn-NO','package','',0,'3.4.2.1','','https://update.joomla.org/language/details3/nn-NO_details.xml','',''),(37,16,0,'Persian','','pkg_fa-IR','package','',0,'3.9.8.1','','https://update.joomla.org/language/details3/fa-IR_details.xml','',''),(38,16,0,'Polish','','pkg_pl-PL','package','',0,'3.9.6.1','','https://update.joomla.org/language/details3/pl-PL_details.xml','',''),(39,16,0,'Portuguese','','pkg_pt-PT','package','',0,'3.9.5.1','','https://update.joomla.org/language/details3/pt-PT_details.xml','',''),(40,16,10096,'Russian','','pkg_ru-RU','package','',0,'3.9.8.1','','https://update.joomla.org/language/details3/ru-RU_details.xml','',''),(41,16,0,'English AU','','pkg_en-AU','package','',0,'3.9.6.1','','https://update.joomla.org/language/details3/en-AU_details.xml','',''),(42,16,0,'Slovak','','pkg_sk-SK','package','',0,'3.9.8.1','','https://update.joomla.org/language/details3/sk-SK_details.xml','',''),(43,16,0,'English US','','pkg_en-US','package','',0,'3.9.6.1','','https://update.joomla.org/language/details3/en-US_details.xml','',''),(44,16,0,'Swedish','','pkg_sv-SE','package','',0,'3.9.8.1','','https://update.joomla.org/language/details3/sv-SE_details.xml','',''),(45,16,0,'Syriac','','pkg_sy-IQ','package','',0,'3.4.5.1','','https://update.joomla.org/language/details3/sy-IQ_details.xml','',''),(46,16,0,'Tamil','','pkg_ta-IN','package','',0,'3.9.8.1','','https://update.joomla.org/language/details3/ta-IN_details.xml','',''),(47,16,0,'Thai','','pkg_th-TH','package','',0,'3.9.8.1','','https://update.joomla.org/language/details3/th-TH_details.xml','',''),(48,16,0,'Turkish','','pkg_tr-TR','package','',0,'3.9.4.1','','https://update.joomla.org/language/details3/tr-TR_details.xml','',''),(49,16,0,'Ukrainian','','pkg_uk-UA','package','',0,'3.7.1.1','','https://update.joomla.org/language/details3/uk-UA_details.xml','',''),(50,16,0,'Uyghur','','pkg_ug-CN','package','',0,'3.7.5.1','','https://update.joomla.org/language/details3/ug-CN_details.xml','',''),(51,16,0,'Albanian','','pkg_sq-AL','package','',0,'3.1.1.2','','https://update.joomla.org/language/details3/sq-AL_details.xml','',''),(52,16,0,'Basque','','pkg_eu-ES','package','',0,'3.7.5.1','','https://update.joomla.org/language/details3/eu-ES_details.xml','',''),(53,16,0,'Hindi','','pkg_hi-IN','package','',0,'3.3.6.2','','https://update.joomla.org/language/details3/hi-IN_details.xml','',''),(54,16,0,'German DE','','pkg_de-DE','package','',0,'3.9.8.1','','https://update.joomla.org/language/details3/de-DE_details.xml','',''),(55,16,0,'Portuguese Brazil','','pkg_pt-BR','package','',0,'3.9.8.1','','https://update.joomla.org/language/details3/pt-BR_details.xml','',''),(56,16,0,'Serbian Latin','','pkg_sr-YU','package','',0,'3.9.8.1','','https://update.joomla.org/language/details3/sr-YU_details.xml','',''),(57,16,0,'Spanish','','pkg_es-ES','package','',0,'3.9.5.1','','https://update.joomla.org/language/details3/es-ES_details.xml','',''),(58,16,0,'Bosnian','','pkg_bs-BA','package','',0,'3.9.6.1','','https://update.joomla.org/language/details3/bs-BA_details.xml','',''),(59,16,0,'Serbian Cyrillic','','pkg_sr-RS','package','',0,'3.9.8.1','','https://update.joomla.org/language/details3/sr-RS_details.xml','',''),(60,16,0,'Vietnamese','','pkg_vi-VN','package','',0,'3.2.1.2','','https://update.joomla.org/language/details3/vi-VN_details.xml','',''),(61,16,0,'Bahasa Indonesia','','pkg_id-ID','package','',0,'3.6.2.1','','https://update.joomla.org/language/details3/id-ID_details.xml','',''),(62,16,0,'Finnish','','pkg_fi-FI','package','',0,'3.9.6.1','','https://update.joomla.org/language/details3/fi-FI_details.xml','',''),(63,16,0,'Swahili','','pkg_sw-KE','package','',0,'3.9.8.1','','https://update.joomla.org/language/details3/sw-KE_details.xml','',''),(64,16,0,'Montenegrin','','pkg_srp-ME','package','',0,'3.3.1.2','','https://update.joomla.org/language/details3/srp-ME_details.xml','',''),(65,16,0,'English CA','','pkg_en-CA','package','',0,'3.9.6.1','','https://update.joomla.org/language/details3/en-CA_details.xml','',''),(66,16,0,'French CA','','pkg_fr-CA','package','',0,'3.6.5.1','','https://update.joomla.org/language/details3/fr-CA_details.xml','',''),(67,16,0,'Welsh','','pkg_cy-GB','package','',0,'3.9.8.1','','https://update.joomla.org/language/details3/cy-GB_details.xml','',''),(68,16,0,'Sinhala','','pkg_si-LK','package','',0,'3.3.1.2','','https://update.joomla.org/language/details3/si-LK_details.xml','',''),(69,16,0,'Dari Persian','','pkg_prs-AF','package','',0,'3.4.4.2','','https://update.joomla.org/language/details3/prs-AF_details.xml','',''),(70,16,0,'Turkmen','','pkg_tk-TM','package','',0,'3.5.0.2','','https://update.joomla.org/language/details3/tk-TM_details.xml','',''),(71,16,0,'Irish','','pkg_ga-IE','package','',0,'3.8.13.1','','https://update.joomla.org/language/details3/ga-IE_details.xml','',''),(72,16,0,'Dzongkha','','pkg_dz-BT','package','',0,'3.6.2.1','','https://update.joomla.org/language/details3/dz-BT_details.xml','',''),(73,16,0,'Slovenian','','pkg_sl-SI','package','',0,'3.9.8.1','','https://update.joomla.org/language/details3/sl-SI_details.xml','',''),(74,16,0,'Spanish CO','','pkg_es-CO','package','',0,'3.9.8.1','','https://update.joomla.org/language/details3/es-CO_details.xml','',''),(75,16,0,'German CH','','pkg_de-CH','package','',0,'3.9.8.1','','https://update.joomla.org/language/details3/de-CH_details.xml','',''),(76,16,0,'German AT','','pkg_de-AT','package','',0,'3.9.8.1','','https://update.joomla.org/language/details3/de-AT_details.xml','',''),(77,16,0,'German LI','','pkg_de-LI','package','',0,'3.9.8.1','','https://update.joomla.org/language/details3/de-LI_details.xml','',''),(78,16,0,'German LU','','pkg_de-LU','package','',0,'3.9.8.1','','https://update.joomla.org/language/details3/de-LU_details.xml','',''),(79,16,0,'English NZ','','pkg_en-NZ','package','',0,'3.9.6.1','','https://update.joomla.org/language/details3/en-NZ_details.xml','',''),(80,16,0,'Kazakh','','pkg_kk-KZ','package','',0,'3.9.8.1','','https://update.joomla.org/language/details3/kk-KZ_details.xml','',''),(81,17,10056,'DJ-Reviews Package','DJ-Reviews Package','pkg_dj-reviews','package','',0,'1.3.3','','https://dj-extensions.com/api/getUpdateInfo?extension=djreviews.xml','https://dj-extensions.com/changelog/dj-reviews/','license=&v=1.2.1&site=http://animal/'),(82,18,10008,'DJ-MediaTools Package','DJ-MediaTools Package','pkg_dj-mediatools','package','',0,'2.14','','https://dj-extensions.com/api/getUpdateInfo?extension=djmediatools.xml','https://dj-extensions.com/changelog/dj-mediatools/','license=&v=2.7.2&site=https://zooby.by/'),(83,19,10011,'DJ-MegaMenu Pro Package','DJ-MegaMenu Pro Package','pkg_dj-megamenu','package','',0,'4.0.0','','https://dj-extensions.com/api/getUpdateInfo?extension=djmegamenu.xml','https://dj-extensions.com/changelog/dj-megamenu/','license=&v=3.4.3&site=https://zooby.by/'),(84,21,10025,'DJ-Classifieds Package','DJ-Classifieds Package','pkg_dj-classifieds','package','',0,'3.7.7.4','','https://dj-extensions.com/api/getUpdateInfo?extension=djclassifieds.xml','https://dj-extensions.com/changelog/dj-classifieds/',''),(85,26,10084,'sh404SEF','sh404SEF - SEO extension for Joomla!','com_sh404sef','component','',1,'4.16.1.3913','','https://u1.weeblr.com/public/direct/sh404sef/update/com_sh404sef_j3_full.xml','https://weeblr.com/documentation/products.sh404sef/4/changelog/index.html','');
CREATE TABLE `cf8nx_user_keys` (
  `id` int(10) unsigned NOT NULL AUTO_INCREMENT,
  `user_id` varchar(150) NOT NULL,
  `token` varchar(255) NOT NULL,
  `series` varchar(191) NOT NULL,
  `invalid` tinyint(4) NOT NULL,
  `time` varchar(200) NOT NULL,
  `uastring` varchar(255) NOT NULL,
  PRIMARY KEY (`id`),
  UNIQUE KEY `series` (`series`),
  UNIQUE KEY `series_2` (`series`),
  UNIQUE KEY `series_3` (`series`),
  KEY `user_id` (`user_id`)
) ENGINE=InnoDB DEFAULT CHARSET=utf8;

CREATE TABLE `cf8nx_user_notes` (
  `id` int(10) unsigned NOT NULL AUTO_INCREMENT,
  `user_id` int(10) unsigned NOT NULL DEFAULT '0',
  `catid` int(10) unsigned NOT NULL DEFAULT '0',
  `subject` varchar(100) NOT NULL DEFAULT '',
  `body` mediumtext NOT NULL,
  `state` tinyint(3) NOT NULL DEFAULT '0',
  `checked_out` int(10) unsigned NOT NULL DEFAULT '0',
  `checked_out_time` datetime NOT NULL DEFAULT '0000-00-00 00:00:00',
  `created_user_id` int(10) unsigned NOT NULL DEFAULT '0',
  `created_time` datetime NOT NULL DEFAULT '0000-00-00 00:00:00',
  `modified_user_id` int(10) unsigned NOT NULL,
  `modified_time` datetime NOT NULL DEFAULT '0000-00-00 00:00:00',
  `review_time` datetime NOT NULL DEFAULT '0000-00-00 00:00:00',
  `publish_up` datetime NOT NULL DEFAULT '0000-00-00 00:00:00',
  `publish_down` datetime NOT NULL DEFAULT '0000-00-00 00:00:00',
  PRIMARY KEY (`id`),
  KEY `idx_user_id` (`user_id`),
  KEY `idx_category_id` (`catid`)
) ENGINE=InnoDB DEFAULT CHARSET=utf8;

CREATE TABLE `cf8nx_user_profiles` (
  `user_id` int(11) NOT NULL,
  `profile_key` varchar(100) NOT NULL,
  `profile_value` mediumtext NOT NULL,
  `ordering` int(11) NOT NULL DEFAULT '0',
  UNIQUE KEY `idx_user_id_profile_key` (`user_id`,`profile_key`)
) ENGINE=InnoDB DEFAULT CHARSET=utf8 COMMENT='Simple user profile storage table';

INSERT INTO `cf8nx_user_profiles` (`user_id`, `profile_key`, `profile_value`, `ordering`) VALUES (841,'profile.aboutme','\"\"',10),(841,'profile.address1','\"\"',1),(841,'profile.address2','\"\"',2),(841,'profile.city','\"\"',3),(841,'profile.country','\"\"',5),(841,'profile.dob','\"\"',11),(841,'profile.favoritebook','\"\"',9),(841,'profile.phone','\"\"',7),(841,'profile.postal_code','\"\"',6),(841,'profile.region','\"\"',4),(841,'profile.website','false',8),(842,'profile.aboutme','\"\"',10),(842,'profile.address1','\"\"',1),(842,'profile.address2','\"\"',2),(842,'profile.city','\"\"',3),(842,'profile.country','\"\"',5),(842,'profile.dob','\"\"',11),(842,'profile.favoritebook','\"\"',9),(842,'profile.phone','\"\"',7),(842,'profile.postal_code','\"\"',6),(842,'profile.region','\"\"',4),(842,'profile.website','false',8),(845,'profile.aboutme','\"\"',10),(845,'profile.address1','\"\"',1),(845,'profile.address2','\"\"',2),(845,'profile.city','\"\"',3),(845,'profile.country','\"\"',5),(845,'profile.dob','\"\"',11),(845,'profile.favoritebook','\"\"',9),(845,'profile.phone','\"\"',7),(845,'profile.postal_code','\"\"',6),(845,'profile.region','\"\"',4),(845,'profile.website','false',8),(867,'profile.aboutme','\"\"',10),(867,'profile.address1','\"\"',1),(867,'profile.address2','\"\"',2),(867,'profile.city','\"\"',3),(867,'profile.country','\"\"',5),(867,'profile.dob','\"\"',11),(867,'profile.favoritebook','\"\"',9),(867,'profile.phone','\"123123123\"',7),(867,'profile.postal_code','\"\"',6),(867,'profile.region','\"\"',4),(867,'profile.website','false',8),(869,'profile.aboutme','\"\"',10),(869,'profile.address1','\"\"',1),(869,'profile.address2','\"\"',2),(869,'profile.city','\"\"',3),(869,'profile.country','\"\"',5),(869,'profile.dob','\"\"',11),(869,'profile.favoritebook','\"\"',9),(869,'profile.phone','\"\"',7),(869,'profile.postal_code','\"\"',6),(869,'profile.region','\"\"',4),(869,'profile.website','false',8),(870,'profile.aboutme','\"\"',10),(870,'profile.address1','\"\"',1),(870,'profile.address2','\"\"',2),(870,'profile.city','\"\"',3),(870,'profile.country','\"\"',5),(870,'profile.dob','\"\"',11),(870,'profile.favoritebook','\"\"',9),(870,'profile.phone','\"\"',7),(870,'profile.postal_code','\"\"',6),(870,'profile.region','\"\"',4),(870,'profile.website','false',8),(969,'profile.aboutme','\"\"',10),(969,'profile.address1','\"\"',1),(969,'profile.address2','\"\"',2),(969,'profile.city','\"\"',3),(969,'profile.country','\"\"',5),(969,'profile.dob','\"\"',11),(969,'profile.favoritebook','\"\"',9),(969,'profile.phone','\"\"',7),(969,'profile.postal_code','\"\"',6),(969,'profile.region','\"\"',4),(969,'profile.website','false',8),(970,'profile.aboutme','\"\"',10),(970,'profile.address1','\"\"',1),(970,'profile.address2','\"\"',2),(970,'profile.city','\"\"',3),(970,'profile.country','\"\"',5),(970,'profile.dob','\"\"',11),(970,'profile.favoritebook','\"\"',9),(970,'profile.phone','\"\"',7),(970,'profile.postal_code','\"\"',6),(970,'profile.region','\"\"',4),(970,'profile.website','false',8);
CREATE TABLE `cf8nx_user_usergroup_map` (
  `user_id` int(10) unsigned NOT NULL DEFAULT '0' COMMENT 'Foreign Key to #__users.id',
  `group_id` int(10) unsigned NOT NULL DEFAULT '0' COMMENT 'Foreign Key to #__usergroups.id',
  PRIMARY KEY (`user_id`,`group_id`)
) ENGINE=InnoDB DEFAULT CHARSET=utf8 COLLATE=utf8_unicode_ci;

INSERT INTO `cf8nx_user_usergroup_map` (`user_id`, `group_id`) VALUES (75,8),(76,2),(77,2),(78,2),(79,2),(80,2),(81,2),(82,2),(83,2),(84,2),(85,2),(86,2),(87,2),(88,2),(89,2),(90,2),(91,2),(92,2),(93,2),(94,2),(95,2),(96,2),(97,2),(98,2),(99,2),(100,2),(101,2),(102,2),(103,2),(104,2),(105,2),(106,2),(107,2),(108,2),(109,2),(110,2),(111,2),(112,2),(113,2),(114,2),(115,2),(116,2),(117,2),(118,2),(119,2),(120,2),(121,2),(122,2),(123,2),(124,2),(125,2),(126,2),(127,2),(128,2),(129,2),(130,2),(131,2);
CREATE TABLE `cf8nx_usergroups` (
  `id` int(10) unsigned NOT NULL AUTO_INCREMENT COMMENT 'Primary Key',
  `parent_id` int(10) unsigned NOT NULL DEFAULT '0' COMMENT 'Adjacency List Reference Id',
  `lft` int(11) NOT NULL DEFAULT '0' COMMENT 'Nested set lft.',
  `rgt` int(11) NOT NULL DEFAULT '0' COMMENT 'Nested set rgt.',
  `title` varchar(100) COLLATE utf8_unicode_ci NOT NULL DEFAULT '',
  PRIMARY KEY (`id`),
  UNIQUE KEY `idx_usergroup_parent_title_lookup` (`parent_id`,`title`),
  KEY `idx_usergroup_title_lookup` (`title`),
  KEY `idx_usergroup_adjacency_lookup` (`parent_id`),
  KEY `idx_usergroup_nested_set_lookup` (`lft`,`rgt`) USING BTREE
) ENGINE=InnoDB AUTO_INCREMENT=10 DEFAULT CHARSET=utf8 COLLATE=utf8_unicode_ci;

INSERT INTO `cf8nx_usergroups` (`id`, `parent_id`, `lft`, `rgt`, `title`) VALUES (1,0,1,18,'Public'),(2,1,8,15,'Registered'),(3,2,9,14,'Author'),(4,3,10,13,'Editor'),(5,4,11,12,'Publisher'),(6,1,4,7,'Manager'),(7,6,5,6,'Administrator'),(8,1,16,17,'Super Users'),(9,1,2,3,'Guest');
CREATE TABLE `cf8nx_users` (
  `id` int(11) NOT NULL AUTO_INCREMENT,
  `name` varchar(400) COLLATE utf8_unicode_ci NOT NULL DEFAULT '',
  `username` varchar(150) COLLATE utf8_unicode_ci NOT NULL DEFAULT '',
  `email` varchar(100) COLLATE utf8_unicode_ci NOT NULL DEFAULT '',
  `password` varchar(100) COLLATE utf8_unicode_ci NOT NULL DEFAULT '',
  `block` tinyint(4) NOT NULL DEFAULT '0',
  `sendEmail` tinyint(4) DEFAULT '0',
  `registerDate` datetime NOT NULL DEFAULT '0000-00-00 00:00:00',
  `lastvisitDate` datetime NOT NULL DEFAULT '0000-00-00 00:00:00',
  `activation` varchar(100) COLLATE utf8_unicode_ci NOT NULL DEFAULT '',
  `params` text COLLATE utf8_unicode_ci NOT NULL,
  `lastResetTime` datetime NOT NULL DEFAULT '0000-00-00 00:00:00' COMMENT 'Date of last password reset',
  `resetCount` int(11) NOT NULL DEFAULT '0' COMMENT 'Count of password resets since lastResetTime',
  `otpKey` varchar(1000) COLLATE utf8_unicode_ci NOT NULL DEFAULT '' COMMENT 'Two factor authentication encrypted keys',
  `otep` varchar(1000) COLLATE utf8_unicode_ci NOT NULL DEFAULT '' COMMENT 'One time emergency passwords',
  `requireReset` tinyint(4) NOT NULL DEFAULT '0' COMMENT 'Require user to reset password on next login',
  PRIMARY KEY (`id`),
  KEY `idx_name` (`name`(100)),
  KEY `idx_block` (`block`),
  KEY `username` (`username`),
  KEY `email` (`email`)
) ENGINE=InnoDB AUTO_INCREMENT=132 DEFAULT CHARSET=utf8 COLLATE=utf8_unicode_ci;

INSERT INTO `cf8nx_users` (`id`, `name`, `username`, `email`, `password`, `block`, `sendEmail`, `registerDate`, `lastvisitDate`, `activation`, `params`, `lastResetTime`, `resetCount`, `otpKey`, `otep`, `requireReset`) VALUES (75,'Super User','zoobyby','redlain87@gmail.com','$2y$10$A62DvbkuMwPfuIfCPouY5uug/rLGDFDkyin18s4ilFGHPDYSGopWa',0,1,'2018-05-27 13:54:06','2019-06-26 17:31:32','0','{\"admin_style\":\"\",\"admin_language\":\"\",\"language\":\"\",\"editor\":\"\",\"helpsite\":\"\",\"timezone\":\"\"}','0000-00-00 00:00:00',0,'','',0),(76,'test','test123','viktoria.owl25@gmail.com','$2y$10$mLFxCKS4OChn0gKBzrzFV.uJmjZxj4817I.FY9bnkv5RnxUmbZ/Oe',1,0,'2018-06-27 03:42:15','2018-06-27 03:43:16','','{}','0000-00-00 00:00:00',0,'','',0),(77,'Оля','375336418267','Olya_Poluyanchik@mail.ru','$2y$10$BVesSo9GZb2ouIBG4ACPG.6.qxZx4eE3lu8Apy0xr9FJpk.6BY8gu',1,0,'2018-09-12 09:39:35','0000-00-00 00:00:00','05b5391d9595ba4a102c51243768a432','{}','0000-00-00 00:00:00',0,'','',0),(78,'Марина','labrador','6103903@mail.ru','$2y$10$6oPqHhuvGy7swJcaR54gQ.Fl28mJvlTY3UjvcMwu9jxm.fuTjUq2G',1,0,'2018-09-15 13:13:58','0000-00-00 00:00:00','d10dd29bb82097b7ec9787eab65dc439','{}','0000-00-00 00:00:00',0,'','',0),(79,'Диана','Kibernemo','kibernemo@gmail.com','$2y$10$YqufheiwfcBjhnh5xYzZruunvJb5p.t2aM.OQc8gp58aRNNQ7guta',1,0,'2018-09-27 11:48:32','0000-00-00 00:00:00','a05a91ce915c2db5803870b2f8a763f1','{}','0000-00-00 00:00:00',0,'','',0),(80,'Dana','Dana','DVYermak@mail.by','$2y$10$zYBFi/yt8HD.HTwb4.s2.eU9sc5uy/sEHo5nTphV9V3mEH2Cn4w2S',1,0,'2018-10-07 15:42:10','0000-00-00 00:00:00','c6252c4ebbb0383f9127277e22123bcd','{}','0000-00-00 00:00:00',0,'','',0),(81,'Dana','Danuta','DVYermak@mail.ru','$2y$10$278mvHHfCpGJgMfV7iddo.tQUAnOFm3AzMl0J7VFlPhTrnRtR67Ly',1,0,'2018-10-07 15:45:29','0000-00-00 00:00:00','a326a0b8c9f093c0a4ff3f3eeb204476','{}','0000-00-00 00:00:00',0,'','',0),(82,'Дана','YermakDanuta','nalivko.vitalii27@gmail.com','$2y$10$qlrJzIpZUiHVkOAXB2N2FuVZEEs9oYCusxME4nUyjt5uX1dSFQ6Dm',1,0,'2018-10-07 15:53:28','0000-00-00 00:00:00','566ab49829f767462f3e346dd90f7a2e','{}','0000-00-00 00:00:00',0,'','',0),(83,'Сергей ','Dasha170883','dasha170883@mail.ru','$2y$10$nXzF4AhmE0odRo.7OfAgJu4XuOVwl/4vgMKvNPSIDAmUFHkZkUp9O',1,0,'2018-11-21 21:32:52','0000-00-00 00:00:00','c1660b028fc6504caa283ea837125d8d','{}','0000-00-00 00:00:00',0,'','',0),(84,'Татьяна','GALATEA','sobakatea@mail.ru','$2y$10$K4CUEf/0G96IGftVnWhZl.si6eCn3fRaqnMGv8VIBUw/bnTBIiOgK',1,0,'2018-11-30 12:17:16','0000-00-00 00:00:00','a6ecc70ad4b0afdae4eb08e445087113','{}','0000-00-00 00:00:00',0,'','',0),(85,'Алек','alek','ivan.kot.1983@yandex.ru','$2y$10$lNa9wUh6r5kTH8TZb4SnX.dKuNacMXO.X5FdKfPJTFuem.bcvcL9y',1,0,'2018-11-30 15:30:51','0000-00-00 00:00:00','29e7bee7c4cf55066337acfde59ebe49','{}','0000-00-00 00:00:00',0,'','',0),(86,'ivan.kot.','ivan.kot.','aleksnovosad915@gmail.com','$2y$10$LUTHDbz1hzwVx/99DZkqgeuo.D.W6f/u8WbB6QkklJKVpet1fpY0K',1,0,'2018-11-30 15:37:51','0000-00-00 00:00:00','ec47e99ac4180a85220aedef913127a4','{}','0000-00-00 00:00:00',0,'','',0),(87,'Елизавета','lizakisa','lizastarinskajaandreevna@gmail.com','$2y$10$D2wdIkREK72e8PyhbxfWT.duYoyw5/Qn6phuEFi10XTqUbou3Va3q',1,0,'2018-12-05 12:58:08','0000-00-00 00:00:00','1a2e2bd9241ab50b5a0846dfe235dbb0','{}','0000-00-00 00:00:00',0,'','',0),(88,'Konstantin3d','Konstantin3d','otdushivdushu3d@gmail.com','$2y$10$zpQ8CqR2ub3fy92lce2wdedZs55O3HcwRJoKcnGRabVM5/fUCzugi',1,0,'2018-12-06 10:14:31','0000-00-00 00:00:00','973864c0904ad59eeabc235f84f4a3bf','{}','0000-00-00 00:00:00',0,'','',0),(89,'Ульяна','Yliana','santorskiy.dominik@mail.ru','$2y$10$nbh0ac6wXjZVO7F3OvMmVuTXgMGbC67dvkdDuASDxVKxvdC3d9jjS',1,0,'2018-12-20 01:27:24','0000-00-00 00:00:00','b3a4f3bfef0cd027c5b41a003144cada','{}','0000-00-00 00:00:00',0,'','',0),(90,'Оксана','Floretta','omgrad@gmail.com','$2y$10$7kyaziGGS3RnXVAJbYHp.ee081WTxHSVqBMmNLg8HDeh0o696s2ZC',1,0,'2018-12-25 17:27:31','0000-00-00 00:00:00','88de0ea923cf5fccb0f6c98528da5adf','{}','0000-00-00 00:00:00',0,'','',0),(91,'Ivan','IohM','iohmar45@gmail.com','$2y$10$HXHxM/obzGt7GUy3rrXomeomwUNugfAgMgTNe/5QqF5wSvrOlsfyG',1,0,'2018-12-31 10:27:18','0000-00-00 00:00:00','daf3e401ddb17f5fe23f35f7f9e60f11','{}','0000-00-00 00:00:00',0,'','',0),(92,'Анна','ANN1986','karpov_24.11@mail.ru','$2y$10$vuWn03dz1R7aPqIiOdJGgOfJYiglTsLfoQ9LqBrrAXVz0CJeGCDdW',1,0,'2019-01-04 20:31:05','0000-00-00 00:00:00','423b5a09f57614e95816657e904020ba','{}','0000-00-00 00:00:00',0,'','',0),(93,'Анна','ANN','annkarpova1986@mail.ru','$2y$10$6VT/YWiyx8tBEFBoPFv3sep6DJ6p/at0Qif9saftHpGwVWJWI7YGS',1,0,'2019-01-04 20:33:05','0000-00-00 00:00:00','e0a8d7b164c053bc4806e42b5d063a75','{}','0000-00-00 00:00:00',0,'','',0),(94,'Любовь ','Liubou','1683714@gmail.com','$2y$10$f5KrnZYbt3JiAUi2GVXR9.uEmAgPH/tTfFNpRrYjljyqmdwF6RM0u',1,0,'2019-01-13 14:42:44','0000-00-00 00:00:00','3533500cc6b99e2019fe652e1664733b','{}','0000-00-00 00:00:00',0,'','',0),(95,'Ольга','Olga','iurchienko_85@mail.ru','$2y$10$u5CZ2M6I4sgmdRGNJMTjzuBzREurJCsbJ/2a5tVPi9DsmyVtbboIG',1,0,'2019-01-21 05:29:32','0000-00-00 00:00:00','8c8cc0801ff1360d22c8f7a23d4436b8','{}','0000-00-00 00:00:00',0,'','',0),(96,'Инна','Inna','ines.sa@mail.ru','$2y$10$r5IWCTHXVwtqA.sC1.CtBedU0EstvsQcn9EnXWrxocmh.btKsZy22',1,0,'2019-02-04 08:49:01','0000-00-00 00:00:00','237988dc6d75d0dd1c99c59e360e69e5','{}','0000-00-00 00:00:00',0,'','',0),(97,'Юрий','yfnfif7','bulbox@mail.ru','$2y$10$7b8YmAxQVwMHs8QQPhzAT.MAWF1DizfldiQaPMSJ5LjP39DtKQxGS',1,0,'2019-02-05 05:38:57','0000-00-00 00:00:00','716da1e5ebf32bf97bb66be4f86b57e3','{}','0000-00-00 00:00:00',0,'','',0),(98,'вероника','verani4kkaa','verani4kkaa@mail.ru','$2y$10$OWKhzdgE6QorCC74pawPu.hVDOY8hIPxoYSBvkplDQLO32jPoj3zS',1,0,'2019-02-09 08:57:48','0000-00-00 00:00:00','7cd8bc8471e835ebb5d3ec042acc823b','{}','0000-00-00 00:00:00',0,'','',0),(99,'Светлана','СветланаN','snikolaenkova03061974@gmail.com','$2y$10$sPQeJEav88ykl7deHK75EONCOQLOijwpYenhobsbNHKDYREooY0Gu',1,0,'2019-03-02 07:09:44','0000-00-00 00:00:00','5acea6dc76f8427f5bf4148d23d34dfa','{}','0000-00-00 00:00:00',0,'','',0),(100,'Людмила','mila140379','mila140379@mail.ru','$2y$10$zGjEjyMP3ROoRVYWJxGl4.IbUlhF0Si1/suYjD5qFVFRcg/UYzys.',1,0,'2019-03-13 12:51:26','0000-00-00 00:00:00','66e581c01a97989b748bda865104da1d','{}','0000-00-00 00:00:00',0,'','',0),(101,'Екатерина ','Katerina66','Kate.kruglik2002@gmail.com','$2y$10$Bj2U4/hKogSB1WdX/zGgU.FbjuZ54ymgn3KZLowrTgGHc3PiOlFN.',1,0,'2019-03-16 12:41:42','0000-00-00 00:00:00','e65da6fad8370c4df101870f0aeb2e40','{}','0000-00-00 00:00:00',0,'','',0),(102,'Марина','Rusalka_marina','rusalka_marina@rambler.ru','$2y$10$WVelPt.OxbpjQJsGz0RhBeTemSuNaPL903MpXehFhqEorVR07Fvia',1,0,'2019-03-23 20:40:59','0000-00-00 00:00:00','1f85e51e1e5950c9dd63f9031c2ecc20','{}','0000-00-00 00:00:00',0,'','',0),(103,'joomIa','joomIa','dominickhheath8954@gmail.com','$2y$10$PnRSAAGLoVhWIz6fpZAqUOjhmswjViq4LrBMK2bXYHI8063uQKg.e',1,0,'2019-03-28 20:51:45','0000-00-00 00:00:00','3edcf7a9b74bce7e8f69c01eeb08744a','{}','0000-00-00 00:00:00',0,'','',0),(104,'joomladevelop','joomladevelop','sughyifqomcgjwc@yandex.ru','$2y$10$2M0YI0YCsDiSchlEngqk0et8jYYUZITDz4FkhV2DHTnBP73W1s4S.',1,0,'2019-03-30 12:44:13','0000-00-00 00:00:00','36776a1525b33fcc42c47b3703fa3cba','{}','0000-00-00 00:00:00',0,'','',0),(105,'joomladeveloper','joomladeveloper','erydicuiaestampu1973@mail.ru','$2y$10$AHjykPljw5nZBaNY5FRsI.G65Xu6AssPOsBE3GerMEx2KC6Qc0Ss6',1,0,'2019-03-31 20:49:37','0000-00-00 00:00:00','844165b2d3d2539f6fdd3da1a52ba518','{}','0000-00-00 00:00:00',0,'','',0),(106,'BruceBugKJ','BruceBug','bruce.messam@gmail.com','$2y$10$OHepkMPE88wom/4y9E.AFOYAc1DpMxSaX8W/t5Gj7Ca2IbAyv6SkG',1,0,'2019-04-11 04:09:49','0000-00-00 00:00:00','8862409e197209d333743440778655ff','{}','0000-00-00 00:00:00',0,'','',0),(107,'Олег','ОЛЕГ','7957777@bk.ru','$2y$10$77qC/ls00Ky69y6k5QNlTOotONIRSIr8p5yKWJpKusbWzq0V81f.u',1,0,'2019-04-13 12:52:50','0000-00-00 00:00:00','a7a972718898037be58c2872e516c985','{}','0000-00-00 00:00:00',0,'','',0),(108,'Erich','Winterundliebe','sauronyth@mail.ru','$2y$10$hl32MGl4AvIvwJzVlZCMIOGsaOcYx4zqixZGhFs8W9mRgfiIIpE0u',1,0,'2019-04-15 08:42:16','0000-00-00 00:00:00','15dc506f4492bc2f0ef3c1b92c96c17e','{}','0000-00-00 00:00:00',0,'','',0),(109,'Danila','Danila','Danik_danik_ddd@mail.ru','$2y$10$vybdHGX1E4Aa.SrrBPwg7eDq6IzJ30W0Ur5TQaraNiHIwREtFq/6S',1,0,'2019-04-16 19:53:33','0000-00-00 00:00:00','3098af0e9f8743239cb5b28a479eddcf','{}','0000-00-00 00:00:00',0,'','',0),(110,'Игорь','Igor2112','yaroshevich.fox@gmail.com','$2y$10$Yo8zHqYofwszl4N0lK2lN.ECwOER1URRTuQdxxveym3NPVRUJRtbW',1,0,'2019-04-19 06:16:28','0000-00-00 00:00:00','63eef5d1c239e1e29601cb0a040936ac','{}','0000-00-00 00:00:00',0,'','',0),(111,'Игорь','Igorok','Yaroshevic.fox@gmail.com','$2y$10$MBdMMTWCd4GRdBHU/v3HoO88.Aio/UBlSM1kzfkuNrorMgXxt/UJu',1,0,'2019-04-19 06:19:35','0000-00-00 00:00:00','f7f26cc2b1a1cf181fbb21a38132c597','{}','0000-00-00 00:00:00',0,'','',0),(112,'Анна','boxan.anna@yandex.ru','boxan.anna@yandex.ru','$2y$10$.XiGp841xorU/.Lb0kqEc.S9mM6FJ5.IDHQWaOo2bKeNPRhNoDE.2',1,0,'2019-04-26 08:03:52','0000-00-00 00:00:00','468887b19b91048b0b764467adc3a713','{}','0000-00-00 00:00:00',0,'','',0),(113,'Валентина','Valya','valyagolot@gmail.com','$2y$10$MPRcjHOxpv59H2yAIk97WuBTJaSDV5cYtJQ6pXzCsiPpVtv6coJyy',1,0,'2019-05-09 12:09:07','0000-00-00 00:00:00','f37253dded5df3f7823d510d27c86395','{}','0000-00-00 00:00:00',0,'','',0),(114,'Оксана','ankor.13@mail.ru','ankor.13@mail.ru','$2y$10$rY5sF4YnrZRBWxRowbU/qO1/p/sTGmrU0Y1lLlpPtZdeJd67C8nYy',1,0,'2019-05-10 11:14:19','0000-00-00 00:00:00','8a58092900c4fc460baac8254bd722a0','{}','0000-00-00 00:00:00',0,'','',0),(115,'Ольга','Himera','brennt2@mail.ru','$2y$10$7JLnOGfurQsvEMgHyw4gt.rkwn.c.YErxABEH0288zeAvY8FrLcea',1,0,'2019-05-11 04:14:00','0000-00-00 00:00:00','3384278f33ae460714261a62c8b8e1b2','{}','0000-00-00 00:00:00',0,'','',0),(116,'Виктория','Vikusha','vikkusha@tut.by','$2y$10$ZN0QAsv3aQ9FgPj/ujsTsuy9R5vlJ1q0sht/n2a1Gr23PvdzIHAYm',1,0,'2019-05-14 12:10:58','0000-00-00 00:00:00','9cc4e6664d5cc508f0e9b85a8250c242','{}','0000-00-00 00:00:00',0,'','',0),(117,'dymet3BroaxesseJB','dymet3Broaxesse','dancenkoignatij@gmail.com','$2y$10$qXY5DzdIVNU9oOuFqGimXOS4R/acsBPSh8akB.3abBzoLVgQ/Pcq2',1,0,'2019-05-15 12:31:11','0000-00-00 00:00:00','d3e4e1f2eb0874fd499f192df43a19dc','{}','0000-00-00 00:00:00',0,'','',0),(118,'Валерия','Kameshka','Valeria_vik@mail.ru','$2y$10$j1Djsyk6lzUsabTDJxGi1u.6wYJ3cNxT40fLPaZDzS8biP0aWureC',1,0,'2019-05-16 17:37:16','0000-00-00 00:00:00','c20b7569c1d5541586d990bf3a0b4ea3','{}','0000-00-00 00:00:00',0,'','',0),(119,'Анжелика','Anzhelikatishikova@gmail.com','anzhelikatishikova@gmail.com','$2y$10$WlGrxcTYfEdwdsSvQ9Opsuw8QshBDIWwHZQKA9c41TrQZoxxZt3Ra',1,0,'2019-05-22 19:06:58','0000-00-00 00:00:00','4ae5623748edf693a839cae5f73d429f','{}','0000-00-00 00:00:00',0,'','',0),(120,'Наталья','NATBOR','natborkennel@mail.ru','$2y$10$s9DZyAo.0kto1MoMjy5hI.UcI4lEwZQBp5Td1j.XhmB3W.dHDEwP2',1,0,'2019-05-24 09:13:56','0000-00-00 00:00:00','127aa3894ef9892c4110e56d818d2c14','{}','0000-00-00 00:00:00',0,'','',0),(121,'Геннадий','gena163','gena1963@tut.by','$2y$10$3RPgTme8U5nAV0x5/I8/AOrJeyjZQlIJ86h1qawMDua2wPdHQySte',1,0,'2019-05-30 08:07:52','0000-00-00 00:00:00','2962566e911341d8a302a6d45a0645a5','{}','0000-00-00 00:00:00',0,'','',0),(122,'Oleg','Umkasamoed','Umkasamoed@gmail.com','$2y$10$t1xnLo/HcMme4wdhTvltTuyVThIzIqBcqcIEzqb86rrDgJxNLf03W',1,0,'2019-06-05 07:24:29','0000-00-00 00:00:00','767db252e10afa2fdb837dab2d023c58','{}','0000-00-00 00:00:00',0,'','',0),(123,'Яна','Яна','bolshojmalysh@gmail.com','$2y$10$NbQ1AZnc8v0UQDGEWuCwYe/FhJwwt1ZiSMfzvLa6jXVYSEOpqG816',1,0,'2019-06-05 10:22:32','0000-00-00 00:00:00','e8ba9708de5d2a82e77fa8ed7c12c048','{}','0000-00-00 00:00:00',0,'','',0),(124,'Яна','Yana','evstolia@i.ua','$2y$10$jDrDGQDRbzsNx0UkVYT/NuX/bkhua6rKnqXotCJm.s3mY3mhCGZC6',1,0,'2019-06-05 10:27:22','0000-00-00 00:00:00','e48d38728690d2d016bbe7ef530ba6f8','{}','0000-00-00 00:00:00',0,'','',0),(125,'Сергей','7899648@mail.ru','7899648@mail.ru','$2y$10$iUL96iIGeqx42kjZZ56K5e6BJfLvlxbJQmqJchCzvtb294/2epa8e',1,0,'2019-06-08 22:45:42','0000-00-00 00:00:00','0f22f7b2e6418f67a6814fc3ed5df1c4','{}','0000-00-00 00:00:00',0,'','',0),(126,'Сергей','7899648','melnikov_82@mail.ru','$2y$10$WeM1J/0vV6w7DUJRTWZCCuFnIUJ58kUf4cCm1R0Lrv5MdfP9K045O',1,0,'2019-06-09 03:08:01','0000-00-00 00:00:00','b134fd078da8f48c8cc862c1e0705065','{}','0000-00-00 00:00:00',0,'','',0),(127,'Александр','macherevilyne','macherevilyne@mail.ru','$2y$10$xvpMQtWjgWN.YPKPABVrb.BLx3G8iwU2k.ydDjxErVRInGTwaNvzy',1,0,'2019-06-10 16:34:44','0000-00-00 00:00:00','398948132988ec7d967e501b1a10bb52','{}','0000-00-00 00:00:00',0,'','',0),(128,'Лилия','Лилия','6836050@tut.by','$2y$10$PeqyOwTucBuj8thohQ3Uu..jzKmPhScFgIyNdGZH20zCTa5Sl4XVy',1,0,'2019-06-11 14:01:17','0000-00-00 00:00:00','7d79506f2a0bd9ebdef7aa3bfe8efe91','{}','0000-00-00 00:00:00',0,'','',0),(129,'Надежда','nadya','smatselya@gmail.com','$2y$10$ZU2wsGey8GPFld4qxoymoO2e2qQCthtKhzLOXoPEHWf2mYsuBGBKC',1,0,'2019-06-15 10:01:20','0000-00-00 00:00:00','f2334ecb12740ae2667c0eca48008674','{}','0000-00-00 00:00:00',0,'','',0),(130,'Надежда','nadya76','bond75@tut.by','$2y$10$huJJ96w.7gwyDS9ehpkfUuOvomY6WaqardXVOM3oFm9YPVwcERbXa',1,0,'2019-06-15 10:03:27','0000-00-00 00:00:00','8925b72966805d7fefe4dd0f38d94325','{}','0000-00-00 00:00:00',0,'','',0),(131,'Андрей','Андрей','Postbox-andrey@mail.ru','$2y$10$DPAVTDXGqKg7CXVBpkJp4e.SHUb3pog4FwITEehlk3RQHlrdjLG2i',1,0,'2019-06-22 06:44:27','0000-00-00 00:00:00','61edd1900af5870982bdbdec2fba6742','{}','0000-00-00 00:00:00',0,'','',0);
CREATE TABLE `cf8nx_utf8_conversion` (
  `converted` tinyint(4) NOT NULL DEFAULT '0'
) ENGINE=InnoDB DEFAULT CHARSET=utf8;

INSERT INTO `cf8nx_utf8_conversion` (`converted`) VALUES (2);
CREATE TABLE `cf8nx_viewlevels` (
  `id` int(10) unsigned NOT NULL AUTO_INCREMENT COMMENT 'Primary Key',
  `title` varchar(100) NOT NULL DEFAULT '',
  `ordering` int(11) NOT NULL DEFAULT '0',
  `rules` varchar(5120) NOT NULL COMMENT 'JSON encoded access control.',
  PRIMARY KEY (`id`),
  UNIQUE KEY `idx_assetgroup_title_lookup` (`title`)
) ENGINE=InnoDB AUTO_INCREMENT=6 DEFAULT CHARSET=utf8;

INSERT INTO `cf8nx_viewlevels` (`id`, `title`, `ordering`, `rules`) VALUES (1,'Public',0,'[1]'),(2,'Registered',1,'[6,2,8]'),(3,'Special',2,'[6,3,8]'),(4,'Customer Access Level (Example)',3,'[6,3,12]'),(5,'Guest',0,'[9]');
CREATE TABLE `cf8nx_wblib_keystore` (
  `id` int(11) NOT NULL AUTO_INCREMENT,
  `scope` varchar(50) NOT NULL DEFAULT 'default',
  `key` varchar(255) NOT NULL DEFAULT '',
  `value` mediumtext NOT NULL,
  `user_id` int(11) NOT NULL DEFAULT '0',
  `format` tinyint(3) NOT NULL DEFAULT '1',
  `modified_at` datetime NOT NULL DEFAULT '0000-00-00 00:00:00',
  PRIMARY KEY (`id`),
  KEY `main` (`scope`,`key`)
) ENGINE=InnoDB DEFAULT CHARSET=utf8;

CREATE TABLE `cf8nx_wblib_messages` (
  `id` int(10) unsigned NOT NULL AUTO_INCREMENT,
  `scope` varchar(50) NOT NULL DEFAULT '',
  `type` varchar(50) NOT NULL DEFAULT '',
  `sub_type` varchar(150) NOT NULL DEFAULT '',
  `display_type` tinyint(3) NOT NULL DEFAULT '0',
  `uid` varchar(50) NOT NULL DEFAULT '',
  `title` varchar(512) DEFAULT NULL,
  `body` varchar(2048) NOT NULL DEFAULT '',
  `action` tinyint(3) NOT NULL DEFAULT '0',
  `created_on` datetime NOT NULL DEFAULT '0000-00-00 00:00:00',
  `acked_on` datetime NOT NULL DEFAULT '0000-00-00 00:00:00',
  `hide_after` datetime NOT NULL DEFAULT '0000-00-00 00:00:00',
  `hide_until` datetime NOT NULL DEFAULT '0000-00-00 00:00:00',
  PRIMARY KEY (`id`),
  KEY `scope` (`scope`),
  KEY `type_index` (`type`,`sub_type`),
  KEY `acked_on` (`acked_on`)
) ENGINE=InnoDB AUTO_INCREMENT=927 DEFAULT CHARSET=utf8;

INSERT INTO `cf8nx_wblib_messages` (`id`, `scope`, `type`, `sub_type`, `display_type`, `uid`, `title`, `body`, `action`, `created_on`, `acked_on`, `hide_after`, `hide_until`) VALUES (1,'com_sh404sef','sh404sef.general','welcome',0,'83b551eaf1501c7d48b7d4a413e51ba4cfd9eec8','Welcome to sh404SEF!','To enable it for your site, use the main <i>Enable URL optimization</i> Yes/No selector and press the <strong>Save</strong> button. sh404SEF will start with its default settings, suitable in most cases.<br/><br /><a href=\'https://weeblr.com/documentation\' target=\'_blank\' title=\'sh404sef Documentation\'>Please check out the documentation</a>',0,'2018-05-27 14:04:56','0000-00-00 00:00:00','0000-00-00 00:00:00','0000-00-00 00:00:00'),(926,'com_sh404sef','sh404sef.updates','4.16.1.3913',0,'c755c35035c5c0dcc4503a2769ac55001ed5d624','Version 4.16.1.3913 is available! More details on the <i>About/updates</i> panel.','',1,'2019-06-23 17:06:21','0000-00-00 00:00:00','0000-00-00 00:00:00','0000-00-00 00:00:00');
CREATE TABLE `cf8nx_weblinks` (
  `id` int(10) unsigned NOT NULL AUTO_INCREMENT,
  `catid` int(11) NOT NULL DEFAULT '0',
  `title` varchar(250) NOT NULL DEFAULT '',
  `alias` varchar(255) NOT NULL DEFAULT '',
  `url` varchar(250) NOT NULL DEFAULT '',
  `description` text NOT NULL,
  `hits` int(11) NOT NULL DEFAULT '0',
  `state` tinyint(1) NOT NULL DEFAULT '0',
  `checked_out` int(11) NOT NULL DEFAULT '0',
  `checked_out_time` datetime NOT NULL DEFAULT '0000-00-00 00:00:00',
  `ordering` int(11) NOT NULL DEFAULT '0',
  `access` int(11) NOT NULL DEFAULT '1',
  `params` text NOT NULL,
  `language` char(7) NOT NULL DEFAULT '',
  `created` datetime NOT NULL DEFAULT '0000-00-00 00:00:00',
  `created_by` int(10) unsigned NOT NULL DEFAULT '0',
  `created_by_alias` varchar(255) NOT NULL DEFAULT '',
  `modified` datetime NOT NULL DEFAULT '0000-00-00 00:00:00',
  `modified_by` int(10) unsigned NOT NULL DEFAULT '0',
  `metakey` text NOT NULL,
  `metadesc` text NOT NULL,
  `metadata` text NOT NULL,
  `featured` tinyint(3) unsigned NOT NULL DEFAULT '0' COMMENT 'Set if link is featured.',
  `xreference` varchar(50) NOT NULL COMMENT 'A reference to enable linkages to external data sets.',
  `publish_up` datetime NOT NULL DEFAULT '0000-00-00 00:00:00',
  `publish_down` datetime NOT NULL DEFAULT '0000-00-00 00:00:00',
  `version` int(10) unsigned NOT NULL DEFAULT '1',
  `images` text NOT NULL,
  PRIMARY KEY (`id`),
  KEY `idx_access` (`access`),
  KEY `idx_checkout` (`checked_out`),
  KEY `idx_state` (`state`),
  KEY `idx_catid` (`catid`),
  KEY `idx_createdby` (`created_by`),
  KEY `idx_featured_catid` (`featured`,`catid`),
  KEY `idx_language` (`language`),
  KEY `idx_xreference` (`xreference`)
) ENGINE=InnoDB DEFAULT CHARSET=utf8;



