-- https://www.phpmyadmin.net
--
-- Хост: localhost
-- Время создания: Июн 21 2022 г., 09:36
-- Версия сервера: 10.2.37-MariaDB-cll-lve
-- Версия PHP: 5.4.16




--
-- База данных: `yqmmiaag_okna`
--

-- --------------------------------------------------------

--
-- Структура таблицы `address`
--

CREATE TABLE IF NOT EXISTS `address` (
  `address_id` int(11) NOT NULL,
  `customer_id` int(11) NOT NULL,
  `firstname` varchar(32) NOT NULL,
  `lastname` varchar(32) NOT NULL,
  `company` varchar(40) NOT NULL,
  `address_1` varchar(128) NOT NULL,
  `address_2` varchar(128) NOT NULL,
  `city` varchar(128) NOT NULL,
  `postcode` varchar(10) NOT NULL,
  `country_id` int(11) NOT NULL DEFAULT 0,
  `zone_id` int(11) NOT NULL DEFAULT 0,
  `custom_field` text NOT NULL
) ENGINE=MyISAM DEFAULT CHARSET=utf8;

-- --------------------------------------------------------

--
-- Структура таблицы `affiliate`
--

CREATE TABLE IF NOT EXISTS `affiliate` (
  `affiliate_id` int(11) NOT NULL,
  `firstname` varchar(32) NOT NULL,
  `lastname` varchar(32) NOT NULL,
  `email` varchar(96) NOT NULL,
  `telephone` varchar(32) NOT NULL,
  `fax` varchar(32) NOT NULL,
  `password` varchar(40) NOT NULL,
  `salt` varchar(9) NOT NULL,
  `company` varchar(40) NOT NULL,
  `website` varchar(255) NOT NULL,
  `address_1` varchar(128) NOT NULL,
  `address_2` varchar(128) NOT NULL,
  `city` varchar(128) NOT NULL,
  `postcode` varchar(10) NOT NULL,
  `country_id` int(11) NOT NULL,
  `zone_id` int(11) NOT NULL,
  `code` varchar(64) NOT NULL,
  `commission` decimal(4,2) NOT NULL DEFAULT 0.00,
  `tax` varchar(64) NOT NULL,
  `payment` varchar(6) NOT NULL,
  `cheque` varchar(100) NOT NULL,
  `paypal` varchar(64) NOT NULL,
  `bank_name` varchar(64) NOT NULL,
  `bank_branch_number` varchar(64) NOT NULL,
  `bank_swift_code` varchar(64) NOT NULL,
  `bank_account_name` varchar(64) NOT NULL,
  `bank_account_number` varchar(64) NOT NULL,
  `ip` varchar(40) NOT NULL,
  `status` tinyint(1) NOT NULL,
  `approved` tinyint(1) NOT NULL,
  `date_added` datetime NOT NULL
) ENGINE=MyISAM DEFAULT CHARSET=utf8;

-- --------------------------------------------------------

--
-- Структура таблицы `affiliate_activity`
--

CREATE TABLE IF NOT EXISTS `affiliate_activity` (
  `affiliate_activity_id` int(11) NOT NULL,
  `affiliate_id` int(11) NOT NULL,
  `key` varchar(64) NOT NULL,
  `data` text NOT NULL,
  `ip` varchar(40) NOT NULL,
  `date_added` datetime NOT NULL
) ENGINE=MyISAM DEFAULT CHARSET=utf8;

-- --------------------------------------------------------

--
-- Структура таблицы `affiliate_login`
--

CREATE TABLE IF NOT EXISTS `affiliate_login` (
  `affiliate_login_id` int(11) NOT NULL,
  `email` varchar(96) NOT NULL,
  `ip` varchar(40) NOT NULL,
  `total` int(4) NOT NULL,
  `date_added` datetime NOT NULL,
  `date_modified` datetime NOT NULL
) ENGINE=MyISAM DEFAULT CHARSET=utf8;

-- --------------------------------------------------------

--
-- Структура таблицы `affiliate_transaction`
--

CREATE TABLE IF NOT EXISTS `affiliate_transaction` (
  `affiliate_transaction_id` int(11) NOT NULL,
  `affiliate_id` int(11) NOT NULL,
  `order_id` int(11) NOT NULL,
  `description` text NOT NULL,
  `amount` decimal(15,4) NOT NULL,
  `date_added` datetime NOT NULL
) ENGINE=MyISAM DEFAULT CHARSET=utf8;

-- --------------------------------------------------------

--
-- Структура таблицы `api`
--

CREATE TABLE IF NOT EXISTS `api` (
  `api_id` int(11) NOT NULL,
  `name` varchar(64) NOT NULL,
  `key` text NOT NULL,
  `status` tinyint(1) NOT NULL,
  `date_added` datetime NOT NULL,
  `date_modified` datetime NOT NULL
) ENGINE=MyISAM AUTO_INCREMENT=2 DEFAULT CHARSET=utf8;

--
-- Дамп данных таблицы `api`
--

INSERT INTO `api` (`api_id`, `name`, `key`, `status`, `date_added`, `date_modified`) VALUES
(1, 'Default', 'Gr7xCtAUmqZfqeB4R9P726W6fNovsV6SJPXtiNrevZhUFnq3TXwtIVErojYPraiVyHbbJRRirKLuT0OlPWOFYoCVBhimWlybr0TLdJfaMyEFyyrvlTvnCAJvl5Ys0REZ3zLOHXXiK5ciRXCgRLgZKfeke98AblyNGWiOMYqDOnnuOnIi2wuQEIUK2yZcsUCRWTjA065tTDuBe9MzOC5AzwsipNLfdeFQ6qXoxqUqRpRgUM7Fe3FRVYxyD30EDmOf', 1, '2017-01-24 23:50:52', '2017-01-24 23:50:52');

-- --------------------------------------------------------

--
-- Структура таблицы `api_ip`
--

CREATE TABLE IF NOT EXISTS `api_ip` (
  `api_ip_id` int(11) NOT NULL,
  `api_id` int(11) NOT NULL,
  `ip` varchar(40) NOT NULL
) ENGINE=MyISAM DEFAULT CHARSET=utf8;

-- --------------------------------------------------------

--
-- Структура таблицы `api_session`
--

CREATE TABLE IF NOT EXISTS `api_session` (
  `api_session_id` int(11) NOT NULL,
  `api_id` int(11) NOT NULL,
  `token` varchar(32) NOT NULL,
  `session_id` varchar(32) NOT NULL,
  `session_name` varchar(32) NOT NULL,
  `ip` varchar(40) NOT NULL,
  `date_added` datetime NOT NULL,
  `date_modified` datetime NOT NULL
) ENGINE=MyISAM DEFAULT CHARSET=utf8;

-- --------------------------------------------------------

--
-- Структура таблицы `attribute`
--

CREATE TABLE IF NOT EXISTS `attribute` (
  `attribute_id` int(11) NOT NULL,
  `attribute_group_id` int(11) NOT NULL,
  `sort_order` int(3) NOT NULL
) ENGINE=MyISAM AUTO_INCREMENT=12 DEFAULT CHARSET=utf8;

--
-- Дамп данных таблицы `attribute`
--

INSERT INTO `attribute` (`attribute_id`, `attribute_group_id`, `sort_order`) VALUES
(1, 6, 1),
(2, 6, 5),
(3, 6, 3),
(4, 3, 1),
(5, 3, 2),
(6, 3, 3),
(7, 3, 4),
(8, 3, 5),
(9, 3, 6),
(10, 3, 7),
(11, 3, 8);

-- --------------------------------------------------------

--
-- Структура таблицы `attribute_description`
--

CREATE TABLE IF NOT EXISTS `attribute_description` (
  `attribute_id` int(11) NOT NULL,
  `language_id` int(11) NOT NULL,
  `name` varchar(64) NOT NULL
) ENGINE=MyISAM DEFAULT CHARSET=utf8;

--
-- Дамп данных таблицы `attribute_description`
--

INSERT INTO `attribute_description` (`attribute_id`, `language_id`, `name`) VALUES
(1, 1, 'Description'),
(2, 1, 'No. of Cores'),
(4, 1, 'test 1'),
(5, 1, 'test 2'),
(6, 1, 'test 3'),
(7, 1, 'test 4'),
(8, 1, 'test 5'),
(9, 1, 'test 6'),
(10, 1, 'test 7'),
(11, 1, 'test 8'),
(3, 1, 'Clockspeed'),
(1, 2, 'Description'),
(2, 2, 'No. of Cores'),
(4, 2, 'test 1'),
(5, 2, 'test 2'),
(6, 2, 'test 3'),
(7, 2, 'test 4'),
(8, 2, 'test 5'),
(9, 2, 'test 6'),
(10, 2, 'test 7'),
(11, 2, 'test 8'),
(3, 2, 'Clockspeed');

-- --------------------------------------------------------

--
-- Структура таблицы `attribute_group`
--

CREATE TABLE IF NOT EXISTS `attribute_group` (
  `attribute_group_id` int(11) NOT NULL,
  `sort_order` int(3) NOT NULL
) ENGINE=MyISAM AUTO_INCREMENT=7 DEFAULT CHARSET=utf8;

--
-- Дамп данных таблицы `attribute_group`
--

INSERT INTO `attribute_group` (`attribute_group_id`, `sort_order`) VALUES
(3, 2),
(4, 1),
(5, 3),
(6, 4);

-- --------------------------------------------------------

--
-- Структура таблицы `attribute_group_description`
--

CREATE TABLE IF NOT EXISTS `attribute_group_description` (
  `attribute_group_id` int(11) NOT NULL,
  `language_id` int(11) NOT NULL,
  `name` varchar(64) NOT NULL
) ENGINE=MyISAM DEFAULT CHARSET=utf8;

--
-- Дамп данных таблицы `attribute_group_description`
--

INSERT INTO `attribute_group_description` (`attribute_group_id`, `language_id`, `name`) VALUES
(3, 1, 'Memory'),
(4, 1, 'Technical'),
(5, 1, 'Motherboard'),
(6, 1, 'Processor'),
(3, 2, 'Memory'),
(4, 2, 'Technical'),
(5, 2, 'Motherboard'),
(6, 2, 'Processor');

-- --------------------------------------------------------

--
-- Структура таблицы `banner`
--

CREATE TABLE IF NOT EXISTS `banner` (
  `banner_id` int(11) NOT NULL,
  `name` varchar(64) NOT NULL,
  `status` tinyint(1) NOT NULL
) ENGINE=MyISAM AUTO_INCREMENT=9 DEFAULT CHARSET=utf8;

--
-- Дамп данных таблицы `banner`
--

INSERT INTO `banner` (`banner_id`, `name`, `status`) VALUES
(6, 'HP Products', 1),
(7, 'Home Page Slideshow', 1),
(8, 'Manufacturers', 1);

-- --------------------------------------------------------

--
-- Структура таблицы `banner_image`
--

CREATE TABLE IF NOT EXISTS `banner_image` (
  `banner_image_id` int(11) NOT NULL,
  `banner_id` int(11) NOT NULL,
  `language_id` int(11) NOT NULL,
  `title` varchar(64) NOT NULL,
  `link` varchar(255) NOT NULL,
  `image` varchar(255) NOT NULL,
  `sort_order` int(3) NOT NULL DEFAULT 0
) ENGINE=MyISAM AUTO_INCREMENT=113 DEFAULT CHARSET=utf8;

--
-- Дамп данных таблицы `banner_image`
--

INSERT INTO `banner_image` (`banner_image_id`, `banner_id`, `language_id`, `title`, `link`, `image`, `sort_order`) VALUES
(79, 7, 1, 'iPhone 6', 'index.php?route=product/product&amp;path=57&amp;product_id=49', 'catalog/demo/banners/iPhone6.jpg', 0),
(87, 6, 1, 'HP Banner', 'index.php?route=product/manufacturer/info&amp;manufacturer_id=7', 'catalog/demo/compaq_presario.jpg', 0),
(94, 8, 1, 'NFL', '', 'catalog/demo/manufacturer/nfl.png', 0),
(95, 8, 1, 'RedBull', '', 'catalog/demo/manufacturer/redbull.png', 0),
(96, 8, 1, 'Sony', '', 'catalog/demo/manufacturer/sony.png', 0),
(91, 8, 1, 'Coca Cola', '', 'catalog/demo/manufacturer/cocacola.png', 0),
(92, 8, 1, 'Burger King', '', 'catalog/demo/manufacturer/burgerking.png', 0),
(93, 8, 1, 'Canon', '', 'catalog/demo/manufacturer/canon.png', 0),
(88, 8, 1, 'Harley Davidson', '', 'catalog/demo/manufacturer/harley.png', 0),
(89, 8, 1, 'Dell', '', 'catalog/demo/manufacturer/dell.png', 0),
(90, 8, 1, 'Disney', '', 'catalog/demo/manufacturer/disney.png', 0),
(80, 7, 1, 'MacBookAir', '', 'catalog/demo/banners/MacBookAir.jpg', 0),
(97, 8, 1, 'Starbucks', '', 'catalog/demo/manufacturer/starbucks.png', 0),
(98, 8, 1, 'Nintendo', '', 'catalog/demo/manufacturer/nintendo.png', 0),
(99, 7, 2, 'iPhone 6', 'index.php?route=product/product&amp;path=57&amp;product_id=49', 'catalog/demo/banners/iPhone6.jpg', 0),
(100, 6, 2, 'HP Banner', 'index.php?route=product/manufacturer/info&amp;manufacturer_id=7', 'catalog/demo/compaq_presario.jpg', 0),
(101, 8, 2, 'NFL', '', 'catalog/demo/manufacturer/nfl.png', 0),
(102, 8, 2, 'RedBull', '', 'catalog/demo/manufacturer/redbull.png', 0),
(103, 8, 2, 'Sony', '', 'catalog/demo/manufacturer/sony.png', 0),
(104, 8, 2, 'Coca Cola', '', 'catalog/demo/manufacturer/cocacola.png', 0),
(105, 8, 2, 'Burger King', '', 'catalog/demo/manufacturer/burgerking.png', 0),
(106, 8, 2, 'Canon', '', 'catalog/demo/manufacturer/canon.png', 0),
(107, 8, 2, 'Harley Davidson', '', 'catalog/demo/manufacturer/harley.png', 0),
(108, 8, 2, 'Dell', '', 'catalog/demo/manufacturer/dell.png', 0),
(109, 8, 2, 'Disney', '', 'catalog/demo/manufacturer/disney.png', 0),
(110, 7, 2, 'MacBookAir', '', 'catalog/demo/banners/MacBookAir.jpg', 0),
(111, 8, 2, 'Starbucks', '', 'catalog/demo/manufacturer/starbucks.png', 0),
(112, 8, 2, 'Nintendo', '', 'catalog/demo/manufacturer/nintendo.png', 0);

-- --------------------------------------------------------

--
-- Структура таблицы `banner_image_description`
--

CREATE TABLE IF NOT EXISTS `banner_image_description` (
  `banner_image_id` int(11) NOT NULL,
  `language_id` int(11) NOT NULL,
  `banner_id` int(11) NOT NULL,
  `title` varchar(64) NOT NULL
) ENGINE=MyISAM DEFAULT CHARSET=utf8;

--
-- Дамп данных таблицы `banner_image_description`
--

INSERT INTO `banner_image_description` (`banner_image_id`, `language_id`, `banner_id`, `title`) VALUES
(54, 1, 7, 'Samsung Tab 10.1'),
(77, 1, 6, 'HP Banner'),
(75, 1, 8, 'HTC'),
(74, 1, 8, 'Canon'),
(73, 1, 8, 'Apple'),
(72, 1, 8, 'Palm'),
(71, 1, 8, 'Sony'),
(76, 1, 8, 'Hewlett-Packard'),
(54, 2, 7, 'Samsung Tab 10.1'),
(77, 2, 6, 'HP Banner'),
(75, 2, 8, 'HTC'),
(74, 2, 8, 'Canon'),
(73, 2, 8, 'Apple'),
(72, 2, 8, 'Palm'),
(71, 2, 8, 'Sony'),
(76, 2, 8, 'Hewlett-Packard');

-- --------------------------------------------------------

--
-- Структура таблицы `cart`
--

CREATE TABLE IF NOT EXISTS `cart` (
  `cart_id` int(11) unsigned NOT NULL,
  `api_id` int(11) NOT NULL,
  `customer_id` int(11) NOT NULL,
  `session_id` varchar(32) NOT NULL,
  `product_id` int(11) NOT NULL,
  `recurring_id` int(11) NOT NULL,
  `option` text NOT NULL,
  `quantity` int(5) NOT NULL,
  `date_added` datetime NOT NULL
) ENGINE=InnoDB DEFAULT CHARSET=utf8;

-- --------------------------------------------------------

--
-- Структура таблицы `category`
--

CREATE TABLE IF NOT EXISTS `category` (
  `category_id` int(11) NOT NULL,
  `image` varchar(255) DEFAULT NULL,
  `parent_id` int(11) NOT NULL DEFAULT 0,
  `top` tinyint(1) NOT NULL,
  `column` int(3) NOT NULL,
  `sort_order` int(3) NOT NULL DEFAULT 0,
  `status` tinyint(1) NOT NULL,
  `date_added` datetime NOT NULL,
  `date_modified` datetime NOT NULL
) ENGINE=MyISAM AUTO_INCREMENT=59 DEFAULT CHARSET=utf8;

--
-- Дамп данных таблицы `category`
--

INSERT INTO `category` (`category_id`, `image`, `parent_id`, `top`, `column`, `sort_order`, `status`, `date_added`, `date_modified`) VALUES
(25, '', 0, 1, 1, 3, 1, '2009-01-31 01:04:25', '2011-05-30 12:14:55'),
(27, '', 20, 0, 0, 2, 1, '2009-01-31 01:55:34', '2010-08-22 06:32:15'),
(20, 'catalog/demo/compaq_presario.jpg', 0, 1, 1, 1, 1, '2009-01-05 21:49:43', '2011-07-16 02:14:42'),
(24, '', 0, 1, 1, 5, 1, '2009-01-20 02:36:26', '2011-05-30 12:15:18'),
(18, 'catalog/demo/hp_2.jpg', 0, 1, 0, 2, 1, '2009-01-05 21:49:15', '2011-05-30 12:13:55'),
(17, '', 0, 1, 1, 4, 1, '2009-01-03 21:08:57', '2011-05-30 12:15:11'),
(28, '', 25, 0, 0, 1, 1, '2009-02-02 13:11:12', '2010-08-22 06:32:46'),
(26, '', 20, 0, 0, 1, 1, '2009-01-31 01:55:14', '2010-08-22 06:31:45'),
(29, '', 25, 0, 0, 1, 1, '2009-02-02 13:11:37', '2010-08-22 06:32:39'),
(30, '', 25, 0, 0, 1, 1, '2009-02-02 13:11:59', '2010-08-22 06:33:00'),
(31, '', 25, 0, 0, 1, 1, '2009-02-03 14:17:24', '2010-08-22 06:33:06'),
(32, '', 25, 0, 0, 1, 1, '2009-02-03 14:17:34', '2010-08-22 06:33:12'),
(33, '', 0, 1, 1, 6, 1, '2009-02-03 14:17:55', '2011-05-30 12:15:25'),
(34, 'catalog/demo/ipod_touch_4.jpg', 0, 1, 4, 7, 1, '2009-02-03 14:18:11', '2011-05-30 12:15:31'),
(35, '', 28, 0, 0, 0, 1, '2010-09-17 10:06:48', '2010-09-18 14:02:42'),
(36, '', 28, 0, 0, 0, 1, '2010-09-17 10:07:13', '2010-09-18 14:02:55'),
(37, '', 34, 0, 0, 0, 1, '2010-09-18 14:03:39', '2011-04-22 01:55:08'),
(38, '', 34, 0, 0, 0, 1, '2010-09-18 14:03:51', '2010-09-18 14:03:51'),
(39, '', 34, 0, 0, 0, 1, '2010-09-18 14:04:17', '2011-04-22 01:55:20'),
(40, '', 34, 0, 0, 0, 1, '2010-09-18 14:05:36', '2010-09-18 14:05:36'),
(41, '', 34, 0, 0, 0, 1, '2010-09-18 14:05:49', '2011-04-22 01:55:30'),
(42, '', 34, 0, 0, 0, 1, '2010-09-18 14:06:34', '2010-11-07 20:31:04'),
(43, '', 34, 0, 0, 0, 1, '2010-09-18 14:06:49', '2011-04-22 01:55:40'),
(44, '', 34, 0, 0, 0, 1, '2010-09-21 15:39:21', '2010-11-07 20:30:55'),
(45, '', 18, 0, 0, 0, 1, '2010-09-24 18:29:16', '2011-04-26 08:52:11'),
(46, '', 18, 0, 0, 0, 1, '2010-09-24 18:29:31', '2011-04-26 08:52:23'),
(47, '', 34, 0, 0, 0, 1, '2010-11-07 11:13:16', '2010-11-07 11:13:16'),
(48, '', 34, 0, 0, 0, 1, '2010-11-07 11:13:33', '2010-11-07 11:13:33'),
(49, '', 34, 0, 0, 0, 1, '2010-11-07 11:14:04', '2010-11-07 11:14:04'),
(50, '', 34, 0, 0, 0, 1, '2010-11-07 11:14:23', '2011-04-22 01:16:01'),
(51, '', 34, 0, 0, 0, 1, '2010-11-07 11:14:38', '2011-04-22 01:16:13'),
(52, '', 34, 0, 0, 0, 1, '2010-11-07 11:16:09', '2011-04-22 01:54:57'),
(53, '', 34, 0, 0, 0, 1, '2010-11-07 11:28:53', '2011-04-22 01:14:36'),
(54, '', 34, 0, 0, 0, 1, '2010-11-07 11:29:16', '2011-04-22 01:16:50'),
(55, '', 34, 0, 0, 0, 1, '2010-11-08 10:31:32', '2010-11-08 10:31:32'),
(56, '', 34, 0, 0, 0, 1, '2010-11-08 10:31:50', '2011-04-22 01:16:37'),
(57, '', 0, 1, 1, 3, 1, '2011-04-26 08:53:16', '2011-05-30 12:15:05'),
(58, '', 52, 0, 0, 0, 1, '2011-05-08 13:44:16', '2011-05-08 13:44:16');

-- --------------------------------------------------------

--
-- Структура таблицы `category_description`
--

CREATE TABLE IF NOT EXISTS `category_description` (
  `category_id` int(11) NOT NULL,
  `language_id` int(11) NOT NULL,
  `name` varchar(255) NOT NULL,
  `description` text NOT NULL,
  `meta_title` varchar(255) NOT NULL,
  `meta_description` varchar(255) NOT NULL,
  `meta_keyword` varchar(255) NOT NULL
) ENGINE=MyISAM DEFAULT CHARSET=utf8;

--
-- Дамп данных таблицы `category_description`
--

INSERT INTO `category_description` (`category_id`, `language_id`, `name`, `description`, `meta_title`, `meta_description`, `meta_keyword`) VALUES
(28, 1, 'Monitors', '', 'Monitors', '', ''),
(33, 1, 'Cameras', '', 'Cameras', '', ''),
(32, 1, 'Web Cameras', '', 'Web Cameras', '', ''),
(31, 1, 'Scanners', '', 'Scanners', '', ''),
(30, 1, 'Printers', '', 'Printers', '', ''),
(29, 1, 'Mice and Trackballs', '', 'Mice and Trackballs', '', ''),
(27, 1, 'Mac', '', 'Mac', '', ''),
(26, 1, 'PC', '', 'PC', '', ''),
(17, 1, 'Software', '', 'Software', '', ''),
(25, 1, 'Components', '', 'Components', '', ''),
(24, 1, 'Phones &amp; PDAs', '', 'Phones &amp; PDAs', '', ''),
(20, 1, 'Desktops', '&lt;p&gt;\r\n	Example of category description text&lt;/p&gt;\r\n', 'Desktops', 'Example of category description', ''),
(35, 1, 'test 1', '', 'test 1', '', ''),
(36, 1, 'test 2', '', 'test 2', '', ''),
(37, 1, 'test 5', '', 'test 5', '', ''),
(38, 1, 'test 4', '', 'test 4', '', ''),
(39, 1, 'test 6', '', 'test 6', '', ''),
(40, 1, 'test 7', '', 'test 7', '', ''),
(41, 1, 'test 8', '', 'test 8', '', ''),
(42, 1, 'test 9', '', 'test 9', '', ''),
(43, 1, 'test 11', '', 'test 11', '', ''),
(34, 1, 'MP3 Players', '&lt;p&gt;\r\n	Shop Laptop feature only the best laptop deals on the market. By comparing laptop deals from the likes of PC World, Comet, Dixons, The Link and Carphone Warehouse, Shop Laptop has the most comprehensive selection of laptops on the internet. At Shop Laptop, we pride ourselves on offering customers the very best laptop deals. From refurbished laptops to netbooks, Shop Laptop ensures that every laptop - in every colour, style, size and technical spec - is featured on the site at the lowest possible price.&lt;/p&gt;\r\n', 'MP3 Players', '', ''),
(18, 1, 'Laptops &amp; Notebooks', '&lt;p&gt;\r\n	Shop Laptop feature only the best laptop deals on the market. By comparing laptop deals from the likes of PC World, Comet, Dixons, The Link and Carphone Warehouse, Shop Laptop has the most comprehensive selection of laptops on the internet. At Shop Laptop, we pride ourselves on offering customers the very best laptop deals. From refurbished laptops to netbooks, Shop Laptop ensures that every laptop - in every colour, style, size and technical spec - is featured on the site at the lowest possible price.&lt;/p&gt;\r\n', 'Laptops &amp; Notebooks', '', ''),
(44, 1, 'test 12', '', 'test 12', '', ''),
(45, 1, 'Windows', '', 'Windows', '', ''),
(46, 1, 'Macs', '', 'Macs', '', ''),
(47, 1, 'test 15', '', 'test 15', '', ''),
(48, 1, 'test 16', '', 'test 16', '', ''),
(49, 1, 'test 17', '', 'test 17', '', ''),
(50, 1, 'test 18', '', 'test 18', '', ''),
(51, 1, 'test 19', '', 'test 19', '', ''),
(52, 1, 'test 20', '', 'test 20', '', ''),
(53, 1, 'test 21', '', 'test 21', '', ''),
(54, 1, 'test 22', '', 'test 22', '', ''),
(55, 1, 'test 23', '', 'test 23', '', ''),
(56, 1, 'test 24', '', 'test 24', '', ''),
(57, 1, 'Tablets', '', 'Tablets', '', ''),
(58, 1, 'test 25', '', 'test 25', '', ''),
(28, 2, 'Monitors', '', 'Monitors', '', ''),
(33, 2, 'Cameras', '', 'Cameras', '', ''),
(32, 2, 'Web Cameras', '', 'Web Cameras', '', ''),
(31, 2, 'Scanners', '', 'Scanners', '', ''),
(30, 2, 'Printers', '', 'Printers', '', ''),
(29, 2, 'Mice and Trackballs', '', 'Mice and Trackballs', '', ''),
(27, 2, 'Mac', '', 'Mac', '', ''),
(26, 2, 'PC', '', 'PC', '', ''),
(17, 2, 'Software', '', 'Software', '', ''),
(25, 2, 'Components', '', 'Components', '', ''),
(24, 2, 'Phones &amp; PDAs', '', 'Phones &amp; PDAs', '', ''),
(20, 2, 'Desktops', '&lt;p&gt;\r\n	Example of category description text&lt;/p&gt;\r\n', 'Desktops', 'Example of category description', ''),
(35, 2, 'test 1', '', 'test 1', '', ''),
(36, 2, 'test 2', '', 'test 2', '', ''),
(37, 2, 'test 5', '', 'test 5', '', ''),
(38, 2, 'test 4', '', 'test 4', '', ''),
(39, 2, 'test 6', '', 'test 6', '', ''),
(40, 2, 'test 7', '', 'test 7', '', ''),
(41, 2, 'test 8', '', 'test 8', '', ''),
(42, 2, 'test 9', '', 'test 9', '', ''),
(43, 2, 'test 11', '', 'test 11', '', ''),
(34, 2, 'MP3 Players', '&lt;p&gt;\r\n	Shop Laptop feature only the best laptop deals on the market. By comparing laptop deals from the likes of PC World, Comet, Dixons, The Link and Carphone Warehouse, Shop Laptop has the most comprehensive selection of laptops on the internet. At Shop Laptop, we pride ourselves on offering customers the very best laptop deals. From refurbished laptops to netbooks, Shop Laptop ensures that every laptop - in every colour, style, size and technical spec - is featured on the site at the lowest possible price.&lt;/p&gt;\r\n', 'MP3 Players', '', ''),
(18, 2, 'Laptops &amp; Notebooks', '&lt;p&gt;\r\n	Shop Laptop feature only the best laptop deals on the market. By comparing laptop deals from the likes of PC World, Comet, Dixons, The Link and Carphone Warehouse, Shop Laptop has the most comprehensive selection of laptops on the internet. At Shop Laptop, we pride ourselves on offering customers the very best laptop deals. From refurbished laptops to netbooks, Shop Laptop ensures that every laptop - in every colour, style, size and technical spec - is featured on the site at the lowest possible price.&lt;/p&gt;\r\n', 'Laptops &amp; Notebooks', '', ''),
(44, 2, 'test 12', '', 'test 12', '', ''),
(45, 2, 'Windows', '', 'Windows', '', ''),
(46, 2, 'Macs', '', 'Macs', '', ''),
(47, 2, 'test 15', '', 'test 15', '', ''),
(48, 2, 'test 16', '', 'test 16', '', ''),
(49, 2, 'test 17', '', 'test 17', '', ''),
(50, 2, 'test 18', '', 'test 18', '', ''),
(51, 2, 'test 19', '', 'test 19', '', ''),
(52, 2, 'test 20', '', 'test 20', '', ''),
(53, 2, 'test 21', '', 'test 21', '', ''),
(54, 2, 'test 22', '', 'test 22', '', ''),
(55, 2, 'test 23', '', 'test 23', '', ''),
(56, 2, 'test 24', '', 'test 24', '', ''),
(57, 2, 'Tablets', '', 'Tablets', '', ''),
(58, 2, 'test 25', '', 'test 25', '', '');

-- --------------------------------------------------------

--
-- Структура таблицы `category_filter`
--

CREATE TABLE IF NOT EXISTS `category_filter` (
  `category_id` int(11) NOT NULL,
  `filter_id` int(11) NOT NULL
) ENGINE=MyISAM DEFAULT CHARSET=utf8;

-- --------------------------------------------------------

--
-- Структура таблицы `category_path`
--

CREATE TABLE IF NOT EXISTS `category_path` (
  `category_id` int(11) NOT NULL,
  `path_id` int(11) NOT NULL,
  `level` int(11) NOT NULL
) ENGINE=MyISAM DEFAULT CHARSET=utf8;

--
-- Дамп данных таблицы `category_path`
--

INSERT INTO `category_path` (`category_id`, `path_id`, `level`) VALUES
(25, 25, 0),
(28, 25, 0),
(28, 28, 1),
(35, 25, 0),
(35, 28, 1),
(35, 35, 2),
(36, 25, 0),
(36, 28, 1),
(36, 36, 2),
(29, 25, 0),
(29, 29, 1),
(30, 25, 0),
(30, 30, 1),
(31, 25, 0),
(31, 31, 1),
(32, 25, 0),
(32, 32, 1),
(20, 20, 0),
(27, 20, 0),
(27, 27, 1),
(26, 20, 0),
(26, 26, 1),
(24, 24, 0),
(18, 18, 0),
(45, 18, 0),
(45, 45, 1),
(46, 18, 0),
(46, 46, 1),
(17, 17, 0),
(33, 33, 0),
(34, 34, 0),
(37, 34, 0),
(37, 37, 1),
(38, 34, 0),
(38, 38, 1),
(39, 34, 0),
(39, 39, 1),
(40, 34, 0),
(40, 40, 1),
(41, 34, 0),
(41, 41, 1),
(42, 34, 0),
(42, 42, 1),
(43, 34, 0),
(43, 43, 1),
(44, 34, 0),
(44, 44, 1),
(47, 34, 0),
(47, 47, 1),
(48, 34, 0),
(48, 48, 1),
(49, 34, 0),
(49, 49, 1),
(50, 34, 0),
(50, 50, 1),
(51, 34, 0),
(51, 51, 1),
(52, 34, 0),
(52, 52, 1),
(58, 34, 0),
(58, 52, 1),
(58, 58, 2),
(53, 34, 0),
(53, 53, 1),
(54, 34, 0),
(54, 54, 1),
(55, 34, 0),
(55, 55, 1),
(56, 34, 0),
(56, 56, 1),
(57, 57, 0);

-- --------------------------------------------------------

--
-- Структура таблицы `category_to_layout`
--

CREATE TABLE IF NOT EXISTS `category_to_layout` (
  `category_id` int(11) NOT NULL,
  `store_id` int(11) NOT NULL,
  `layout_id` int(11) NOT NULL
) ENGINE=MyISAM DEFAULT CHARSET=utf8;

-- --------------------------------------------------------

--
-- Структура таблицы `category_to_store`
--

CREATE TABLE IF NOT EXISTS `category_to_store` (
  `category_id` int(11) NOT NULL,
  `store_id` int(11) NOT NULL
) ENGINE=MyISAM DEFAULT CHARSET=utf8;

--
-- Дамп данных таблицы `category_to_store`
--

INSERT INTO `category_to_store` (`category_id`, `store_id`) VALUES
(17, 0),
(18, 0),
(20, 0),
(24, 0),
(25, 0),
(26, 0),
(27, 0),
(28, 0),
(29, 0),
(30, 0),
(31, 0),
(32, 0),
(33, 0),
(34, 0),
(35, 0),
(36, 0),
(37, 0),
(38, 0),
(39, 0),
(40, 0),
(41, 0),
(42, 0),
(43, 0),
(44, 0),
(45, 0),
(46, 0),
(47, 0),
(48, 0),
(49, 0),
(50, 0),
(51, 0),
(52, 0),
(53, 0),
(54, 0),
(55, 0),
(56, 0),
(57, 0),
(58, 0);

-- --------------------------------------------------------

--
-- Структура таблицы `country`
--

CREATE TABLE IF NOT EXISTS `country` (
  `country_id` int(11) NOT NULL,
  `name` varchar(128) NOT NULL,
  `iso_code_2` varchar(2) NOT NULL,
  `iso_code_3` varchar(3) NOT NULL,
  `address_format` text NOT NULL,
  `postcode_required` tinyint(1) NOT NULL,
  `status` tinyint(1) NOT NULL DEFAULT 1
) ENGINE=MyISAM AUTO_INCREMENT=258 DEFAULT CHARSET=utf8;

--
-- Дамп данных таблицы `country`
--

INSERT INTO `country` (`country_id`, `name`, `iso_code_2`, `iso_code_3`, `address_format`, `postcode_required`, `status`) VALUES
(1, 'Afghanistan', 'AF', 'AFG', '', 0, 1),
(2, 'Albania', 'AL', 'ALB', '', 0, 1),
(3, 'Algeria', 'DZ', 'DZA', '', 0, 1),
(4, 'American Samoa', 'AS', 'ASM', '', 0, 1),
(5, 'Andorra', 'AD', 'AND', '', 0, 1),
(6, 'Angola', 'AO', 'AGO', '', 0, 1),
(7, 'Anguilla', 'AI', 'AIA', '', 0, 1),
(8, 'Antarctica', 'AQ', 'ATA', '', 0, 1),
(9, 'Antigua and Barbuda', 'AG', 'ATG', '', 0, 1),
(10, 'Argentina', 'AR', 'ARG', '', 0, 1),
(11, 'Armenia', 'AM', 'ARM', '', 0, 1),
(12, 'Aruba', 'AW', 'ABW', '', 0, 1),
(13, 'Australia', 'AU', 'AUS', '', 0, 1),
(14, 'Austria', 'AT', 'AUT', '', 0, 1),
(15, 'Azerbaijan', 'AZ', 'AZE', '', 0, 1),
(16, 'Bahamas', 'BS', 'BHS', '', 0, 1),
(17, 'Bahrain', 'BH', 'BHR', '', 0, 1),
(18, 'Bangladesh', 'BD', 'BGD', '', 0, 1),
(19, 'Barbados', 'BB', 'BRB', '', 0, 1),
(20, 'Belarus', 'BY', 'BLR', '', 0, 1),
(21, 'Belgium', 'BE', 'BEL', '{firstname} {lastname}\r\n{company}\r\n{address_1}\r\n{address_2}\r\n{postcode} {city}\r\n{country}', 0, 1),
(22, 'Belize', 'BZ', 'BLZ', '', 0, 1),
(23, 'Benin', 'BJ', 'BEN', '', 0, 1),
(24, 'Bermuda', 'BM', 'BMU', '', 0, 1),
(25, 'Bhutan', 'BT', 'BTN', '', 0, 1),
(26, 'Bolivia', 'BO', 'BOL', '', 0, 1),
(27, 'Bosnia and Herzegovina', 'BA', 'BIH', '', 0, 1),
(28, 'Botswana', 'BW', 'BWA', '', 0, 1),
(29, 'Bouvet Island', 'BV', 'BVT', '', 0, 1),
(30, 'Brazil', 'BR', 'BRA', '', 0, 1),
(31, 'British Indian Ocean Territory', 'IO', 'IOT', '', 0, 1),
(32, 'Brunei Darussalam', 'BN', 'BRN', '', 0, 1),
(33, 'Bulgaria', 'BG', 'BGR', '', 0, 1),
(34, 'Burkina Faso', 'BF', 'BFA', '', 0, 1),
(35, 'Burundi', 'BI', 'BDI', '', 0, 1),
(36, 'Cambodia', 'KH', 'KHM', '', 0, 1),
(37, 'Cameroon', 'CM', 'CMR', '', 0, 1),
(38, 'Canada', 'CA', 'CAN', '', 0, 1),
(39, 'Cape Verde', 'CV', 'CPV', '', 0, 1),
(40, 'Cayman Islands', 'KY', 'CYM', '', 0, 1),
(41, 'Central African Republic', 'CF', 'CAF', '', 0, 1),
(42, 'Chad', 'TD', 'TCD', '', 0, 1),
(43, 'Chile', 'CL', 'CHL', '', 0, 1),
(44, 'China', 'CN', 'CHN', '', 0, 1),
(45, 'Christmas Island', 'CX', 'CXR', '', 0, 1),
(46, 'Cocos (Keeling) Islands', 'CC', 'CCK', '', 0, 1),
(47, 'Colombia', 'CO', 'COL', '', 0, 1),
(48, 'Comoros', 'KM', 'COM', '', 0, 1),
(49, 'Congo', 'CG', 'COG', '', 0, 1),
(50, 'Cook Islands', 'CK', 'COK', '', 0, 1),
(51, 'Costa Rica', 'CR', 'CRI', '', 0, 1),
(52, 'Cote D''Ivoire', 'CI', 'CIV', '', 0, 1),
(53, 'Croatia', 'HR', 'HRV', '', 0, 1),
(54, 'Cuba', 'CU', 'CUB', '', 0, 1),
(55, 'Cyprus', 'CY', 'CYP', '', 0, 1),
(56, 'Czech Republic', 'CZ', 'CZE', '', 0, 1),
(57, 'Denmark', 'DK', 'DNK', '', 0, 1),
(58, 'Djibouti', 'DJ', 'DJI', '', 0, 1),
(59, 'Dominica', 'DM', 'DMA', '', 0, 1),
(60, 'Dominican Republic', 'DO', 'DOM', '', 0, 1),
(61, 'East Timor', 'TL', 'TLS', '', 0, 1),
(62, 'Ecuador', 'EC', 'ECU', '', 0, 1),
(63, 'Egypt', 'EG', 'EGY', '', 0, 1),
(64, 'El Salvador', 'SV', 'SLV', '', 0, 1),
(65, 'Equatorial Guinea', 'GQ', 'GNQ', '', 0, 1),
(66, 'Eritrea', 'ER', 'ERI', '', 0, 1),
(67, 'Estonia', 'EE', 'EST', '', 0, 1),
(68, 'Ethiopia', 'ET', 'ETH', '', 0, 1),
(69, 'Falkland Islands (Malvinas)', 'FK', 'FLK', '', 0, 1),
(70, 'Faroe Islands', 'FO', 'FRO', '', 0, 1),
(71, 'Fiji', 'FJ', 'FJI', '', 0, 1),
(72, 'Finland', 'FI', 'FIN', '', 0, 1),
(74, 'France, Metropolitan', 'FR', 'FRA', '{firstname} {lastname}\r\n{company}\r\n{address_1}\r\n{address_2}\r\n{postcode} {city}\r\n{country}', 1, 1),
(75, 'French Guiana', 'GF', 'GUF', '', 0, 1),
(76, 'French Polynesia', 'PF', 'PYF', '', 0, 1),
(77, 'French Southern Territories', 'TF', 'ATF', '', 0, 1),
(78, 'Gabon', 'GA', 'GAB', '', 0, 1),
(79, 'Gambia', 'GM', 'GMB', '', 0, 1),
(80, 'Georgia', 'GE', 'GEO', '', 0, 1),
(81, 'Germany', 'DE', 'DEU', '{company}\r\n{firstname} {lastname}\r\n{address_1}\r\n{address_2}\r\n{postcode} {city}\r\n{country}', 1, 1),
(82, 'Ghana', 'GH', 'GHA', '', 0, 1),
(83, 'Gibraltar', 'GI', 'GIB', '', 0, 1),
(84, 'Greece', 'GR', 'GRC', '', 0, 1),
(85, 'Greenland', 'GL', 'GRL', '', 0, 1),
(86, 'Grenada', 'GD', 'GRD', '', 0, 1),
(87, 'Guadeloupe', 'GP', 'GLP', '', 0, 1),
(88, 'Guam', 'GU', 'GUM', '', 0, 1),
(89, 'Guatemala', 'GT', 'GTM', '', 0, 1),
(90, 'Guinea', 'GN', 'GIN', '', 0, 1),
(91, 'Guinea-Bissau', 'GW', 'GNB', '', 0, 1),
(92, 'Guyana', 'GY', 'GUY', '', 0, 1),
(93, 'Haiti', 'HT', 'HTI', '', 0, 1),
(94, 'Heard and Mc Donald Islands', 'HM', 'HMD', '', 0, 1),
(95, 'Honduras', 'HN', 'HND', '', 0, 1),
(96, 'Hong Kong', 'HK', 'HKG', '', 0, 1),
(97, 'Hungary', 'HU', 'HUN', '', 0, 1),
(98, 'Iceland', 'IS', 'ISL', '', 0, 1),
(99, 'India', 'IN', 'IND', '', 0, 1),
(100, 'Indonesia', 'ID', 'IDN', '', 0, 1),
(101, 'Iran (Islamic Republic of)', 'IR', 'IRN', '', 0, 1),
(102, 'Iraq', 'IQ', 'IRQ', '', 0, 1),
(103, 'Ireland', 'IE', 'IRL', '', 0, 1),
(104, 'Israel', 'IL', 'ISR', '', 0, 1),
(105, 'Italy', 'IT', 'ITA', '', 0, 1),
(106, 'Jamaica', 'JM', 'JAM', '', 0, 1),
(107, 'Japan', 'JP', 'JPN', '', 0, 1),
(108, 'Jordan', 'JO', 'JOR', '', 0, 1),
(109, 'Kazakhstan', 'KZ', 'KAZ', '', 0, 1),
(110, 'Kenya', 'KE', 'KEN', '', 0, 1),
(111, 'Kiribati', 'KI', 'KIR', '', 0, 1),
(112, 'North Korea', 'KP', 'PRK', '', 0, 1),
(113, 'South Korea', 'KR', 'KOR', '', 0, 1),
(114, 'Kuwait', 'KW', 'KWT', '', 0, 1),
(115, 'Kyrgyzstan', 'KG', 'KGZ', '', 0, 1),
(116, 'Lao People''s Democratic Republic', 'LA', 'LAO', '', 0, 1),
(117, 'Latvia', 'LV', 'LVA', '', 0, 1),
(118, 'Lebanon', 'LB', 'LBN', '', 0, 1),
(119, 'Lesotho', 'LS', 'LSO', '', 0, 1),
(120, 'Liberia', 'LR', 'LBR', '', 0, 1),
(121, 'Libyan Arab Jamahiriya', 'LY', 'LBY', '', 0, 1),
(122, 'Liechtenstein', 'LI', 'LIE', '', 0, 1),
(123, 'Lithuania', 'LT', 'LTU', '', 0, 1),
(124, 'Luxembourg', 'LU', 'LUX', '', 0, 1),
(125, 'Macau', 'MO', 'MAC', '', 0, 1),
(126, 'FYROM', 'MK', 'MKD', '', 0, 1),
(127, 'Madagascar', 'MG', 'MDG', '', 0, 1),
(128, 'Malawi', 'MW', 'MWI', '', 0, 1),
(129, 'Malaysia', 'MY', 'MYS', '', 0, 1),
(130, 'Maldives', 'MV', 'MDV', '', 0, 1),
(131, 'Mali', 'ML', 'MLI', '', 0, 1),
(132, 'Malta', 'MT', 'MLT', '', 0, 1),
(133, 'Marshall Islands', 'MH', 'MHL', '', 0, 1),
(134, 'Martinique', 'MQ', 'MTQ', '', 0, 1),
(135, 'Mauritania', 'MR', 'MRT', '', 0, 1),
(136, 'Mauritius', 'MU', 'MUS', '', 0, 1),
(137, 'Mayotte', 'YT', 'MYT', '', 0, 1),
(138, 'Mexico', 'MX', 'MEX', '', 0, 1),
(139, 'Micronesia, Federated States of', 'FM', 'FSM', '', 0, 1),
(140, 'Moldova, Republic of', 'MD', 'MDA', '', 0, 1),
(141, 'Monaco', 'MC', 'MCO', '', 0, 1),
(142, 'Mongolia', 'MN', 'MNG', '', 0, 1),
(143, 'Montserrat', 'MS', 'MSR', '', 0, 1),
(144, 'Morocco', 'MA', 'MAR', '', 0, 1),
(145, 'Mozambique', 'MZ', 'MOZ', '', 0, 1),
(146, 'Myanmar', 'MM', 'MMR', '', 0, 1),
(147, 'Namibia', 'NA', 'NAM', '', 0, 1),
(148, 'Nauru', 'NR', 'NRU', '', 0, 1),
(149, 'Nepal', 'NP', 'NPL', '', 0, 1),
(150, 'Netherlands', 'NL', 'NLD', '', 0, 1),
(151, 'Netherlands Antilles', 'AN', 'ANT', '', 0, 1),
(152, 'New Caledonia', 'NC', 'NCL', '', 0, 1),
(153, 'New Zealand', 'NZ', 'NZL', '', 0, 1),
(154, 'Nicaragua', 'NI', 'NIC', '', 0, 1),
(155, 'Niger', 'NE', 'NER', '', 0, 1),
(156, 'Nigeria', 'NG', 'NGA', '', 0, 1),
(157, 'Niue', 'NU', 'NIU', '', 0, 1),
(158, 'Norfolk Island', 'NF', 'NFK', '', 0, 1),
(159, 'Northern Mariana Islands', 'MP', 'MNP', '', 0, 1),
(160, 'Norway', 'NO', 'NOR', '', 0, 1),
(161, 'Oman', 'OM', 'OMN', '', 0, 1),
(162, 'Pakistan', 'PK', 'PAK', '', 0, 1),
(163, 'Palau', 'PW', 'PLW', '', 0, 1),
(164, 'Panama', 'PA', 'PAN', '', 0, 1),
(165, 'Papua New Guinea', 'PG', 'PNG', '', 0, 1),
(166, 'Paraguay', 'PY', 'PRY', '', 0, 1),
(167, 'Peru', 'PE', 'PER', '', 0, 1),
(168, 'Philippines', 'PH', 'PHL', '', 0, 1),
(169, 'Pitcairn', 'PN', 'PCN', '', 0, 1),
(170, 'Poland', 'PL', 'POL', '', 0, 1),
(171, 'Portugal', 'PT', 'PRT', '', 0, 1),
(172, 'Puerto Rico', 'PR', 'PRI', '', 0, 1),
(173, 'Qatar', 'QA', 'QAT', '', 0, 1),
(174, 'Reunion', 'RE', 'REU', '', 0, 1),
(175, 'Romania', 'RO', 'ROM', '', 0, 1),
(176, 'Russian Federation', 'RU', 'RUS', '', 0, 1),
(177, 'Rwanda', 'RW', 'RWA', '', 0, 1),
(178, 'Saint Kitts and Nevis', 'KN', 'KNA', '', 0, 1),
(179, 'Saint Lucia', 'LC', 'LCA', '', 0, 1),
(180, 'Saint Vincent and the Grenadines', 'VC', 'VCT', '', 0, 1),
(181, 'Samoa', 'WS', 'WSM', '', 0, 1),
(182, 'San Marino', 'SM', 'SMR', '', 0, 1),
(183, 'Sao Tome and Principe', 'ST', 'STP', '', 0, 1),
(184, 'Saudi Arabia', 'SA', 'SAU', '', 0, 1),
(185, 'Senegal', 'SN', 'SEN', '', 0, 1),
(186, 'Seychelles', 'SC', 'SYC', '', 0, 1),
(187, 'Sierra Leone', 'SL', 'SLE', '', 0, 1),
(188, 'Singapore', 'SG', 'SGP', '', 0, 1),
(189, 'Slovak Republic', 'SK', 'SVK', '{firstname} {lastname}\r\n{company}\r\n{address_1}\r\n{address_2}\r\n{city} {postcode}\r\n{zone}\r\n{country}', 0, 1),
(190, 'Slovenia', 'SI', 'SVN', '', 0, 1),
(191, 'Solomon Islands', 'SB', 'SLB', '', 0, 1),
(192, 'Somalia', 'SO', 'SOM', '', 0, 1),
(193, 'South Africa', 'ZA', 'ZAF', '', 0, 1),
(194, 'South Georgia &amp; South Sandwich Islands', 'GS', 'SGS', '', 0, 1),
(195, 'Spain', 'ES', 'ESP', '', 0, 1),
(196, 'Sri Lanka', 'LK', 'LKA', '', 0, 1),
(197, 'St. Helena', 'SH', 'SHN', '', 0, 1),
(198, 'St. Pierre and Miquelon', 'PM', 'SPM', '', 0, 1),
(199, 'Sudan', 'SD', 'SDN', '', 0, 1),
(200, 'Suriname', 'SR', 'SUR', '', 0, 1),
(201, 'Svalbard and Jan Mayen Islands', 'SJ', 'SJM', '', 0, 1),
(202, 'Swaziland', 'SZ', 'SWZ', '', 0, 1),
(203, 'Sweden', 'SE', 'SWE', '{company}\r\n{firstname} {lastname}\r\n{address_1}\r\n{address_2}\r\n{postcode} {city}\r\n{country}', 1, 1),
(204, 'Switzerland', 'CH', 'CHE', '', 0, 1),
(205, 'Syrian Arab Republic', 'SY', 'SYR', '', 0, 1),
(206, 'Taiwan', 'TW', 'TWN', '', 0, 1),
(207, 'Tajikistan', 'TJ', 'TJK', '', 0, 1),
(208, 'Tanzania, United Republic of', 'TZ', 'TZA', '', 0, 1),
(209, 'Thailand', 'TH', 'THA', '', 0, 1),
(210, 'Togo', 'TG', 'TGO', '', 0, 1),
(211, 'Tokelau', 'TK', 'TKL', '', 0, 1),
(212, 'Tonga', 'TO', 'TON', '', 0, 1),
(213, 'Trinidad and Tobago', 'TT', 'TTO', '', 0, 1),
(214, 'Tunisia', 'TN', 'TUN', '', 0, 1),
(215, 'Turkey', 'TR', 'TUR', '', 0, 1),
(216, 'Turkmenistan', 'TM', 'TKM', '', 0, 1),
(217, 'Turks and Caicos Islands', 'TC', 'TCA', '', 0, 1),
(218, 'Tuvalu', 'TV', 'TUV', '', 0, 1),
(219, 'Uganda', 'UG', 'UGA', '', 0, 1),
(220, 'Ukraine', 'UA', 'UKR', '', 0, 1),
(221, 'United Arab Emirates', 'AE', 'ARE', '', 0, 1),
(222, 'United Kingdom', 'GB', 'GBR', '', 1, 1),
(223, 'United States', 'US', 'USA', '{firstname} {lastname}\r\n{company}\r\n{address_1}\r\n{address_2}\r\n{city}, {zone} {postcode}\r\n{country}', 0, 1),
(224, 'United States Minor Outlying Islands', 'UM', 'UMI', '', 0, 1),
(225, 'Uruguay', 'UY', 'URY', '', 0, 1),
(226, 'Uzbekistan', 'UZ', 'UZB', '', 0, 1),
(227, 'Vanuatu', 'VU', 'VUT', '', 0, 1),
(228, 'Vatican City State (Holy See)', 'VA', 'VAT', '', 0, 1),
(229, 'Venezuela', 'VE', 'VEN', '', 0, 1),
(230, 'Viet Nam', 'VN', 'VNM', '', 0, 1),
(231, 'Virgin Islands (British)', 'VG', 'VGB', '', 0, 1),
(232, 'Virgin Islands (U.S.)', 'VI', 'VIR', '', 0, 1),
(233, 'Wallis and Futuna Islands', 'WF', 'WLF', '', 0, 1),
(234, 'Western Sahara', 'EH', 'ESH', '', 0, 1),
(235, 'Yemen', 'YE', 'YEM', '', 0, 1),
(237, 'Democratic Republic of Congo', 'CD', 'COD', '', 0, 1),
(238, 'Zambia', 'ZM', 'ZMB', '', 0, 1),
(239, 'Zimbabwe', 'ZW', 'ZWE', '', 0, 1),
(242, 'Montenegro', 'ME', 'MNE', '', 0, 1),
(243, 'Serbia', 'RS', 'SRB', '', 0, 1),
(244, 'Aaland Islands', 'AX', 'ALA', '', 0, 1),
(245, 'Bonaire, Sint Eustatius and Saba', 'BQ', 'BES', '', 0, 1),
(246, 'Curacao', 'CW', 'CUW', '', 0, 1),
(247, 'Palestinian Territory, Occupied', 'PS', 'PSE', '', 0, 1),
(248, 'South Sudan', 'SS', 'SSD', '', 0, 1),
(249, 'St. Barthelemy', 'BL', 'BLM', '', 0, 1),
(250, 'St. Martin (French part)', 'MF', 'MAF', '', 0, 1),
(251, 'Canary Islands', 'IC', 'ICA', '', 0, 1),
(252, 'Ascension Island (British)', 'AC', 'ASC', '', 0, 1),
(253, 'Kosovo, Republic of', 'XK', 'UNK', '', 0, 1),
(254, 'Isle of Man', 'IM', 'IMN', '', 0, 1),
(255, 'Tristan da Cunha', 'TA', 'SHN', '', 0, 1),
(256, 'Guernsey', 'GG', 'GGY', '', 0, 1),
(257, 'Jersey', 'JE', 'JEY', '', 0, 1);

-- --------------------------------------------------------

--
-- Структура таблицы `coupon`
--

CREATE TABLE IF NOT EXISTS `coupon` (
  `coupon_id` int(11) NOT NULL,
  `name` varchar(128) NOT NULL,
  `code` varchar(20) NOT NULL,
  `type` char(1) NOT NULL,
  `discount` decimal(15,4) NOT NULL,
  `logged` tinyint(1) NOT NULL,
  `shipping` tinyint(1) NOT NULL,
  `total` decimal(15,4) NOT NULL,
  `date_start` date NOT NULL DEFAULT '0000-00-00',
  `date_end` date NOT NULL DEFAULT '0000-00-00',
  `uses_total` int(11) NOT NULL,
  `uses_customer` varchar(11) NOT NULL,
  `status` tinyint(1) NOT NULL,
  `date_added` datetime NOT NULL
) ENGINE=MyISAM AUTO_INCREMENT=7 DEFAULT CHARSET=utf8;

--
-- Дамп данных таблицы `coupon`
--

INSERT INTO `coupon` (`coupon_id`, `name`, `code`, `type`, `discount`, `logged`, `shipping`, `total`, `date_start`, `date_end`, `uses_total`, `uses_customer`, `status`, `date_added`) VALUES
(4, '-10% Discount', '2222', 'P', 10.0000, 0, 0, 0.0000, '2014-01-01', '2020-01-01', 10, '10', 0, '2009-01-27 13:55:03'),
(5, 'Free Shipping', '3333', 'P', 0.0000, 0, 1, 100.0000, '2014-01-01', '2014-02-01', 10, '10', 0, '2009-03-14 21:13:53'),
(6, '-10.00 Discount', '1111', 'F', 10.0000, 0, 0, 10.0000, '2014-01-01', '2020-01-01', 100000, '10000', 0, '2009-03-14 21:15:18');

-- --------------------------------------------------------

--
-- Структура таблицы `coupon_category`
--

CREATE TABLE IF NOT EXISTS `coupon_category` (
  `coupon_id` int(11) NOT NULL,
  `category_id` int(11) NOT NULL
) ENGINE=MyISAM DEFAULT CHARSET=utf8;

-- --------------------------------------------------------

--
-- Структура таблицы `coupon_history`
--

CREATE TABLE IF NOT EXISTS `coupon_history` (
  `coupon_history_id` int(11) NOT NULL,
  `coupon_id` int(11) NOT NULL,
  `order_id` int(11) NOT NULL,
  `customer_id` int(11) NOT NULL,
  `amount` decimal(15,4) NOT NULL,
  `date_added` datetime NOT NULL
) ENGINE=MyISAM DEFAULT CHARSET=utf8;

-- --------------------------------------------------------

--
-- Структура таблицы `coupon_product`
--

CREATE TABLE IF NOT EXISTS `coupon_product` (
  `coupon_product_id` int(11) NOT NULL,
  `coupon_id` int(11) NOT NULL,
  `product_id` int(11) NOT NULL
) ENGINE=MyISAM DEFAULT CHARSET=utf8;

-- --------------------------------------------------------

--
-- Структура таблицы `currency`
--

CREATE TABLE IF NOT EXISTS `currency` (
  `currency_id` int(11) NOT NULL,
  `title` varchar(32) NOT NULL,
  `code` varchar(3) NOT NULL,
  `symbol_left` varchar(12) NOT NULL,
  `symbol_right` varchar(12) NOT NULL,
  `decimal_place` char(1) NOT NULL,
  `value` float(15,8) NOT NULL,
  `status` tinyint(1) NOT NULL,
  `date_modified` datetime NOT NULL
) ENGINE=MyISAM AUTO_INCREMENT=5 DEFAULT CHARSET=utf8;

--
-- Дамп данных таблицы `currency`
--

INSERT INTO `currency` (`currency_id`, `title`, `code`, `symbol_left`, `symbol_right`, `decimal_place`, `value`, `status`, `date_modified`) VALUES
(1, 'Pound Sterling', 'GBP', '£', '', '2', 0.79970002, 1, '2017-01-25 00:03:49'),
(2, 'US Dollar', 'USD', '$', '', '2', 1.00000000, 1, '2017-01-25 00:03:49'),
(3, 'Euro', 'EUR', '', '€', '2', 0.93150002, 1, '2017-01-25 00:03:49'),
(4, 'RUB', 'rub', '', 'руб', '2', 1.00000000, 1, '2017-01-25 00:04:23');

-- --------------------------------------------------------

--
-- Структура таблицы `custom_field`
--

CREATE TABLE IF NOT EXISTS `custom_field` (
  `custom_field_id` int(11) NOT NULL,
  `type` varchar(32) NOT NULL,
  `value` text NOT NULL,
  `validation` varchar(255) NOT NULL,
  `location` varchar(7) NOT NULL,
  `status` tinyint(1) NOT NULL,
  `sort_order` int(3) NOT NULL
) ENGINE=MyISAM DEFAULT CHARSET=utf8;

-- --------------------------------------------------------

--
-- Структура таблицы `custom_field_customer_group`
--

CREATE TABLE IF NOT EXISTS `custom_field_customer_group` (
  `custom_field_id` int(11) NOT NULL,
  `customer_group_id` int(11) NOT NULL,
  `required` tinyint(1) NOT NULL
) ENGINE=MyISAM DEFAULT CHARSET=utf8;

-- --------------------------------------------------------

--
-- Структура таблицы `custom_field_description`
--

CREATE TABLE IF NOT EXISTS `custom_field_description` (
  `custom_field_id` int(11) NOT NULL,
  `language_id` int(11) NOT NULL,
  `name` varchar(128) NOT NULL
) ENGINE=MyISAM DEFAULT CHARSET=utf8;

-- --------------------------------------------------------

--
-- Структура таблицы `custom_field_to_customer_group`
--

CREATE TABLE IF NOT EXISTS `custom_field_to_customer_group` (
  `custom_field_id` int(11) NOT NULL,
  `customer_group_id` int(11) NOT NULL
) ENGINE=MyISAM DEFAULT CHARSET=utf8;

-- --------------------------------------------------------

--
-- Структура таблицы `custom_field_value`
--

CREATE TABLE IF NOT EXISTS `custom_field_value` (
  `custom_field_value_id` int(11) NOT NULL,
  `custom_field_id` int(11) NOT NULL,
  `sort_order` int(3) NOT NULL
) ENGINE=MyISAM DEFAULT CHARSET=utf8;

-- --------------------------------------------------------

--
-- Структура таблицы `custom_field_value_description`
--

CREATE TABLE IF NOT EXISTS `custom_field_value_description` (
  `custom_field_value_id` int(11) NOT NULL,
  `language_id` int(11) NOT NULL,
  `custom_field_id` int(11) NOT NULL,
  `name` varchar(128) NOT NULL
) ENGINE=MyISAM DEFAULT CHARSET=utf8;

-- --------------------------------------------------------

--
-- Структура таблицы `customer`
--

CREATE TABLE IF NOT EXISTS `customer` (
  `customer_id` int(11) NOT NULL,
  `customer_group_id` int(11) NOT NULL,
  `store_id` int(11) NOT NULL DEFAULT 0,
  `language_id` int(11) NOT NULL,
  `firstname` varchar(32) NOT NULL,
  `lastname` varchar(32) NOT NULL,
  `email` varchar(96) NOT NULL,
  `telephone` varchar(32) NOT NULL,
  `fax` varchar(32) NOT NULL,
  `password` varchar(40) NOT NULL,
  `salt` varchar(9) NOT NULL,
  `cart` text DEFAULT NULL,
  `wishlist` text DEFAULT NULL,
  `newsletter` tinyint(1) NOT NULL DEFAULT 0,
  `address_id` int(11) NOT NULL DEFAULT 0,
  `custom_field` text NOT NULL,
  `ip` varchar(40) NOT NULL,
  `status` tinyint(1) NOT NULL,
  `approved` tinyint(1) NOT NULL,
  `safe` tinyint(1) NOT NULL,
  `token` text NOT NULL,
  `code` varchar(40) NOT NULL,
  `date_added` datetime NOT NULL
) ENGINE=MyISAM DEFAULT CHARSET=utf8;

-- --------------------------------------------------------

--
-- Структура таблицы `customer_activity`
--

CREATE TABLE IF NOT EXISTS `customer_activity` (
  `customer_activity_id` int(11) NOT NULL,
  `customer_id` int(11) NOT NULL,
  `key` varchar(64) NOT NULL,
  `data` text NOT NULL,
  `ip` varchar(40) NOT NULL,
  `date_added` datetime NOT NULL
) ENGINE=MyISAM DEFAULT CHARSET=utf8;

-- --------------------------------------------------------

--
-- Структура таблицы `customer_ban_ip`
--

CREATE TABLE IF NOT EXISTS `customer_ban_ip` (
  `customer_ban_ip_id` int(11) NOT NULL,
  `ip` varchar(40) NOT NULL
) ENGINE=MyISAM DEFAULT CHARSET=utf8;

-- --------------------------------------------------------

--
-- Структура таблицы `customer_field`
--

CREATE TABLE IF NOT EXISTS `customer_field` (
  `customer_id` int(11) NOT NULL,
  `custom_field_id` int(11) NOT NULL,
  `custom_field_value_id` int(11) NOT NULL,
  `name` int(128) NOT NULL,
  `value` text NOT NULL,
  `sort_order` int(3) NOT NULL
) ENGINE=MyISAM DEFAULT CHARSET=utf8;

-- --------------------------------------------------------

--
-- Структура таблицы `customer_group`
--

CREATE TABLE IF NOT EXISTS `customer_group` (
  `customer_group_id` int(11) NOT NULL,
  `approval` int(1) NOT NULL,
  `sort_order` int(3) NOT NULL
) ENGINE=MyISAM AUTO_INCREMENT=2 DEFAULT CHARSET=utf8;

--
-- Дамп данных таблицы `customer_group`
--

INSERT INTO `customer_group` (`customer_group_id`, `approval`, `sort_order`) VALUES
(1, 0, 1);

-- --------------------------------------------------------

--
-- Структура таблицы `customer_group_description`
--

CREATE TABLE IF NOT EXISTS `customer_group_description` (
  `customer_group_id` int(11) NOT NULL,
  `language_id` int(11) NOT NULL,
  `name` varchar(32) NOT NULL,
  `description` text NOT NULL
) ENGINE=MyISAM DEFAULT CHARSET=utf8;

--
-- Дамп данных таблицы `customer_group_description`
--

INSERT INTO `customer_group_description` (`customer_group_id`, `language_id`, `name`, `description`) VALUES
(1, 1, 'Default', 'test'),
(1, 2, 'Default', 'test');

-- --------------------------------------------------------

--
-- Структура таблицы `customer_history`
--

CREATE TABLE IF NOT EXISTS `customer_history` (
  `customer_history_id` int(11) NOT NULL,
  `customer_id` int(11) NOT NULL,
  `comment` text NOT NULL,
  `date_added` datetime NOT NULL
) ENGINE=MyISAM DEFAULT CHARSET=utf8;

-- --------------------------------------------------------

--
-- Структура таблицы `customer_ip`
--

CREATE TABLE IF NOT EXISTS `customer_ip` (
  `customer_ip_id` int(11) NOT NULL,
  `customer_id` int(11) NOT NULL,
  `ip` varchar(40) NOT NULL,
  `date_added` datetime NOT NULL
) ENGINE=MyISAM DEFAULT CHARSET=utf8;

-- --------------------------------------------------------

--
-- Структура таблицы `customer_login`
--

CREATE TABLE IF NOT EXISTS `customer_login` (
  `customer_login_id` int(11) NOT NULL,
  `email` varchar(96) NOT NULL,
  `ip` varchar(40) NOT NULL,
  `total` int(4) NOT NULL,
  `date_added` datetime NOT NULL,
  `date_modified` datetime NOT NULL
) ENGINE=MyISAM DEFAULT CHARSET=utf8;

-- --------------------------------------------------------

--
-- Структура таблицы `customer_online`
--

CREATE TABLE IF NOT EXISTS `customer_online` (
  `ip` varchar(40) NOT NULL,
  `customer_id` int(11) NOT NULL,
  `url` text NOT NULL,
  `referer` text NOT NULL,
  `date_added` datetime NOT NULL
) ENGINE=MyISAM DEFAULT CHARSET=utf8;

-- --------------------------------------------------------

--
-- Структура таблицы `customer_reward`
--

CREATE TABLE IF NOT EXISTS `customer_reward` (
  `customer_reward_id` int(11) NOT NULL,
  `customer_id` int(11) NOT NULL DEFAULT 0,
  `order_id` int(11) NOT NULL DEFAULT 0,
  `description` text NOT NULL,
  `points` int(8) NOT NULL DEFAULT 0,
  `date_added` datetime NOT NULL
) ENGINE=MyISAM DEFAULT CHARSET=utf8;

-- --------------------------------------------------------

--
-- Структура таблицы `customer_search`
--

CREATE TABLE IF NOT EXISTS `customer_search` (
  `customer_search_id` int(11) NOT NULL,
  `store_id` int(11) NOT NULL,
  `language_id` int(11) NOT NULL,
  `customer_id` int(11) NOT NULL,
  `keyword` varchar(255) NOT NULL,
  `category_id` int(11) DEFAULT NULL,
  `sub_category` tinyint(1) NOT NULL,
  `description` tinyint(1) NOT NULL,
  `products` int(11) NOT NULL,
  `ip` varchar(40) NOT NULL,
  `date_added` datetime NOT NULL
) ENGINE=MyISAM DEFAULT CHARSET=utf8;

-- --------------------------------------------------------

--
-- Структура таблицы `customer_transaction`
--

CREATE TABLE IF NOT EXISTS `customer_transaction` (
  `customer_transaction_id` int(11) NOT NULL,
  `customer_id` int(11) NOT NULL,
  `order_id` int(11) NOT NULL,
  `description` text NOT NULL,
  `amount` decimal(15,4) NOT NULL,
  `date_added` datetime NOT NULL
) ENGINE=MyISAM DEFAULT CHARSET=utf8;

-- --------------------------------------------------------

--
-- Структура таблицы `customer_wishlist`
--

CREATE TABLE IF NOT EXISTS `customer_wishlist` (
  `customer_id` int(11) NOT NULL,
  `product_id` int(11) NOT NULL,
  `date_added` datetime NOT NULL
) ENGINE=MyISAM DEFAULT CHARSET=utf8;

-- --------------------------------------------------------

--
-- Структура таблицы `download`
--

CREATE TABLE IF NOT EXISTS `download` (
  `download_id` int(11) NOT NULL,
  `filename` varchar(160) NOT NULL,
  `mask` varchar(128) NOT NULL,
  `date_added` datetime NOT NULL
) ENGINE=MyISAM DEFAULT CHARSET=utf8;

-- --------------------------------------------------------

--
-- Структура таблицы `download_description`
--

CREATE TABLE IF NOT EXISTS `download_description` (
  `download_id` int(11) NOT NULL,
  `language_id` int(11) NOT NULL,
  `name` varchar(64) NOT NULL
) ENGINE=MyISAM DEFAULT CHARSET=utf8;

-- --------------------------------------------------------

--
-- Структура таблицы `event`
--

CREATE TABLE IF NOT EXISTS `event` (
  `event_id` int(11) NOT NULL,
  `code` varchar(32) NOT NULL,
  `trigger` text NOT NULL,
  `action` text NOT NULL,
  `status` tinyint(1) NOT NULL,
  `date_added` datetime NOT NULL
) ENGINE=MyISAM AUTO_INCREMENT=2 DEFAULT CHARSET=utf8;

--
-- Дамп данных таблицы `event`
--

INSERT INTO `event` (`event_id`, `code`, `trigger`, `action`, `status`, `date_added`) VALUES
(1, 'voucher', 'catalog/model/checkout/order/addOrderHistory/after', 'extension/total/voucher/send', 0, '0000-00-00 00:00:00');

-- --------------------------------------------------------

--
-- Структура таблицы `extension`
--

CREATE TABLE IF NOT EXISTS `extension` (
  `extension_id` int(11) NOT NULL,
  `type` varchar(32) NOT NULL,
  `code` varchar(32) NOT NULL
) ENGINE=MyISAM AUTO_INCREMENT=29 DEFAULT CHARSET=utf8;

--
-- Дамп данных таблицы `extension`
--

INSERT INTO `extension` (`extension_id`, `type`, `code`) VALUES
(1, 'payment', 'cod'),
(2, 'total', 'shipping'),
(3, 'total', 'sub_total'),
(4, 'total', 'tax'),
(5, 'total', 'total'),
(6, 'module', 'banner'),
(7, 'module', 'carousel'),
(8, 'total', 'credit'),
(9, 'shipping', 'flat'),
(10, 'total', 'handling'),
(11, 'total', 'low_order_fee'),
(12, 'total', 'coupon'),
(13, 'module', 'category'),
(14, 'module', 'account'),
(15, 'total', 'reward'),
(16, 'total', 'voucher'),
(17, 'payment', 'free_checkout'),
(18, 'module', 'featured'),
(19, 'module', 'slideshow'),
(20, 'theme', 'theme_default'),
(21, 'dashboard', 'activity'),
(22, 'dashboard', 'sale'),
(23, 'dashboard', 'recent'),
(24, 'dashboard', 'order'),
(25, 'dashboard', 'online'),
(26, 'dashboard', 'map'),
(27, 'dashboard', 'customer'),
(28, 'dashboard', 'chart');

-- --------------------------------------------------------

--
-- Структура таблицы `filter`
--

CREATE TABLE IF NOT EXISTS `filter` (
  `filter_id` int(11) NOT NULL,
  `filter_group_id` int(11) NOT NULL,
  `sort_order` int(3) NOT NULL
) ENGINE=MyISAM DEFAULT CHARSET=utf8;

-- --------------------------------------------------------

--
-- Структура таблицы `filter_description`
--

CREATE TABLE IF NOT EXISTS `filter_description` (
  `filter_id` int(11) NOT NULL,
  `language_id` int(11) NOT NULL,
  `filter_group_id` int(11) NOT NULL,
  `name` varchar(64) NOT NULL
) ENGINE=MyISAM DEFAULT CHARSET=utf8;

-- --------------------------------------------------------

--
-- Структура таблицы `filter_group`
--

CREATE TABLE IF NOT EXISTS `filter_group` (
  `filter_group_id` int(11) NOT NULL,
  `sort_order` int(3) NOT NULL
) ENGINE=MyISAM DEFAULT CHARSET=utf8;

-- --------------------------------------------------------

--
-- Структура таблицы `filter_group_description`
--

CREATE TABLE IF NOT EXISTS `filter_group_description` (
  `filter_group_id` int(11) NOT NULL,
  `language_id` int(11) NOT NULL,
  `name` varchar(64) NOT NULL
) ENGINE=MyISAM DEFAULT CHARSET=utf8;

-- --------------------------------------------------------

--
-- Структура таблицы `geo_zone`
--

CREATE TABLE IF NOT EXISTS `geo_zone` (
  `geo_zone_id` int(11) NOT NULL,
  `name` varchar(32) NOT NULL,
  `description` varchar(255) NOT NULL,
  `date_modified` datetime NOT NULL,
  `date_added` datetime NOT NULL
) ENGINE=MyISAM AUTO_INCREMENT=5 DEFAULT CHARSET=utf8;

--
-- Дамп данных таблицы `geo_zone`
--

INSERT INTO `geo_zone` (`geo_zone_id`, `name`, `description`, `date_modified`, `date_added`) VALUES
(3, 'UK VAT Zone', 'UK VAT', '2010-02-26 22:33:24', '2009-01-06 23:26:25'),
(4, 'UK Shipping', 'UK Shipping Zones', '2010-12-15 15:18:13', '2009-06-23 01:14:53');

-- --------------------------------------------------------

--
-- Структура таблицы `information`
--

CREATE TABLE IF NOT EXISTS `information` (
  `information_id` int(11) NOT NULL,
  `bottom` int(1) NOT NULL DEFAULT 0,
  `sort_order` int(3) NOT NULL DEFAULT 0,
  `status` tinyint(1) NOT NULL DEFAULT 1
) ENGINE=MyISAM AUTO_INCREMENT=7 DEFAULT CHARSET=utf8;

--
-- Дамп данных таблицы `information`
--

INSERT INTO `information` (`information_id`, `bottom`, `sort_order`, `status`) VALUES
(3, 1, 3, 1),
(4, 1, 1, 1),
(5, 1, 4, 1),
(6, 1, 2, 1);

-- --------------------------------------------------------

--
-- Структура таблицы `information_description`
--

CREATE TABLE IF NOT EXISTS `information_description` (
  `information_id` int(11) NOT NULL,
  `language_id` int(11) NOT NULL,
  `title` varchar(64) NOT NULL,
  `description` text NOT NULL,
  `meta_title` varchar(255) NOT NULL,
  `meta_description` varchar(255) NOT NULL,
  `meta_keyword` varchar(255) NOT NULL
) ENGINE=MyISAM DEFAULT CHARSET=utf8;

--
-- Дамп данных таблицы `information_description`
--

INSERT INTO `information_description` (`information_id`, `language_id`, `title`, `description`, `meta_title`, `meta_description`, `meta_keyword`) VALUES
(4, 1, 'About Us', '&lt;p&gt;\r\n	About Us&lt;/p&gt;\r\n', 'About Us', '', ''),
(5, 1, 'Terms &amp; Conditions', '&lt;p&gt;\r\n	Terms &amp;amp; Conditions&lt;/p&gt;\r\n', 'Terms &amp; Conditions', '', ''),
(3, 1, 'Privacy Policy', '&lt;p&gt;\r\n	Privacy Policy&lt;/p&gt;\r\n', 'Privacy Policy', '', ''),
(6, 1, 'Delivery Information', '&lt;p&gt;\r\n	Delivery Information&lt;/p&gt;\r\n', 'Delivery Information', '', ''),
(4, 2, 'About Us', '&lt;p&gt;\r\n	About Us&lt;/p&gt;\r\n', 'About Us', '', ''),
(5, 2, 'Terms &amp; Conditions', '&lt;p&gt;\r\n	Terms &amp;amp; Conditions&lt;/p&gt;\r\n', 'Terms &amp; Conditions', '', ''),
(3, 2, 'Privacy Policy', '&lt;p&gt;\r\n	Privacy Policy&lt;/p&gt;\r\n', 'Privacy Policy', '', ''),
(6, 2, 'Delivery Information', '&lt;p&gt;\r\n	Delivery Information&lt;/p&gt;\r\n', 'Delivery Information', '', '');

-- --------------------------------------------------------

--
-- Структура таблицы `information_to_layout`
--

CREATE TABLE IF NOT EXISTS `information_to_layout` (
  `information_id` int(11) NOT NULL,
  `store_id` int(11) NOT NULL,
  `layout_id` int(11) NOT NULL
) ENGINE=MyISAM DEFAULT CHARSET=utf8;

-- --------------------------------------------------------

--
-- Структура таблицы `information_to_store`
--

CREATE TABLE IF NOT EXISTS `information_to_store` (
  `information_id` int(11) NOT NULL,
  `store_id` int(11) NOT NULL
) ENGINE=MyISAM DEFAULT CHARSET=utf8;

--
-- Дамп данных таблицы `information_to_store`
--

INSERT INTO `information_to_store` (`information_id`, `store_id`) VALUES
(3, 0),
(4, 0),
(5, 0),
(6, 0);

-- --------------------------------------------------------

--
-- Структура таблицы `language`
--

CREATE TABLE IF NOT EXISTS `language` (
  `language_id` int(11) NOT NULL,
  `name` varchar(32) NOT NULL,
  `code` varchar(5) NOT NULL,
  `locale` varchar(255) NOT NULL,
  `image` varchar(64) NOT NULL,
  `directory` varchar(32) NOT NULL,
  `sort_order` int(3) NOT NULL DEFAULT 0,
  `status` tinyint(1) NOT NULL
) ENGINE=MyISAM AUTO_INCREMENT=3 DEFAULT CHARSET=utf8;

--
-- Дамп данных таблицы `language`
--

INSERT INTO `language` (`language_id`, `name`, `code`, `locale`, `image`, `directory`, `sort_order`, `status`) VALUES
(1, 'English', 'en-gb', 'en-US,en_US.UTF-8,en_US,en-gb,english', 'gb.png', 'english', 2, 1),
(2, 'Russian', 'ru-ru', 'ru_RU.UTF-8,ru_RU,ru-gb,russian', '', '', 1, 1);

-- --------------------------------------------------------

--
-- Структура таблицы `layout`
--

CREATE TABLE IF NOT EXISTS `layout` (
  `layout_id` int(11) NOT NULL,
  `name` varchar(64) NOT NULL
) ENGINE=MyISAM AUTO_INCREMENT=14 DEFAULT CHARSET=utf8;

--
-- Дамп данных таблицы `layout`
--

INSERT INTO `layout` (`layout_id`, `name`) VALUES
(1, 'Home'),
(2, 'Product'),
(3, 'Category'),
(4, 'Default'),
(5, 'Manufacturer'),
(6, 'Account'),
(7, 'Checkout'),
(8, 'Contact'),
(9, 'Sitemap'),
(10, 'Affiliate'),
(11, 'Information'),
(12, 'Compare'),
(13, 'Search');

-- --------------------------------------------------------

--
-- Структура таблицы `layout_module`
--

CREATE TABLE IF NOT EXISTS `layout_module` (
  `layout_module_id` int(11) NOT NULL,
  `layout_id` int(11) NOT NULL,
  `code` varchar(64) NOT NULL,
  `position` varchar(14) NOT NULL,
  `sort_order` int(3) NOT NULL
) ENGINE=MyISAM AUTO_INCREMENT=74 DEFAULT CHARSET=utf8;

--
-- Дамп данных таблицы `layout_module`
--

INSERT INTO `layout_module` (`layout_module_id`, `layout_id`, `code`, `position`, `sort_order`) VALUES
(2, 4, '0', 'content_top', 0),
(3, 4, '0', 'content_top', 1),
(20, 5, '0', 'column_left', 2),
(69, 10, 'affiliate', 'column_right', 1),
(68, 6, 'account', 'column_right', 1),
(67, 1, 'carousel.29', 'content_top', 3),
(66, 1, 'slideshow.27', 'content_top', 1),
(65, 1, 'featured.28', 'content_top', 2),
(72, 3, 'category', 'column_left', 1),
(73, 3, 'banner.30', 'column_left', 2);

-- --------------------------------------------------------

--
-- Структура таблицы `layout_route`
--

CREATE TABLE IF NOT EXISTS `layout_route` (
  `layout_route_id` int(11) NOT NULL,
  `layout_id` int(11) NOT NULL,
  `store_id` int(11) NOT NULL,
  `route` varchar(64) NOT NULL
) ENGINE=MyISAM AUTO_INCREMENT=54 DEFAULT CHARSET=utf8;

--
-- Дамп данных таблицы `layout_route`
--

INSERT INTO `layout_route` (`layout_route_id`, `layout_id`, `store_id`, `route`) VALUES
(38, 6, 0, 'account/%'),
(17, 10, 0, 'affiliate/%'),
(44, 3, 0, 'product/category'),
(42, 1, 0, 'common/home'),
(20, 2, 0, 'product/product'),
(24, 11, 0, 'information/information'),
(23, 7, 0, 'checkout/%'),
(31, 8, 0, 'information/contact'),
(32, 9, 0, 'information/sitemap'),
(34, 4, 0, ''),
(45, 5, 0, 'product/manufacturer'),
(52, 12, 0, 'product/compare'),
(53, 13, 0, 'product/search');

-- --------------------------------------------------------

--
-- Структура таблицы `length_class`
--

CREATE TABLE IF NOT EXISTS `length_class` (
  `length_class_id` int(11) NOT NULL,
  `value` decimal(15,8) NOT NULL
) ENGINE=MyISAM AUTO_INCREMENT=4 DEFAULT CHARSET=utf8;

--
-- Дамп данных таблицы `length_class`
--

INSERT INTO `length_class` (`length_class_id`, `value`) VALUES
(1, 1.00000000),
(2, 10.00000000),
(3, 0.39370000);

-- --------------------------------------------------------

--
-- Структура таблицы `length_class_description`
--

CREATE TABLE IF NOT EXISTS `length_class_description` (
  `length_class_id` int(11) NOT NULL,
  `language_id` int(11) NOT NULL,
  `title` varchar(32) NOT NULL,
  `unit` varchar(4) NOT NULL
) ENGINE=MyISAM DEFAULT CHARSET=utf8;

--
-- Дамп данных таблицы `length_class_description`
--

INSERT INTO `length_class_description` (`length_class_id`, `language_id`, `title`, `unit`) VALUES
(1, 1, 'Centimeter', 'cm'),
(2, 1, 'Millimeter', 'mm'),
(3, 1, 'Inch', 'in'),
(1, 2, 'Centimeter', 'cm'),
(2, 2, 'Millimeter', 'mm'),
(3, 2, 'Inch', 'in');

-- --------------------------------------------------------

--
-- Структура таблицы `location`
--

CREATE TABLE IF NOT EXISTS `location` (
  `location_id` int(11) NOT NULL,
  `name` varchar(32) NOT NULL,
  `address` text NOT NULL,
  `telephone` varchar(32) NOT NULL,
  `fax` varchar(32) NOT NULL,
  `geocode` varchar(32) NOT NULL,
  `image` varchar(255) DEFAULT NULL,
  `open` text NOT NULL,
  `comment` text NOT NULL
) ENGINE=MyISAM DEFAULT CHARSET=utf8;

-- --------------------------------------------------------

--
-- Структура таблицы `manufacturer`
--

CREATE TABLE IF NOT EXISTS `manufacturer` (
  `manufacturer_id` int(11) NOT NULL,
  `name` varchar(64) NOT NULL,
  `image` varchar(255) DEFAULT NULL,
  `sort_order` int(3) NOT NULL
) ENGINE=MyISAM AUTO_INCREMENT=11 DEFAULT CHARSET=utf8;

--
-- Дамп данных таблицы `manufacturer`
--

INSERT INTO `manufacturer` (`manufacturer_id`, `name`, `image`, `sort_order`) VALUES
(5, 'HTC', 'catalog/demo/htc_logo.jpg', 0),
(6, 'Palm', 'catalog/demo/palm_logo.jpg', 0),
(7, 'Hewlett-Packard', 'catalog/demo/hp_logo.jpg', 0),
(8, 'Apple', 'catalog/demo/apple_logo.jpg', 0),
(9, 'Canon', 'catalog/demo/canon_logo.jpg', 0),
(10, 'Sony', 'catalog/demo/sony_logo.jpg', 0);

-- --------------------------------------------------------

--
-- Структура таблицы `manufacturer_to_store`
--

CREATE TABLE IF NOT EXISTS `manufacturer_to_store` (
  `manufacturer_id` int(11) NOT NULL,
  `store_id` int(11) NOT NULL
) ENGINE=MyISAM DEFAULT CHARSET=utf8;

--
-- Дамп данных таблицы `manufacturer_to_store`
--

INSERT INTO `manufacturer_to_store` (`manufacturer_id`, `store_id`) VALUES
(5, 0),
(6, 0),
(7, 0),
(8, 0),
(9, 0),
(10, 0);

-- --------------------------------------------------------

--
-- Структура таблицы `marketing`
--

CREATE TABLE IF NOT EXISTS `marketing` (
  `marketing_id` int(11) NOT NULL,
  `name` varchar(32) NOT NULL,
  `description` text NOT NULL,
  `code` varchar(64) NOT NULL,
  `clicks` int(5) NOT NULL DEFAULT 0,
  `date_added` datetime NOT NULL
) ENGINE=MyISAM DEFAULT CHARSET=utf8;

-- --------------------------------------------------------

--
-- Структура таблицы `menu`
--

CREATE TABLE IF NOT EXISTS `menu` (
  `menu_id` int(11) NOT NULL,
  `store_id` int(11) NOT NULL,
  `type` varchar(6) NOT NULL,
  `link` varchar(255) NOT NULL,
  `sort_order` int(3) NOT NULL,
  `status` tinyint(1) NOT NULL
) ENGINE=MyISAM DEFAULT CHARSET=utf8;

-- --------------------------------------------------------

--
-- Структура таблицы `menu_description`
--

CREATE TABLE IF NOT EXISTS `menu_description` (
  `menu_id` int(11) NOT NULL,
  `language_id` int(11) NOT NULL,
  `name` varchar(64) NOT NULL
) ENGINE=MyISAM DEFAULT CHARSET=utf8;

-- --------------------------------------------------------

--
-- Структура таблицы `menu_module`
--

CREATE TABLE IF NOT EXISTS `menu_module` (
  `menu_module_id` int(11) NOT NULL,
  `menu_id` int(11) NOT NULL,
  `code` varchar(64) NOT NULL,
  `sort_order` int(3) NOT NULL
) ENGINE=MyISAM DEFAULT CHARSET=utf8;

-- --------------------------------------------------------

--
-- Структура таблицы `modification`
--

CREATE TABLE IF NOT EXISTS `modification` (
  `modification_id` int(11) NOT NULL,
  `name` varchar(64) NOT NULL,
  `code` varchar(64) NOT NULL,
  `author` varchar(64) NOT NULL,
  `version` varchar(32) NOT NULL,
  `link` varchar(255) NOT NULL,
  `xml` mediumtext NOT NULL,
  `status` tinyint(1) NOT NULL,
  `date_added` datetime NOT NULL
) ENGINE=MyISAM DEFAULT CHARSET=utf8;

-- --------------------------------------------------------

--
-- Структура таблицы `module`
--

CREATE TABLE IF NOT EXISTS `module` (
  `module_id` int(11) NOT NULL,
  `name` varchar(64) NOT NULL,
  `code` varchar(32) NOT NULL,
  `setting` text NOT NULL
) ENGINE=MyISAM AUTO_INCREMENT=32 DEFAULT CHARSET=utf8;

--
-- Дамп данных таблицы `module`
--

INSERT INTO `module` (`module_id`, `name`, `code`, `setting`) VALUES
(30, 'Category', 'banner', '{"name":"Category","banner_id":"6","width":"182","height":"182","status":"1"}'),
(29, 'Home Page', 'carousel', '{"name":"Home Page","banner_id":"8","width":"130","height":"100","status":"1"}'),
(28, 'Home Page', 'featured', '{"name":"Home Page","product":["43","40","42","30"],"limit":"4","width":"200","height":"200","status":"1"}'),
(27, 'Home Page', 'slideshow', '{"name":"Home Page","banner_id":"7","width":"1140","height":"380","status":"1"}'),
(31, 'Banner 1', 'banner', '{"name":"Banner 1","banner_id":"6","width":"182","height":"182","status":"1"}');

-- --------------------------------------------------------

--
-- Структура таблицы `oc_address`
--

CREATE TABLE IF NOT EXISTS `oc_address` (
  `address_id` int(11) NOT NULL,
  `customer_id` int(11) NOT NULL,
  `firstname` varchar(32) NOT NULL,
  `lastname` varchar(32) NOT NULL,
  `company` varchar(40) NOT NULL,
  `address_1` varchar(128) NOT NULL,
  `address_2` varchar(128) NOT NULL,
  `city` varchar(128) NOT NULL,
  `postcode` varchar(10) NOT NULL,
  `country_id` int(11) NOT NULL DEFAULT 0,
  `zone_id` int(11) NOT NULL DEFAULT 0,
  `custom_field` text NOT NULL
) ENGINE=MyISAM AUTO_INCREMENT=2 DEFAULT CHARSET=utf8;

--
-- Дамп данных таблицы `oc_address`
--

INSERT INTO `oc_address` (`address_id`, `customer_id`, `firstname`, `lastname`, `company`, `address_1`, `address_2`, `city`, `postcode`, `country_id`, `zone_id`, `custom_field`) VALUES
(1, 1, 'Владимир', 'Петренко', '', 'Пер.3-й Путевой 5-80', 'Калараша 36-40', 'Хабаровск', '680045', 176, 2748, '');

-- --------------------------------------------------------

--
-- Структура таблицы `oc_affiliate`
--

CREATE TABLE IF NOT EXISTS `oc_affiliate` (
  `affiliate_id` int(11) NOT NULL,
  `firstname` varchar(32) NOT NULL,
  `lastname` varchar(32) NOT NULL,
  `email` varchar(96) NOT NULL,
  `telephone` varchar(32) NOT NULL,
  `fax` varchar(32) NOT NULL,
  `password` varchar(40) NOT NULL,
  `salt` varchar(9) NOT NULL,
  `company` varchar(40) NOT NULL,
  `website` varchar(255) NOT NULL,
  `address_1` varchar(128) NOT NULL,
  `address_2` varchar(128) NOT NULL,
  `city` varchar(128) NOT NULL,
  `postcode` varchar(10) NOT NULL,
  `country_id` int(11) NOT NULL,
  `zone_id` int(11) NOT NULL,
  `code` varchar(64) NOT NULL,
  `commission` decimal(4,2) NOT NULL DEFAULT 0.00,
  `tax` varchar(64) NOT NULL,
  `payment` varchar(6) NOT NULL,
  `cheque` varchar(100) NOT NULL,
  `paypal` varchar(64) NOT NULL,
  `bank_name` varchar(64) NOT NULL,
  `bank_branch_number` varchar(64) NOT NULL,
  `bank_swift_code` varchar(64) NOT NULL,
  `bank_account_name` varchar(64) NOT NULL,
  `bank_account_number` varchar(64) NOT NULL,
  `ip` varchar(40) NOT NULL,
  `status` tinyint(1) NOT NULL,
  `approved` tinyint(1) NOT NULL,
  `date_added` datetime NOT NULL
) ENGINE=MyISAM DEFAULT CHARSET=utf8;

-- --------------------------------------------------------

--
-- Структура таблицы `oc_affiliate_activity`
--

CREATE TABLE IF NOT EXISTS `oc_affiliate_activity` (
  `activity_id` int(11) NOT NULL,
  `affiliate_id` int(11) NOT NULL,
  `key` varchar(64) NOT NULL,
  `data` text NOT NULL,
  `ip` varchar(40) NOT NULL,
  `date_added` datetime NOT NULL
) ENGINE=MyISAM DEFAULT CHARSET=utf8;

-- --------------------------------------------------------

--
-- Структура таблицы `oc_affiliate_login`
--

CREATE TABLE IF NOT EXISTS `oc_affiliate_login` (
  `affiliate_login_id` int(11) NOT NULL,
  `email` varchar(96) NOT NULL,
  `ip` varchar(40) NOT NULL,
  `total` int(4) NOT NULL,
  `date_added` datetime NOT NULL,
  `date_modified` datetime NOT NULL
) ENGINE=MyISAM DEFAULT CHARSET=utf8;

-- --------------------------------------------------------

--
-- Структура таблицы `oc_affiliate_transaction`
--

CREATE TABLE IF NOT EXISTS `oc_affiliate_transaction` (
  `affiliate_transaction_id` int(11) NOT NULL,
  `affiliate_id` int(11) NOT NULL,
  `order_id` int(11) NOT NULL,
  `description` text NOT NULL,
  `amount` decimal(15,4) NOT NULL,
  `date_added` datetime NOT NULL
) ENGINE=MyISAM DEFAULT CHARSET=utf8;

-- --------------------------------------------------------

--
-- Структура таблицы `oc_api`
--

CREATE TABLE IF NOT EXISTS `oc_api` (
  `api_id` int(11) NOT NULL,
  `name` varchar(64) NOT NULL,
  `key` text NOT NULL,
  `status` tinyint(1) NOT NULL,
  `date_added` datetime NOT NULL,
  `date_modified` datetime NOT NULL
) ENGINE=MyISAM AUTO_INCREMENT=2 DEFAULT CHARSET=utf8;

--
-- Дамп данных таблицы `oc_api`
--

INSERT INTO `oc_api` (`api_id`, `name`, `key`, `status`, `date_added`, `date_modified`) VALUES
(1, 'Default', 'RXtIJpdpW57D3Cktbh6jx6hoBdnto4wyRn2hvYhRXSyx6BLf4sPnm8q6ZGPDaYIVEhaTOzFGGkfHNKyT7joerqHC89Kfoux7psyMLjYjID7vOXdQQcGuYfbZLF3wq76YiWQGQXSxdX4yhlU32KKW7O2wXmbvr3nQiOf42wnjJ4VuUB8PAEDaFdG2aOqxDcZcfCWrM95Ql1tEAUF8qXifvkPS6O9P4YAJjJtiCZ5kLOGntykiKehCSb7FI4OoqzZS', 1, '2017-01-28 21:07:44', '2017-01-28 21:07:44');

-- --------------------------------------------------------

--
-- Структура таблицы `oc_api_ip`
--

CREATE TABLE IF NOT EXISTS `oc_api_ip` (
  `api_ip_id` int(11) NOT NULL,
  `api_id` int(11) NOT NULL,
  `ip` varchar(40) NOT NULL
) ENGINE=MyISAM DEFAULT CHARSET=utf8;

-- --------------------------------------------------------

--
-- Структура таблицы `oc_api_session`
--

CREATE TABLE IF NOT EXISTS `oc_api_session` (
  `api_session_id` int(11) NOT NULL,
  `api_id` int(11) NOT NULL,
  `token` varchar(32) NOT NULL,
  `session_id` varchar(32) NOT NULL,
  `session_name` varchar(32) NOT NULL,
  `ip` varchar(40) NOT NULL,
  `date_added` datetime NOT NULL,
  `date_modified` datetime NOT NULL
) ENGINE=MyISAM DEFAULT CHARSET=utf8;

-- --------------------------------------------------------

--
-- Структура таблицы `oc_attribute`
--

CREATE TABLE IF NOT EXISTS `oc_attribute` (
  `attribute_id` int(11) NOT NULL,
  `attribute_group_id` int(11) NOT NULL,
  `sort_order` int(3) NOT NULL
) ENGINE=MyISAM AUTO_INCREMENT=37 DEFAULT CHARSET=utf8;

--
-- Дамп данных таблицы `oc_attribute`
--

INSERT INTO `oc_attribute` (`attribute_id`, `attribute_group_id`, `sort_order`) VALUES
(21, 7, 9),
(22, 8, 0),
(19, 7, 8),
(18, 7, 7),
(17, 7, 6),
(16, 7, 5),
(15, 7, 3),
(14, 7, 2),
(13, 7, 1),
(12, 7, 0),
(24, 8, 1),
(25, 8, 2),
(26, 8, 3),
(27, 8, 4),
(28, 8, 5),
(29, 8, 6),
(30, 8, 7),
(32, 7, 10),
(33, 7, 11),
(35, 7, 4);

-- --------------------------------------------------------

--
-- Структура таблицы `oc_attribute_description`
--

CREATE TABLE IF NOT EXISTS `oc_attribute_description` (
  `attribute_id` int(11) NOT NULL,
  `language_id` int(11) NOT NULL,
  `name` varchar(64) NOT NULL
) ENGINE=MyISAM DEFAULT CHARSET=utf8;

--
-- Дамп данных таблицы `oc_attribute_description`
--

INSERT INTO `oc_attribute_description` (`attribute_id`, `language_id`, `name`) VALUES
(16, 1, 'Замок'),
(15, 1, 'Толщина полотна/корбки'),
(14, 1, 'Толщина металла'),
(13, 1, 'Цвет'),
(12, 1, 'Внутреннее покрытие'),
(17, 1, 'Ручка'),
(18, 1, 'Уплотнение'),
(19, 1, 'Наполнитель'),
(21, 1, 'Открывание'),
(22, 1, 'Материал'),
(24, 1, 'Отделка'),
(25, 1, 'Толщина'),
(26, 1, 'Цвет'),
(27, 1, 'Размер полотен'),
(28, 1, 'Дверная коробка'),
(29, 1, 'Дверной наличник'),
(30, 1, 'Добор'),
(32, 1, 'Петли'),
(33, 1, 'Глазок'),
(35, 1, 'Наружное покрытие');

-- --------------------------------------------------------

--
-- Структура таблицы `oc_attribute_group`
--

CREATE TABLE IF NOT EXISTS `oc_attribute_group` (
  `attribute_group_id` int(11) NOT NULL,
  `sort_order` int(3) NOT NULL
) ENGINE=MyISAM AUTO_INCREMENT=9 DEFAULT CHARSET=utf8;

--
-- Дамп данных таблицы `oc_attribute_group`
--

INSERT INTO `oc_attribute_group` (`attribute_group_id`, `sort_order`) VALUES
(8, 1),
(7, 0);

-- --------------------------------------------------------

--
-- Структура таблицы `oc_attribute_group_description`
--

CREATE TABLE IF NOT EXISTS `oc_attribute_group_description` (
  `attribute_group_id` int(11) NOT NULL,
  `language_id` int(11) NOT NULL,
  `name` varchar(64) NOT NULL
) ENGINE=MyISAM DEFAULT CHARSET=utf8;

--
-- Дамп данных таблицы `oc_attribute_group_description`
--

INSERT INTO `oc_attribute_group_description` (`attribute_group_id`, `language_id`, `name`) VALUES
(8, 1, 'Межкомнатные двери'),
(7, 1, ' Входные двери');

-- --------------------------------------------------------

--
-- Структура таблицы `oc_banner`
--

CREATE TABLE IF NOT EXISTS `oc_banner` (
  `banner_id` int(11) NOT NULL,
  `name` varchar(64) NOT NULL,
  `status` tinyint(1) NOT NULL
) ENGINE=MyISAM AUTO_INCREMENT=10 DEFAULT CHARSET=utf8;

--
-- Дамп данных таблицы `oc_banner`
--

INSERT INTO `oc_banner` (`banner_id`, `name`, `status`) VALUES
(9, 'Реклама', 1);

-- --------------------------------------------------------

--
-- Структура таблицы `oc_banner_image`
--

CREATE TABLE IF NOT EXISTS `oc_banner_image` (
  `banner_image_id` int(11) NOT NULL,
  `banner_id` int(11) NOT NULL,
  `link` varchar(255) NOT NULL,
  `image` varchar(255) NOT NULL,
  `sort_order` int(3) NOT NULL DEFAULT 0
) ENGINE=MyISAM AUTO_INCREMENT=109 DEFAULT CHARSET=utf8;

--
-- Дамп данных таблицы `oc_banner_image`
--

INSERT INTO `oc_banner_image` (`banner_image_id`, `banner_id`, `link`, `image`, `sort_order`) VALUES
(107, 9, '', 'catalog/banner/interer-3513.jpg', 0),
(108, 9, '', 'catalog/banner/28h14stroitelstvoiremont.jpg', 1);

-- --------------------------------------------------------

--
-- Структура таблицы `oc_banner_image_description`
--

CREATE TABLE IF NOT EXISTS `oc_banner_image_description` (
  `banner_image_id` int(11) NOT NULL,
  `language_id` int(11) NOT NULL,
  `banner_id` int(11) NOT NULL,
  `title` varchar(64) NOT NULL
) ENGINE=MyISAM DEFAULT CHARSET=utf8;

--
-- Дамп данных таблицы `oc_banner_image_description`
--

INSERT INTO `oc_banner_image_description` (`banner_image_id`, `language_id`, `banner_id`, `title`) VALUES
(107, 1, 9, 'Окна Двери'),
(108, 1, 9, 'Услуги');

-- --------------------------------------------------------

--
-- Структура таблицы `oc_cart`
--

CREATE TABLE IF NOT EXISTS `oc_cart` (
  `cart_id` int(11) NOT NULL,
  `customer_id` int(11) NOT NULL,
  `session_id` varchar(32) NOT NULL,
  `product_id` int(11) NOT NULL,
  `recurring_id` int(11) NOT NULL,
  `option` text NOT NULL,
  `quantity` int(5) NOT NULL,
  `date_added` datetime NOT NULL
) ENGINE=InnoDB AUTO_INCREMENT=7 DEFAULT CHARSET=utf8;

--
-- Дамп данных таблицы `oc_cart`
--

INSERT INTO `oc_cart` (`cart_id`, `customer_id`, `session_id`, `product_id`, `recurring_id`, `option`, `quantity`, `date_added`) VALUES
(4, 1, '28kiilgkgt66mb3t376mb7cm58', 124, 0, '[]', 1, '2022-02-02 06:08:14');

-- --------------------------------------------------------

--
-- Структура таблицы `oc_category`
--

CREATE TABLE IF NOT EXISTS `oc_category` (
  `category_id` int(11) NOT NULL,
  `image` varchar(255) DEFAULT NULL,
  `parent_id` int(11) NOT NULL DEFAULT 0,
  `image2` varchar(255) DEFAULT NULL,
  `category_icontype` int(11) unsigned NOT NULL DEFAULT 1,
  `category_icon` varchar(50) NOT NULL DEFAULT 'fa none',
  `category_image` varchar(255) DEFAULT NULL,
  `top` tinyint(1) NOT NULL,
  `column` int(3) NOT NULL,
  `sort_order` int(3) NOT NULL DEFAULT 0,
  `status` tinyint(1) NOT NULL,
  `date_added` datetime NOT NULL,
  `date_modified` datetime NOT NULL
) ENGINE=MyISAM AUTO_INCREMENT=89 DEFAULT CHARSET=utf8;

--
-- Дамп данных таблицы `oc_category`
--

INSERT INTO `oc_category` (`category_id`, `image`, `parent_id`, `image2`, `category_icontype`, `category_icon`, `category_image`, `top`, `column`, `sort_order`, `status`, `date_added`, `date_modified`) VALUES
(83, '', 60, '', 0, 'fa none', 'no_image.png', 0, 1, 6, 1, '2017-03-12 16:08:57', '2017-03-12 16:08:57'),
(85, '', 62, '', 0, 'fa none', 'no_image.png', 1, 1, 0, 1, '2017-03-27 17:26:55', '2017-06-03 12:03:54'),
(77, '', 60, '', 0, 'fa none', 'no_image.png', 0, 1, 0, 1, '2017-03-12 15:58:07', '2017-03-12 15:58:07'),
(78, '', 60, '', 0, 'fa none', 'no_image.png', 0, 1, 1, 1, '2017-03-12 16:00:02', '2017-03-12 16:00:02'),
(79, '', 60, '', 0, 'fa none', 'no_image.png', 0, 1, 2, 1, '2017-03-12 16:01:32', '2017-03-12 16:01:32'),
(80, '', 60, '', 0, 'fa none', 'no_image.png', 0, 1, 3, 1, '2017-03-12 16:03:23', '2017-03-12 16:03:23'),
(81, '', 60, '', 0, 'fa none', 'no_image.png', 0, 1, 4, 1, '2017-03-12 16:05:26', '2017-03-12 16:05:26'),
(82, '', 60, '', 0, 'fa none', 'no_image.png', 0, 1, 5, 1, '2017-03-12 16:07:23', '2017-03-12 16:07:23'),
(75, '', 59, '', 0, 'fa none', 'no_image.png', 1, 1, 6, 1, '2017-03-05 22:06:22', '2018-08-29 13:39:35'),
(59, '', 65, '', 1, 'fa none', 'no_image.png', 1, 1, 0, 1, '2017-01-28 23:13:15', '2017-03-05 21:30:54'),
(60, '', 65, '', 0, 'fa none', 'no_image.png', 1, 1, 1, 1, '2017-01-28 23:34:45', '2017-03-05 21:32:05'),
(68, '', 0, '', 0, 'fa none', 'no_image.png', 0, 1, 4, 1, '2017-03-05 21:41:18', '2017-03-27 15:49:37'),
(62, '', 0, '', 0, 'fa none', 'no_image.png', 1, 1, 1, 1, '2017-01-28 23:42:17', '2017-04-24 18:34:54'),
(74, '', 59, '', 0, 'fa none', 'no_image.png', 1, 1, 5, 1, '2017-03-05 22:03:52', '2018-08-28 14:27:34'),
(73, '', 59, '', 0, 'fa none', 'no_image.png', 1, 1, 4, 1, '2017-03-05 22:01:30', '2018-08-28 14:23:13'),
(71, '', 59, '', 0, 'fa none', 'no_image.png', 1, 1, 2, 1, '2017-03-05 21:56:06', '2017-03-05 21:57:12'),
(72, '', 59, '', 0, 'fa none', 'no_image.png', 1, 1, 3, 1, '2017-03-05 21:58:52', '2017-03-05 21:58:52'),
(70, '', 59, '', 0, 'fa none', 'no_image.png', 1, 1, 1, 1, '2017-03-05 21:52:57', '2017-03-05 21:52:57'),
(87, '', 62, '', 0, 'fa none', 'no_image.png', 0, 1, 0, 1, '2017-03-31 14:33:43', '2017-06-03 12:12:14'),
(88, '', 62, '', 0, 'fa none', 'no_image.png', 0, 1, 0, 1, '2017-03-31 14:59:22', '2017-06-03 12:07:15'),
(65, '', 0, '', 0, 'fa none', 'no_image.png', 1, 1, 0, 1, '2017-03-05 21:30:28', '2018-08-29 13:16:35'),
(86, '', 59, '', 0, 'fa none', 'no_image.png', 0, 1, 7, 1, '2017-03-27 18:24:57', '2017-03-27 18:38:55'),
(64, '', 0, '', 0, 'fa none', 'no_image.png', 0, 1, 5, 1, '2017-01-28 23:45:38', '2017-03-27 15:49:53');

-- --------------------------------------------------------

--
-- Структура таблицы `oc_category_description`
--

CREATE TABLE IF NOT EXISTS `oc_category_description` (
  `category_id` int(11) NOT NULL,
  `language_id` int(11) NOT NULL,
  `name` varchar(255) NOT NULL,
  `description` text NOT NULL,
  `meta_title` varchar(255) NOT NULL,
  `meta_h1` varchar(255) NOT NULL,
  `meta_description` varchar(255) NOT NULL,
  `meta_keyword` varchar(255) NOT NULL
) ENGINE=MyISAM DEFAULT CHARSET=utf8;

--
-- Дамп данных таблицы `oc_category_description`
--

INSERT INTO `oc_category_description` (`category_id`, `language_id`, `name`, `description`, `meta_title`, `meta_h1`, `meta_description`, `meta_keyword`) VALUES
(70, 1, 'Кайзер Стандарт', '', 'Входные двери Кайзер Стандарт, купить с доставкой на дом в магазине &quot;Окна Двери&quot;', 'Входные двери Кайзер Стандарт', '', 'Кайзер Стандарт, входные двери, двери, купить'),
(68, 1, 'Металлические изделия', '', 'Металлические изделия, купить с доставкой на дом в магазине &quot;Окна Двери&quot;', 'Металлические изделия', '', 'Металлические изделия, купить'),
(59, 1, 'Входные двери', '', 'Входные двери, купить с доставкой на дом в магазине &quot;Окна Двери&quot;', 'Входные двери', '', 'входные двери, купить, двери'),
(60, 1, 'Межкомнатные двери', '', 'Межкомнатные двери, купить с доставкой на дом в магазине &quot;Окна Двери&quot;', 'Межкомнатные двери', '', 'межкомнатные двери, купить, двери'),
(64, 1, 'Услуги', '', 'Услуги, в магазине &quot;Окна Двери&quot;', 'Услуги', '', 'Услуги, Горловка'),
(73, 1, 'Двери России &quot;СТАНДАРТ&quot;', '', 'Входные двери России &quot;СТАНДАРТ&quot;, купить с доставкой на дом в магазине &quot;Окна Двери&quot;', 'Входные двери России &quot;СТАНДАРТ&quot;', '', 'Двери России &quot;СТАНДАРТ&quot;, входные двери, двери, купить'),
(71, 1, 'Стройгост', '', 'Входные двери Стройгост, купить с доставкой на дом в магазине &quot;Окна Двери&quot; ', 'Входные двери Стройгост', '', 'Стройгост, входные двери, двери, купить'),
(72, 1, 'Йошкар', '', 'Входные двери Йошкар, купить с доставкой на дом в магазине &quot;Окна Двери&quot;', 'Входные двери Йошкар', '', 'Йошкар, входные двери, двери, купить'),
(77, 1, 'Оптима', '', 'Межкомнатные двери Оптима, купить с доставкой на дом в магазине &quot;Окна Двери&quot;', 'Межкомнатные двери Оптима', '', 'Межкомнатные двери Оптима, двери, купить'),
(78, 1, 'Модерн', '', 'Межкомнатные двери Модерн, купить с доставкой на дом в магазине &quot;Окна Двери&quot;', 'Межкомнатные двери Модерн', '', 'Межкомнатные двери Модерн, двери, купить'),
(79, 1, 'Драйв', '', 'Межкомнатные двери Драйв, купить с доставкой на дом в магазине &quot;Окна Двери&quot;', 'Межкомнатные двери Драйв', '', 'Межкомнатные двери Драйв, двери, купить'),
(80, 1, 'Классика Эко', '', 'Межкомнатные двери Классика Эко, купить с доставкой на дом в магазине &quot;Окна Двери&quot;', 'Межкомнатные двери Классика Эко', '', 'Межкомнатные двери Классика Эко, двери, купить'),
(81, 1, 'Мастер', '', 'Межкомнатные двери Мастер, купить с доставкой на дом в магазине &quot;Окна Двери&quot;', 'Межкомнатные двери Мастер', '', 'Межкомнатные двери Мастер, двери, купить'),
(82, 1, 'Оскар', '', 'Межкомнатные двери Оскар, купить с доставкой на дом в магазине &quot;Окна Двери&quot;', 'Межкомнатные двери Оскар', '', 'Межкомнатные двери Оскар, двери, купить'),
(83, 1, 'Классика', '', 'Межкомнатные двери Классика, купить с доставкой на дом в магазине &quot;Окна Двери&quot;', 'Межкомнатные двери Классика', '', 'Межкомнатные двери Классика, двери, купить'),
(85, 1, 'Стеклопакеты', '&lt;p style=&quot;text-align:center&quot;&gt;&lt;span style=&quot;color:#000080&quot;&gt;&lt;span style=&quot;font-size:20px&quot;&gt;&lt;strong&gt;Преимущества стеклопакетов (общая информация)&lt;/strong&gt;&lt;/span&gt;&lt;/span&gt;&lt;/p&gt;\r\n\r\n&lt;p&gt;&lt;span style=&quot;color:#000000&quot;&gt;&lt;span style=&quot;font-size:16px&quot;&gt;&amp;nbsp; Стеклопакеты могут быть различными по формату, а также по площади. Также может варьироваться и толщина, в зависимости от пожеланий клиента. Соответственно, варьируется коэфициент звукопоглощения и теплопередачи.&lt;/span&gt;&lt;/span&gt;&lt;/p&gt;\r\n\r\n&lt;p&gt;&lt;span style=&quot;color:#000000&quot;&gt;&lt;span style=&quot;font-size:16px&quot;&gt;&amp;nbsp; Для придания определённых свойств, в производстве стеклопакетов&amp;nbsp; используют различные виды стекла - &lt;strong&gt;закалённое, энергосберегающее,&amp;nbsp; бронированное (&lt;/strong&gt;&lt;strong&gt;Safety защитная ударопрочная плёнка), тонированное&amp;nbsp; плёнкой, при этом плёнка на стекло наносится изнутри стеклопакета&lt;/strong&gt;, что означает, что её невозможно повредить даже при желании. При сборке стеклопакетов есть возможность комбинировать различные стёкла, а также стёкла двойного назначения, и таким образом получается комбинация нескольких важнейших свойств в одном стеклопакете.&lt;/span&gt;&lt;/span&gt;&lt;/p&gt;\r\n\r\n&lt;p style=&quot;text-align:center&quot;&gt;&lt;img alt=&quot;&quot; src=&quot;http://oknadveri.h1n.ru/image/catalog/014.jpg&quot; style=&quot;height:275px; width:516px&quot; /&gt;&lt;/p&gt;\r\n\r\n&lt;p&gt;&lt;span style=&quot;font-size:16px&quot;&gt;&amp;nbsp; &lt;span style=&quot;color:#000000&quot;&gt;Стеклопакет представляет собой конструкцию из двух или более листов стекла, внутри которых по периметру проходит алюминиевая дистанционная рамка с влагопоглощающим наполнителем. При соединении торцы стеклопакета тщательно обрабатываются двумя специальными герметиками, которые изолируют внутренние пространство (воздушные камеры) от окружающей среды. Тем самым, исключая возможность проникновения в воздушные камеры влаги, пыли и воздуха, что благоприятно влияет не только на эстетичный вид внутри стеклопакета, но и на его теплоизоляционные качества.&lt;/span&gt;&lt;/span&gt;&lt;/p&gt;\r\n\r\n&lt;p style=&quot;text-align:center&quot;&gt;&lt;span style=&quot;color:#000080&quot;&gt;&lt;span style=&quot;font-size:20px&quot;&gt;&lt;strong&gt;ЭНЕРГОСБЕРЕГАЮЩИЙ СТЕКЛОПАКЕТ&lt;/strong&gt;&lt;/span&gt;&lt;/span&gt;&lt;/p&gt;\r\n\r\n&lt;p style=&quot;text-align:center&quot;&gt;&lt;a href=&quot;http://oknadveri.h1n.ru/image/catalog/steklopakety/energosberegayushie-steklopakety-03.jpg&quot;&gt;&lt;img alt=&quot;&quot; src=&quot;http://oknadveri.h1n.ru/image/catalog/steklopakety/energosberegayushie-steklopakety-03.jpg&quot; style=&quot;height:381px; width:353px&quot; /&gt;&lt;/a&gt;&lt;/p&gt;\r\n\r\n&lt;p&gt;&lt;span style=&quot;font-size:16px&quot;&gt;&amp;nbsp; &lt;span style=&quot;color:#000000&quot;&gt;&lt;strong&gt;Энергосберегающий стеклопакет&lt;/strong&gt; отличается от обычного тем, что на стекло на внутреннюю его часть наносят очень тонкий, незаметный невооруженным глазом, слой иона серебра, никель хрома и другие металлы и оксиды, которые , словно зеркало отражают тепловое излучения. Это напыление не влияет на рост растений в помещении, т.к. пропускает 80% света. А также тепло сберегающее покрытие является долговечным и никуда со временем не испарится.&lt;/span&gt;&lt;/span&gt;&lt;/p&gt;\r\n\r\n&lt;p style=&quot;text-align:center&quot;&gt;&lt;span style=&quot;color:#000080&quot;&gt;&lt;span style=&quot;font-size:20px&quot;&gt;&lt;strong&gt;Достоинства энергосберегающих стеклопакетов&lt;/strong&gt;&lt;/span&gt;&lt;/span&gt;&lt;/p&gt;\r\n\r\n&lt;ol&gt;\r\n	&lt;li&gt;&lt;span style=&quot;color:#000000&quot;&gt;&lt;span style=&quot;font-size:16px&quot;&gt;Экономит Ваш бюджет. Уменьшает затраты на отопление помещения.&lt;/span&gt;&lt;/span&gt;&lt;/li&gt;\r\n	&lt;li&gt;&lt;span style=&quot;color:#000000&quot;&gt;&lt;span style=&quot;font-size:16px&quot;&gt;Существенно уменьшает вероятность выпадения конденсата и обледенения на внутренних стеклах&lt;/span&gt;&lt;/span&gt;&lt;/li&gt;\r\n	&lt;li&gt;&lt;span style=&quot;color:#000000&quot;&gt;&lt;span style=&quot;font-size:16px&quot;&gt;Даже однокамерный стеклопакет эффективней в теплоизоляции, нежели двухкамерный с простым стеклом.&lt;/span&gt;&lt;/span&gt;&lt;/li&gt;\r\n	&lt;li&gt;&lt;span style=&quot;color:#000000&quot;&gt;&lt;span style=&quot;font-size:16px&quot;&gt;При использовании энергосберегающего однокамерного стеклопакета существенно уменьшается вес створки, а соответственно снижается давление на фурнитуру, что в свою очередь продлевает ее срок службы.&lt;/span&gt;&lt;/span&gt;&lt;/li&gt;\r\n	&lt;li&gt;&lt;span style=&quot;color:#000000&quot;&gt;&lt;span style=&quot;font-size:16px&quot;&gt;Улучшенный микроклимат в момент пребывания человека в оконной зоне, так как тело человека, находясь возле холодных предметов, отдает тепло. Поэтому в такие моменты мы чувствуем неприятное чувство холода. Благодаря энергоэфективным стеклам чувство комфортности на порядок увеличивается.&lt;/span&gt;&lt;/span&gt;&lt;/li&gt;\r\n&lt;/ol&gt;\r\n\r\n&lt;p style=&quot;text-align:center&quot;&gt;&lt;span style=&quot;color:#000080&quot;&gt;&lt;span style=&quot;font-size:20px&quot;&gt;&lt;strong&gt;УДАРОПРОЧНЫЕ СТЕКЛОПАКЕТЫ ДЛЯ ПЛАСТИКОВЫХ ОКОН&lt;/strong&gt;&lt;/span&gt;&lt;/span&gt;&lt;/p&gt;\r\n\r\n&lt;p&gt;&lt;span style=&quot;font-size:16px&quot;&gt;&amp;nbsp; &lt;span style=&quot;color:#000000&quot;&gt;Хрупкость – не самое лучшее качество стекла, но с этим приходится мирится, в силу более важного приоритета, такого как прозрачность. Механическое повреждение или ударная волна, способствуют его разрушению, а осколки от него могут нанести травмы для окружающих. К этому можно добавить, что слабая прочность стекла способствует легкому проникновению в помещение злоумышленников. Для решения этой проблемы мы предлагаем воспользоваться несколькими способами защиты ваших окон. Одним из распространённых и самым доступным способов является нанесение ударопрочной пленки на внутреннею часть стекла. Поэтому использование ударостойких пленок решают данную проблему. При изготовлении бронированных стеклопакетов используются ударопрочные (бронированные) пленки. &amp;nbsp; &amp;nbsp;Ударостойкие пленки имеющие толщину от 115 мкм до 600 мкм в совокупности с листом стекла могут выдерживать различные механические нагрузки. Возможность одолеть преграду с такой защитой зависит от прочности (толщины) пленки. Данные пленки достаточно прозрачны. Также одновременно с безопасностью они имеют очень полезную попутную функцию энергосбережения. Энергоэффективность таких изделий увеличивается на 15-20%. Ниже мы предлагаем Вам ознакомиться с таблицей технических характеристик ударопрочных пленок.&lt;/span&gt;&lt;/span&gt;&lt;/p&gt;\r\n\r\n&lt;p style=&quot;text-align:center&quot;&gt;&lt;img alt=&quot;&quot; src=&quot;http://oknadveri.h1n.ru/image/catalog/steklopakety/016.jpg&quot; style=&quot;height:191px; width:709px&quot; /&gt;&lt;/p&gt;\r\n\r\n&lt;p style=&quot;text-align:center&quot;&gt;&lt;img alt=&quot;&quot; src=&quot;http://oknadveri.h1n.ru/image/catalog/017.jpg&quot; style=&quot;height:189px; width:231px&quot; /&gt;&lt;/p&gt;\r\n\r\n&lt;p style=&quot;text-align:center&quot;&gt;&lt;span style=&quot;color:#000080&quot;&gt;&lt;span style=&quot;font-size:20px&quot;&gt;&lt;strong&gt;ТОНИРОВАННЫЕ СТЕКЛОПАКЕТЫ&lt;/strong&gt;&lt;/span&gt;&lt;/span&gt;&lt;/p&gt;\r\n\r\n&lt;p&gt;&lt;span style=&quot;color:#000000&quot;&gt;&lt;span style=&quot;font-size:16px&quot;&gt;&amp;nbsp;&lt;strong&gt; Тонировочная пленка&lt;/strong&gt; может быть разной степени прозрачности и цвета- от золотистого до черного, или совершено непрозрачной. Тонировка используется не только для красоты, но и несет солнцезащитную и светооталкивающую функцию. А для жителей квартир на первых этажах это еще и возможность укрыться от посторонних глаз. Тонировка окон позволит держать окна свободными от штор, жалюзи и при этом быть скрытым от любопытного взора в дневное время. Однако с приходом темноты шторы лучше закрыть, т.к. при включённом свете окно станет прозрачным. Поэтому в темное время суток целесообразно обзавестись жалюзи или тканевыми ролетами.&lt;/span&gt;&lt;/span&gt;&lt;/p&gt;\r\n\r\n&lt;p style=&quot;text-align:center&quot;&gt;&lt;img alt=&quot;&quot; src=&quot;http://oknadveri.h1n.ru/image/catalog/018.jpg&quot; style=&quot;height:297px; width:690px&quot; /&gt;&lt;/p&gt;\r\n\r\n&lt;p style=&quot;text-align:center&quot;&gt;&lt;span style=&quot;color:#000080&quot;&gt;&lt;span style=&quot;font-size:20px&quot;&gt;&lt;strong&gt;ПРОДАЖА И ЗАМЕНА СТЕКЛОПАКЕТОВ – ПОЛНЫЙ СПЕКТР УСЛУГ&lt;/strong&gt;&lt;/span&gt;&lt;/span&gt;&lt;/p&gt;\r\n\r\n&lt;ul&gt;\r\n	&lt;li&gt;&lt;span style=&quot;color:#000000&quot;&gt;&lt;span style=&quot;font-size:16px&quot;&gt;выезд мастера для замеров на объект;&lt;/span&gt;&lt;/span&gt;&lt;/li&gt;\r\n	&lt;li&gt;&lt;span style=&quot;color:#000000&quot;&gt;&lt;span style=&quot;font-size:16px&quot;&gt;подбор стеклопакетов;&lt;/span&gt;&lt;/span&gt;&lt;/li&gt;\r\n	&lt;li&gt;&lt;span style=&quot;color:#000000&quot;&gt;&lt;span style=&quot;font-size:16px&quot;&gt;расчеты размеров;&lt;/span&gt;&lt;/span&gt;&lt;/li&gt;\r\n	&lt;li&gt;&lt;span style=&quot;color:#000000&quot;&gt;&lt;span style=&quot;font-size:16px&quot;&gt;доставка, установка.&lt;/span&gt;&lt;/span&gt;&lt;/li&gt;\r\n&lt;/ul&gt;\r\n\r\n&lt;p style=&quot;text-align:center&quot;&gt;&lt;span style=&quot;color:#FF0000&quot;&gt;&lt;span style=&quot;font-size:20px&quot;&gt;&lt;strong&gt;Если Вы не определились или возникают сомнения с выбором остекления для вашего будущего окна, двери, балкона, витрины, позвоните нам и мы с радостью Вас проконсультируем.&lt;/strong&gt;&lt;/span&gt;&lt;/span&gt;&lt;/p&gt;\r\n', 'Стеклопакеты', '', '', ''),
(86, 1, 'Двери под заказ', '&lt;p&gt;&lt;span style=&quot;color:#000080&quot;&gt;&lt;span style=&quot;font-size:20px&quot;&gt;&lt;strong&gt;Входная дверь&lt;/strong&gt;&lt;/span&gt;&lt;/span&gt; &lt;span style=&quot;font-size:16px&quot;&gt;– это надёжность и безопасность Вашей жизни и имущества. Качество и надёжность дверей по индивидуальному заказу доказаны временем.&lt;/span&gt;&lt;/p&gt;\r\n\r\n&lt;p style=&quot;text-align: center;&quot;&gt;&lt;span style=&quot;font-size:16px&quot;&gt;&lt;img alt=&quot;&quot; src=&quot;http://oknadveri.h1n.ru/image/catalog/019.jpg&quot; /&gt;&lt;/span&gt;&lt;/p&gt;\r\n\r\n&lt;p&gt;&lt;span style=&quot;font-size:16px&quot;&gt;&lt;strong&gt;Металлические входные двери по индивидуальному заказу&lt;/strong&gt;&lt;/span&gt; &lt;span style=&quot;font-size:16px&quot;&gt;изготавливаются из металлической трубы с двумя МДФ полотнами с обеих сторон. Благодаря специальным покрытиям, данные двери подходят как для квартиры, так и для дома (улицы).&lt;/span&gt;&lt;/p&gt;\r\n\r\n&lt;p&gt;&lt;span style=&quot;font-size:16px&quot;&gt;Сборка и производство осуществляются на фабрике, с высококачественных материалов с соблюдением всех стандартов. Каждая модель проходит контроль качества. Проверяется вся сборка, правильность распределения нагрузки на всю дверь, а также работа фурнитуры - петли, наличники, замки.&lt;/span&gt;&lt;/p&gt;\r\n\r\n&lt;p style=&quot;text-align:center&quot;&gt;&lt;span style=&quot;color:#000080&quot;&gt;&lt;span style=&quot;font-size:20px&quot;&gt;&lt;strong&gt;Структура двери&lt;/strong&gt;&lt;/span&gt;&lt;/span&gt;&lt;/p&gt;\r\n\r\n&lt;p&gt;&lt;span style=&quot;font-size:16px&quot;&gt;Дверная коробка изготавливается из цельно гнутого профиля, окрашенного специальным полимерным порошком. Само дверное полотно имеет составляющие: стальные листы, ребра жесткости, наполнение мин вата. Стальные листы внешне покрыты накладками - панелями МДФ, вскрытых пленкой ПВХ для квартиры и пленкой Vinoritдля улицы, или же порошковым покрытием.&lt;/span&gt;&lt;/p&gt;\r\n\r\n&lt;p&gt;&lt;span style=&quot;font-size:16px&quot;&gt;К дверям прилагаются: замки, глазок, петли, наличники на одну сторону, Анти срезы, бронированные накладки.&lt;/span&gt;&lt;/p&gt;\r\n\r\n&lt;p&gt;&lt;span style=&quot;font-size:16px&quot;&gt;Стальные ребра жесткости имеют большое преимущество, так как позволяют встраивать дверное полотно в стены любой толщины, также ребра не позволяют двери перекашиваться и деформироваться. А такие казалось бы мелочи как Анти срезы, бронированные накладки и надежные замки (двух типов) помогут уберечь Вас и Ваше жилье от взломов.&lt;/span&gt;&lt;/p&gt;\r\n\r\n&lt;p style=&quot;text-align:center&quot;&gt;&lt;span style=&quot;color:#000080&quot;&gt;&lt;span style=&quot;font-size:20px&quot;&gt;&lt;strong&gt;Характеристика&amp;nbsp;дверей&lt;/strong&gt;&lt;/span&gt;&lt;/span&gt;&lt;/p&gt;\r\n\r\n&lt;ul&gt;\r\n	&lt;li&gt;&lt;span style=&quot;font-size:16px&quot;&gt;Размер конструкции: 850*2040 или 950*2040, возможность изготовления по индивидуальным&amp;nbsp; размерам&lt;/span&gt;&lt;/li&gt;\r\n	&lt;li&gt;&lt;span style=&quot;font-size:16px&quot;&gt;Дверной короб: Из цельногнутого профиля с четвертью, толщина 80 мм, толщина металла ― 1,5 мм&lt;/span&gt;&lt;/li&gt;\r\n	&lt;li&gt;&lt;span style=&quot;font-size:16px&quot;&gt;Дверное полотно: Усиленной конструкции (Z), толщина ― 70 мм, толщина металла 1,5 - 3 мм, наружный лист ― 1,5 - 3 мм, вертикальные и горизонтальные ребра жесткости, два контура резинового уплотнителя (на коробе и на полотне), утепление ― минеральная вата &quot;ISOVER&quot;, противосъемные штыри (антисрезы)&lt;/span&gt;&lt;/li&gt;\r\n	&lt;li&gt;&lt;span style=&quot;font-size:16px&quot;&gt;Покрытие: Фрезерованная плита МДФ (10мм/10мм, скрытое крепление), покрытая пленкой ПВХ для квартирного применения или пленкой &quot;Vinorit&quot; для улицы, фрезерованный наличник&lt;/span&gt;&lt;/li&gt;\r\n	&lt;li&gt;&lt;span style=&quot;font-size:16px&quot;&gt;Замки: Верхний ― сувальдный замок &quot;GUARDIAN 10.01&quot; на три ригеля, нижний ― цилиндровый &quot;APECS T-52&quot; трехповоротный на три ригеля (ключ/поворотник), броненакладка ― &quot;Apecs&quot;, ручка на розетке ― &quot;Apecs&quot;&lt;/span&gt;&lt;/li&gt;\r\n&lt;/ul&gt;\r\n\r\n&lt;p style=&quot;text-align:center&quot;&gt;&lt;span style=&quot;color:#FF0000&quot;&gt;&lt;span style=&quot;font-size:20px&quot;&gt;&lt;strong&gt;Цена дверей от 20&amp;nbsp;500 рублей. Срок изготовления 2 недели.&lt;/strong&gt;&lt;/span&gt;&lt;/span&gt;&lt;/p&gt;\r\n', 'Двери под заказ', '', '', ''),
(88, 1, 'Москитные сетки', '&lt;p&gt;&lt;span style=&quot;font-size:16px&quot;&gt;&amp;nbsp; &lt;span style=&quot;color:#000000&quot;&gt;Мы рады предложить вам наш ассортимент противомоскитных сеток. Предлагаемые нами антимоскитные сетки не только надежно защитят вас от насекомых, но и предотвратят попадание в вашу обитель тополиного пуха, легкого мусора, а также многих раздражителей растительного происхождения вызывающих аллергию.&lt;/span&gt;&lt;/span&gt;&lt;/p&gt;\r\n\r\n&lt;p style=&quot;text-align:center&quot;&gt;&lt;img alt=&quot;&quot; src=&quot;http://oknadveri.h1n.ru/image/catalog/steklopakety/224.jpg&quot; style=&quot;height:241px; width:262px&quot; /&gt;&lt;/p&gt;\r\n\r\n&lt;p style=&quot;text-align:center&quot;&gt;&lt;span style=&quot;color:#000080&quot;&gt;&lt;span style=&quot;font-size:20px&quot;&gt;&lt;strong&gt;Рамочная противомоскитная сетка&lt;/strong&gt;&lt;/span&gt;&lt;/span&gt;&lt;/p&gt;\r\n\r\n&lt;p&gt;&lt;span style=&quot;font-size:16px&quot;&gt;&amp;nbsp; &lt;span style=&quot;color:#000000&quot;&gt;Одна из самых распространенных конфигураций сеток - рамочная. Данная сетка является оптимальным вариантом в категории цена-качество. Она состоит из полотна (с виду напоминающего марлю серого цвета из прочного состава) изготовленного из стекловолокна на основе ПВХ, которое фиксируется специальным шнуром в алюминиевые (экструдированные) профиля по периметру полотна.&lt;/span&gt;&lt;/span&gt;&lt;/p&gt;\r\n\r\n&lt;p style=&quot;text-align:center&quot;&gt;&lt;span style=&quot;color:#000080&quot;&gt;&lt;span style=&quot;font-size:18px&quot;&gt;&lt;strong&gt;Рамочные сетки разделяют на три разновидности:&lt;/strong&gt;&lt;/span&gt;&lt;/span&gt;&lt;/p&gt;\r\n\r\n&lt;ol&gt;\r\n	&lt;li&gt;&lt;strong&gt;&lt;span style=&quot;color:#000000&quot;&gt;&lt;span style=&quot;font-size:16px&quot;&gt;Москитная сетка на уголках ( «карманы»)&lt;/span&gt;&lt;/span&gt;&lt;/strong&gt;&lt;/li&gt;\r\n	&lt;li&gt;&lt;strong&gt;&lt;span style=&quot;color:#000000&quot;&gt;&lt;span style=&quot;font-size:16px&quot;&gt;Москитная сетка на петлях (оконная и дверная)&lt;/span&gt;&lt;/span&gt;&lt;/strong&gt;&lt;/li&gt;\r\n	&lt;li&gt;&lt;strong&gt;&lt;span style=&quot;color:#000000&quot;&gt;&lt;span style=&quot;font-size:16px&quot;&gt;Москитная сетка анвис (в проем окна)&lt;/span&gt;&lt;/span&gt;&lt;/strong&gt;&lt;/li&gt;\r\n&lt;/ol&gt;\r\n\r\n&lt;p style=&quot;text-align:center&quot;&gt;&lt;span style=&quot;color:#000080&quot;&gt;&lt;span style=&quot;font-size:20px&quot;&gt;​&lt;strong&gt;Москитная сетка на уголках («карманы»)&lt;/strong&gt;&lt;/span&gt;&lt;/span&gt;&lt;/p&gt;\r\n\r\n&lt;p style=&quot;text-align:center&quot;&gt;&lt;img alt=&quot;&quot; src=&quot;http://oknadveri.h1n.ru/image/catalog/steklopakety/225.jpg&quot; style=&quot;height:236px; width:287px&quot; /&gt;&lt;/p&gt;\r\n\r\n&lt;p&gt;&lt;span style=&quot;font-size:16px&quot;&gt;&amp;nbsp; &lt;span style=&quot;color:#000000&quot;&gt;Противомоскитная сетка на уголках устанавливается на наружную сторону окна в специальные кармашки, заранее прикрученные к раме. Для этого нужно вставить сетку в верхние кармашки прижать к раме и опустить в нижние.&lt;/span&gt;&lt;/span&gt;&lt;/p&gt;\r\n\r\n&lt;p style=&quot;text-align:center&quot;&gt;&lt;span style=&quot;color:#000080&quot;&gt;&lt;span style=&quot;font-size:20px&quot;&gt;&lt;strong&gt;Оконная сетка на петлях&lt;/strong&gt;&lt;/span&gt;&lt;/span&gt;&lt;/p&gt;\r\n\r\n&lt;p style=&quot;text-align:center&quot;&gt;&lt;img alt=&quot;&quot; src=&quot;http://oknadveri.h1n.ru/image/catalog/steklopakety/226.jpg&quot; style=&quot;height:225px; width:241px&quot; /&gt;&lt;/p&gt;\r\n\r\n&lt;p&gt;&lt;span style=&quot;font-size:16px&quot;&gt;&amp;nbsp; &lt;span style=&quot;color:#000000&quot;&gt;Оконная сетка на петлях монтируется по принципу дверной створки. С одной стороны прикручиваются петли с другой защелка для фиксации сетки на окне. Место ее расположения снаружи окна.&lt;/span&gt;&lt;/span&gt;&lt;/p&gt;\r\n\r\n&lt;p style=&quot;text-align:center&quot;&gt;&lt;span style=&quot;color:#000080&quot;&gt;&lt;span style=&quot;font-size:20px&quot;&gt;&lt;strong&gt;Дверная сетка на петлях&lt;/strong&gt;&lt;/span&gt;&lt;/span&gt;&lt;/p&gt;\r\n\r\n&lt;p style=&quot;text-align:center&quot;&gt;&lt;img alt=&quot;&quot; src=&quot;http://oknadveri.h1n.ru/image/catalog/steklopakety/227.jpg&quot; style=&quot;height:230px; width:218px&quot; /&gt;&lt;/p&gt;\r\n\r\n&lt;p&gt;&lt;span style=&quot;color:#000000&quot;&gt;&lt;span style=&quot;font-size:16px&quot;&gt;&amp;nbsp; Дверная москитная сетка на петлях сходна с оконной сеткой, но изготовляется из специального более прочного алюминиевого профиля. Монтируется, данная сетка с обратной стороны открывания.&lt;/span&gt;&lt;/span&gt;&lt;/p&gt;\r\n\r\n&lt;p style=&quot;text-align:center&quot;&gt;&lt;span style=&quot;color:#000080&quot;&gt;&lt;span style=&quot;font-size:20px&quot;&gt;&lt;strong&gt;Москитная сетка анвис&lt;/strong&gt;&lt;/span&gt;&lt;/span&gt;&lt;/p&gt;\r\n\r\n&lt;p style=&quot;text-align:center&quot;&gt;&lt;img alt=&quot;&quot; src=&quot;http://oknadveri.h1n.ru/image/catalog/steklopakety/228.jpg&quot; style=&quot;height:200px; width:225px&quot; /&gt;&amp;nbsp;&amp;nbsp; &amp;nbsp; &amp;nbsp;&amp;nbsp;&lt;img alt=&quot;&quot; src=&quot;http://oknadveri.h1n.ru/image/catalog/steklopakety/229.jpg&quot; style=&quot;height:200px; width:201px&quot; /&gt;&amp;nbsp;&amp;nbsp; &amp;nbsp; &amp;nbsp;&amp;nbsp;&lt;img alt=&quot;&quot; src=&quot;http://oknadveri.h1n.ru/image/catalog/steklopakety/230.jpg&quot; style=&quot;height:200px; width:234px&quot; /&gt;&lt;/p&gt;\r\n\r\n&lt;p&gt;&lt;span style=&quot;font-size:16px&quot;&gt;&amp;nbsp; &lt;span style=&quot;color:#000000&quot;&gt;Москитная сетка анвис не требует специального монтажа, так как просто вставляется в проем окна и фиксируется эксцентриками (специальными креплениями).&lt;/span&gt;&lt;/span&gt;&lt;/p&gt;\r\n\r\n&lt;p style=&quot;text-align:center&quot;&gt;&lt;span style=&quot;color:#FF0000&quot;&gt;&lt;span style=&quot;font-size:20px&quot;&gt;&lt;strong&gt;У нас Вы можете заказать новую москитную сетку, а также отремонтировать старую.&lt;/strong&gt; &lt;strong&gt;Стоимость москитной сетки зависит от типа и площади.&lt;/strong&gt;&lt;/span&gt;&lt;/span&gt;&lt;/p&gt;\r\n', 'Москитные сетки', '', '', ''),
(65, 1, 'Двери', '&lt;p&gt;&lt;span style=&quot;font-size:16px&quot;&gt;&amp;nbsp; &lt;span style=&quot;color:#000000&quot;&gt;&amp;nbsp;Ни одно помещение не обходится без дверей: офисные, входные, межкомнатные, они огораживают необходимое и задуманное дизайнером пространство, придавая уют и завершая общую картинку в интерьере. Технологии движутся неумолимо вперед и сегодня двери производятся не только из дерева и металла, а и в совокупности с синтетическими и пластиковыми материалами, древесным шпоном. Это делает их еще доступнее и облегчает обслуживание в период эксплуатации.&lt;/span&gt;&lt;/span&gt;&lt;/p&gt;\r\n\r\n&lt;p style=&quot;text-align:center&quot;&gt;&lt;span style=&quot;color:#000080&quot;&gt;&lt;span style=&quot;font-size:20px&quot;&gt;&lt;strong&gt;МЕЖКОМНАТНЫЕ ДВЕРИ&lt;/strong&gt;&lt;/span&gt;&lt;/span&gt;&lt;/p&gt;\r\n\r\n&lt;p&gt;&lt;span style=&quot;font-size:16px&quot;&gt;&amp;nbsp; &amp;nbsp;&lt;span style=&quot;color:#000000&quot;&gt;Без межкомнатных дверей невозможно представить ни один интерьер. Даже в популярных сегодня квартирах-студиях, представляющих собой объединение нескольких комнат в одно большое открытое пространство, имеются особые зоны, требующие покой и ограждение.&amp;nbsp;&lt;/span&gt;&lt;/span&gt;&lt;br /&gt;\r\n&lt;span style=&quot;color:#000000&quot;&gt;&lt;span style=&quot;font-size:16px&quot;&gt;&amp;nbsp;&amp;nbsp;&amp;nbsp;При выборе межкомнатных дверей покупатели, как правило, обращают внимание на её цвет, технические характеристики. Но помимо этого очень важно учитывать и декоративные характеристики, то, насколько она адаптирована под окружающий дизайн, создавая особую атмосферу комфорта и уюта Вашего жилья.&lt;br /&gt;\r\n&amp;nbsp;&amp;nbsp;&amp;nbsp;&lt;/span&gt;&lt;/span&gt;&lt;span style=&quot;color:#000000&quot;&gt;&lt;span style=&quot;font-size:16px&quot;&gt;Современный рынок интерьерной продукции предлагает широкий ассортимент межкомнатных дверей. Они отличаются конструкционными особенностями, габаритами, эстетическими решениями, материалами изготовления. Лидирующие позиции в последние годы занимают изделия из МДФ. Они сочетают в себе оптимальное соотношение цены и качества, обладают уникальными эксплуатационными свойствами, отлично подходят для решения различных задач. В чем же заключаются преимущества и особенности современных межкомнатных дверей из МДФ? Какие модели предлагаются ведущими производителями?&lt;/span&gt;&lt;/span&gt;&lt;/p&gt;\r\n\r\n&lt;p style=&quot;text-align:center&quot;&gt;&lt;span style=&quot;color:#000080&quot;&gt;&lt;span style=&quot;font-size:18px&quot;&gt;&lt;strong&gt;Ключевые преимущества дверной продукции из МДФ&lt;/strong&gt;&lt;/span&gt;&lt;/span&gt;&lt;/p&gt;\r\n\r\n&lt;p&gt;&lt;span style=&quot;color:#000000&quot;&gt;&lt;span style=&quot;font-size:16px&quot;&gt;&amp;nbsp; &amp;nbsp;Основными достоинствами представленных изделий являются следующие факторы:&lt;/span&gt;&lt;/span&gt;&lt;/p&gt;\r\n\r\n&lt;ul&gt;\r\n	&lt;li&gt;&lt;strong&gt;&lt;span style=&quot;color:#000000&quot;&gt;&lt;span style=&quot;font-size:16px&quot;&gt;высокий уровень экологической безопасности;&lt;/span&gt;&lt;/span&gt;&lt;/strong&gt;&lt;/li&gt;\r\n	&lt;li&gt;&lt;strong&gt;&lt;span style=&quot;color:#000000&quot;&gt;&lt;span style=&quot;font-size:16px&quot;&gt;превосходные показатели звукоизоляции и теплоизоляции;&lt;/span&gt;&lt;/span&gt;&lt;/strong&gt;&lt;/li&gt;\r\n	&lt;li&gt;&lt;strong&gt;&lt;span style=&quot;color:#000000&quot;&gt;&lt;span style=&quot;font-size:16px&quot;&gt;хорошая прочность и износоустойчивость;&lt;/span&gt;&lt;/span&gt;&lt;/strong&gt;&lt;/li&gt;\r\n	&lt;li&gt;&lt;strong&gt;&lt;span style=&quot;color:#000000&quot;&gt;&lt;span style=&quot;font-size:16px&quot;&gt;большой выбор дизайнерских и цветовых решений;&lt;/span&gt;&lt;/span&gt;&lt;/strong&gt;&lt;/li&gt;\r\n	&lt;li&gt;&lt;strong&gt;&lt;span style=&quot;color:#000000&quot;&gt;&lt;span style=&quot;font-size:16px&quot;&gt;устойчивость к негативному воздействию ультрафиолета, влаги и прочих аспектов;&lt;/span&gt;&lt;/span&gt;&lt;/strong&gt;&lt;/li&gt;\r\n	&lt;li&gt;&lt;strong&gt;&lt;span style=&quot;color:#000000&quot;&gt;&lt;span style=&quot;font-size:16px&quot;&gt;небольшой вес, способствующий простой установке;&lt;/span&gt;&lt;/span&gt;&lt;/strong&gt;&lt;/li&gt;\r\n	&lt;li&gt;&lt;strong&gt;&lt;span style=&quot;color:#000000&quot;&gt;&lt;span style=&quot;font-size:16px&quot;&gt;невысокая стоимость по сравнению с аналогами из натурального массива.​&lt;/span&gt;&lt;/span&gt;&lt;/strong&gt;&lt;/li&gt;\r\n&lt;/ul&gt;\r\n\r\n&lt;p style=&quot;text-align:center&quot;&gt;&lt;span style=&quot;color:#000080&quot;&gt;&lt;span style=&quot;font-size:18px&quot;&gt;&lt;strong&gt;Разновидности межкомнатных дверей из МДФ&lt;/strong&gt;&lt;/span&gt;&lt;/span&gt;&lt;/p&gt;\r\n\r\n&lt;p&gt;&lt;span style=&quot;font-size:16px&quot;&gt;&amp;nbsp; &lt;span style=&quot;color:#000000&quot;&gt;&amp;nbsp;Наиболее качественными считаются&amp;nbsp;&lt;/span&gt;&lt;span style=&quot;color:#0000FF&quot;&gt;&lt;strong&gt;межкомнатные двери МДФ&lt;/strong&gt;&lt;/span&gt;&lt;span style=&quot;color:#008000&quot;&gt;&amp;nbsp;&lt;strong&gt;с ламинированным покрытием&lt;/strong&gt;.&lt;/span&gt;&lt;span style=&quot;color:#000000&quot;&gt; Они представлены на рынке во множестве оттенков. Это позволяет подобрать вариант, идеально соответствующий особенностям определенного интерьера. Особенностью ламинированной продукции является устойчивость к воздействию влаги. Такие изделия не деформируются при частых температурных перепадах, что позволяет использовать их для обустройства дверных проемов в ванных комнатах, санузлах и на кухнях.&lt;/span&gt;&lt;/span&gt;&lt;br /&gt;\r\n&lt;span style=&quot;color:#000000&quot;&gt;&lt;span style=&quot;font-size:16px&quot;&gt;&amp;nbsp; &amp;nbsp;Еще один популярный тип дверей из&lt;/span&gt;&lt;/span&gt;&amp;nbsp;&lt;strong&gt;&lt;span style=&quot;color:#0000FF&quot;&gt;&lt;span style=&quot;font-size:16px&quot;&gt;бруса хвойных пород &lt;/span&gt;+&lt;span style=&quot;font-size:16px&quot;&gt; МДФ&lt;/span&gt;&lt;/span&gt;&lt;/strong&gt;&lt;span style=&quot;color:#000000&quot;&gt;&lt;span style=&quot;font-size:16px&quot;&gt; – модели, покрытые&lt;/span&gt;&lt;/span&gt;&lt;span style=&quot;color:#0000FF&quot;&gt;&lt;span style=&quot;font-size:16px&quot;&gt;&lt;strong&gt; &lt;/strong&gt;&lt;/span&gt;&lt;/span&gt;&lt;span style=&quot;color:#008000&quot;&gt;&lt;span style=&quot;font-size:16px&quot;&gt;&lt;strong&gt;шпоном, экошпоном&lt;/strong&gt;&lt;/span&gt;&lt;/span&gt;&lt;span style=&quot;color:#000000&quot;&gt;&lt;span style=&quot;font-size:16px&quot;&gt;. Полотна производятся из дешевого, но прочного основания. Внешние поверхности обрабатываются тонким шпоном, полученным из ценных пород древесины. Благодаря этому конструкции приобретают превосходный внешний вид, а их стоимость остается максимально доступной. Шпон также имеет множество оттенков и текстур. Он гарантирует длительный срок эксплуатации.&lt;/span&gt;&lt;/span&gt;&lt;/p&gt;\r\n\r\n&lt;p style=&quot;text-align:center&quot;&gt;&lt;span style=&quot;font-size:18px&quot;&gt;&lt;strong&gt;&lt;span style=&quot;color:#FF0000&quot;&gt;Независимо от материала изготовления дверных блоков, специалисты рекомендуют подбирать изделия под цвет мебели, пола или иных предметов интерьера. Это позволит достичь максимальной гармоничности жилого помещения!!!&lt;/span&gt;&lt;/strong&gt;&lt;/span&gt;&lt;/p&gt;\r\n\r\n&lt;p style=&quot;text-align:center&quot;&gt;&lt;span style=&quot;color:#000080&quot;&gt;&lt;span style=&quot;font-size:20px&quot;&gt;&lt;strong&gt;ВХОДНЫЕ ДВЕРИ&lt;/strong&gt;&lt;/span&gt;&lt;/span&gt;&lt;/p&gt;\r\n\r\n&lt;p&gt;&lt;span style=&quot;font-size:16px&quot;&gt;&amp;nbsp;&lt;span style=&quot;color:#000000&quot;&gt; &amp;nbsp;Все люди, проживающие в частном доме, коттедже или квартире хотят чувствовать себя в полной безопасности, а также иметь возможность надежно защитить свое жилье от посягательств посторонних. &amp;nbsp; &amp;nbsp; &amp;nbsp; &amp;nbsp;Поэтому при выборе двери нужно учитывать не только эстетичный вид двери, тепло- и звукоизоляцию, а также прочность, устойчивость к взлому, защиту от атмосферного воздействия, посторонних запахов из подъезда, улицы.&lt;/span&gt;&amp;nbsp;&lt;br /&gt;\r\n&amp;nbsp; &amp;nbsp;&lt;span style=&quot;color:#000000&quot;&gt;Если говорить о материалах, то несомненным лидером продаж выступают, конечно же, металлические конструкции, изготовленные из стали толщиной от 1,5 мм и выше, с противосъёмными петлями, штырями и надежной фурнитурой. Дополнительные преимущества:&lt;/span&gt;&lt;/span&gt;&lt;/p&gt;\r\n\r\n&lt;ul&gt;\r\n	&lt;li&gt;&lt;strong&gt;&lt;span style=&quot;color:#000000&quot;&gt;&lt;span style=&quot;font-size:16px&quot;&gt;эстетическая привлекательность (за счет красивой отделки из МДФ накладок или же нанесения порошкового покрытия);&lt;/span&gt;&lt;/span&gt;&lt;/strong&gt;&lt;/li&gt;\r\n	&lt;li&gt;&lt;strong&gt;&lt;span style=&quot;color:#000000&quot;&gt;&lt;span style=&quot;font-size:16px&quot;&gt;хорошая огнестойкость и способность выдерживать в течение долгого времени воздействие открытого пламени при пожаре;&lt;/span&gt;&lt;/span&gt;&lt;/strong&gt;&lt;/li&gt;\r\n	&lt;li&gt;&lt;strong&gt;&lt;span style=&quot;color:#000000&quot;&gt;&lt;span style=&quot;font-size:16px&quot;&gt;устойчивость к высоким и низким температурам и высокой влажности, перепадам атмосферного давления;&lt;/span&gt;&lt;/span&gt;&lt;/strong&gt;&lt;/li&gt;\r\n	&lt;li&gt;&lt;strong&gt;&lt;span style=&quot;color:#000000&quot;&gt;&lt;span style=&quot;font-size:16px&quot;&gt;улучшенная звуко- и теплоизоляция (всё внутреннее&amp;nbsp; пространство дверного полотна заполняется теплоизоляционным материалом. По всему периметру двери устанавливается уплотнитель, который обеспечивает полную герметичность двери).&lt;/span&gt;&lt;/span&gt;&lt;/strong&gt;&lt;/li&gt;\r\n&lt;/ul&gt;\r\n\r\n&lt;p style=&quot;text-align:center&quot;&gt;&lt;span style=&quot;font-size:18px&quot;&gt;&lt;strong&gt;&lt;span style=&quot;color:#000000&quot;&gt;&amp;nbsp; &lt;/span&gt;&lt;span style=&quot;color:#FF0000&quot;&gt;&amp;nbsp;Благодаря этому, входная дверь будет непреодолимой преградой для взлома, холодного воздуха, пыли и внешних шумов. Такая дверь отлично сохраняет красоту на протяжении многих лет!!!&lt;/span&gt;&lt;/strong&gt;&lt;/span&gt;&lt;/p&gt;\r\n\r\n&lt;p&gt;&amp;nbsp;&lt;/p&gt;\r\n', 'Двери, купить с доставкой на дом в магазине &quot;Окна Двери&quot;', 'Двери', '', 'Двери, купить, Горловка');
INSERT INTO `oc_category_description` (`category_id`, `language_id`, `name`, `description`, `meta_title`, `meta_h1`, `meta_description`, `meta_keyword`) VALUES
(62, 1, 'Окна', '&lt;p style=&quot;text-align:center&quot;&gt;&lt;span style=&quot;color:#FF0000&quot;&gt;&lt;span style=&quot;font-size:20px&quot;&gt;&lt;strong&gt;Вам надоели старые окна с деревянными рамами? Надоел шум с улицы и сквозняки? Пришло время все менять! Красивые, удобные, простые в уходе окна сделают Ваш дом намного уютнее. У нас Вы найдёте ассортимент оконных профилей от эконом- до премиум-класса!&lt;/strong&gt;&lt;/span&gt;&lt;/span&gt;&lt;/p&gt;\r\n\r\n&lt;p style=&quot;text-align:center&quot;&gt;&lt;span style=&quot;color:#FF0000&quot;&gt;&lt;span style=&quot;font-size:20px&quot;&gt;&lt;strong&gt;Заказать окна ПВХ Вы можете в нашей компании. Мы являемся официальным представителем завода изготовителя и находимся на рынке более 15 лет, поэтому точно знаем, какие окна подойдут именно Вам.&lt;/strong&gt;&lt;/span&gt;&lt;/span&gt;&lt;/p&gt;\r\n\r\n&lt;p style=&quot;text-align:center&quot;&gt;&lt;span style=&quot;font-size:22px&quot;&gt;&lt;span style=&quot;color:#000080&quot;&gt;&lt;strong&gt;Особенности ПВХ профилей&lt;/strong&gt;&lt;/span&gt;&lt;/span&gt;&lt;/p&gt;\r\n\r\n&lt;p&gt;&lt;span style=&quot;font-size:16px&quot;&gt;&amp;nbsp; &amp;nbsp;&lt;span style=&quot;color:#000000&quot;&gt;Надёжность и добротность&lt;strong&gt; ПВХ-профилей&lt;/strong&gt; проверены временем. Простота и удобство эксплуатации оконных пластиковых конструкций обеспечивают современные технологические разработки.&amp;nbsp;&lt;/span&gt;&lt;br /&gt;\r\n&amp;nbsp;&amp;nbsp;&amp;nbsp;&lt;span style=&quot;color:#000000&quot;&gt;Современные оконные блоки из &lt;strong&gt;ПВХ-профилей&lt;/strong&gt; герметичные конструкции,&amp;nbsp; сохраняют в помещениях комфортную температуру, создают уют, повышают эстетику интерьера, защищают комнаты от внешних шумов, снижают проникновение уличной пыли, автомобильных газов, токсичных промышленных выбросов.&lt;/span&gt;&lt;br /&gt;\r\n&amp;nbsp;&amp;nbsp;&amp;nbsp;&lt;span style=&quot;color:#000000&quot;&gt;Модификации конструкций, разнообразие фурнитуры дают возможность установить такое окно из пластика, которое будет полностью соответствовать требованиям заказчика к техническим характеристикам ПВХ-блока, соответствовать интерьеру и дизайну помещения.&lt;/span&gt;&lt;br /&gt;\r\n&amp;nbsp;&amp;nbsp;&lt;strong&gt;&amp;nbsp;&lt;/strong&gt;&lt;span style=&quot;color:#000000&quot;&gt;&lt;strong&gt;Установка пластикового окна&lt;/strong&gt; – выгодное вложение средств. Гарантийные сроки эксплуатации в десятки лет снимают проблемы ремонта, замены комплектующих, переустановки всей конструкции.&lt;/span&gt;&lt;/span&gt;&lt;/p&gt;\r\n\r\n&lt;p style=&quot;text-align:center&quot;&gt;&lt;span style=&quot;font-size:22px&quot;&gt;&lt;span style=&quot;color:#000080&quot;&gt;&lt;strong&gt;Как правильно выбрать и купить окна ПВХ и как сказываются те или иные параметры на их характеристиках?&lt;/strong&gt;&lt;/span&gt;&lt;/span&gt;&lt;/p&gt;\r\n\r\n&lt;ul&gt;\r\n	&lt;li&gt;&lt;span style=&quot;color:#000000&quot;&gt;&lt;span style=&quot;font-size:16px&quot;&gt;&lt;strong&gt;«Ширина» пластикового профиля.&lt;/strong&gt; Чем шире профиль, тем лучшую теплоизоляцию он обеспечит.&lt;/span&gt;&lt;/span&gt;&lt;/li&gt;\r\n	&lt;li&gt;&lt;span style=&quot;color:#000000&quot;&gt;&lt;span style=&quot;font-size:16px&quot;&gt;&lt;strong&gt;Качество фурнитуры.&lt;/strong&gt; Только качественная фурнитура обеспечит долгую службу оконной конструкции.&lt;/span&gt;&lt;/span&gt;&lt;/li&gt;\r\n	&lt;li&gt;&lt;span style=&quot;color:#000000&quot;&gt;&lt;span style=&quot;font-size:16px&quot;&gt;&lt;strong&gt;Стеклопакеты.&lt;/strong&gt; Поскольку стеклопакет занимает почти всю площадь окна, необходимо учитывать, что от него зависят важнейшие эксплуатационные качества оконной конструкции: как внешний вид окна, так и микроклимат в помещении, а также и расходы на кондиционирование и отопление.&lt;/span&gt;&lt;/span&gt;&lt;/li&gt;\r\n	&lt;li&gt;&lt;span style=&quot;color:#000000&quot;&gt;&lt;span style=&quot;font-size:16px&quot;&gt;&lt;strong&gt;Монтаж окон ПВХ.&lt;/strong&gt; Лучше всего, если монтаж окон будут осуществлять обученные монтажники.&amp;nbsp;&amp;nbsp;&lt;/span&gt;&lt;/span&gt;&lt;/li&gt;\r\n&lt;/ul&gt;\r\n\r\n&lt;p style=&quot;text-align:center&quot;&gt;&lt;span style=&quot;font-size:24px&quot;&gt;&lt;span style=&quot;color:#0000FF&quot;&gt;&lt;strong&gt;Цены на окна и балконный блок&lt;/strong&gt;&lt;/span&gt;&lt;/span&gt;&lt;/p&gt;\r\n\r\n&lt;p style=&quot;text-align:center&quot;&gt;&lt;img alt=&quot;&quot; src=&quot;http://oknadveri.h1n.ru/image/catalog/stati/06.jpg&quot; style=&quot;height:282px; width:883px&quot; /&gt;&lt;/p&gt;\r\n\r\n&lt;p style=&quot;text-align:center&quot;&gt;&lt;span style=&quot;font-size:24px&quot;&gt;&lt;span style=&quot;color:#FF0000&quot;&gt;&lt;strong&gt;Точный расчет стоимости пластиковых окон и дверей Вы можете узнать воспользовавшись контактами на сайте для получения исчерпывающей информации. Конечную стоимость можно узнать по факту осуществления замеров и утверждения конфигурации изделия и аксессуаров: профиль, фурнитура, стеклопакет, подоконник, отлив, москитная сетка.&lt;/strong&gt;&lt;/span&gt;&lt;/span&gt;&lt;/p&gt;\r\n\r\n&lt;p style=&quot;text-align:center&quot;&gt;&lt;span style=&quot;font-size:24px&quot;&gt;&lt;span style=&quot;color:#FF0000&quot;&gt;&lt;strong&gt;Компания&amp;nbsp;«Окна Двери» гарантирует компетентную консультацию, профессиональный замер, качественную установку, гарантию и хорошее настроение! С нетерпением ждём Ваших заявок!&lt;/strong&gt;&lt;/span&gt;&lt;/span&gt;&lt;/p&gt;\r\n\r\n&lt;p style=&quot;text-align:center&quot;&gt;&lt;span style=&quot;font-size:22px&quot;&gt;&lt;span style=&quot;color:#000080&quot;&gt;&lt;strong&gt;Как быстро заказать доставку и монтаж окон, остекление и обшивку балкона или лоджии?&lt;/strong&gt;&lt;/span&gt;&lt;/span&gt;&lt;/p&gt;\r\n\r\n&lt;p style=&quot;text-align:center&quot;&gt;&lt;span style=&quot;color:#000080&quot;&gt;&lt;span style=&quot;font-size:20px&quot;&gt;&lt;strong&gt;1-й этап&lt;/strong&gt;&lt;/span&gt;&lt;/span&gt;&lt;/p&gt;\r\n\r\n&lt;p style=&quot;text-align: center;&quot;&gt;&lt;span style=&quot;font-size:16px&quot;&gt;&lt;img alt=&quot;&quot; src=&quot;http://oknadveri.h1n.ru/image/catalog/stati/07.jpg&quot; style=&quot;float:left; height:124px; width:149px&quot; /&gt;&amp;nbsp; &amp;nbsp;&lt;span style=&quot;color:#000000&quot;&gt;Звонок нашему представителю, менеджеру&lt;/span&gt; &lt;strong&gt;&lt;span style=&quot;color:#FF0000&quot;&gt;095-207-57-08, 071-315-36-84, 095-203-77-72, 071-315-36-85&lt;/span&gt;&lt;/strong&gt;&lt;span style=&quot;color:#000000&quot;&gt;, они предоставят вам качественную информацию и подскажут какой профиль, фурнитуру, стеклопакет лучше приобрести.&lt;br /&gt;\r\n&amp;nbsp;&amp;nbsp;&amp;nbsp;Также менеджер предоставит полную информацию по правильному выбору металлопластиковых окон.&lt;br /&gt;\r\n&amp;nbsp;&amp;nbsp;&amp;nbsp;Менеджер сможет предварительно просчитать на основе примерных размеров (ширину и высоту по откосам вашего старого окна, или высоту и ширину вашего балкона, лоджии по перилах) стоимость товаров и работ.&lt;/span&gt;&lt;br /&gt;\r\n&lt;br /&gt;\r\n&amp;nbsp;&lt;/span&gt;&lt;span style=&quot;font-size:20px&quot;&gt;&amp;nbsp;&lt;strong&gt;&lt;span style=&quot;color:#FF0000&quot;&gt;&amp;nbsp;Это очень важно, поскольку цена и правильный выбор профиля, фурнитуры, сильно отобразятся на комфорте и уюте вашего дома, и надолго продлит срок службы окон пвх, а правильно выбранный стеклопакет создаст тишину и теплоту в вашем доме. Это то, чего мы ждем от замены окон!&lt;/span&gt;&lt;/strong&gt;&lt;/span&gt;&lt;/p&gt;\r\n\r\n&lt;p style=&quot;text-align:center&quot;&gt;&lt;span style=&quot;color:#000080&quot;&gt;&lt;span style=&quot;font-size:20px&quot;&gt;&lt;strong&gt;2-й этап&lt;/strong&gt;&lt;/span&gt;&lt;/span&gt;&lt;/p&gt;\r\n\r\n&lt;p&gt;&lt;span style=&quot;font-size:16px&quot;&gt;&lt;img alt=&quot;&quot; src=&quot;http://oknadveri.h1n.ru/image/catalog/stati/08.jpg&quot; style=&quot;float:left; height:193px; width:148px&quot; /&gt;&amp;nbsp; &amp;nbsp;&lt;span style=&quot;color:#000000&quot;&gt;Если цена Вам подходит, не нужно сразу же ехать к нам в офис, а лучше вызвать замерщика по номерам телефона:&lt;strong&gt; &lt;/strong&gt;&lt;/span&gt;&lt;span style=&quot;color:#FF0000&quot;&gt;&lt;strong&gt;095-207-57-08&lt;/strong&gt;&lt;/span&gt;, &lt;strong&gt;&lt;span style=&quot;color:#FF0000&quot;&gt;071-315-36-84&lt;/span&gt;&lt;/strong&gt;, &lt;span style=&quot;color:#FF0000&quot;&gt;&lt;strong&gt;095-203-77-72&lt;/strong&gt;&lt;/span&gt;, &lt;span style=&quot;color:#FF0000&quot;&gt;&lt;strong&gt;071-315-36-85&lt;/strong&gt;&lt;/span&gt;.&lt;br /&gt;\r\n&amp;nbsp;&amp;nbsp;&lt;span style=&quot;color:#000000&quot;&gt;&amp;nbsp;Замерщик сможет предоставить всю информацию по окнам пвх, сделать точный просчет, чтобы Вы смогли заключить договор на месте и ни куда не ехать, не тратить драгоценное время.&lt;br /&gt;\r\n&amp;nbsp;&amp;nbsp;&amp;nbsp;Вызов замерщика при заказе окон по Горловке и ДНР бесплатно, если окна вы не заказываете – цена составит 100 руб.&lt;/span&gt;&lt;/span&gt;&lt;/p&gt;\r\n\r\n&lt;p style=&quot;text-align:center&quot;&gt;&lt;span style=&quot;font-size:20px&quot;&gt;&lt;span style=&quot;color:#FF0000&quot;&gt;&lt;strong&gt;В пластиковых окнах фурнитура играет очень важную роль. От ее качественных характеристик, прочности, долговечности и функциональности зависит насколько хорошим будет окно в целом. Фурнитура отвечает за крепеж, операции открывания, функции проветривания и удержания под углом стеклопакета и другие.&lt;/strong&gt;&lt;/span&gt;&lt;/span&gt;&lt;/p&gt;\r\n\r\n&lt;p style=&quot;text-align:center&quot;&gt;&lt;span style=&quot;font-size:24px&quot;&gt;&lt;span style=&quot;color:#000080&quot;&gt;&lt;strong&gt;Фурнитура для пластиковых окон (с которой мы работаем)&lt;/strong&gt;&lt;/span&gt;&lt;/span&gt;&lt;/p&gt;\r\n\r\n&lt;p&gt;&lt;span style=&quot;font-size:20px&quot;&gt;&lt;strong&gt;&lt;span style=&quot;color:#000080&quot;&gt;Немецк&lt;/span&gt;&lt;img alt=&quot;&quot; src=&quot;http://oknadveri.h1n.ru/image/catalog/stati/09.jpg&quot; style=&quot;float:left; height:60px; width:146px&quot; /&gt;&lt;span style=&quot;color:#000080&quot;&gt;ая фурнитура ROTO&lt;/span&gt;&lt;/strong&gt;&lt;/span&gt;&lt;/p&gt;\r\n\r\n&lt;p&gt;&lt;span style=&quot;color:#000000&quot;&gt;&lt;span style=&quot;font-size:16px&quot;&gt;&amp;nbsp; &amp;nbsp;В 1935 году изобретатель и рационализатор Вильхельм Франк вместе со своей женой Эльфридой основал фирму&lt;strong&gt; ROTO.&lt;/strong&gt; Началом его деятельности послужила идея по созданию поворотно-откидной фурнитуры &lt;strong&gt;ROTO.&lt;/strong&gt; Это была первая промышленно произведенная фурнитура, дающая возможность не только повернуть, но и откинуть окно.&lt;/span&gt;&lt;/span&gt;&lt;br /&gt;\r\n&lt;span style=&quot;color:#000000&quot;&gt;&lt;span style=&quot;font-size:16px&quot;&gt;&amp;nbsp;&amp;nbsp;&amp;nbsp;На сегодняшний день почти половина всей продукции &lt;strong&gt;ROTO&lt;/strong&gt; экспортируется в Восточную Европу. Товарный знак &lt;strong&gt;ROTO&lt;/strong&gt; защищен и сертифицирован. Логотип &lt;strong&gt;&quot;ROTO&quot; &lt;/strong&gt;на оконных и дверных приборах подтверждает, что фурнитура получена непосредственно от производителя из Германии. Подделка исключается.&lt;/span&gt;&lt;/span&gt;&lt;br /&gt;\r\n&lt;span style=&quot;color:#000000&quot;&gt;&lt;span style=&quot;font-size:16px&quot;&gt;&lt;strong&gt;&amp;nbsp;&amp;nbsp;&amp;nbsp;ROTO– &lt;/strong&gt;это современный подход к комплектации окон. Базовый комплект &lt;strong&gt;Roto NT&lt;/strong&gt; уже является противовзломным. Используя стандартный набор элементов, завод-изготовитель может собрать экономичный типовой вид окна. &amp;nbsp;Все ответные планки имеют одинаковые оси крепления шурупов, все варианты запорных цапф комбинируются с любыми ответными планками. Новое покрытие титаново-серебристого цвета RotoSil обеспечивает высокую антикоррозийную устойчивость фурнитуры.&lt;/span&gt;&lt;/span&gt;&lt;/p&gt;\r\n\r\n&lt;p&gt;&lt;strong&gt;&lt;img alt=&quot;&quot; src=&quot;http://oknadveri.h1n.ru/image/catalog/stati/010.jpg&quot; style=&quot;float:left; height:113px; width:200px&quot; /&gt;&lt;span style=&quot;font-size:20px&quot;&gt;&lt;span style=&quot;color:#000080&quot;&gt;AXOR INDUSTRY&lt;/span&gt;&lt;/span&gt;&lt;/strong&gt;&lt;/p&gt;\r\n\r\n&lt;p&gt;&lt;span style=&quot;font-size:16px&quot;&gt;&amp;nbsp; &lt;span style=&quot;color:#000000&quot;&gt;&amp;nbsp;Начиная с 2006 года, компания &lt;strong&gt;AXOR INDUSTRY&lt;/strong&gt; прошла большой путь от дистрибуции фурнитуры до самостоятельного производителя с международным именем. Сегодня отличная продукция этой компании занимает 7% рынка оконных и дверных фурнитур и&amp;nbsp; успешно работает на рынке Восточной Европы, уверенно набирает обороты выпускаемой продукции и активно завоевывает рынок. Сегодня в активе &lt;strong&gt;AXOR INDUSTRY&lt;/strong&gt; – собственные современные заводы в странах СНГ полного цикла по производству.&lt;/span&gt;&lt;/span&gt;&lt;/p&gt;\r\n\r\n&lt;p&gt;&lt;span style=&quot;color:#000000&quot;&gt;&lt;span style=&quot;font-size:16px&quot;&gt;Оконная фурнитура постоянно подвержена негативным факторам окружающей среды. Учитывая это, компания &lt;strong&gt;AXOR INDUSTRY&lt;/strong&gt; разработала уникальное покрытие Total Protect Technology. Специальное запатентованное защитное покрытие фурнитуры &lt;strong&gt;AXOR&lt;/strong&gt; обеспечивает высокую устойчивость к появлению коррозии на протяжении всего срока эксплуатации.&lt;/span&gt;&lt;/span&gt;&lt;/p&gt;\r\n\r\n&lt;p style=&quot;text-align:center&quot;&gt;&lt;span style=&quot;font-size:24px&quot;&gt;&lt;span style=&quot;color:#000080&quot;&gt;&lt;strong&gt;Профиля ПВХ (с которыми мы работаем)&lt;/strong&gt;&lt;/span&gt;&lt;/span&gt;&lt;/p&gt;\r\n\r\n&lt;p&gt;&lt;span style=&quot;font-size:20px&quot;&gt;&lt;span style=&quot;color:#000080&quot;&gt;&lt;strong&gt;Пластиков&lt;/strong&gt;&lt;u&gt;&lt;strong&gt;&lt;img alt=&quot;&quot; src=&quot;http://oknadveri.h1n.ru/image/catalog/stati/011.jpg&quot; style=&quot;float:left; height:70px; width:150px&quot; /&gt;&lt;/strong&gt;&lt;/u&gt;&lt;strong&gt;ые окна из оконного профиля Aluplas&lt;/strong&gt;&lt;/span&gt;&lt;/span&gt;&lt;span style=&quot;font-size:16px&quot;&gt;&lt;span style=&quot;color:#000080&quot;&gt;&lt;strong&gt;&amp;nbsp;&lt;/strong&gt;&lt;/span&gt;&lt;/span&gt;&lt;/p&gt;\r\n\r\n&lt;p&gt;&lt;span style=&quot;font-size:16px&quot;&gt;&amp;nbsp; &amp;nbsp;&lt;span style=&quot;color:#000000&quot;&gt;Компания &lt;strong&gt;Aluplast&lt;/strong&gt; была основанна в 1982 году г-ном Манфредом Юргентом Зайтцом. Головной офис и основное предприятие группы aluplast находятся в городе Карлсруэ (Германия). В 1989 году была осуществленна покупка фирмы Golde (Голдэ) — баварского производителя профильных систем марки Ideal, давшей имя современным сериям профильных систем фирмы &lt;strong&gt;Аluplast.&lt;/strong&gt; Для подготовки дальнейшей экспансии на рынке в 1990 году был сооружён новый производственный комплекс в г. Эттлинген.&amp;nbsp; Выход на международную арену состоялся в 1995 г в польском городе Познань, где было основанно первое производство за пределами Германии. В 1997 году &lt;strong&gt;Aluplast&lt;/strong&gt; стал владельцем австрийской фирмы Intertec (Интертек), переименованной в 2000 году в &lt;strong&gt;Aluplast Austria GmbH&lt;/strong&gt;.&lt;/span&gt;&lt;/span&gt;&lt;br /&gt;\r\n&lt;span style=&quot;color:#000000&quot;&gt;&lt;span style=&quot;font-size:16px&quot;&gt;&amp;nbsp;&amp;nbsp;&amp;nbsp;На сегодняшний день, продукция промышленной группы &lt;strong&gt;Аluplast&lt;/strong&gt; представлена по всей Европе, а также в Мексике и в Объединённых Арабских Эмиратах. Предпринимательская деятельность обладателя ведущего европейского бренда aluplast® признана образцовой в равной степени как промышленными кругами Евросоюза, избравшими компанию&lt;strong&gt; Аluplast&lt;/strong&gt; лауреатом бизнес-премии «MOE-Award», так и лидерами «табеля о рангах» Германии, удостоившими aluplast звания «Предприниматель 2005, 2007 и 2011 года».&lt;/span&gt;&lt;/span&gt;&lt;br /&gt;\r\n&lt;span style=&quot;color:#000000&quot;&gt;&lt;span style=&quot;font-size:16px&quot;&gt;&amp;nbsp;&amp;nbsp;&amp;nbsp;Экологически чистый процесс производства и создание благоприятных условий труда, это руководящие принципы компании &lt;strong&gt;Аluplast&lt;/strong&gt;, которые отражены в экологически чистых продуктах. Активная защита окружающей среды с профильными ПВХ-системами компании &lt;strong&gt;Аluplast&lt;/strong&gt;. Используя профильные системы компании &lt;strong&gt;Аluplast&lt;/strong&gt;, обладающие превосходным качеством и гарантирующие долгий срок службы, покупатели &amp;nbsp;вносят свой вклад в защиту окружающей среды.&lt;/span&gt;&lt;/span&gt;&lt;br /&gt;\r\n&lt;span style=&quot;color:#000000&quot;&gt;&lt;span style=&quot;font-size:16px&quot;&gt;&amp;nbsp;&amp;nbsp;&amp;nbsp;Профильные системы компании &lt;strong&gt;Аluplast&lt;/strong&gt; соответствуют всем требованиям &amp;nbsp;международных стандартов и ДСТУ.&lt;/span&gt;&lt;/span&gt;&lt;br /&gt;\r\n&lt;span style=&quot;color:#000000&quot;&gt;&lt;span style=&quot;font-size:16px&quot;&gt;&amp;nbsp;&amp;nbsp;&amp;nbsp;Донецкий завод производитель &lt;strong&gt;ООО «Профипласт»&lt;/strong&gt; является одним из крупнейших производителей светопрозрачных конструкций в нашем регионе из профильных систем &lt;strong&gt;Aluplast&lt;/strong&gt;. В основе успеха компании Профипласт лежит высочайшее качество продукции, ориентированность на потребности нашего рынка, гибкость менеджмента.&lt;/span&gt;&lt;/span&gt;&lt;/p&gt;\r\n\r\n&lt;p&gt;&lt;span style=&quot;font-size:18px&quot;&gt;&lt;u&gt;&lt;span style=&quot;color:#000080&quot;&gt;&lt;strong&gt;&lt;img alt=&quot;&quot; src=&quot;http://oknadveri.h1n.ru/image/catalog/stati/012.jpg&quot; style=&quot;float:left; height:200px; width:167px&quot; /&gt;Профильная система ПВХ от ALUPLAST IDEAL 2000 &lt;/strong&gt;&lt;/span&gt;&lt;/u&gt;&lt;/span&gt;&lt;/p&gt;\r\n\r\n&lt;p&gt;&lt;span style=&quot;color:#000000&quot;&gt;&lt;strong&gt;&lt;span style=&quot;font-size:18px&quot;&gt;IDEAL 2000®&lt;/span&gt;&lt;/strong&gt;&lt;span style=&quot;font-size:16px&quot;&gt; - это классическая 3х-камерная профильная система с двумя контурами уплотнения и монтажной шириной 60 мм. Благодаря своей универсальности, система IDEAL 2000® пользуется большой популярностью. Окна из профильной системы IDEAL 2000® отвечают всем функциональным требованиям и подходят практически для любого типа здания. Высокое качество используемых материалов, стабильность цвета и геометрии, наличие большой камеры для армирующего усилителя с высокими статическими показателями, позволяют оценить IDEAL 2000® как лидера качества в сегменте 3х-камерных систем.&lt;/span&gt;&lt;/span&gt;&lt;br /&gt;\r\n&lt;span style=&quot;color:#000000&quot;&gt;&lt;span style=&quot;font-size:16px&quot;&gt;&lt;strong&gt;&amp;nbsp;&amp;nbsp;&amp;nbsp;Технические характеристики:&amp;nbsp;&amp;nbsp; &lt;/strong&gt;&lt;/span&gt;&lt;/span&gt;&lt;/p&gt;\r\n\r\n&lt;ul&gt;\r\n	&lt;li&gt;&lt;span style=&quot;color:#000000&quot;&gt;&lt;span style=&quot;font-size:16px&quot;&gt;Монтажная ширина - 60 мм.&lt;/span&gt;&lt;/span&gt;&lt;/li&gt;\r\n	&lt;li&gt;&lt;span style=&quot;color:#000000&quot;&gt;&lt;span style=&quot;font-size:16px&quot;&gt;Количество камер - 3 &amp;nbsp;с двумя контурами уплотнения.&lt;/span&gt;&lt;/span&gt;&lt;/li&gt;\r\n	&lt;li&gt;&lt;span style=&quot;color:#000000&quot;&gt;&lt;span style=&quot;font-size:16px&quot;&gt;Стеклопакеты – 24 - 32 мм&lt;/span&gt;&lt;/span&gt;&lt;/li&gt;\r\n	&lt;li&gt;&lt;span style=&quot;color:#000000&quot;&gt;&lt;span style=&quot;font-size:16px&quot;&gt;Коэффициент сопротивления теплопередачи 0,63 м2 • К/Вт (с учетом стального усилителя)&lt;/span&gt;&lt;/span&gt;&lt;/li&gt;\r\n	&lt;li&gt;&lt;span style=&quot;color:#000000&quot;&gt;&lt;span style=&quot;font-size:16px&quot;&gt;Звукоизоляция 4 класса (до 42 дБ)&lt;/span&gt;&lt;/span&gt;&lt;/li&gt;\r\n	&lt;li&gt;&lt;span style=&quot;color:#000000&quot;&gt;&lt;span style=&quot;font-size:16px&quot;&gt;Герметичность контуров уплотнения - соответствуют классу А.&lt;/span&gt;&lt;/span&gt;&lt;/li&gt;\r\n	&lt;li&gt;&lt;span style=&quot;color:#000000&quot;&gt;&lt;span style=&quot;font-size:16px&quot;&gt;Взломостойкость класса RC2 (WK2)&lt;/span&gt;&lt;/span&gt;&lt;/li&gt;\r\n	&lt;li&gt;&lt;span style=&quot;color:#000000&quot;&gt;&lt;span style=&quot;font-size:16px&quot;&gt;Цвет уплотнителя – черный (штапик квадратный)&lt;/span&gt;&lt;/span&gt;&lt;/li&gt;\r\n	&lt;li&gt;&lt;span style=&quot;color:#000000&quot;&gt;&lt;span style=&quot;font-size:16px&quot;&gt;Возможна замена уплотнителей&lt;/span&gt;&lt;/span&gt;&lt;/li&gt;\r\n	&lt;li&gt;&lt;span style=&quot;color:#000000&quot;&gt;&lt;span style=&quot;font-size:16px&quot;&gt;Возможность ламинирования профиля.&lt;/span&gt;&lt;/span&gt;&lt;/li&gt;\r\n&lt;/ul&gt;\r\n\r\n&lt;p&gt;&lt;span style=&quot;font-size:16px&quot;&gt;&lt;span style=&quot;color:#000080&quot;&gt;&lt;u&gt;&lt;strong&gt;&lt;img alt=&quot;&quot; src=&quot;http://oknadveri.h1n.ru/image/catalog/stati/013.jpg&quot; style=&quot;float:left; height:197px; width:167px&quot; /&gt;&lt;/strong&gt;&lt;/u&gt;&lt;/span&gt;&lt;/span&gt;&lt;span style=&quot;font-size:18px&quot;&gt;&lt;span style=&quot;color:#000080&quot;&gt;&lt;u&gt;&lt;strong&gt;Профильная система ПВХ от ALUPLAST IDEAL 4000&lt;/strong&gt;​&lt;/u&gt;&lt;/span&gt;&lt;/span&gt;&lt;/p&gt;\r\n\r\n&lt;p&gt;&lt;span style=&quot;color:#000000&quot;&gt;&lt;span style=&quot;font-size:16px&quot;&gt;В системе&lt;strong&gt; IDEAL 4000®&lt;/strong&gt;, сочетающей в себе преимущества хорошо известной системы ПВХ профилей IDEAL 7000® отлично зарекомендовавшей себя профильной ПВХ системы со средним уплотнением при одинаковой монтажной глубине 70 мм, воплощены самые современные технические характеристики и энергосберегающие качества позволяющие экономить расходы на отопление и кондиционирование, обеспечивая наивысший комфорт в доме без компромиссов. Большая камера для армирующего профиля делает возможным применение стального усилителя с высокими статическими показателями. Оригинальная форма створки имеет привлекательный внешний вид и наилучшим образом обеспечивает отвод воды. 8 мм перекрытие створки и рамы гарантирует эффективную защиту от продувания. Уникальная форма уплотнителя обеспечивает надежную тепло- и звукоизоляцию, водонепроницаемость, а также гарантирует длительный срок его эксплуатации&lt;/span&gt;&lt;/span&gt;&lt;br /&gt;\r\n&lt;span style=&quot;color:#000000&quot;&gt;&lt;span style=&quot;font-size:16px&quot;&gt;&lt;strong&gt;&amp;nbsp;&amp;nbsp;&amp;nbsp;Технические характеристики:&amp;nbsp;&amp;nbsp; &lt;/strong&gt;&lt;/span&gt;&lt;/span&gt;&lt;/p&gt;\r\n\r\n&lt;ul&gt;\r\n	&lt;li&gt;&lt;span style=&quot;color:#000000&quot;&gt;&lt;span style=&quot;font-size:16px&quot;&gt;Монтажная ширина - 70 мм.&lt;/span&gt;&lt;/span&gt;&lt;/li&gt;\r\n	&lt;li&gt;&lt;span style=&quot;color:#000000&quot;&gt;&lt;span style=&quot;font-size:16px&quot;&gt;Количество камер – 5 с двумя контурами уплотнения&lt;/span&gt;&lt;/span&gt;&lt;/li&gt;\r\n	&lt;li&gt;&lt;span style=&quot;color:#000000&quot;&gt;&lt;span style=&quot;font-size:16px&quot;&gt;Стеклопакеты – 24 - 32 мм&lt;/span&gt;&lt;/span&gt;&lt;/li&gt;\r\n	&lt;li&gt;&lt;span style=&quot;color:#000000&quot;&gt;&lt;span style=&quot;font-size:16px&quot;&gt;Коэффициент сопротивления теплопередачи &amp;nbsp;0, 77 м2 • К/Вт (с учетом стального усилителя)&lt;/span&gt;&lt;/span&gt;&lt;/li&gt;\r\n	&lt;li&gt;&lt;span style=&quot;color:#000000&quot;&gt;&lt;span style=&quot;font-size:16px&quot;&gt;Звукоизоляция 4 класса (до 45 дБ)&lt;/span&gt;&lt;/span&gt;&lt;/li&gt;\r\n	&lt;li&gt;&lt;span style=&quot;color:#000000&quot;&gt;&lt;span style=&quot;font-size:16px&quot;&gt;Герметичность контуров уплотнения - соответствуют классу А.&lt;/span&gt;&lt;/span&gt;&lt;/li&gt;\r\n	&lt;li&gt;&lt;span style=&quot;color:#000000&quot;&gt;&lt;span style=&quot;font-size:16px&quot;&gt;Взломостойкость класса RC2 (WK2)&lt;/span&gt;&lt;/span&gt;&lt;/li&gt;\r\n	&lt;li&gt;&lt;span style=&quot;color:#000000&quot;&gt;&lt;span style=&quot;font-size:16px&quot;&gt;Цвет уплотнителя – черный (штапик квадратный), серый (штапик круглый)&lt;/span&gt;&lt;/span&gt;&lt;/li&gt;\r\n	&lt;li&gt;&lt;span style=&quot;color:#000000&quot;&gt;&lt;span style=&quot;font-size:16px&quot;&gt;Возможна замена уплотнителей&lt;/span&gt;&lt;/span&gt;&lt;/li&gt;\r\n	&lt;li&gt;&lt;span style=&quot;color:#000000&quot;&gt;&lt;span style=&quot;font-size:16px&quot;&gt;Возможность ламинирования профиля.&lt;/span&gt;&lt;/span&gt;&lt;/li&gt;\r\n&lt;/ul&gt;\r\n\r\n&lt;p&gt;​&lt;img alt=&quot;&quot; src=&quot;http://oknadveri.h1n.ru/image/catalog/stati/014.jpg&quot; style=&quot;float:left; height:51px; width:176px&quot; /&gt;&lt;span style=&quot;color:#000080&quot;&gt;&lt;span style=&quot;font-size:20px&quot;&gt;&lt;strong&gt;Пластиковые окна из оконного профиля фирмы&amp;nbsp; WDS&lt;/strong&gt;&lt;/span&gt;&lt;span style=&quot;font-size:16px&quot;&gt;&lt;strong&gt;&amp;nbsp;&lt;/strong&gt;&lt;/span&gt;&lt;/span&gt;&lt;/p&gt;\r\n\r\n&lt;p&gt;&lt;span style=&quot;font-size:16px&quot;&gt;&lt;strong&gt;&amp;nbsp; &amp;nbsp;&lt;span style=&quot;color:#000000&quot;&gt;TM WDS&lt;/span&gt;&lt;/strong&gt;&lt;span style=&quot;color:#000000&quot;&gt; – один из передовых оконных брендов на рынке светопрозрачных конструкций. Профили WDS производятся компанией МИРОПЛАСТ.&lt;/span&gt;&lt;/span&gt;&lt;br /&gt;\r\n&lt;span style=&quot;color:#000000&quot;&gt;&lt;span style=&quot;font-size:16px&quot;&gt;&amp;nbsp;&amp;nbsp;&amp;nbsp;&lt;strong&gt;ООО «МИРОПЛАСТ»&lt;/strong&gt; - образовалось в 2006 году, предложив производителям металлопластиковых окон высококачественный профиль под торговой маркой WDS (ВДС). Профильные системы WDS изготавливаются в г. Днепропетровске, на новом оборудовании компании AMUT (Италия) из европейского сырья в соответствии с требованиями международных стандартов стран СНГ и ДСТУ. Профильные системы WDS разработаны для климатических условий нашего региона, безопасны и не приносят вреда здоровью, обладают отличной теплоизоляцией и шумоизоляцией, сохраняют привлекательный внешний вид и белизну профиля на долгие годы.&lt;/span&gt;&lt;/span&gt;&lt;br /&gt;\r\n&lt;span style=&quot;color:#000000&quot;&gt;&lt;span style=&quot;font-size:16px&quot;&gt;&amp;nbsp;&amp;nbsp;&amp;nbsp;Изготовления окон и дверей из профиля &lt;strong&gt;WDS &lt;/strong&gt;&amp;nbsp;производится на Донецком заводе производителе &lt;strong&gt;ООО «Новые Окна».&lt;/strong&gt;&lt;/span&gt;&lt;/span&gt;&lt;/p&gt;\r\n\r\n&lt;p&gt;&lt;span style=&quot;font-size:16px&quot;&gt;&lt;u&gt;&lt;span style=&quot;color:#000080&quot;&gt;&lt;strong&gt;&lt;img alt=&quot;&quot; src=&quot;http://oknadveri.h1n.ru/image/catalog/stati/015.jpg&quot; style=&quot;float:left; height:186px; width:185px&quot; /&gt;&amp;nbsp;&lt;/strong&gt;&lt;/span&gt;&lt;/u&gt;&lt;/span&gt;&lt;span style=&quot;font-size:18px&quot;&gt;&lt;u&gt;&lt;span style=&quot;color:#000080&quot;&gt;&lt;strong&gt; Профильная система ПВХ от WDS – WDS 400&lt;/strong&gt;&lt;/span&gt;&lt;/u&gt;&lt;/span&gt;&lt;/p&gt;\r\n\r\n&lt;p&gt;&lt;span style=&quot;font-size:16px&quot;&gt;&lt;strong&gt;&amp;nbsp; &amp;nbsp;&lt;span style=&quot;color:#000000&quot;&gt;Пластиковые окна WDS 400 — &lt;/span&gt;&lt;/strong&gt;&lt;span style=&quot;color:#000000&quot;&gt;идеальное предложение для тех, кто стремится к эффективности и лаконичности в формах. Данная серия имеет 4-х камерное строение профиля. Двухкомпонентный уплотнитель серого цвета обеспечивает высокую изоляцию и долговечность.&lt;/span&gt;&lt;/span&gt;&lt;/p&gt;\r\n\r\n&lt;p&gt;&lt;span style=&quot;font-size:16px&quot;&gt;&lt;strong&gt;&amp;nbsp;&lt;/strong&gt;&lt;/span&gt;&lt;/p&gt;\r\n\r\n&lt;p&gt;&lt;span style=&quot;color:#000000&quot;&gt;&lt;span style=&quot;font-size:16px&quot;&gt;&lt;strong&gt;Технические характеристики:&amp;nbsp;&amp;nbsp; &lt;/strong&gt;&lt;/span&gt;&lt;/span&gt;&lt;/p&gt;\r\n\r\n&lt;ul&gt;\r\n	&lt;li&gt;&lt;span style=&quot;color:#000000&quot;&gt;&lt;span style=&quot;font-size:16px&quot;&gt;&amp;nbsp;Количество камер - 4&lt;/span&gt;&lt;/span&gt;&lt;/li&gt;\r\n	&lt;li&gt;&lt;span style=&quot;color:#000000&quot;&gt;&lt;span style=&quot;font-size:16px&quot;&gt;&amp;nbsp;Монтажная глубина – 60 мм.&lt;/span&gt;&lt;/span&gt;&lt;/li&gt;\r\n	&lt;li&gt;&lt;span style=&quot;color:#000000&quot;&gt;&lt;span style=&quot;font-size:16px&quot;&gt;&amp;nbsp;Стеклопакеты – 24 - 32 мм&lt;/span&gt;&lt;/span&gt;&lt;/li&gt;\r\n	&lt;li&gt;&lt;span style=&quot;color:#000000&quot;&gt;&lt;span style=&quot;font-size:16px&quot;&gt;&amp;nbsp;Коэффициент сопротивление теплопередачи 0,791- 0,808 м2с/Вт&lt;/span&gt;&lt;/span&gt;&lt;/li&gt;\r\n	&lt;li&gt;&lt;span style=&quot;color:#000000&quot;&gt;&lt;span style=&quot;font-size:16px&quot;&gt;&amp;nbsp;Профиль поставляется с серым вкатанным уплотнителем класса TPV/EPDM&lt;/span&gt;&lt;/span&gt;&lt;/li&gt;\r\n	&lt;li&gt;&lt;span style=&quot;color:#000000&quot;&gt;&lt;span style=&quot;font-size:16px&quot;&gt;&amp;nbsp;Возможность ламинирования профиля.&lt;/span&gt;&lt;/span&gt;&lt;/li&gt;\r\n&lt;/ul&gt;\r\n\r\n&lt;p&gt;&lt;u&gt;&lt;span style=&quot;color:#000080&quot;&gt;&lt;span style=&quot;font-size:16px&quot;&gt;&lt;strong&gt;&lt;img alt=&quot;&quot; src=&quot;http://oknadveri.h1n.ru/image/catalog/stati/016.jpg&quot; style=&quot;float:left; height:174px; width:185px&quot; /&gt;&amp;nbsp; &lt;/strong&gt;&lt;/span&gt;&lt;span style=&quot;font-size:18px&quot;&gt;&lt;strong&gt;Профильная система ПВХ от WDS – WDS 500&lt;/strong&gt;&lt;/span&gt;&lt;/span&gt;&lt;/u&gt;&lt;/p&gt;\r\n\r\n&lt;p&gt;&lt;span style=&quot;font-size:16px&quot;&gt;&lt;strong&gt;&amp;nbsp; &amp;nbsp;&lt;span style=&quot;color:#000000&quot;&gt;ТМ WDS&lt;/span&gt;&lt;/strong&gt;&lt;span style=&quot;color:#000000&quot;&gt; разработала профильную систему &lt;strong&gt;WDS 500&lt;/strong&gt;, применяя самые современные технологии и критерии качества для профильных систем ПВХ из доступных в Европе. Качество данных систем превосходит технические требования, которые были поставлены регулирующими органами. Действительно экологическая система WDS 500 станет для потребителей гарантией сохранения тепла, уменьшения расходов на энергоносители и создания комфортного климата внутри помещения, невзирая на погодные условия. 5-камер-ные системы стали стандартом окон в Европе.&lt;/span&gt;&lt;/span&gt;&lt;/p&gt;\r\n\r\n&lt;p&gt;&lt;span style=&quot;color:#000000&quot;&gt;&lt;span style=&quot;font-size:16px&quot;&gt;&lt;strong&gt;&amp;nbsp; &amp;nbsp;Технические характеристики:&amp;nbsp;&amp;nbsp; &lt;/strong&gt;&lt;/span&gt;&lt;/span&gt;&lt;/p&gt;\r\n\r\n&lt;ul&gt;\r\n	&lt;li&gt;&lt;span style=&quot;color:#000000&quot;&gt;&lt;span style=&quot;font-size:16px&quot;&gt;Количество камер - 5&lt;/span&gt;&lt;/span&gt;&lt;/li&gt;\r\n	&lt;li&gt;&lt;span style=&quot;color:#000000&quot;&gt;&lt;span style=&quot;font-size:16px&quot;&gt;Монтажная глубина – 70 мм&lt;/span&gt;&lt;/span&gt;&lt;/li&gt;\r\n	&lt;li&gt;&lt;span style=&quot;color:#000000&quot;&gt;&lt;span style=&quot;font-size:16px&quot;&gt;Стеклопакеты – 24 и 32 мм&lt;/span&gt;&lt;/span&gt;&lt;/li&gt;\r\n	&lt;li&gt;&lt;span style=&quot;color:#000000&quot;&gt;&lt;span style=&quot;font-size:16px&quot;&gt;Коэффициент сопротивление теплопередачи - 0,84 м2C/Вт&lt;/span&gt;&lt;/span&gt;&lt;/li&gt;\r\n	&lt;li&gt;&lt;span style=&quot;color:#000000&quot;&gt;&lt;span style=&quot;font-size:16px&quot;&gt;Профиль поставляется с серым вкатанным уплотнителем класса TPV/EPDM&lt;/span&gt;&lt;/span&gt;&lt;/li&gt;\r\n	&lt;li&gt;&lt;span style=&quot;color:#000000&quot;&gt;&lt;span style=&quot;font-size:16px&quot;&gt;Возможность ламинирования профиля.&lt;/span&gt;&lt;/span&gt;&lt;/li&gt;\r\n&lt;/ul&gt;\r\n\r\n&lt;p&gt;&lt;span style=&quot;font-size:16px&quot;&gt;&lt;img alt=&quot;&quot; src=&quot;http://oknadveri.h1n.ru/image/catalog/stati/017.jpg&quot; style=&quot;float:left; height:88px; width:174px&quot; /&gt;​&lt;/span&gt;&lt;span style=&quot;font-size:20px&quot;&gt;&lt;span style=&quot;color:#000080&quot;&gt;&lt;strong&gt;Пластиковые окна из оконного профиля ENWIN&lt;/strong&gt;&lt;/span&gt;&lt;/span&gt;&lt;span style=&quot;font-size:16px&quot;&gt;&lt;span style=&quot;color:#000080&quot;&gt;&lt;strong&gt;&amp;nbsp;&lt;/strong&gt;&lt;/span&gt;&lt;/span&gt;&lt;/p&gt;\r\n\r\n&lt;p&gt;&lt;span style=&quot;color:#000000&quot;&gt;&lt;span style=&quot;font-size:16px&quot;&gt;Пластиковые окна &lt;strong&gt;ENWIN &lt;/strong&gt;– это высококачественные и недорогие оконные системы, которые по качеству совершенно не уступают таким знаменитым профилям, как пластиковые окна &lt;strong&gt;KBE&lt;/strong&gt; или &lt;strong&gt;REHAU&lt;/strong&gt;, но стоят ощутимо дешевле.&lt;/span&gt;&lt;/span&gt;&lt;br /&gt;\r\n&lt;span style=&quot;color:#000000&quot;&gt;&lt;span style=&quot;font-size:16px&quot;&gt;&amp;nbsp;&amp;nbsp;&amp;nbsp;В 1963 году была создана компания PIMAS для производства строительных материалов. В 1982 году компанией была выпущена новая продукция, которая впервые представила строительному рынку ПВХ систему окон и дверей под маркой PIMAPEN и внесла новое слово в понятие систем окон, создав новый сегмент на строительном рынке.&lt;/span&gt;&lt;/span&gt;&lt;br /&gt;\r\n&lt;span style=&quot;color:#000000&quot;&gt;&lt;span style=&quot;font-size:16px&quot;&gt;&amp;nbsp;&amp;nbsp;&amp;nbsp;В 1994 году марка появляется на Российском рынке. Развиваясь и оценивая растущую потребность в ПВХ системах, компания принимает решение о строительстве завода на территории России. В 2007 года состоялся запуск завода по производству ПВХ профилей марки &lt;strong&gt;ENWIN&lt;/strong&gt; в России. Сырье для экструзии профиля поставляется из Европы, что гарантирует европейское качество выпускаемой продукции. На заводе действует единая система контроля качества, как сырья, так и выпускаемой продукции. Профиль &lt;strong&gt;ENWIN&lt;/strong&gt; отвечает самым последним современным стандартам качества.&lt;/span&gt;&lt;/span&gt;&lt;br /&gt;\r\n&lt;span style=&quot;color:#000000&quot;&gt;&lt;span style=&quot;font-size:16px&quot;&gt;&amp;nbsp;&amp;nbsp;&amp;nbsp;За последние годы требования, предъявляемые к готовым оконным конструкциям стали жестче. Причем помимо таких важных функциональных параметров как теплопроводность, звукоизоляция и взломостойкость, учитываются так же внешний вид и дизайн окна. Ему&amp;nbsp; не страшны солнечные лучи и коррозии.&lt;/span&gt;&lt;/span&gt;&lt;br /&gt;\r\n&lt;span style=&quot;color:#000000&quot;&gt;&lt;span style=&quot;font-size:16px&quot;&gt;&amp;nbsp;&amp;nbsp;&amp;nbsp;Изготовления окон и дверей из профиля&lt;strong&gt; ENWIN&lt;/strong&gt;&amp;nbsp; производится на Донецком заводе производителе &lt;strong&gt;ООО «Профипласт»&lt;/strong&gt;, с которым мы сотрудничаем на протяжении многих лет.&lt;/span&gt;&lt;/span&gt;&lt;/p&gt;\r\n\r\n&lt;p&gt;&lt;span style=&quot;font-size:16px&quot;&gt;&lt;span style=&quot;color:#000080&quot;&gt;&lt;u&gt;&lt;strong&gt;&lt;img alt=&quot;&quot; src=&quot;http://oknadveri.h1n.ru/image/catalog/stati/018.jpg&quot; style=&quot;float:left; height:170px; width:193px&quot; /&gt;&amp;nbsp; &lt;/strong&gt;&lt;/u&gt;&lt;/span&gt;&lt;/span&gt;&lt;span style=&quot;font-size:18px&quot;&gt;&lt;span style=&quot;color:#000080&quot;&gt;&lt;u&gt;&lt;strong&gt;Профильная система ПВХ ENWIN&lt;/strong&gt;&lt;/u&gt;&lt;/span&gt;&lt;/span&gt;&lt;/p&gt;\r\n\r\n&lt;p&gt;&lt;span style=&quot;font-size:16px&quot;&gt;&amp;nbsp; &lt;span style=&quot;color:#000000&quot;&gt;&amp;nbsp;Окна Deceunink широко известны на мировом и российском рынке. Профильная система &lt;strong&gt;ENWIN&lt;/strong&gt; от немецко-бельгийского концерна — это отличное сочетание экономии средств, изящности дизайна и технологичности инженерных решений. Превосходные эксплуатационные свойства делают профиль уже сегодня лидером за счёт существенных преимуществ перед аналогами.&lt;/span&gt;&lt;/span&gt;&lt;/p&gt;\r\n\r\n&lt;p&gt;&lt;span style=&quot;color:#000000&quot;&gt;&lt;span style=&quot;font-size:16px&quot;&gt;&amp;nbsp; &amp;nbsp;Профиль &lt;strong&gt;ENWIN &lt;/strong&gt;&amp;nbsp;полностью соответствует современным техническим и дизайнерским требованиям. Возможности установки стеклопакетов различной ширины расширяют диапазон использования данных конструкций, а использование унифицированных армирующих профилей в рамных створках говорит об экономичности и рациональности данной системы.&amp;nbsp; Высококачественное сырье, используемое для изготовления профиля, гарантирует эффективную защиту конструкций от воздействия ультрафиолетового излучения солнечного света и окружающей сред. Благодаря гладкой глянцевой поверхности профиля конструкции не требуют трудоемкого ухода. Оконные и дверные системы &amp;nbsp;обеспечивают эффективную защиту от шума и пыли, сохраняя тепло и уют в помещении. Уплотнитель не резиновый, а из термопластов.&lt;/span&gt;&lt;/span&gt;&lt;/p&gt;\r\n\r\n&lt;p&gt;&lt;span style=&quot;color:#000000&quot;&gt;&lt;span style=&quot;font-size:16px&quot;&gt;&lt;strong&gt;&amp;nbsp; &amp;nbsp;Технические характеристики:&amp;nbsp;&amp;nbsp; &lt;/strong&gt;&lt;/span&gt;&lt;/span&gt;&lt;/p&gt;\r\n\r\n&lt;ul&gt;\r\n	&lt;li&gt;&lt;span style=&quot;color:#000000&quot;&gt;&lt;span style=&quot;font-size:16px&quot;&gt;Количество камер – 4 с двумя контурами уплотнениями&lt;/span&gt;&lt;/span&gt;&lt;/li&gt;\r\n	&lt;li&gt;&lt;span style=&quot;color:#000000&quot;&gt;&lt;span style=&quot;font-size:16px&quot;&gt;Системная глубина - 60 мм&lt;/span&gt;&lt;/span&gt;&lt;/li&gt;\r\n	&lt;li&gt;&lt;span style=&quot;color:#000000&quot;&gt;&lt;span style=&quot;font-size:16px&quot;&gt;Ширина стеклопакета - до 32 мм.&lt;/span&gt;&lt;/span&gt;&lt;/li&gt;\r\n	&lt;li&gt;&lt;span style=&quot;color:#000000&quot;&gt;&lt;span style=&quot;font-size:16px&quot;&gt;Коэффициент сопротивление теплопередачи - 0,68 м2С/Вт.&amp;nbsp;&lt;/span&gt;&lt;/span&gt;&lt;/li&gt;\r\n	&lt;li&gt;&lt;span style=&quot;color:#000000&quot;&gt;&lt;span style=&quot;font-size:16px&quot;&gt;Цвет уплотнитель – серый.&amp;nbsp;&lt;/span&gt;&lt;/span&gt;&lt;/li&gt;\r\n	&lt;li&gt;&lt;span style=&quot;color:#000000&quot;&gt;&lt;span style=&quot;font-size:16px&quot;&gt;Штапик противовзломный&lt;/span&gt;&lt;/span&gt;&lt;/li&gt;\r\n&lt;/ul&gt;\r\n\r\n&lt;p&gt;&lt;span style=&quot;font-size:16px&quot;&gt;&lt;span style=&quot;color:#000080&quot;&gt;&lt;strong&gt;&lt;img alt=&quot;&quot; src=&quot;http://oknadveri.h1n.ru/image/catalog/stati/019.jpg&quot; style=&quot;float:left; height:52px; width:233px&quot; /&gt;&lt;/strong&gt;&lt;/span&gt;&lt;/span&gt;&lt;span style=&quot;font-size:20px&quot;&gt;&lt;span style=&quot;color:#000080&quot;&gt;&lt;strong&gt;Пластиковые окна из оконного профиля &lt;/strong&gt;&lt;strong&gt;PLAFEN&lt;/strong&gt;&lt;/span&gt;&lt;/span&gt;&lt;span style=&quot;font-size:16px&quot;&gt;&lt;span style=&quot;color:#000080&quot;&gt;&lt;strong&gt;&amp;nbsp;&amp;nbsp;&lt;/strong&gt;&lt;/span&gt;&lt;/span&gt;&lt;/p&gt;\r\n\r\n&lt;p&gt;&lt;span style=&quot;color:#000000&quot;&gt;&lt;span style=&quot;font-size:16px&quot;&gt;&lt;strong&gt;&amp;nbsp; &amp;nbsp;ООО «Плафен»&lt;/strong&gt; на рынке пластиковых окон с 1992 г. В 2000 г. при поддержке австрийской фирмы Greiner Extrusion наладила собственное производство профилей ПВХ.&lt;/span&gt;&lt;/span&gt;&lt;br /&gt;\r\n&lt;span style=&quot;color:#000000&quot;&gt;&lt;span style=&quot;font-size:16px&quot;&gt;&amp;nbsp;&amp;nbsp;&amp;nbsp;В 2002 году по результатам серии контрольных и сравнительных испытаний специалистами&amp;nbsp; компании Greiner система S-line&amp;nbsp; признается&amp;nbsp; «Лучшей профильной системой года» в Европе. Одновременно «Плафен» ведет активную работу в регионах, и постепенно, к 2008 году, количество филиалов в РФ и странах СНГ достигает 19 - география «Плафен» простирается от Минска до Абакана. Благодаря привлекательной цене, неизменному качеству и&amp;nbsp; поддержке своих партнеров продукция&amp;nbsp; компании «Плафен» становится популярной и востребованной в российских регионах и ближнем зарубежье и, без сомнения,&amp;nbsp; является&amp;nbsp; народной маркой.&amp;nbsp; Компания приобретает статус федеральной и входит в десятку крупнейших российских производителей ПВХ-профиля.&lt;/span&gt;&lt;/span&gt;&lt;br /&gt;\r\n&lt;span style=&quot;color:#000000&quot;&gt;&lt;span style=&quot;font-size:16px&quot;&gt;&amp;nbsp;&amp;nbsp;&amp;nbsp;2010 - В кризисные времена, последовательно проводя политику&amp;nbsp; «качественный товар за разумную цену», компания «Плафен» не только не теряет долю рынка и сохраняет объемы производства, но и усиливает свои позиции в регионах, наращивая&amp;nbsp; число партнеров. Учитывая меняющуюся конъюнктуру и возросшие требования конечных потребителей к качеству и свойствам приобретаемого продукта, в 2010&amp;nbsp; «Плафен» выводит на рынок новые профильные системы - &lt;strong&gt;T-line&lt;/strong&gt; (70 мм, 5 камер) и &lt;strong&gt;C-line&lt;/strong&gt; (58 мм, 3 камеры). Новые системы быстро получили признание у производителей окон, вобрав в себя преимущества существующих профильных систем&amp;nbsp; и являясь доступными для потребителей.&lt;/span&gt;&lt;/span&gt;&lt;br /&gt;\r\n&lt;span style=&quot;color:#000000&quot;&gt;&lt;span style=&quot;font-size:16px&quot;&gt;&amp;nbsp;&amp;nbsp;&amp;nbsp;Изготовления окон и дверей из профиля &lt;strong&gt;PLAFEN&lt;/strong&gt;&amp;nbsp; производится на Донецком заводе производителе &lt;strong&gt;ООО «Профипласт»&lt;/strong&gt;, с которым мы сотрудничаем на протяжении многих лет.&lt;/span&gt;&lt;/span&gt;&lt;/p&gt;\r\n\r\n&lt;p&gt;&lt;span style=&quot;font-size:16px&quot;&gt;&lt;span style=&quot;color:#000080&quot;&gt;&lt;u&gt;&lt;strong&gt;&lt;img alt=&quot;&quot; src=&quot;http://oknadveri.h1n.ru/image/catalog/stati/020.jpg&quot; style=&quot;float:left; height:193px; width:201px&quot; /&gt;&amp;nbsp; &lt;/strong&gt;&lt;/u&gt;&lt;/span&gt;&lt;/span&gt;&lt;span style=&quot;font-size:18px&quot;&gt;&lt;span style=&quot;color:#000080&quot;&gt;&lt;u&gt;&lt;strong&gt;Профильная система ПВХ от Plafen - C-Line&lt;/strong&gt;&lt;/u&gt;&lt;/span&gt;&lt;/span&gt;&lt;/p&gt;\r\n\r\n&lt;p&gt;&lt;span style=&quot;color:#000000&quot;&gt;&lt;span style=&quot;font-size:16px&quot;&gt;&amp;nbsp; &amp;nbsp;Окна ПВХ &lt;strong&gt;Plafen C-Line&lt;/strong&gt; бюджетный вариант качественного пластикового остекления, выполненного из профиля второго класса. Оконная система имеет привлекательный классический дизайн, увеличенный световой проем, что способствует снижению энергопотребления в светлое время суток. Эта модель окон в первую очередь предназначена для установки в жилых помещениях. Предусмотрена возможность установки фурнитуры, устойчивой к взлому. Потребительский интерес к продукции обусловлен разумным сочетанием цены и качества при изготовлении оконных систем C-line применяются современные технические решения, которые гарантируют качество и функциональность изделий. Гладкий глянцевый профиль легко содержать в чистоте и опрятности. Окна &lt;strong&gt;C-line&lt;/strong&gt; очень удобны в обслуживании.&lt;/span&gt;&lt;/span&gt;&lt;/p&gt;\r\n\r\n&lt;p&gt;&lt;span style=&quot;color:#000000&quot;&gt;&lt;span style=&quot;font-size:16px&quot;&gt;&lt;strong&gt;&amp;nbsp; &amp;nbsp;Технические характеристики:&lt;/strong&gt;&amp;nbsp;&amp;nbsp;&lt;/span&gt;&lt;/span&gt;&lt;/p&gt;\r\n\r\n&lt;ul&gt;\r\n	&lt;li&gt;&lt;span style=&quot;color:#000000&quot;&gt;&lt;span style=&quot;font-size:16px&quot;&gt;Количество камер – 3&lt;/span&gt;&lt;/span&gt;&lt;/li&gt;\r\n	&lt;li&gt;&lt;span style=&quot;color:#000000&quot;&gt;&lt;span style=&quot;font-size:16px&quot;&gt;Ширина монтажная-58 мм&lt;/span&gt;&lt;/span&gt;&lt;/li&gt;\r\n	&lt;li&gt;&lt;span style=&quot;color:#000000&quot;&gt;&lt;span style=&quot;font-size:16px&quot;&gt;Коэффициент сопротивление теплопередачи - 0,727 м2С/Вт&lt;/span&gt;&lt;/span&gt;&lt;/li&gt;\r\n	&lt;li&gt;&lt;span style=&quot;color:#000000&quot;&gt;&lt;span style=&quot;font-size:16px&quot;&gt;Ширина стеклопакета - до 32 мм&lt;/span&gt;&lt;/span&gt;&lt;/li&gt;\r\n	&lt;li&gt;&lt;span style=&quot;color:#000000&quot;&gt;&lt;span style=&quot;font-size:16px&quot;&gt;Цвет уплотнителя – серый&lt;/span&gt;&lt;/span&gt;&lt;/li&gt;\r\n&lt;/ul&gt;\r\n\r\n&lt;p&gt;&lt;span style=&quot;font-size:18px&quot;&gt;&lt;span style=&quot;color:#000080&quot;&gt;&lt;u&gt;&lt;strong&gt;&lt;img alt=&quot;&quot; src=&quot;http://oknadveri.h1n.ru/image/catalog/stati/021.jpg&quot; style=&quot;float:left; height:252px; width:189px&quot; /&gt;&amp;nbsp; Профильная система ПВХ от Plafen - T-line&lt;/strong&gt;&lt;/u&gt;&lt;/span&gt;&lt;/span&gt;&lt;/p&gt;\r\n\r\n&lt;p&gt;&lt;span style=&quot;font-size:16px&quot;&gt;&amp;nbsp; &lt;span style=&quot;color:#000000&quot;&gt;&amp;nbsp;В число новейших разработок компании Плафен входят окна пластиковые Plafen &lt;strong&gt;T-Line&lt;/strong&gt;. Это светопрозрачные конструкции, выполненные из пятикамерного профиля, что обеспечивает высокое теплосбережение и звукоизоляцию. Plafen T-Line входит в число наиболее эргономичных разработок данного производителя и продвигается на рынок под девизом комфорт и безопасность. Классический дизайн, вобравший в себя лучшие технические решения, внесет достойную лепту в оформление вашего дома. Технология изготовления окон &lt;strong&gt;T-line&lt;/strong&gt; оградит ваших близких от круглосуточного шума и неприятных запахов улиц, сохранит оптимальный для вас температурный режим, оберегая здоровье и комфорт вашей семьи, позволяя получать удовольствие от полноценного семейного общения. Гладкий глянцевый профиль легко содержать в чистоте и опрятности.&lt;/span&gt;&lt;/span&gt;&lt;/p&gt;\r\n\r\n&lt;p&gt;&lt;span style=&quot;color:#000000&quot;&gt;&lt;span style=&quot;font-size:16px&quot;&gt;&lt;strong&gt;Технические характеристики:&lt;/strong&gt;&amp;nbsp;&amp;nbsp;&lt;/span&gt;&lt;/span&gt;&lt;/p&gt;\r\n\r\n&lt;ul&gt;\r\n	&lt;li&gt;&lt;span style=&quot;color:#000000&quot;&gt;&lt;span style=&quot;font-size:16px&quot;&gt;Количество камер – 5&lt;/span&gt;&lt;/span&gt;&lt;/li&gt;\r\n	&lt;li&gt;&lt;span style=&quot;color:#000000&quot;&gt;&lt;span style=&quot;font-size:16px&quot;&gt;Ширина монтажная 70 мм&lt;/span&gt;&lt;/span&gt;&lt;/li&gt;\r\n	&lt;li&gt;&lt;span style=&quot;color:#000000&quot;&gt;&lt;span style=&quot;font-size:16px&quot;&gt;Коэффициент сопротивление теплопередачи - 0,849 м2С/Вт&lt;/span&gt;&lt;/span&gt;&lt;/li&gt;\r\n	&lt;li&gt;&lt;span style=&quot;color:#000000&quot;&gt;&lt;span style=&quot;font-size:16px&quot;&gt;Цвет уплотнителя - серый.&lt;/span&gt;&lt;/span&gt;&lt;/li&gt;\r\n	&lt;li&gt;&lt;span style=&quot;color:#000000&quot;&gt;&lt;span style=&quot;font-size:16px&quot;&gt;Ширина стеклопакета - до 32 мм&lt;/span&gt;&lt;/span&gt;&lt;/li&gt;\r\n&lt;/ul&gt;\r\n', 'Окна, купить с доставкой на дом в магазине &quot;Окна Двери&quot;', 'Окна', '', 'Окна, купить, Горловка');
INSERT INTO `oc_category_description` (`category_id`, `language_id`, `name`, `description`, `meta_title`, `meta_h1`, `meta_description`, `meta_keyword`) VALUES
(87, 1, 'Подоконники, отливы, козырьки', '&lt;p style=&quot;text-align:center&quot;&gt;&lt;span style=&quot;color:#000080&quot;&gt;&lt;span style=&quot;font-size:20px&quot;&gt;&lt;strong&gt;ПОДОКОННИКИ ПВХ НА ЗАКАЗ&lt;/strong&gt;&lt;/span&gt;&lt;/span&gt;&lt;/p&gt;\r\n\r\n&lt;p&gt;&lt;span style=&quot;font-size:16px&quot;&gt;&amp;nbsp; &lt;span style=&quot;color:#000000&quot;&gt;Собираясь делать ремонт, поменять окно, вы наверняка задумываетесь о замене подоконника. Сегодня рынок предлагает большой ассортимент подоконников ПВХ. Выбор именно подоконников ПВХ имеет целый ряд преимуществ.&lt;/span&gt;&lt;/span&gt;&lt;br /&gt;\r\n&lt;span style=&quot;color:#000000&quot;&gt;&lt;span style=&quot;font-size:16px&quot;&gt;&lt;strong&gt;&amp;nbsp;&amp;nbsp;Во-первых&lt;/strong&gt;, пластиковые подоконники ПВХ являются немаловажным элементом интерьера. Они могут быть окрашены в разные цвета и иметь декоративный рисунок. Благодаря защите материала от механических повреждений и влаги, подоконники могут служить удобной подставкой для цветочных горшков, различных сувениров и много другого.&amp;nbsp;&lt;/span&gt;&lt;/span&gt;&lt;span style=&quot;color:#000000&quot;&gt;&lt;span style=&quot;font-size:16px&quot;&gt;Купить подоконник ПВХ однозначно стоит, поскольку &lt;strong&gt;вторая&lt;/strong&gt; его задача заключается в дополнительном препятствовании проникновению холода в помещение и утечке тепла из него. &lt;strong&gt;В-третьих&lt;/strong&gt;, такие подоконники значительно облегчат уборку окна, развешивание штор и так далее.&lt;/span&gt;&lt;/span&gt;&lt;/p&gt;\r\n\r\n&lt;p style=&quot;text-align:center&quot;&gt;&lt;span style=&quot;color:#FF0000&quot;&gt;&lt;span style=&quot;font-size:20px&quot;&gt;&lt;strong&gt;Наша фирма предлагает немецкие подоконники Moeller и подоконники ПВХ Россия.&lt;/strong&gt;&lt;/span&gt;&lt;/span&gt;&lt;/p&gt;\r\n\r\n&lt;p style=&quot;text-align:center&quot;&gt;&lt;span style=&quot;color:#000080&quot;&gt;&lt;span style=&quot;font-size:20px&quot;&gt;&lt;strong&gt;Подоконники ПВХ MOELLER&lt;/strong&gt;&lt;/span&gt;&lt;/span&gt;&lt;/p&gt;\r\n\r\n&lt;p&gt;&lt;span style=&quot;font-size:16px&quot;&gt;&amp;nbsp; &lt;span style=&quot;color:#000000&quot;&gt;Пластиковые подоконники &lt;strong&gt;Moeller&lt;/strong&gt; (Мюллер) являются бесспорным лидером в&amp;nbsp; своем классе. Инженеры немецкого завода Меллер разработали специальную технологию для производства подоконников, это позволило добиться превосходной прочности, надежности и долговечности&amp;nbsp; изделия. Материал, который используют при производстве подоконников Moeller, называется Lignodur.&amp;nbsp; &lt;strong&gt;Lignodur &lt;/strong&gt;- это древесно-пластиковая композиция смесь твердой пластмассы и древесной муки, которая образует сердцевину подоконника и гарантирует его&amp;nbsp; прочность и экологичность.&lt;/span&gt;&lt;/span&gt;&lt;br /&gt;\r\n&lt;span style=&quot;font-size:16px&quot;&gt;&lt;strong&gt;&amp;nbsp;&amp;nbsp;&lt;span style=&quot;color:#000000&quot;&gt;Свойства и особенности:&lt;/span&gt;&lt;/strong&gt;&lt;span style=&quot;color:#000000&quot;&gt; ударная вязкость по Шарпи 13,2 КДж/м2 ( ГОСТ 4647-80 10 КДж/м2), стабильная геометрическая форма, устойчивая к сильным нагрузкам, стойкость к царапинам поверхность покрыта многослойным ламинатом Elesgo plus on Top и двухкомпонентным полиуретановым клей-расплавом&amp;nbsp; Kleiberit, огнестойкий самозатухающий материал, не впитывают влагу и устанавливается во влажных помещениях бани, сауны, устойчивость к ультрафиолетовому излучению не выгорают и не теряют цвет, экологичные не содержат формальдегидных смол, светостойкость подоконника 20 лет, стойкость к воздействию бытовых химикатов.&lt;/span&gt;&lt;/span&gt;&lt;/p&gt;\r\n\r\n&lt;p style=&quot;text-align:center&quot;&gt;&lt;span style=&quot;color:#FF0000&quot;&gt;&lt;span style=&quot;font-size:20px&quot;&gt;&lt;strong&gt;Moeller - это подоконники для тех кто ценит истинное немецкое качество!&lt;/strong&gt;&lt;/span&gt;&lt;/span&gt;&lt;/p&gt;\r\n\r\n&lt;p style=&quot;text-align:center&quot;&gt;&lt;img alt=&quot;&quot; src=&quot;http://oknadveri.h1n.ru/image/catalog/steklopakety/220.jpg&quot; style=&quot;height:165px; width:309px&quot; /&gt;&amp;nbsp;&amp;nbsp; &amp;nbsp; &amp;nbsp;&amp;nbsp;&lt;img alt=&quot;&quot; src=&quot;http://oknadveri.h1n.ru/image/catalog/steklopakety/221.jpg&quot; style=&quot;height:165px; width:301px&quot; /&gt;&lt;/p&gt;\r\n\r\n&lt;p style=&quot;text-align:center&quot;&gt;&lt;span style=&quot;font-size:16px&quot;&gt;&lt;strong&gt;Подоконник&amp;nbsp; Moeller Белый глянец&amp;nbsp;&amp;nbsp;&amp;nbsp;&amp;nbsp;&amp;nbsp;&amp;nbsp;&amp;nbsp;&amp;nbsp;&amp;nbsp;&amp;nbsp;&amp;nbsp;&amp;nbsp;&amp;nbsp;&amp;nbsp;&amp;nbsp; Подоконник&amp;nbsp; Moeller Золотой дуб матовый&lt;/strong&gt;&lt;/span&gt;&lt;/p&gt;\r\n\r\n&lt;p style=&quot;text-align:center&quot;&gt;&lt;span style=&quot;color:#000080&quot;&gt;&lt;span style=&quot;font-size:20px&quot;&gt;&lt;strong&gt;Подоконники ПВХ Россия&lt;/strong&gt;&lt;/span&gt;&lt;/span&gt;&lt;/p&gt;\r\n\r\n&lt;p&gt;&lt;span style=&quot;font-size:16px&quot;&gt;&amp;nbsp; &lt;span style=&quot;color:#000000&quot;&gt;Бытует мнение, что пластиковые подоконники производства Россия отличаются должным качеством и прочностью, однако это не так. Современные отечественные технологии позволили создать подоконники ПВХ, которые не отличаются по характеристикам от своих зарубежных «коллег», при этом обладают демократичной стоимостью. Прочность, которой отличаются подоконники Россия, достигается за счет ребер жесткости и изготовления из прочного и экологичного пластика. Подоконники Россия универсальны и практичны, просты в монтаже, используются в любых помещениях. Имеют длительный срок службы.&lt;/span&gt;&lt;/span&gt;&lt;/p&gt;\r\n\r\n&lt;p style=&quot;text-align:center&quot;&gt;&lt;span style=&quot;color:#000080&quot;&gt;&lt;span style=&quot;font-size:16px&quot;&gt;&lt;strong&gt;Свойства и особенности&lt;/strong&gt;&lt;/span&gt;&lt;/span&gt;&lt;/p&gt;\r\n\r\n&lt;ol&gt;\r\n	&lt;li&gt;&lt;span style=&quot;color:#000000&quot;&gt;&lt;span style=&quot;font-size:16px&quot;&gt;Выдерживает все виды нагрузок: прогиб, удар, давление.&lt;/span&gt;&lt;/span&gt;&lt;/li&gt;\r\n	&lt;li&gt;&lt;span style=&quot;color:#000000&quot;&gt;&lt;span style=&quot;font-size:16px&quot;&gt;Стойкость: к царапинам, поверхность покрыта специальной защитной пленкой; к воздействию бытовых химикатов.&lt;/span&gt;&lt;/span&gt;&lt;/li&gt;\r\n	&lt;li&gt;&lt;span style=&quot;color:#000000&quot;&gt;&lt;span style=&quot;font-size:16px&quot;&gt;Огнестойкость: высокая сопротивляемость огню (самозатухающийся).&lt;/span&gt;&lt;/span&gt;&lt;/li&gt;\r\n	&lt;li&gt;&lt;span style=&quot;color:#000000&quot;&gt;&lt;span style=&quot;font-size:16px&quot;&gt;Невосприимчив к влаге: устанавливается во влажных помещениях бани, сауны.&lt;/span&gt;&lt;/span&gt;&lt;/li&gt;\r\n	&lt;li&gt;&lt;span style=&quot;color:#000000&quot;&gt;&lt;span style=&quot;font-size:16px&quot;&gt;Устойчив к ультрафиолетовому излучению : не выгорают и не теряют цвет.&lt;/span&gt;&lt;/span&gt;&lt;/li&gt;\r\n	&lt;li&gt;&lt;span style=&quot;color:#000000&quot;&gt;&lt;span style=&quot;font-size:16px&quot;&gt;Экологичен.&lt;/span&gt;&lt;/span&gt;&lt;/li&gt;\r\n&lt;/ol&gt;\r\n\r\n&lt;p style=&quot;text-align:center&quot;&gt;&lt;img alt=&quot;&quot; src=&quot;http://oknadveri.h1n.ru/image/catalog/steklopakety/222.jpg&quot; style=&quot;height:162px; width:670px&quot; /&gt;&lt;/p&gt;\r\n\r\n&lt;p style=&quot;text-align:center&quot;&gt;&lt;span style=&quot;color:#000000&quot;&gt;&lt;span style=&quot;font-size:16px&quot;&gt;&lt;strong&gt;Подоконник ПВХ Россия Белый матовый &amp;nbsp; &amp;nbsp; &amp;nbsp;&amp;nbsp; &amp;nbsp; &amp;nbsp; &amp;nbsp;Подоконник ПВХ Россия Золотой дуб матовый&lt;/strong&gt;&lt;/span&gt;&lt;/span&gt;&lt;/p&gt;\r\n\r\n&lt;p style=&quot;text-align:center&quot;&gt;&lt;span style=&quot;color:#FF0000&quot;&gt;&lt;span style=&quot;font-size:20px&quot;&gt;&lt;strong&gt;Вы можете заказать подоконники в произвольном размере, благодаря чему они подойдут к любому Вашему окну. &lt;/strong&gt;&lt;/span&gt;&lt;/span&gt;&lt;/p&gt;\r\n\r\n&lt;p style=&quot;text-align:center&quot;&gt;&lt;span style=&quot;color:#000080&quot;&gt;&lt;span style=&quot;font-size:20px&quot;&gt;&lt;strong&gt;ОТЛИВЫ И КОЗЫРЬКИ НА ЗАКАЗ&lt;/strong&gt;&lt;/span&gt;&lt;/span&gt;&lt;/p&gt;\r\n\r\n&lt;p&gt;&lt;span style=&quot;font-size:16px&quot;&gt;&amp;nbsp; &lt;span style=&quot;color:#000000&quot;&gt;Лучшая защита для окон, балконов и других конструкций где есть монтажное соединение – &lt;strong&gt;металлические отливы и козырьки из оцинкованной стали с полимерным покрытием толщиной 0.45 мм.&amp;nbsp;&lt;/strong&gt;&lt;/span&gt;&lt;span style=&quot;color:#0000CD&quot;&gt;&lt;strong&gt;Водоотлив&lt;/strong&gt;&lt;/span&gt;&lt;span style=&quot;color:#000000&quot;&gt;&lt;strong&gt; &lt;/strong&gt;&amp;nbsp;– металлическое изделие, которое защищает от атмосферного воздействия, дождя, снега, от попадания влаги в помещение, высокую стойкость к перепаду температур, не поддаются корозии, имеют аккуратный внешний вид.&lt;/span&gt;&lt;br /&gt;\r\n&amp;nbsp;&amp;nbsp;&lt;span style=&quot;color:#0000CD&quot;&gt;&lt;strong&gt;Отлив и козырьки из оцинкованной стали с полимерным покрытием&lt;/strong&gt;&lt;/span&gt; &lt;span style=&quot;color:#000000&quot;&gt;являются самым простым и дешевым выбором, а так же самым надежным в вопросе долговечности.&lt;/span&gt;&lt;/span&gt;&lt;/p&gt;\r\n\r\n&lt;p style=&quot;text-align:center&quot;&gt;&lt;span style=&quot;color:#FF0000&quot;&gt;&lt;span style=&quot;font-size:20px&quot;&gt;&lt;strong&gt;У нас Вы можете заказать не только отливы и козырьки, но и короба, нащельники. Минимальные сроки изготовления. Цветовая гамма в ассортименте, максимальная ширина листа 1250 мм.&amp;nbsp; &lt;/strong&gt;&lt;/span&gt;&lt;/span&gt;&lt;/p&gt;\r\n\r\n&lt;p style=&quot;text-align:center&quot;&gt;&lt;img alt=&quot;&quot; src=&quot;http://oknadveri.h1n.ru/image/catalog/steklopakety/223.jpg&quot; style=&quot;height:212px; width:537px&quot; /&gt;&lt;br /&gt;\r\n&amp;nbsp;&lt;/p&gt;\r\n', 'Подоконники, отливы, козырьки', '', '', ''),
(74, 1, 'Двери России &quot;КОМФОРТ&quot;', '', 'Входные двери России &quot;КОМФОРТ&quot;, купить с доставкой на дом в магазине &quot;Окна Двери&quot;', 'Входные двери России &quot;КОМФОРТ&quot;', '', 'Входные двери России &quot;КОМФОРТ&quot;, двери, купить'),
(75, 1, 'Двери России &quot;МДФ/МДФ&quot;', '', 'Входные двери России &quot;МДФ/МДФ&quot;, купить с доставкой на дом в магазине &quot;Окна Двери&quot; ', 'Входные двери России &quot;МДФ/МДФ&quot;', '', 'Входные двери двери России &quot;МДФ/МДФ&quot;, двери, купить');

-- --------------------------------------------------------

--
-- Структура таблицы `oc_category_filter`
--

CREATE TABLE IF NOT EXISTS `oc_category_filter` (
  `category_id` int(11) NOT NULL,
  `filter_id` int(11) NOT NULL
) ENGINE=MyISAM DEFAULT CHARSET=utf8;

-- --------------------------------------------------------

--
-- Структура таблицы `oc_category_path`
--

CREATE TABLE IF NOT EXISTS `oc_category_path` (
  `category_id` int(11) NOT NULL,
  `path_id` int(11) NOT NULL,
  `level` int(11) NOT NULL
) ENGINE=MyISAM DEFAULT CHARSET=utf8;

--
-- Дамп данных таблицы `oc_category_path`
--

INSERT INTO `oc_category_path` (`category_id`, `path_id`, `level`) VALUES
(88, 88, 1),
(88, 62, 0),
(87, 87, 1),
(87, 62, 0),
(83, 83, 2),
(83, 60, 1),
(83, 65, 0),
(82, 82, 2),
(82, 60, 1),
(82, 65, 0),
(81, 81, 2),
(81, 60, 1),
(81, 65, 0),
(80, 80, 2),
(80, 60, 1),
(79, 60, 1),
(79, 79, 2),
(79, 65, 0),
(78, 78, 2),
(78, 60, 1),
(78, 65, 0),
(77, 77, 2),
(77, 60, 1),
(77, 65, 0),
(85, 62, 0),
(86, 65, 0),
(85, 85, 1),
(75, 75, 2),
(75, 59, 1),
(75, 65, 0),
(74, 74, 2),
(74, 59, 1),
(74, 65, 0),
(73, 73, 2),
(73, 59, 1),
(73, 65, 0),
(72, 72, 2),
(72, 59, 1),
(72, 65, 0),
(71, 71, 2),
(71, 59, 1),
(71, 65, 0),
(70, 70, 2),
(70, 59, 1),
(70, 65, 0),
(86, 86, 2),
(60, 65, 0),
(59, 65, 0),
(65, 65, 0),
(64, 64, 0),
(86, 59, 1),
(62, 62, 0),
(68, 68, 0),
(60, 60, 1),
(59, 59, 1),
(80, 65, 0);

-- --------------------------------------------------------

--
-- Структура таблицы `oc_category_to_layout`
--

CREATE TABLE IF NOT EXISTS `oc_category_to_layout` (
  `category_id` int(11) NOT NULL,
  `store_id` int(11) NOT NULL,
  `layout_id` int(11) NOT NULL
) ENGINE=MyISAM DEFAULT CHARSET=utf8;

--
-- Дамп данных таблицы `oc_category_to_layout`
--

INSERT INTO `oc_category_to_layout` (`category_id`, `store_id`, `layout_id`) VALUES
(59, 0, 0),
(60, 0, 0),
(68, 0, 0),
(62, 0, 0),
(86, 0, 0),
(64, 0, 0),
(65, 0, 0),
(87, 0, 0),
(70, 0, 0),
(71, 0, 0),
(72, 0, 0),
(73, 0, 0),
(74, 0, 0),
(75, 0, 0),
(85, 0, 0),
(77, 0, 0),
(78, 0, 0),
(79, 0, 0),
(80, 0, 0),
(81, 0, 0),
(82, 0, 0),
(83, 0, 0),
(88, 0, 0);

-- --------------------------------------------------------

--
-- Структура таблицы `oc_category_to_store`
--

CREATE TABLE IF NOT EXISTS `oc_category_to_store` (
  `category_id` int(11) NOT NULL,
  `store_id` int(11) NOT NULL
) ENGINE=MyISAM DEFAULT CHARSET=utf8;

--
-- Дамп данных таблицы `oc_category_to_store`
--

INSERT INTO `oc_category_to_store` (`category_id`, `store_id`) VALUES
(59, 0),
(60, 0),
(62, 0),
(64, 0),
(65, 0),
(68, 0),
(70, 0),
(71, 0),
(72, 0),
(73, 0),
(74, 0),
(75, 0),
(77, 0),
(78, 0),
(79, 0),
(80, 0),
(81, 0),
(82, 0),
(83, 0),
(85, 0),
(86, 0),
(87, 0),
(88, 0);

-- --------------------------------------------------------

--
-- Структура таблицы `oc_country`
--

CREATE TABLE IF NOT EXISTS `oc_country` (
  `country_id` int(11) NOT NULL,
  `name` varchar(128) NOT NULL,
  `iso_code_2` varchar(2) NOT NULL,
  `iso_code_3` varchar(3) NOT NULL,
  `address_format` text NOT NULL,
  `postcode_required` tinyint(1) NOT NULL,
  `status` tinyint(1) NOT NULL DEFAULT 1
) ENGINE=MyISAM AUTO_INCREMENT=258 DEFAULT CHARSET=utf8;

--
-- Дамп данных таблицы `oc_country`
--

INSERT INTO `oc_country` (`country_id`, `name`, `iso_code_2`, `iso_code_3`, `address_format`, `postcode_required`, `status`) VALUES
(1, 'Афганистан', 'AF', 'AFG', '', 0, 1),
(2, 'Албания', 'AL', 'ALB', '', 0, 1),
(3, 'Алжир', 'DZ', 'DZA', '', 0, 1),
(4, 'Восточное Самоа', 'AS', 'ASM', '', 0, 1),
(5, 'Андорра', 'AD', 'AND', '', 0, 1),
(6, 'Ангола', 'AO', 'AGO', '', 0, 1),
(7, 'Ангилья', 'AI', 'AIA', '', 0, 1),
(8, 'Антарктида', 'AQ', 'ATA', '', 0, 1),
(9, 'Антигуа и Барбуда', 'AG', 'ATG', '', 0, 1),
(10, 'Аргентина', 'AR', 'ARG', '', 0, 1),
(11, 'Армения', 'AM', 'ARM', '', 0, 1),
(12, 'Аруба', 'AW', 'ABW', '', 0, 1),
(13, 'Австралия', 'AU', 'AUS', '', 0, 1),
(14, 'Австрия', 'AT', 'AUT', '', 0, 1),
(15, 'Азербайджан', 'AZ', 'AZE', '', 0, 1),
(16, 'Багамские острова', 'BS', 'BHS', '', 0, 1),
(17, 'Бахрейн', 'BH', 'BHR', '', 0, 1),
(18, 'Бангладеш', 'BD', 'BGD', '', 0, 1),
(19, 'Барбадос', 'BB', 'BRB', '', 0, 1),
(20, 'Белоруссия (Беларусь)', 'BY', 'BLR', '', 0, 1),
(21, 'Бельгия', 'BE', 'BEL', '', 0, 1),
(22, 'Белиз', 'BZ', 'BLZ', '', 0, 1),
(23, 'Бенин', 'BJ', 'BEN', '', 0, 1),
(24, 'Бермудские острова', 'BM', 'BMU', '', 0, 1),
(25, 'Бутан', 'BT', 'BTN', '', 0, 1),
(26, 'Боливия', 'BO', 'BOL', '', 0, 1),
(27, 'Босния и Герцеговина', 'BA', 'BIH', '', 0, 1),
(28, 'Ботсвана', 'BW', 'BWA', '', 0, 1),
(29, 'Остров Буве', 'BV', 'BVT', '', 0, 1),
(30, 'Бразилия', 'BR', 'BRA', '', 0, 1),
(31, 'Британская территория в Индийском океане', 'IO', 'IOT', '', 0, 1),
(32, 'Бруней', 'BN', 'BRN', '', 0, 1),
(33, 'Болгария', 'BG', 'BGR', '', 0, 1),
(34, 'Буркина-Фасо', 'BF', 'BFA', '', 0, 1),
(35, 'Бурунди', 'BI', 'BDI', '', 0, 1),
(36, 'Камбоджа', 'KH', 'KHM', '', 0, 1),
(37, 'Камерун', 'CM', 'CMR', '', 0, 1),
(38, 'Канада', 'CA', 'CAN', '', 0, 1),
(39, 'Кабо-Верде', 'CV', 'CPV', '', 0, 1),
(40, 'Каймановы острова', 'KY', 'CYM', '', 0, 1),
(41, 'Центрально-Африканская Республика', 'CF', 'CAF', '', 0, 1),
(42, 'Чад', 'TD', 'TCD', '', 0, 1),
(43, 'Чили', 'CL', 'CHL', '', 0, 1),
(44, 'Китайская Народная Республика', 'CN', 'CHN', '', 0, 1),
(45, 'Остров Рождества', 'CX', 'CXR', '', 0, 1),
(46, 'Кокосовые острова', 'CC', 'CCK', '', 0, 1),
(47, 'Колумбия', 'CO', 'COL', '', 0, 1),
(48, 'Коморские острова', 'KM', 'COM', '', 0, 1),
(49, 'Конго', 'CG', 'COG', '', 0, 1),
(50, 'Острова Кука', 'CK', 'COK', '', 0, 1),
(51, 'Коста-Рика', 'CR', 'CRI', '', 0, 1),
(52, 'Кот д''Ивуар', 'CI', 'CIV', '', 0, 1),
(53, 'Хорватия', 'HR', 'HRV', '', 0, 1),
(54, 'Куба', 'CU', 'CUB', '', 0, 1),
(55, 'Кипр', 'CY', 'CYP', '', 0, 1),
(56, 'Чехия', 'CZ', 'CZE', '', 0, 1),
(57, 'Дания', 'DK', 'DNK', '', 0, 1),
(58, 'Джибути', 'DJ', 'DJI', '', 0, 1),
(59, 'Доминика', 'DM', 'DMA', '', 0, 1),
(60, 'Доминиканская Республика', 'DO', 'DOM', '', 0, 1),
(61, 'Восточный Тимор', 'TP', 'TMP', '', 0, 1),
(62, 'Эквадор', 'EC', 'ECU', '', 0, 1),
(63, 'Египет', 'EG', 'EGY', '', 0, 1),
(64, 'Сальвадор', 'SV', 'SLV', '', 0, 1),
(65, 'Экваториальная Гвинея', 'GQ', 'GNQ', '', 0, 1),
(66, 'Эритрея', 'ER', 'ERI', '', 0, 1),
(67, 'Эстония', 'EE', 'EST', '', 0, 1),
(68, 'Эфиопия', 'ET', 'ETH', '', 0, 1),
(69, 'Фолклендские (Мальвинские) острова', 'FK', 'FLK', '', 0, 1),
(70, 'Фарерские острова', 'FO', 'FRO', '', 0, 1),
(71, 'Фиджи', 'FJ', 'FJI', '', 0, 1),
(72, 'Финляндия', 'FI', 'FIN', '', 0, 1),
(73, 'Франция', 'FR', 'FRA', '', 0, 1),
(74, 'Франция, Метрополия', 'FX', 'FXX', '', 0, 1),
(75, 'Французская Гвиана', 'GF', 'GUF', '', 0, 1),
(76, 'Французская Полинезия', 'PF', 'PYF', '', 0, 1),
(77, 'Французские Южные территории', 'TF', 'ATF', '', 0, 1),
(78, 'Габон', 'GA', 'GAB', '', 0, 1),
(79, 'Гамбия', 'GM', 'GMB', '', 0, 1),
(80, 'Грузия', 'GE', 'GEO', '', 0, 1),
(81, 'Германия', 'DE', 'DEU', '{company}\r\n{firstname} {lastname}\r\n{address_1}\r\n{address_2}\r\n{postcode} {city}\r\n{country}', 0, 1),
(82, 'Гана', 'GH', 'GHA', '', 0, 1),
(83, 'Гибралтар', 'GI', 'GIB', '', 0, 1),
(84, 'Греция', 'GR', 'GRC', '', 0, 1),
(85, 'Гренландия', 'GL', 'GRL', '', 0, 1),
(86, 'Гренада', 'GD', 'GRD', '', 0, 1),
(87, 'Гваделупа', 'GP', 'GLP', '', 0, 1),
(88, 'Гуам', 'GU', 'GUM', '', 0, 1),
(89, 'Гватемала', 'GT', 'GTM', '', 0, 1),
(90, 'Гвинея', 'GN', 'GIN', '', 0, 1),
(91, 'Гвинея-Бисау', 'GW', 'GNB', '', 0, 1),
(92, 'Гайана', 'GY', 'GUY', '', 0, 1),
(93, 'Гаити', 'HT', 'HTI', '', 0, 1),
(94, 'Херд и Макдональд, острова', 'HM', 'HMD', '', 0, 1),
(95, 'Гондурас', 'HN', 'HND', '', 0, 1),
(96, 'Гонконг', 'HK', 'HKG', '', 0, 1),
(97, 'Венгрия', 'HU', 'HUN', '', 0, 1),
(98, 'Исландия', 'IS', 'ISL', '', 0, 1),
(99, 'Индия', 'IN', 'IND', '', 0, 1),
(100, 'Индонезия', 'ID', 'IDN', '', 0, 1),
(101, 'Иран', 'IR', 'IRN', '', 0, 1),
(102, 'Ирак', 'IQ', 'IRQ', '', 0, 1),
(103, 'Ирландия', 'IE', 'IRL', '', 0, 1),
(104, 'Израиль', 'IL', 'ISR', '', 0, 1),
(105, 'Италия', 'IT', 'ITA', '', 0, 1),
(106, 'Ямайка', 'JM', 'JAM', '', 0, 1),
(107, 'Япония', 'JP', 'JPN', '', 0, 1),
(108, 'Иордания', 'JO', 'JOR', '', 0, 1),
(109, 'Казахстан', 'KZ', 'KAZ', '', 0, 1),
(110, 'Кения', 'KE', 'KEN', '', 0, 1),
(111, 'Кирибати', 'KI', 'KIR', '', 0, 1),
(112, 'Корейская Народно-Демократическая Республика', 'KP', 'PRK', '', 0, 1),
(113, 'Республика Корея', 'KR', 'KOR', '', 0, 1),
(114, 'Кувейт', 'KW', 'KWT', '', 0, 1),
(115, 'Киргизия (Кыргызстан)', 'KG', 'KGZ', '', 0, 1),
(116, 'Лаос', 'LA', 'LAO', '', 0, 1),
(117, 'Латвия', 'LV', 'LVA', '', 0, 1),
(118, 'Ливан', 'LB', 'LBN', '', 0, 1),
(119, 'Лесото', 'LS', 'LSO', '', 0, 1),
(120, 'Либерия', 'LR', 'LBR', '', 0, 1),
(121, 'Ливия', 'LY', 'LBY', '', 0, 1),
(122, 'Лихтенштейн', 'LI', 'LIE', '', 0, 1),
(123, 'Литва', 'LT', 'LTU', '', 0, 1),
(124, 'Люксембург', 'LU', 'LUX', '', 0, 1),
(125, 'Макао', 'MO', 'MAC', '', 0, 1),
(126, 'Македония', 'MK', 'MKD', '', 0, 1),
(127, 'Мадагаскар', 'MG', 'MDG', '', 0, 1),
(128, 'Малави', 'MW', 'MWI', '', 0, 1),
(129, 'Малайзия', 'MY', 'MYS', '', 0, 1),
(130, 'Мальдивы', 'MV', 'MDV', '', 0, 1),
(131, 'Мали', 'ML', 'MLI', '', 0, 1),
(132, 'Мальта', 'MT', 'MLT', '', 0, 1),
(133, 'Маршалловы острова', 'MH', 'MHL', '', 0, 1),
(134, 'Мартиника', 'MQ', 'MTQ', '', 0, 1),
(135, 'Мавритания', 'MR', 'MRT', '', 0, 1),
(136, 'Маврикий', 'MU', 'MUS', '', 0, 1),
(137, 'Майотта', 'YT', 'MYT', '', 0, 1),
(138, 'Мексика', 'MX', 'MEX', '', 0, 1),
(139, 'Микронезия', 'FM', 'FSM', '', 0, 1),
(140, 'Молдова', 'MD', 'MDA', '', 0, 1),
(141, 'Монако', 'MC', 'MCO', '', 0, 1),
(142, 'Монголия', 'MN', 'MNG', '', 0, 1),
(143, 'Монтсеррат', 'MS', 'MSR', '', 0, 1),
(144, 'Марокко', 'MA', 'MAR', '', 0, 1),
(145, 'Мозамбик', 'MZ', 'MOZ', '', 0, 1),
(146, 'Мьянма', 'MM', 'MMR', '', 0, 1),
(147, 'Намибия', 'NA', 'NAM', '', 0, 1),
(148, 'Науру', 'NR', 'NRU', '', 0, 1),
(149, 'Непал', 'NP', 'NPL', '', 0, 1),
(150, 'Нидерланды', 'NL', 'NLD', '', 0, 1),
(151, 'Антильские (Нидерландские) острова', 'AN', 'ANT', '', 0, 1),
(152, 'Новая Каледония', 'NC', 'NCL', '', 0, 1),
(153, 'Новая Зеландия', 'NZ', 'NZL', '', 0, 1),
(154, 'Никарагуа', 'NI', 'NIC', '', 0, 1),
(155, 'Нигер', 'NE', 'NER', '', 0, 1),
(156, 'Нигерия', 'NG', 'NGA', '', 0, 1),
(157, 'Ниуэ', 'NU', 'NIU', '', 0, 1),
(158, 'Остров Норфолк', 'NF', 'NFK', '', 0, 1),
(159, 'Северные Марианские острова', 'MP', 'MNP', '', 0, 1),
(160, 'Норвегия', 'NO', 'NOR', '', 0, 1),
(161, 'Оман', 'OM', 'OMN', '', 0, 1),
(162, 'Пакистан', 'PK', 'PAK', '', 0, 1),
(163, 'Палау', 'PW', 'PLW', '', 0, 1),
(164, 'Панама', 'PA', 'PAN', '', 0, 1),
(165, 'Папуа - Новая Гвинея', 'PG', 'PNG', '', 0, 1),
(166, 'Парагвай', 'PY', 'PRY', '', 0, 1),
(167, 'Перу', 'PE', 'PER', '', 0, 1),
(168, 'Филиппины', 'PH', 'PHL', '', 0, 1),
(169, 'Острова Питкэрн', 'PN', 'PCN', '', 0, 1),
(170, 'Польша', 'PL', 'POL', '', 0, 1),
(171, 'Португалия', 'PT', 'PRT', '', 0, 1),
(172, 'Пуэрто-Рико', 'PR', 'PRI', '', 0, 1),
(173, 'Катар', 'QA', 'QAT', '', 0, 1),
(174, 'Реюньон', 'RE', 'REU', '', 0, 1),
(175, 'Румыния', 'RO', 'ROM', '', 0, 1),
(176, 'Российская Федерация', 'RU', 'RUS', '', 0, 1),
(177, 'Руанда', 'RW', 'RWA', '', 0, 1),
(178, 'Сент-Китс и Невис', 'KN', 'KNA', '', 0, 1),
(179, 'Сент-Люсия', 'LC', 'LCA', '', 0, 1),
(180, 'Сент-Винсент и Гренадины', 'VC', 'VCT', '', 0, 1),
(181, 'Западное Самоа', 'WS', 'WSM', '', 0, 1),
(182, 'Сан-Марино', 'SM', 'SMR', '', 0, 1),
(183, 'Сан-Томе и Принсипи', 'ST', 'STP', '', 0, 1),
(184, 'Саудовская Аравия', 'SA', 'SAU', '', 0, 1),
(185, 'Сенегал', 'SN', 'SEN', '', 0, 1),
(186, 'Сейшельские острова', 'SC', 'SYC', '', 0, 1),
(187, 'Сьерра-Леоне', 'SL', 'SLE', '', 0, 1),
(188, 'Сингапур', 'SG', 'SGP', '', 0, 1),
(189, 'Словакия', 'SK', 'SVK', '{firstname} {lastname}\r\n{company}\r\n{address_1}\r\n{address_2}\r\n{city} {postcode}\r\n{zone}\r\n{country}', 0, 1),
(190, 'Словения', 'SI', 'SVN', '', 0, 1),
(191, 'Соломоновы острова', 'SB', 'SLB', '', 0, 1),
(192, 'Сомали', 'SO', 'SOM', '', 0, 1),
(193, 'Южно-Африканская Республика', 'ZA', 'ZAF', '', 0, 1),
(194, 'Южная Джорджия и Южные Сандвичевы острова', 'GS', 'SGS', '', 0, 1),
(195, 'Испания', 'ES', 'ESP', '', 0, 1),
(196, 'Шри-Ланка', 'LK', 'LKA', '', 0, 1),
(197, 'Остров Святой Елены', 'SH', 'SHN', '', 0, 1),
(198, 'Сен-Пьер и Микелон', 'PM', 'SPM', '', 0, 1),
(199, 'Судан', 'SD', 'SDN', '', 0, 1),
(200, 'Суринам', 'SR', 'SUR', '', 0, 1),
(201, 'Шпицберген и Ян Майен', 'SJ', 'SJM', '', 0, 1),
(202, 'Свазиленд', 'SZ', 'SWZ', '', 0, 1),
(203, 'Швеция', 'SE', 'SWE', '', 0, 1),
(204, 'Швейцария', 'CH', 'CHE', '', 0, 1),
(205, 'Сирия', 'SY', 'SYR', '', 0, 1),
(206, 'Тайвань (провинция Китая)', 'TW', 'TWN', '', 0, 1),
(207, 'Таджикистан', 'TJ', 'TJK', '', 0, 1),
(208, 'Танзания', 'TZ', 'TZA', '', 0, 1),
(209, 'Таиланд', 'TH', 'THA', '', 0, 1),
(210, 'Того', 'TG', 'TGO', '', 0, 1),
(211, 'Токелау', 'TK', 'TKL', '', 0, 1),
(212, 'Тонга', 'TO', 'TON', '', 0, 1),
(213, 'Тринидад и Тобаго', 'TT', 'TTO', '', 0, 1),
(214, 'Тунис', 'TN', 'TUN', '', 0, 1),
(215, 'Турция', 'TR', 'TUR', '', 0, 1),
(216, 'Туркменистан', 'TM', 'TKM', '', 0, 1),
(217, 'Острова Теркс и Кайкос', 'TC', 'TCA', '', 0, 1),
(218, 'Тувалу', 'TV', 'TUV', '', 0, 1),
(219, 'Уганда', 'UG', 'UGA', '', 0, 1),
(220, 'Украина', 'UA', 'UKR', '', 0, 1),
(221, 'Объединенные Арабские Эмираты', 'AE', 'ARE', '', 0, 1),
(222, 'Великобритания', 'GB', 'GBR', '', 1, 1),
(223, 'Соединенные Штаты Америки', 'US', 'USA', '{firstname} {lastname}\r\n{company}\r\n{address_1}\r\n{address_2}\r\n{city}, {zone} {postcode}\r\n{country}', 0, 1),
(224, 'Мелкие отдаленные острова США', 'UM', 'UMI', '', 0, 1),
(225, 'Уругвай', 'UY', 'URY', '', 0, 1),
(226, 'Узбекистан', 'UZ', 'UZB', '', 0, 1),
(227, 'Вануату', 'VU', 'VUT', '', 0, 1),
(228, 'Ватикан', 'VA', 'VAT', '', 0, 1),
(229, 'Венесуэла', 'VE', 'VEN', '', 0, 1),
(230, 'Вьетнам', 'VN', 'VNM', '', 0, 1),
(231, 'Виргинские острова (Британские)', 'VG', 'VGB', '', 0, 1),
(232, 'Виргинские острова (США)', 'VI', 'VIR', '', 0, 1),
(233, 'Уоллис и Футуна', 'WF', 'WLF', '', 0, 1),
(234, 'Западная Сахара', 'EH', 'ESH', '', 0, 1),
(235, 'Йемен', 'YE', 'YEM', '', 0, 1),
(236, 'Сербия и Черногория', 'CS', 'SCG', '', 0, 1),
(237, 'Заир', 'ZR', 'ZAR', '', 0, 1),
(238, 'Замбия', 'ZM', 'ZMB', '', 0, 1),
(239, 'Зимбабве', 'ZW', 'ZWE', '', 0, 1),
(242, 'Черногория', 'ME', 'MNE', '', 0, 1),
(243, 'Сербия', 'RS', 'SRB', '', 0, 1),
(244, 'Аландские острова', 'AX', 'ALA', '', 0, 1),
(245, 'Бонайре, Синт-Эстатиус и Саба', 'BQ', 'BES', '', 0, 1),
(246, 'Кюрасао', 'CW', 'CUW', '', 0, 1),
(247, 'Палестинская территория, оккупированная', 'PS', 'PSE', '', 0, 1),
(248, 'Южный Судан', 'SS', 'SSD', '', 0, 1),
(249, 'Санкт-Бартелеми', 'BL', 'BLM', '', 0, 1),
(250, 'Санкт-Мартин (французская часть)', 'MF', 'MAF', '', 0, 1),
(251, 'Канарские Острова', 'IC', 'ICA', '', 0, 1),
(252, 'Остров Вознесения (Великобритания)', 'AC', 'ASC', '', 0, 1),
(253, 'Косово, Республика', 'XK', 'UNK', '', 0, 1),
(254, 'Остров Мэн', 'IM', 'IMN', '', 0, 1),
(255, 'Тристан-да-Кунья', 'TA', 'SHN', '', 0, 1),
(256, 'Остров Гернси', 'GG', 'GGY', '', 0, 1),
(257, 'Остров Джерси', 'JE', 'JEY', '', 0, 1);

-- --------------------------------------------------------

--
-- Структура таблицы `oc_coupon`
--

CREATE TABLE IF NOT EXISTS `oc_coupon` (
  `coupon_id` int(11) NOT NULL,
  `name` varchar(128) NOT NULL,
  `code` varchar(10) NOT NULL,
  `type` char(1) NOT NULL,
  `discount` decimal(15,4) NOT NULL,
  `logged` tinyint(1) NOT NULL,
  `shipping` tinyint(1) NOT NULL,
  `total` decimal(15,4) NOT NULL,
  `date_start` date NOT NULL DEFAULT '0000-00-00',
  `date_end` date NOT NULL DEFAULT '0000-00-00',
  `uses_total` int(11) NOT NULL,
  `uses_customer` varchar(11) NOT NULL,
  `status` tinyint(1) NOT NULL,
  `date_added` datetime NOT NULL
) ENGINE=MyISAM AUTO_INCREMENT=7 DEFAULT CHARSET=utf8;

--
-- Дамп данных таблицы `oc_coupon`
--

INSERT INTO `oc_coupon` (`coupon_id`, `name`, `code`, `type`, `discount`, `logged`, `shipping`, `total`, `date_start`, `date_end`, `uses_total`, `uses_customer`, `status`, `date_added`) VALUES
(4, '-10% скидка', '2222', 'P', 10.0000, 0, 0, 0.0000, '2011-01-01', '2012-01-01', 10, '10', 1, '2009-01-27 13:55:03'),
(5, 'Бесплатная доставка', '3333', 'P', 0.0000, 0, 1, 100.0000, '2009-03-01', '2009-08-31', 10, '10', 1, '2009-03-14 21:13:53'),
(6, '-10.00 скидка', '1111', 'F', 10.0000, 0, 0, 10.0000, '1970-11-01', '2020-11-01', 100000, '10000', 1, '2009-03-14 21:15:18');

-- --------------------------------------------------------

--
-- Структура таблицы `oc_coupon_category`
--

CREATE TABLE IF NOT EXISTS `oc_coupon_category` (
  `coupon_id` int(11) NOT NULL,
  `category_id` int(11) NOT NULL
) ENGINE=MyISAM DEFAULT CHARSET=utf8;

-- --------------------------------------------------------

--
-- Структура таблицы `oc_coupon_history`
--

CREATE TABLE IF NOT EXISTS `oc_coupon_history` (
  `coupon_history_id` int(11) NOT NULL,
  `coupon_id` int(11) NOT NULL,
  `order_id` int(11) NOT NULL,
  `customer_id` int(11) NOT NULL,
  `amount` decimal(15,4) NOT NULL,
  `date_added` datetime NOT NULL
) ENGINE=MyISAM DEFAULT CHARSET=utf8;

-- --------------------------------------------------------

--
-- Структура таблицы `oc_coupon_product`
--

CREATE TABLE IF NOT EXISTS `oc_coupon_product` (
  `coupon_product_id` int(11) NOT NULL,
  `coupon_id` int(11) NOT NULL,
  `product_id` int(11) NOT NULL
) ENGINE=MyISAM DEFAULT CHARSET=utf8;

-- --------------------------------------------------------

--
-- Структура таблицы `oc_currency`
--

CREATE TABLE IF NOT EXISTS `oc_currency` (
  `currency_id` int(11) NOT NULL,
  `title` varchar(32) NOT NULL,
  `code` varchar(3) NOT NULL,
  `symbol_left` varchar(12) NOT NULL,
  `symbol_right` varchar(12) NOT NULL,
  `decimal_place` char(1) NOT NULL,
  `value` float(15,8) NOT NULL,
  `status` tinyint(1) NOT NULL,
  `date_modified` datetime NOT NULL
) ENGINE=MyISAM AUTO_INCREMENT=4 DEFAULT CHARSET=utf8;

--
-- Дамп данных таблицы `oc_currency`
--

INSERT INTO `oc_currency` (`currency_id`, `title`, `code`, `symbol_left`, `symbol_right`, `decimal_place`, `value`, `status`, `date_modified`) VALUES
(1, 'Рубль', 'RUB', '', ' р.', '0', 1.00000000, 1, '2017-01-28 22:08:37');

-- --------------------------------------------------------

--
-- Структура таблицы `oc_custom_field`
--

CREATE TABLE IF NOT EXISTS `oc_custom_field` (
  `custom_field_id` int(11) NOT NULL,
  `type` varchar(32) NOT NULL,
  `value` text NOT NULL,
  `location` varchar(7) NOT NULL,
  `status` tinyint(1) NOT NULL,
  `sort_order` int(3) NOT NULL
) ENGINE=MyISAM DEFAULT CHARSET=utf8;

-- --------------------------------------------------------

--
-- Структура таблицы `oc_custom_field_customer_group`
--

CREATE TABLE IF NOT EXISTS `oc_custom_field_customer_group` (
  `custom_field_id` int(11) NOT NULL,
  `customer_group_id` int(11) NOT NULL,
  `required` tinyint(1) NOT NULL
) ENGINE=MyISAM DEFAULT CHARSET=utf8;

-- --------------------------------------------------------

--
-- Структура таблицы `oc_custom_field_description`
--

CREATE TABLE IF NOT EXISTS `oc_custom_field_description` (
  `custom_field_id` int(11) NOT NULL,
  `language_id` int(11) NOT NULL,
  `name` varchar(128) NOT NULL
) ENGINE=MyISAM DEFAULT CHARSET=utf8;

-- --------------------------------------------------------

--
-- Структура таблицы `oc_custom_field_value`
--

CREATE TABLE IF NOT EXISTS `oc_custom_field_value` (
  `custom_field_value_id` int(11) NOT NULL,
  `custom_field_id` int(11) NOT NULL,
  `sort_order` int(3) NOT NULL
) ENGINE=MyISAM DEFAULT CHARSET=utf8;

-- --------------------------------------------------------

--
-- Структура таблицы `oc_custom_field_value_description`
--

CREATE TABLE IF NOT EXISTS `oc_custom_field_value_description` (
  `custom_field_value_id` int(11) NOT NULL,
  `language_id` int(11) NOT NULL,
  `custom_field_id` int(11) NOT NULL,
  `name` varchar(128) NOT NULL
) ENGINE=MyISAM DEFAULT CHARSET=utf8;

-- --------------------------------------------------------

--
-- Структура таблицы `oc_customer`
--

CREATE TABLE IF NOT EXISTS `oc_customer` (
  `customer_id` int(11) NOT NULL,
  `customer_group_id` int(11) NOT NULL,
  `store_id` int(11) NOT NULL DEFAULT 0,
  `firstname` varchar(32) NOT NULL,
  `lastname` varchar(32) NOT NULL,
  `email` varchar(96) NOT NULL,
  `telephone` varchar(32) NOT NULL,
  `fax` varchar(32) NOT NULL,
  `password` varchar(40) NOT NULL,
  `salt` varchar(9) NOT NULL,
  `cart` text DEFAULT NULL,
  `wishlist` text DEFAULT NULL,
  `newsletter` tinyint(1) NOT NULL DEFAULT 0,
  `address_id` int(11) NOT NULL DEFAULT 0,
  `custom_field` text NOT NULL,
  `ip` varchar(40) NOT NULL,
  `status` tinyint(1) NOT NULL,
  `approved` tinyint(1) NOT NULL,
  `safe` tinyint(1) NOT NULL,
  `token` text NOT NULL,
  `date_added` datetime NOT NULL
) ENGINE=MyISAM AUTO_INCREMENT=2 DEFAULT CHARSET=utf8;

--
-- Дамп данных таблицы `oc_customer`
--

INSERT INTO `oc_customer` (`customer_id`, `customer_group_id`, `store_id`, `firstname`, `lastname`, `email`, `telephone`, `fax`, `password`, `salt`, `cart`, `wishlist`, `newsletter`, `address_id`, `custom_field`, `ip`, `status`, `approved`, `safe`, `token`, `date_added`) VALUES
(1, 1, 0, 'Владимир', 'Петренко', 'italyanec100@yandex.ru', '89626762015', '', '7b2a236cbc91961ec6789d213f01f8e12215b961', 'bRyhgK8wr', NULL, NULL, 0, 1, '', '37.146.98.240', 1, 1, 0, '', '2022-02-02 06:08:14');

-- --------------------------------------------------------

--
-- Структура таблицы `oc_customer_activity`
--

CREATE TABLE IF NOT EXISTS `oc_customer_activity` (
  `activity_id` int(11) NOT NULL,
  `customer_id` int(11) NOT NULL,
  `key` varchar(64) NOT NULL,
  `data` text NOT NULL,
  `ip` varchar(40) NOT NULL,
  `date_added` datetime NOT NULL
) ENGINE=MyISAM AUTO_INCREMENT=2 DEFAULT CHARSET=utf8;

--
-- Дамп данных таблицы `oc_customer_activity`
--

INSERT INTO `oc_customer_activity` (`activity_id`, `customer_id`, `key`, `data`, `ip`, `date_added`) VALUES
(1, 1, 'register', '{"customer_id":1,"name":"\\u0412\\u043b\\u0430\\u0434\\u0438\\u043c\\u0438\\u0440 \\u041f\\u0435\\u0442\\u0440\\u0435\\u043d\\u043a\\u043e"}', '37.146.98.240', '2022-02-02 06:08:14');

-- --------------------------------------------------------

--
-- Структура таблицы `oc_customer_group`
--

CREATE TABLE IF NOT EXISTS `oc_customer_group` (
  `customer_group_id` int(11) NOT NULL,
  `approval` int(1) NOT NULL,
  `sort_order` int(3) NOT NULL
) ENGINE=MyISAM AUTO_INCREMENT=2 DEFAULT CHARSET=utf8;

--
-- Дамп данных таблицы `oc_customer_group`
--

INSERT INTO `oc_customer_group` (`customer_group_id`, `approval`, `sort_order`) VALUES
(1, 0, 1);

-- --------------------------------------------------------

--
-- Структура таблицы `oc_customer_group_description`
--

CREATE TABLE IF NOT EXISTS `oc_customer_group_description` (
  `customer_group_id` int(11) NOT NULL,
  `language_id` int(11) NOT NULL,
  `name` varchar(32) NOT NULL,
  `description` text NOT NULL
) ENGINE=MyISAM DEFAULT CHARSET=utf8;

--
-- Дамп данных таблицы `oc_customer_group_description`
--

INSERT INTO `oc_customer_group_description` (`customer_group_id`, `language_id`, `name`, `description`) VALUES
(1, 1, 'Default', 'test');

-- --------------------------------------------------------

--
-- Структура таблицы `oc_customer_history`
--

CREATE TABLE IF NOT EXISTS `oc_customer_history` (
  `customer_history_id` int(11) NOT NULL,
  `customer_id` int(11) NOT NULL,
  `comment` text NOT NULL,
  `date_added` datetime NOT NULL
) ENGINE=MyISAM DEFAULT CHARSET=utf8;

-- --------------------------------------------------------

--
-- Структура таблицы `oc_customer_ip`
--

CREATE TABLE IF NOT EXISTS `oc_customer_ip` (
  `customer_ip_id` int(11) NOT NULL,
  `customer_id` int(11) NOT NULL,
  `ip` varchar(40) NOT NULL,
  `date_added` datetime NOT NULL
) ENGINE=MyISAM AUTO_INCREMENT=2 DEFAULT CHARSET=utf8;

--
-- Дамп данных таблицы `oc_customer_ip`
--

INSERT INTO `oc_customer_ip` (`customer_ip_id`, `customer_id`, `ip`, `date_added`) VALUES
(1, 1, '37.146.98.240', '2022-02-02 06:08:14');

-- --------------------------------------------------------

--
-- Структура таблицы `oc_customer_login`
--

CREATE TABLE IF NOT EXISTS `oc_customer_login` (
  `customer_login_id` int(11) NOT NULL,
  `email` varchar(96) NOT NULL,
  `ip` varchar(40) NOT NULL,
  `total` int(4) NOT NULL,
  `date_added` datetime NOT NULL,
  `date_modified` datetime NOT NULL
) ENGINE=MyISAM AUTO_INCREMENT=898 DEFAULT CHARSET=utf8;

--
-- Дамп данных таблицы `oc_customer_login`
--

INSERT INTO `oc_customer_login` (`customer_login_id`, `email`, `ip`, `total`, `date_added`, `date_modified`) VALUES
(1, 'admin', '91.240.190.148', 2, '2017-02-06 15:03:48', '2017-02-06 15:03:57'),
(2, 'shehman2011@yandex.ru', '91.240.190.148', 2, '2017-02-06 15:04:13', '2017-02-06 15:04:27'),
(3, 'admin', '91.240.190.186', 1, '2017-02-08 14:07:57', '2017-02-08 14:07:57'),
(4, 'shehman2011@yandex.ru', '91.240.190.186', 1, '2017-02-08 14:08:19', '2017-02-08 14:08:19'),
(5, 'aparthow@mail.ru', '149.154.153.199', 1, '2017-09-09 15:15:02', '2017-09-09 15:15:02'),
(6, 'aparthow@mail.ru', '163.172.209.10', 1, '2017-09-10 02:37:40', '2017-09-10 02:37:40'),
(7, 'stroisoaws@mail.ru', '95.213.237.191', 1, '2017-09-20 08:56:28', '2017-09-20 08:56:28'),
(8, 'manueladova@mail.ru', '146.185.223.221', 1, '2017-09-28 04:50:37', '2017-09-28 04:50:37'),
(9, 'anacron@mail.ru', '178.123.216.6', 1, '2017-10-07 23:22:20', '2017-10-07 23:22:20'),
(10, 'teplokib@mail.ru', '109.228.57.158', 1, '2017-10-14 01:58:11', '2017-10-14 01:58:11'),
(11, 'teplokib@mail.ru', '80.93.177.100', 1, '2017-10-14 08:28:23', '2017-10-14 08:28:23'),
(12, 'grigorij.gostev.92@mail.ru', '46.161.9.39', 1, '2017-11-18 21:35:44', '2017-11-18 21:35:44'),
(13, 'preeriatogaveri@sklad.progonrumarket.ru', '188.165.4.128', 2, '2018-01-07 00:37:47', '2018-01-22 21:02:08'),
(14, 'preeriatogaveri@progonrumarket.ru', '37.113.12.166', 1, '2018-01-20 08:16:01', '2018-01-20 08:16:01'),
(15, 'preeriatogaveri@progonrumarket.ru', '188.165.4.128', 1, '2018-01-30 20:18:10', '2018-01-30 20:18:11'),
(16, 'hdsfbkl@mail.ru', '188.165.4.128', 3, '2018-02-07 04:30:53', '2018-02-25 16:39:20'),
(17, 'kkfhbdddd@mail.ru', '188.165.4.128', 2, '2018-02-10 19:53:33', '2018-02-21 17:39:30'),
(18, 'ostap.concept.shherbakov@mail.ru', '46.161.9.39', 1, '2018-02-14 12:48:00', '2018-02-14 12:48:00'),
(19, 'dhnvuo7@220w.net', '176.103.214.93', 1, '2018-02-14 14:10:48', '2018-02-14 14:10:48'),
(20, 'fadej.toe.gelfand@mail.ru', '46.161.9.39', 1, '2018-02-19 05:53:52', '2018-02-19 05:53:52'),
(21, 'sarra.dorodnikova@mail.ru', '46.161.9.39', 1, '2018-03-17 23:29:50', '2018-03-17 23:29:50'),
(22, 'balalykin2019@mail.ru', '46.161.9.39', 2, '2018-04-23 21:16:11', '2018-04-29 19:42:58'),
(23, 'preeriatogaveri@grek1.ru', '46.105.124.55', 7, '2018-06-10 11:27:32', '2018-07-26 04:24:49'),
(24, 'preeriatogaveri@grek1.ru', '188.165.4.128', 2, '2018-06-27 00:12:30', '2018-07-16 13:17:57'),
(25, 'koseleva999@gmail.com', '109.195.85.122', 1, '2018-07-05 14:50:05', '2018-07-05 14:50:05'),
(26, 'sokov_y@mail.ru', '173.249.24.45', 1, '2018-07-17 16:49:27', '2018-07-17 16:49:27'),
(27, 'malvina.doorbell.cherkesova@mail.ru', '173.249.24.45', 1, '2018-08-03 08:18:12', '2018-08-03 08:18:12'),
(28, 'xariton.petrov.75@mail.ru', '173.249.24.45', 2, '2018-08-05 03:28:59', '2018-08-14 08:30:57'),
(29, 'semisotov.n@mail.ru', '173.249.24.45', 1, '2018-08-05 08:55:49', '2018-08-05 08:55:49'),
(30, 'frolow7997@mail.ru', '109.195.85.122', 1, '2018-08-09 09:05:01', '2018-08-09 09:05:01'),
(31, 'fstregenov@gmail.com', '109.195.85.122', 1, '2018-08-13 19:09:54', '2018-08-13 19:09:54'),
(32, 'anna_popova1969@mail.ru', '173.249.24.45', 1, '2018-08-17 18:37:26', '2018-08-17 18:37:26'),
(33, 'edik.somov.80@mail.ru', '5.188.210.44', 3, '2018-08-19 01:13:52', '2018-08-20 22:17:19'),
(34, 'xariton.petrov.75@mail.ru', '5.188.210.44', 2, '2018-08-20 20:28:48', '2018-08-23 14:29:44'),
(35, 'filipovark@gmail.com', '109.195.85.122', 1, '2018-08-21 03:03:42', '2018-08-21 03:03:42'),
(36, 'anna_popova1969@mail.ru', '5.188.210.44', 1, '2018-08-21 04:37:18', '2018-08-21 04:37:18'),
(37, 'sergei.popov8080@mail.ru', '5.188.210.44', 2, '2018-08-21 05:31:41', '2019-03-29 02:49:17'),
(38, 'olgapetr.82@mail.ru', '5.188.210.44', 1, '2018-08-25 12:51:07', '2018-08-25 12:51:07'),
(39, 'anya-anna-s-somova@mail.ru', '5.188.210.44', 1, '2018-08-28 04:19:25', '2018-08-28 04:19:25'),
(40, 'annapavlov1998@mail.ru', '5.188.210.44', 1, '2018-08-29 23:04:05', '2018-08-29 23:04:05'),
(41, 'boden.1995@mail.ru', '5.188.210.51', 3, '2018-09-02 07:13:54', '2018-09-11 10:35:29'),
(42, 'rn4657185@gmail.com', '109.195.85.122', 1, '2018-09-06 03:30:35', '2018-09-06 03:30:35'),
(43, 'anacron@mail.ru', '37.45.136.210', 1, '2018-09-13 21:48:07', '2018-09-13 21:48:07'),
(44, 'boden2019@mail.ru', '5.188.210.52', 1, '2018-09-17 03:02:36', '2018-09-17 03:02:36'),
(45, 'pronya.moxin.74@mail.ru', '168.121.71.46', 1, '2018-10-01 04:18:04', '2018-10-01 04:18:04'),
(46, 'annapavlov1983@mail.ru', '5.188.210.53', 2, '2018-10-02 05:06:47', '2018-10-12 00:51:17'),
(47, 'vanechka.somov.1999@mail.ru', '5.188.210.53', 1, '2018-10-08 12:35:28', '2018-10-08 12:35:28'),
(48, 'fgvy08@mail.ru', '95.152.62.125', 1, '2018-10-17 12:38:12', '2018-10-17 12:38:12'),
(49, 'v.sisov@mail.ru', '5.188.210.44', 1, '2018-10-18 20:33:27', '2018-10-18 20:33:27'),
(50, 'anna.iova.88@mail.ru', '5.188.210.44', 1, '2018-10-20 00:39:49', '2018-10-20 00:39:49'),
(51, 'olgova1967@mail.ru', '5.188.210.44', 1, '2018-10-25 00:52:57', '2018-10-25 00:52:57'),
(52, 'anatolij.somov.67@mail.ru', '5.188.210.44', 1, '2018-10-25 03:24:50', '2018-10-25 03:24:50'),
(53, 'kralupysomov@mail.ru', '5.188.210.51', 1, '2018-10-30 17:36:40', '2018-10-30 17:36:40'),
(54, 'sergejzho88@mail.ru', '5.188.210.51', 1, '2018-11-01 01:12:32', '2018-11-01 01:12:32'),
(55, 'mob.adapt@gmail.com', '178.121.151.149', 1, '2018-11-01 20:48:48', '2018-11-01 20:48:48'),
(56, 'kralupysomov@mail.ru', '5.188.210.52', 1, '2018-11-17 00:04:05', '2018-11-17 00:04:05'),
(57, 'irommanov@mail.ru', '47.75.62.90', 1, '2018-11-23 05:48:36', '2018-11-23 05:48:36'),
(58, 'koptevandrey88@gmail.com', '176.36.21.189', 2, '2019-01-14 06:34:36', '2019-01-15 17:32:09'),
(59, 'shamrykenkokatya@gmail.com', '176.36.21.189', 6, '2019-01-17 11:28:10', '2019-03-06 12:14:27'),
(60, 'alexbu459@gmail.com', '176.36.21.189', 4, '2019-02-15 18:27:02', '2019-02-21 18:50:42'),
(61, 'serg_somov00@mail.ru', '5.188.210.53', 1, '2019-03-09 19:01:29', '2019-03-09 19:01:29'),
(62, 'ivan.kim.9696@mail.ru', '5.188.210.65', 1, '2019-03-14 08:41:39', '2019-03-14 08:41:39'),
(63, 'natuly.sid@mail.ru', '5.188.210.44', 1, '2019-03-29 10:13:06', '2019-03-29 10:13:06'),
(64, 'yevgeniya.orlova.1987@bk.ru', '5.188.210.44', 1, '2019-04-27 12:00:48', '2019-04-27 12:00:48'),
(65, 'annet_1976@bk.ru', '5.188.210.44', 1, '2019-04-29 17:09:48', '2019-04-29 17:09:48'),
(66, 'khopova97@bk.ru', '5.188.210.44', 1, '2019-05-02 09:27:19', '2019-05-02 09:27:19'),
(67, 'annet.orlova.57@bk.ru', '5.188.210.52', 1, '2019-05-24 16:40:09', '2019-05-24 16:40:09'),
(68, 'ykhopova@bk.ru', '5.188.210.52', 1, '2019-05-27 09:24:01', '2019-05-27 09:24:01'),
(69, 'feliks.arinushkin.88@mail.ru', '5.188.210.52', 1, '2019-05-28 23:47:43', '2019-05-28 23:47:43'),
(70, 'arsenij.suhov@bk.ru', '5.188.210.52', 1, '2019-05-29 14:37:28', '2019-05-29 14:37:28'),
(71, 'olga.9orlova.4@bk.ru', '5.188.210.52', 1, '2019-05-30 23:37:38', '2019-05-30 23:37:38'),
(72, 'davidreunc@zakazmarketing.ru', '37.113.15.155', 1, '2019-08-16 12:47:22', '2019-08-16 12:47:22'),
(73, 'davidreunc@zakazmarketing.ru', '80.95.44.255', 1, '2019-08-23 20:45:28', '2019-08-23 20:45:28'),
(74, 'sah2989@mail.ru', '37.113.10.155', 2, '2019-09-06 03:16:57', '2019-09-06 13:43:10'),
(75, 'ghul1973@mail.ru', '109.194.241.255', 1, '2019-09-09 13:46:30', '2019-09-09 13:46:30'),
(76, 'fbyn777@mail.ru', '80.95.44.9', 2, '2019-09-19 01:59:51', '2019-09-19 13:07:54'),
(77, 'maha454@mail.ru', '80.95.44.9', 1, '2019-09-20 02:29:51', '2019-09-20 02:29:51'),
(78, 'reunc@jkdihanie.ru', '93.124.94.219', 1, '2019-11-16 14:45:33', '2019-11-16 14:45:33'),
(79, 'reunc@jkdihanie.ru', '95.152.50.151', 2, '2019-11-18 00:06:00', '2019-11-18 18:07:44'),
(80, 'reunc@jkdihanie.ru', '93.124.126.225', 20, '2019-11-26 00:59:50', '2019-11-29 18:42:06'),
(81, 'polya.gulkina@mail.ru', '93.124.126.225', 5, '2019-11-26 05:23:10', '2019-11-27 18:26:07'),
(82, 'malkina.polya@mail.ru', '93.124.83.53', 3, '2019-12-09 03:06:56', '2019-12-09 13:47:04'),
(83, 'reunc@jkdihanie.ru', '93.124.83.53', 2, '2019-12-16 09:46:23', '2019-12-17 02:35:23'),
(84, 'reunc@jkdihanie.ru', '95.152.48.31', 2, '2019-12-18 17:31:09', '2019-12-19 00:59:24'),
(85, 'reunc@jkdihanie.ru', '93.124.94.150', 11, '2019-12-19 14:22:13', '2019-12-24 04:36:39'),
(86, 'longostar0001@gmail.com', '176.114.153.43', 2, '2019-12-22 22:20:57', '2019-12-24 02:32:53'),
(87, 'mila.kozhevnikova.10@mail.ru', '93.124.94.150', 1, '2019-12-24 20:19:48', '2019-12-24 20:19:48'),
(88, 'yaliaa00@mail.ru', '93.124.88.73', 1, '2019-12-28 16:27:36', '2019-12-28 16:27:36'),
(89, 'mglotava@mail.ru', '93.124.88.73', 1, '2019-12-28 19:24:17', '2019-12-28 19:24:17'),
(90, 'reunc@jkdihanie.ru', '93.124.88.73', 3, '2019-12-28 19:46:17', '2019-12-29 06:44:40'),
(91, 'romanu.2019@mail.ru', '93.124.88.73', 1, '2019-12-28 20:07:31', '2019-12-28 20:07:31'),
(92, 'nvizit@list.ru', '176.114.153.24', 1, '2019-12-30 11:55:58', '2019-12-30 11:55:58'),
(93, 'semicvetik2021@mail.ru', '188.32.227.247', 1, '2019-12-31 00:05:25', '2019-12-31 00:05:25'),
(94, 'proshkina.manya@mail.ru', '93.124.88.73', 2, '2020-01-06 01:56:37', '2020-01-06 08:30:48'),
(95, 'longostar0001@gmail.com', '176.114.153.4', 2, '2020-01-06 09:26:41', '2020-01-08 17:04:37'),
(96, 'nvizit@list.ru', '176.114.153.4', 1, '2020-01-09 07:56:43', '2020-01-09 07:56:43'),
(97, 'proshkina.manya@mail.ru', '93.124.39.2', 6, '2020-01-09 22:44:39', '2020-01-14 22:38:42'),
(98, 'nvizit@list.ru', '176.114.153.116', 1, '2020-01-12 11:23:24', '2020-01-12 11:23:24'),
(99, 'misha.osipov.2021@mail.ru', '93.124.39.2', 1, '2020-01-17 05:19:41', '2020-01-17 05:19:41'),
(100, 'polya.groshina@mail.ru', '93.124.39.2', 1, '2020-01-17 20:36:43', '2020-01-17 20:36:43'),
(101, 'fshi85@mail.ru', '93.124.39.2', 2, '2020-01-19 01:48:08', '2020-01-19 08:50:47'),
(102, 'moll.sasha@mail.ru', '93.124.39.2', 1, '2020-01-19 21:52:45', '2020-01-19 21:52:45'),
(103, 'masha.zaika.64@mail.ru', '93.124.39.2', 1, '2020-01-20 07:35:52', '2020-01-20 07:35:52'),
(104, 'gulkina2021@mail.ru', '93.124.39.2', 1, '2020-01-20 11:46:42', '2020-01-20 11:46:42'),
(105, 'rogina1966@mail.ru', '93.124.39.2', 1, '2020-01-22 10:21:26', '2020-01-22 10:21:26'),
(106, 'gulkina.2021@mail.ru', '93.124.39.2', 2, '2020-01-25 12:07:39', '2020-01-26 14:40:55'),
(107, 'mproshukina@yandex.ru', '93.124.39.2', 1, '2020-01-27 14:36:19', '2020-01-27 14:36:19'),
(108, 'olgina_2021@mail.ru', '93.124.39.2', 1, '2020-01-30 09:55:28', '2020-01-30 09:55:28'),
(109, 'proshh96@mail.ru', '93.124.39.2', 1, '2020-01-30 10:51:03', '2020-01-30 10:51:03'),
(110, 'longostar0001@gmail.com', '176.114.153.83', 2, '2020-01-31 19:56:23', '2020-02-01 08:16:32'),
(111, 'klochkina96@mail.ru', '93.124.39.2', 1, '2020-01-31 22:28:52', '2020-01-31 22:28:52'),
(112, 'dana.gulkina@mail.ru', '93.124.39.2', 1, '2020-02-02 02:33:36', '2020-02-02 02:33:36'),
(113, 'longostar0001@gmail.com', '176.114.153.38', 2, '2020-02-05 07:06:29', '2020-02-05 23:00:05'),
(114, 'sahs69@mail.ru', '37.113.61.247', 2, '2020-02-09 08:21:58', '2020-02-09 20:59:25'),
(115, 'nvizit@list.ru', '176.114.153.38', 1, '2020-02-09 10:12:27', '2020-02-09 10:12:27'),
(116, 'drobi85@mail.ru', '37.113.61.247', 1, '2020-02-10 21:50:25', '2020-02-10 21:50:25'),
(117, 'semen_petrov82@bk.ru', '5.188.210.52', 1, '2020-02-11 10:04:48', '2020-02-11 10:04:48'),
(118, 'anton11.93@bk.ru', '5.188.210.52', 1, '2020-02-11 18:40:37', '2020-02-11 18:40:37'),
(119, 'longostar0001@gmail.com', '176.114.153.50', 1, '2020-02-14 06:47:32', '2020-02-14 06:47:32'),
(120, 'marusii04@mail.ru', '80.95.45.238', 2, '2020-02-15 21:01:51', '2020-02-17 02:29:27'),
(121, 'diman.popov.58@mail.ru', '5.188.210.87', 2, '2020-02-23 08:10:40', '2020-02-23 15:59:58'),
(122, 'dafer.bopresv@bk.ru', '5.188.210.87', 2, '2020-02-24 08:25:01', '2020-02-24 10:09:58'),
(123, 'manya.degtyar@mail.ru', '80.95.45.238', 1, '2020-02-26 00:09:44', '2020-02-26 00:09:44'),
(124, 'olga.petrov92@mail.ru', '5.188.210.87', 1, '2020-02-26 03:08:18', '2020-02-26 03:08:18'),
(125, 'ivanpavlov_2021@mail.ru', '5.188.210.87', 2, '2020-02-26 21:45:24', '2020-02-27 00:14:40'),
(126, 'smitch99@bk.ru', '5.188.210.87', 13, '2020-02-27 02:29:02', '2020-03-05 06:55:09'),
(127, 'pavel-osipov-2021@mail.ru', '37.113.61.247', 1, '2020-02-28 16:15:47', '2020-02-28 16:15:47'),
(128, 'kanrenov1985@ukr.net', '176.36.88.53', 2, '2020-02-29 13:39:27', '2020-03-02 22:55:17'),
(129, 'rashpel2021@mail.ru', '37.113.61.247', 1, '2020-02-29 13:45:49', '2020-02-29 13:45:49'),
(130, 'edvard_bill_00@bk.ru', '5.188.210.87', 4, '2020-03-01 01:51:26', '2020-03-01 15:00:22'),
(131, 'longostar0001@gmail.com', '176.114.153.108', 1, '2020-03-02 00:14:37', '2020-03-02 00:14:37'),
(132, 'foma.rogin@mail.ru', '37.113.61.247', 1, '2020-03-03 18:48:46', '2020-03-03 18:48:46'),
(133, 'longostar0001@gmail.com', '176.114.153.47', 1, '2020-03-05 20:59:48', '2020-03-05 20:59:48'),
(134, 'glki81@mail.ru', '37.113.62.22', 1, '2020-03-10 20:40:40', '2020-03-10 20:40:40'),
(135, 'pramanchyuk@mail.ru', '37.113.62.22', 1, '2020-03-13 00:05:37', '2020-03-13 00:05:37'),
(136, 'wiftub@josephay905s.changeip.com', '94.23.61.181', 2, '2020-03-14 05:56:17', '2020-04-14 15:48:39'),
(137, 'drobina_masha@mail.ru', '37.113.62.22', 1, '2020-03-18 14:37:52', '2020-03-18 14:37:52'),
(138, 'gmaroshkina@mail.ru', '93.124.15.87', 1, '2020-03-20 11:21:10', '2020-03-20 11:21:10'),
(139, 'longostar0001@gmail.com', '176.114.153.55', 2, '2020-03-22 03:57:22', '2020-03-28 00:15:07'),
(140, 'gorlina.manya@mail.ru', '93.124.15.87', 1, '2020-03-24 01:59:44', '2020-03-24 01:59:44'),
(141, 'ghkrt86@mail.ru', '80.95.45.70', 1, '2020-04-01 12:41:54', '2020-04-01 12:41:54'),
(142, 'annapertrova1987@gmail.com', '185.252.147.18', 1, '2020-04-02 00:19:34', '2020-04-02 00:19:34'),
(143, 'filma16@mail.ru', '80.95.45.89', 1, '2020-04-06 22:48:10', '2020-04-06 22:48:10'),
(144, 'moroz7vika@mail.ru', '80.95.45.89', 1, '2020-04-07 10:32:47', '2020-04-07 10:32:47'),
(145, 'sashgorl@mail.ru', '93.124.40.43', 1, '2020-04-21 19:09:27', '2020-04-21 19:09:27'),
(146, '15rre@bk.ru', '5.188.210.87', 1, '2020-04-24 01:01:27', '2020-04-24 01:01:27'),
(147, 'yury.dodov@bk.ru', '5.188.210.87', 1, '2020-04-30 19:17:44', '2020-04-30 19:17:44'),
(148, 'proshchkina96@mail.ru', '93.124.54.130', 1, '2020-05-04 08:52:11', '2020-05-04 08:52:11'),
(149, 'muxs83@mail.ru', '93.124.78.229', 1, '2020-05-08 18:04:05', '2020-05-08 18:04:05'),
(150, 'proshchkina96@mail.ru', '93.124.78.229', 1, '2020-05-12 08:51:20', '2020-05-12 08:51:20'),
(151, 'puncwertbutvoy1971@mail.ru', '94.103.84.26', 1, '2020-05-21 08:51:27', '2020-05-21 08:51:27'),
(152, 'asia.asia.02@bk.ru', '5.188.210.52', 1, '2020-05-27 16:01:55', '2020-05-27 16:01:55'),
(153, 'dgewr3@bk.ru', '5.188.210.87', 2, '2020-06-01 21:37:28', '2020-06-02 12:16:13'),
(154, 'asssa.potter@bk.ru', '5.188.210.87', 1, '2020-06-05 06:34:27', '2020-06-05 06:34:27'),
(155, 'gorl6669@mail.ru', '93.124.76.164', 1, '2020-06-10 19:31:06', '2020-06-10 19:31:06'),
(156, 'gorlinvanya93@mail.ru', '93.124.76.164', 1, '2020-06-11 10:17:13', '2020-06-11 10:17:13'),
(157, 'ghiglu@mail.ru', '93.124.76.164', 1, '2020-06-12 04:06:06', '2020-06-12 04:06:06'),
(158, 'fdgtryu6tu@bk.ru', '5.188.210.87', 1, '2020-06-16 23:05:23', '2020-06-16 23:05:23'),
(159, 'sasas.cero@bk.ru', '5.188.210.87', 1, '2020-06-17 12:25:52', '2020-06-17 12:25:52'),
(160, 'pvdo2020@yandex.ru', '95.24.132.90', 1, '2020-08-14 14:45:55', '2020-08-14 14:45:55'),
(161, 'gerbsamail@gmail.com', '176.108.27.189', 1, '2020-08-29 22:06:48', '2020-08-29 22:06:48'),
(162, 'gorlinag@list.ru', '93.124.105.236', 1, '2020-09-04 01:15:30', '2020-09-04 01:15:30'),
(163, 'mskezpp@gmail.com', '93.124.105.236', 1, '2020-09-10 01:32:21', '2020-09-10 01:32:21'),
(164, 'hdgor@mail.ru', '93.124.105.236', 1, '2020-09-11 05:55:11', '2020-09-11 05:55:11'),
(165, 'hdgor@mail.ru', '80.95.45.158', 1, '2020-09-14 11:45:42', '2020-09-14 11:45:42'),
(166, 'admin', '91.221.136.3', 3, '2020-09-26 11:40:57', '2020-09-26 11:41:45'),
(167, 'gospodin', '91.221.136.3', 4, '2020-09-26 11:41:02', '2020-09-26 13:23:30'),
(168, 'pvdo2020@yandex.ru', '95.24.139.108', 1, '2020-10-03 03:03:03', '2020-10-03 03:03:03'),
(169, 'tv692330porn@yandex.ru', '95.154.118.97', 9, '2020-10-15 03:00:12', '2020-11-14 19:40:03'),
(170, 's_gorlin@list.ru', '95.152.37.209', 1, '2020-10-15 21:26:52', '2020-10-15 21:26:52'),
(171, 's_gorlin@list.ru', '93.124.57.13', 3, '2020-10-16 14:19:30', '2020-10-17 02:33:53'),
(172, 'admin@nakrutka.vip', '185.57.30.97', 2, '2020-10-19 18:34:28', '2020-10-20 20:09:37'),
(173, 'tv692330porn@yandex.ru', '185.57.30.97', 5, '2020-10-20 13:44:28', '2020-10-25 12:14:39'),
(174, 'gorlina1998@list.ru', '109.194.246.48', 1, '2020-10-22 02:19:43', '2020-10-22 02:19:43'),
(175, 'vlkamera1983@gmail.com', '95.154.118.97', 1, '2020-10-30 06:57:23', '2020-10-30 06:57:23'),
(176, 'seolink1983@gmail.com', '95.154.118.97', 3, '2020-11-01 12:56:27', '2020-11-13 11:15:42'),
(177, 'jjtyfrjt@mail.ru', '31.31.104.52', 1, '2020-11-21 06:08:14', '2020-11-21 06:08:14'),
(178, 'uoauxgnzdhqtm@mail.ru', '95.214.41.135', 1, '2020-11-24 19:12:50', '2020-11-24 19:12:50'),
(179, 'gorlin1950@mail.ru', '93.124.60.90', 1, '2020-11-25 04:15:35', '2020-11-25 04:15:35'),
(180, 'jxghzsmkwjyq@mail.ru', '95.214.41.135', 1, '2020-11-25 20:12:09', '2020-11-25 20:12:09'),
(181, 'tzwleybxeg@mail.ru', '95.214.41.135', 1, '2020-11-27 04:24:44', '2020-11-27 04:24:44'),
(182, '66lisa81@mail.ru', '37.113.47.145', 3, '2020-11-27 08:34:26', '2020-11-27 14:12:31'),
(183, 'pocjtywxn@mail.ru', '95.214.41.135', 1, '2020-11-28 20:32:49', '2020-11-28 20:32:49'),
(184, 'nvlfduesxadbkat@mail.ru', '95.214.41.135', 1, '2020-11-29 21:48:34', '2020-11-29 21:48:34'),
(185, 'gldzsduudt@mail.ru', '95.214.41.135', 1, '2020-11-30 13:31:36', '2020-11-30 13:31:36'),
(186, 's.b.o.nc.ang.@gmail.com', '85.206.162.220', 1, '2020-12-01 17:42:26', '2020-12-01 17:42:26'),
(187, 'ycgznmbz@mail.ru', '185.23.104.41', 1, '2020-12-01 18:15:29', '2020-12-01 18:15:29'),
(188, 'awvjsqguy@mail.ru', '185.23.104.41', 1, '2020-12-02 17:50:39', '2020-12-02 17:50:39'),
(189, 'rqdaznkwa@mail.ru', '185.23.104.41', 1, '2020-12-03 19:09:09', '2020-12-03 19:09:09'),
(190, 'signmvuslsuxkc@mail.ru', '185.23.104.41', 1, '2020-12-04 18:47:15', '2020-12-04 18:47:15'),
(191, '66lisa81@mail.ru', '93.124.60.90', 5, '2020-12-04 22:05:19', '2020-12-09 02:30:51'),
(192, 'rpjywdzzd@mail.ru', '185.23.104.41', 1, '2020-12-05 17:50:00', '2020-12-05 17:50:00'),
(193, 'valeriychd7@inbox.ru', '188.130.190.49', 1, '2020-12-07 08:10:13', '2020-12-07 08:10:13'),
(194, 'gorlina.2006@mail.ru', '93.124.60.115', 5, '2020-12-18 22:59:17', '2020-12-29 21:42:40'),
(195, 'combo78@bk.ru', '84.17.35.24', 1, '2020-12-28 02:59:52', '2020-12-28 02:59:52'),
(196, '32galy@mail.ru', '93.124.60.115', 1, '2020-12-31 09:18:39', '2020-12-31 09:18:39'),
(197, '32galy@mail.ru', '93.124.116.90', 3, '2021-01-02 21:01:17', '2021-01-05 11:42:28'),
(198, 'opsul@bk.ru', '37.120.133.160', 1, '2021-01-08 11:45:03', '2021-01-08 11:45:03'),
(199, '32galy@mail.ru', '37.113.47.145', 1, '2021-01-08 14:42:39', '2021-01-08 14:42:39'),
(200, 'shisha71@list.ru', '109.194.244.248', 8, '2021-01-13 13:21:10', '2021-01-23 21:29:43'),
(201, 'shisha71@list.ru', '80.95.44.76', 1, '2021-01-13 15:15:25', '2021-01-13 15:15:25'),
(202, 'fjgaly@mail.ru', '95.152.55.190', 1, '2021-01-18 10:46:28', '2021-01-18 10:46:28'),
(203, '32galy@mail.ru', '109.194.244.248', 12, '2021-01-25 17:46:42', '2021-01-31 23:57:51'),
(204, 'pshalya13@mail.ru', '93.124.48.45', 6, '2021-01-30 04:01:33', '2021-02-18 02:08:47'),
(205, 'fjgaly@mail.ru', '93.124.48.45', 3, '2021-02-01 01:53:17', '2021-02-05 03:53:48'),
(206, '32galy@mail.ru', '93.124.48.45', 25, '2021-02-02 18:12:29', '2021-02-23 15:26:07'),
(207, 'shisha71@list.ru', '93.124.48.45', 2, '2021-02-05 03:19:00', '2021-02-05 11:02:03'),
(208, 'smsuhka@mail.ru', '93.124.48.45', 3, '2021-02-09 06:16:15', '2021-02-20 11:57:13'),
(209, '32galy@mail.ru', '95.152.45.50', 3, '2021-02-24 01:22:12', '2021-02-24 15:42:53'),
(210, '32galy@mail.ru', '93.124.58.157', 2, '2021-02-25 04:14:19', '2021-02-25 14:35:36'),
(211, 'smsuhka@mail.ru', '93.124.58.157', 1, '2021-02-25 04:27:48', '2021-02-25 04:27:48'),
(212, 'pshalya13@mail.ru', '93.124.58.157', 1, '2021-02-25 17:04:33', '2021-02-25 17:04:33'),
(213, 'smsuhka@mail.ru', '80.95.45.167', 1, '2021-03-10 23:56:39', '2021-03-10 23:56:39'),
(214, 'prokkha@mail.ru', '80.95.45.167', 2, '2021-03-11 01:46:02', '2021-03-12 03:04:17'),
(215, '32galy@mail.ru', '80.95.45.167', 1, '2021-03-11 22:56:33', '2021-03-11 22:56:33'),
(216, 'prokkha@mail.ru', '80.95.44.248', 1, '2021-03-13 21:24:03', '2021-03-13 21:24:03'),
(217, 'smsuhka@mail.ru', '80.95.44.248', 1, '2021-03-15 05:37:25', '2021-03-15 05:37:25'),
(218, 'dima2progonbp@gmail.com', '85.249.199.136', 2, '2021-03-17 04:35:30', '2021-03-19 21:34:46'),
(219, 'ipoli20@yandex.ru', '212.8.244.242', 1, '2021-03-17 19:58:16', '2021-03-17 19:58:16'),
(220, 'prokkha@mail.ru', '80.95.44.194', 3, '2021-03-19 07:05:16', '2021-03-24 11:34:24'),
(221, 'pshalya13@mail.ru', '80.95.44.194', 2, '2021-03-19 22:55:08', '2021-03-26 12:05:23'),
(222, '32galy@mail.ru', '80.95.44.194', 1, '2021-03-24 11:19:12', '2021-03-24 11:19:12'),
(223, 'shisha71@list.ru', '80.95.44.194', 1, '2021-03-25 08:08:10', '2021-03-25 08:08:10'),
(224, 'shisha71@list.ru', '95.152.62.44', 1, '2021-04-01 06:19:07', '2021-04-01 06:19:07'),
(225, 'shisha71@list.ru', '93.124.116.81', 2, '2021-04-01 13:28:59', '2021-04-02 00:43:24'),
(226, 'mina.prokkha@mail.ru', '93.124.116.81', 1, '2021-04-07 06:42:09', '2021-04-07 06:42:09'),
(227, 'dinaiuyi@mail.ru', '80.95.44.77', 1, '2021-04-09 05:29:40', '2021-04-09 05:29:40'),
(228, 'pshalya13@mail.ru', '80.95.44.77', 1, '2021-04-10 00:14:41', '2021-04-10 00:14:41'),
(229, 'dor-adiks@mulars.ru', '178.159.37.58', 1, '2021-04-11 07:48:57', '2021-04-11 07:48:57'),
(230, 'mltilki@mail.ru', '80.95.45.200', 3, '2021-04-11 13:10:23', '2021-04-12 09:38:30'),
(231, 'pshalya13@mail.ru', '80.95.45.200', 1, '2021-04-13 14:11:32', '2021-04-13 14:11:32'),
(232, 'su.pe.r.v.i.s.o.r.2.015.i.n.vi.no@gmail.com\r\n', '188.126.79.14', 1, '2021-04-14 07:50:23', '2021-04-14 07:50:23'),
(233, 'mltilki@mail.ru', '95.152.63.173', 2, '2021-04-14 12:01:47', '2021-04-14 17:25:16'),
(234, 'nastassia.shmidt@yandex.ru', '178.159.37.4', 1, '2021-04-14 19:59:02', '2021-04-14 19:59:02'),
(235, 'pshalya13@mail.ru', '80.95.44.90', 2, '2021-04-14 20:16:05', '2021-04-14 22:20:11'),
(236, 'mltilki@mail.ru', '80.95.44.90', 1, '2021-04-14 22:25:43', '2021-04-14 22:25:43'),
(237, 'pshalya13@mail.ru', '80.95.44.63', 1, '2021-04-17 02:10:50', '2021-04-17 02:10:50'),
(238, 'r0bins.j@yandex.ru', '193.106.60.145', 1, '2021-04-19 17:02:12', '2021-04-19 17:02:12'),
(239, 'vroglina@mail.ru', '80.95.44.63', 1, '2021-04-19 19:08:01', '2021-04-19 19:08:01'),
(240, 'specunexal1988@mail.ru', '212.86.102.106', 1, '2021-04-20 17:47:33', '2021-04-20 17:47:33'),
(241, 'vroglina@mail.ru', '93.124.56.156', 3, '2021-04-22 21:16:01', '2021-04-25 08:19:22'),
(242, 'budenko1963@rambler.ru', '93.73.199.52', 1, '2021-04-24 19:43:28', '2021-04-24 19:43:28'),
(243, 'vroglina@mail.ru', '80.95.45.113', 5, '2021-04-25 17:47:09', '2021-05-04 04:24:00'),
(244, 'pshalya13@mail.ru', '80.95.45.113', 2, '2021-04-27 03:32:29', '2021-05-02 15:26:52'),
(245, 'valya.mokhina@mail.ru', '80.95.45.113', 3, '2021-04-27 06:42:56', '2021-04-30 06:45:38'),
(246, 'newwbasd@mulars.ru', '178.159.37.58', 1, '2021-04-28 09:38:32', '2021-04-28 09:38:32'),
(247, 'nastassia.shmidt@yandex.ru', '193.105.73.177', 1, '2021-04-29 01:04:31', '2021-04-29 01:04:31'),
(248, 'eh.al.il.ov7.2@gmail.com', '91.211.195.27', 1, '2021-05-02 12:43:55', '2021-05-02 12:43:55'),
(249, 'vroglina@mail.ru', '95.152.63.204', 1, '2021-05-04 23:24:51', '2021-05-04 23:24:51'),
(250, 'valya.mokhina@mail.ru', '95.152.42.156', 1, '2021-05-05 01:46:10', '2021-05-05 01:46:10'),
(251, 'mltilki@mail.ru', '95.152.42.156', 2, '2021-05-05 03:18:41', '2021-05-06 10:25:12'),
(252, 'budenko1963@rambler.ru', '188.163.73.127', 1, '2021-05-05 08:38:18', '2021-05-05 08:38:18'),
(253, 'valya.mokhina@mail.ru', '95.152.63.66', 1, '2021-05-10 00:26:33', '2021-05-10 00:26:33'),
(254, 'zamkienelm@sales,mailru.pp.ua', '94.25.169.192', 1, '2021-05-10 06:09:23', '2021-05-10 06:09:23'),
(255, 'tsmg2485@gmail.com', '91.211.251.112', 1, '2021-05-10 15:05:00', '2021-05-10 15:05:00'),
(256, 'obryadina30@gmail.com', '91.211.251.112', 1, '2021-05-10 16:45:47', '2021-05-10 16:45:47'),
(257, 'vroglina@mail.ru', '95.152.63.66', 1, '2021-05-11 06:27:08', '2021-05-11 06:27:08'),
(258, 'd.shisha01@mail.ru', '95.152.63.66', 1, '2021-05-12 02:53:06', '2021-05-12 02:53:06'),
(259, 'd.shisha01@mail.ru', '95.152.63.102', 2, '2021-05-13 14:47:16', '2021-05-14 12:28:21'),
(260, 'mokhina03@inbox.ru', '93.124.52.132', 3, '2021-05-15 02:35:11', '2021-05-17 20:50:54'),
(261, 'lxnvddpcc@totzilla.ru', '92.207.253.226', 1, '2021-05-16 01:27:50', '2021-05-16 01:27:50'),
(262, 'tlympfvdg@wowzilla.online', '192.169.139.161', 1, '2021-05-16 05:09:05', '2021-05-16 05:09:05'),
(263, 'plast@mailserp.com', '178.213.5.140', 1, '2021-05-18 19:16:01', '2021-05-18 19:16:01'),
(264, 'zamkienelm@sales,mailru.pp.ua', '94.25.174.180', 1, '2021-05-19 00:29:19', '2021-05-19 00:29:19'),
(265, 'mokhina03@inbox.ru', '95.152.63.90', 1, '2021-05-19 15:15:01', '2021-05-19 15:15:01'),
(266, 'mokhina03@inbox.ru', '93.124.116.187', 1, '2021-05-20 15:17:41', '2021-05-20 15:17:41'),
(267, 'elisimush@gmail.com', '89.179.106.233', 2, '2021-05-21 12:58:09', '2021-05-25 21:11:36'),
(268, 'valya.mokhina@mail.ru', '93.124.116.187', 3, '2021-05-22 08:47:38', '2021-05-24 08:59:30'),
(269, 'dima12451f@gmail.com', '5.188.118.161', 1, '2021-05-23 23:22:32', '2021-05-23 23:22:32'),
(270, 'valya.mokhina@mail.ru', '80.95.45.109', 1, '2021-05-25 16:43:34', '2021-05-25 16:43:34'),
(271, 'mokhina76@list.ru', '80.95.45.109', 1, '2021-05-25 17:01:51', '2021-05-25 17:01:51'),
(272, 'arenaroivanova@gmail.com', '185.219.80.82', 1, '2021-05-25 22:19:00', '2021-05-25 22:19:00'),
(273, 'mosnews2021@yandex.ru', '45.157.213.229', 1, '2021-05-26 08:02:58', '2021-05-26 08:02:58'),
(274, 'mokhina76@list.ru', '93.124.45.174', 2, '2021-05-26 21:29:15', '2021-05-26 23:37:23'),
(275, 'mlfogeus@mail.ru', '93.124.45.174', 3, '2021-05-26 23:38:54', '2021-05-27 03:07:25'),
(276, 'valya.mokhina@mail.ru', '93.124.45.174', 3, '2021-05-27 03:22:39', '2021-05-30 16:41:53'),
(277, 'zamkienelm@sales,mailru.pp.ua', '31.173.85.186', 1, '2021-05-28 02:17:55', '2021-05-28 02:17:55'),
(278, 'mltilki@mail.ru', '93.124.45.174', 6, '2021-05-28 06:08:50', '2021-05-29 21:59:54'),
(279, 'mokhina03@inbox.ru', '93.124.45.174', 4, '2021-05-28 12:45:04', '2021-05-29 22:43:50'),
(280, 'dunya.shisha@mail.ru', '93.124.45.174', 4, '2021-05-30 11:21:08', '2021-05-31 10:08:53'),
(281, 'mokhinas@mail.ru', '93.124.45.174', 6, '2021-05-31 06:32:49', '2021-06-01 06:06:39'),
(282, 'fmasha2021@mail.ru', '93.124.45.174', 2, '2021-05-31 11:47:48', '2021-05-31 14:20:57'),
(283, 'd.shisha01@mail.ru', '93.124.45.174', 1, '2021-06-01 15:03:28', '2021-06-01 15:03:28'),
(284, 'vvdugcxwh@totzilla.ru', '72.49.49.11', 1, '2021-06-02 15:03:25', '2021-06-02 15:03:25'),
(285, 'ressentiment@mailserp.com', '178.213.2.120', 1, '2021-06-02 20:01:42', '2021-06-02 20:01:42'),
(286, 'mokhina03@inbox.ru', '80.95.45.246', 1, '2021-06-03 00:20:20', '2021-06-03 00:20:20'),
(287, 'zamkienelm@sales,mailru.pp.ua', '83.220.237.231', 1, '2021-06-06 07:21:49', '2021-06-06 07:21:49'),
(288, 'gjproklin@mail.ru', '95.152.62.55', 1, '2021-06-09 04:08:14', '2021-06-09 04:08:14'),
(289, 'glokinag@mail.ru', '95.152.62.55', 2, '2021-06-10 01:00:50', '2021-06-10 04:14:59'),
(290, 'vmzjdozid@totzilla.ru', '211.136.100.154', 1, '2021-06-11 21:00:10', '2021-06-11 21:00:10'),
(291, 'mghuk56@mail.ru', '95.152.34.224', 1, '2021-06-11 21:30:03', '2021-06-11 21:30:03'),
(292, 'vplokhina12@mail.ru', '95.152.34.224', 1, '2021-06-11 22:21:01', '2021-06-11 22:21:01'),
(293, 'vykup@mailserp.com', '188.163.43.21', 1, '2021-06-13 03:37:18', '2021-06-13 03:37:18'),
(294, 'fldunya@mail.ru', '95.152.33.37', 3, '2021-06-15 11:42:33', '2021-06-17 16:06:11'),
(295, 'technodrivepro@mailserp.com', '193.26.13.70', 1, '2021-06-17 02:20:21', '2021-06-17 02:20:21'),
(296, 'glokinag@mail.ru', '95.152.33.37', 1, '2021-06-17 08:29:29', '2021-06-17 08:29:29'),
(297, 'dizlabcom@mailserp.com', '193.26.13.70', 1, '2021-06-18 00:46:38', '2021-06-18 00:46:38'),
(298, 'vavadac@outlook.com', '93.81.9.28', 1, '2021-06-18 22:26:26', '2021-06-18 22:26:26'),
(299, 'proglina@list.ru', '95.152.46.12', 3, '2021-06-18 23:14:15', '2021-06-20 10:24:02'),
(300, 'bkgluhin@mail.ru', '95.152.46.12', 1, '2021-06-20 12:00:51', '2021-06-20 12:00:51'),
(301, 'ghpalina@mail.ru', '95.152.46.12', 1, '2021-06-21 03:05:28', '2021-06-21 03:05:28'),
(302, 'glukhina04@mail.ru', '95.152.46.12', 2, '2021-06-22 15:35:04', '2021-06-22 20:17:23'),
(303, 'sveta_ushakova_972@mail.ru', '92.38.136.69', 1, '2021-06-22 15:51:35', '2021-06-22 15:51:35'),
(304, 'harispa50oio20i@outlook.com', '93.81.9.28', 1, '2021-06-22 23:59:40', '2021-06-22 23:59:40'),
(305, 'jgpavel@mail.ru', '95.152.46.12', 1, '2021-06-23 09:01:00', '2021-06-23 09:01:00'),
(306, 'ghpalina@mail.ru', '95.152.62.142', 1, '2021-06-25 19:42:57', '2021-06-25 19:42:57'),
(307, 'snabtop@mailserp.com', '193.26.13.70', 1, '2021-06-25 22:27:53', '2021-06-25 22:27:53'),
(308, 'hlglh@list.ru', '95.152.62.142', 1, '2021-06-26 16:10:43', '2021-06-26 16:10:43'),
(309, 'quiq9491@outlook.com', '93.81.9.28', 1, '2021-06-26 17:46:18', '2021-06-26 17:46:18'),
(310, 'jenifer15673@gmail.com', '45.82.68.14', 2, '2021-06-27 07:24:14', '2021-08-21 13:44:30'),
(311, 'plshar99@mail.ru', '80.95.44.48', 1, '2021-06-29 17:07:09', '2021-06-29 17:07:09'),
(312, 'author24@mailserp.com', '193.26.13.70', 1, '2021-06-30 18:40:43', '2021-06-30 18:40:43'),
(313, 'gtanyaaa@mail.ru', '80.95.44.48', 2, '2021-07-03 23:50:41', '2021-07-04 00:06:11'),
(314, 'p.o.c.ht.a@imajl.ru', '141.101.249.39', 1, '2021-07-05 07:52:55', '2021-07-05 07:52:55'),
(315, 'igratonline@mailserp.com', '193.26.13.70', 1, '2021-07-05 12:12:03', '2021-07-05 12:12:03'),
(316, 'fevgen708@gmail.com', '188.163.47.9', 10, '2021-07-06 09:25:35', '2021-08-25 05:53:47'),
(317, 'monthliplery1957@dizaer.ru', '92.118.77.10', 1, '2021-07-06 17:46:08', '2021-07-06 17:46:08'),
(318, 'protribasvets1964@dizaer.ru', '92.118.77.10', 2, '2021-07-06 22:30:53', '2021-07-19 23:08:17'),
(319, 'americandental@mailserp.com', '193.26.13.70', 1, '2021-07-07 00:42:16', '2021-07-07 00:42:16'),
(320, 'jordanhurley@yandex.com', '104.144.91.33', 1, '2021-07-07 11:16:26', '2021-07-07 11:16:26'),
(321, 'malika.glokina@mail.ru', '80.95.45.194', 1, '2021-07-07 15:34:08', '2021-07-07 15:34:08'),
(322, 'slotoking.casino777@gmail.com', '46.33.40.178', 1, '2021-07-07 17:14:42', '2021-07-07 17:14:42'),
(323, 'bridevliters1952@dizaer.ru', '92.118.77.10', 1, '2021-07-07 21:27:36', '2021-07-07 21:27:36'),
(324, 'darsusubmoi1976@dizaer.ru', '92.118.77.10', 1, '2021-07-07 23:26:25', '2021-07-07 23:26:25'),
(325, 'go@antitourism.ru', '5.62.18.128', 1, '2021-07-08 03:29:45', '2021-07-08 03:29:45'),
(326, 'colinbell60@yandex.com', '192.241.96.14', 1, '2021-07-08 08:27:34', '2021-07-08 08:27:34'),
(327, 'perwhiviva1957@dizaer.ru', '92.118.77.10', 1, '2021-07-08 09:10:45', '2021-07-08 09:10:45'),
(328, 'derfclunosad1988@dizaer.ru', '92.118.77.10', 2, '2021-07-08 09:10:46', '2021-08-02 07:33:00'),
(329, 'ljulialuioy90yo04@outlook.com', '93.81.15.10', 2, '2021-07-10 11:18:20', '2021-07-17 06:40:59'),
(330, 'glukhina.1998@mail.ru', '80.95.45.194', 4, '2021-07-10 12:33:55', '2021-07-12 14:28:39'),
(331, 'nanokremnij@mailserp.com', '193.26.13.70', 1, '2021-07-11 11:28:46', '2021-07-11 11:28:46'),
(332, 'slotoking.casino777@gmail.com', '46.33.33.53', 1, '2021-07-11 14:40:19', '2021-07-11 14:40:19'),
(333, 'go@antitourism.ru', '5.62.18.99', 1, '2021-07-13 01:31:07', '2021-07-13 01:31:07'),
(334, 'karasev1987@rambler.ru', '188.163.73.248', 3, '2021-07-14 12:25:19', '2021-07-16 01:40:03'),
(335, 'stormgain@mailserp.com', '193.26.13.70', 1, '2021-07-15 08:15:39', '2021-07-15 08:15:39'),
(336, '8.ujkmnhdywhnm.jkdrsa.k.djwrj.djwwj@gmail.com', '196.240.54.122', 1, '2021-07-16 04:51:26', '2021-07-16 04:51:26'),
(337, '900900900@internet.ru', '188.235.20.123', 1, '2021-07-17 10:17:49', '2021-07-17 10:17:49'),
(338, 'stormgain2@mailserp.com', '193.26.13.70', 1, '2021-07-18 00:30:30', '2021-07-18 00:30:30'),
(339, 'glukhina.1998@mail.ru', '95.152.62.110', 1, '2021-07-18 02:49:46', '2021-07-18 02:49:46'),
(340, 'laramaxdff@gmail.com', '81.92.200.92', 1, '2021-07-19 04:05:19', '2021-07-19 04:05:19'),
(341, 'glukhin03@mail.ru', '95.152.62.110', 5, '2021-07-19 06:27:09', '2021-07-25 11:04:53'),
(342, 'alexpopov716253@gmail.com', '104.144.105.114', 4, '2021-07-19 07:43:16', '2021-11-25 14:22:41'),
(343, 'veronikapikos@yandex.ru', '178.17.182.46', 1, '2021-07-20 10:30:59', '2021-07-20 10:30:59'),
(344, 'biwvmcnph@totzilla.ru', '125.65.92.104', 1, '2021-07-20 19:27:31', '2021-07-20 19:27:31'),
(345, 'karasev1987@rambler.ru', '188.163.75.37', 1, '2021-07-21 05:38:51', '2021-07-21 05:38:51'),
(346, 'gad@mailserp.com', '193.26.13.70', 1, '2021-07-21 09:53:31', '2021-07-21 09:53:31'),
(347, 'aidenmorgan77@gmail.com', '194.79.20.244', 1, '2021-07-22 03:40:18', '2021-07-22 03:40:18'),
(348, 'gdmaha@mail.ru', '95.152.62.110', 1, '2021-07-22 05:50:43', '2021-07-22 05:50:43'),
(349, 'alexpopov716253@gmail.com', '5.181.234.42', 1, '2021-07-22 15:59:24', '2021-07-22 15:59:24'),
(350, '%spinfile-names.dat%%spinfile-lnames.dat%%random-1-100%@base.mixwi.com', '115.133.86.184', 1, '2021-07-22 16:27:47', '2021-07-22 16:27:47'),
(351, 'pdanyell814iype9lao@outlook.com', '93.81.15.10', 1, '2021-07-22 18:16:04', '2021-07-22 18:16:04'),
(352, 'masterlaminata@mailserp.com', '193.26.13.70', 1, '2021-07-24 02:15:10', '2021-07-24 02:15:10'),
(353, 'everynlucy586@gmail.com', '185.51.247.231', 1, '2021-07-24 18:35:58', '2021-07-24 18:35:58'),
(354, 'chapliga88@rambler.ru', '188.163.73.187', 1, '2021-07-26 13:23:09', '2021-07-26 13:23:09'),
(355, 'cinospallip@mail.ru', '5.35.127.146', 1, '2021-07-27 02:41:58', '2021-07-27 02:41:58'),
(356, 'mikh@mailserp.com', '193.26.13.70', 1, '2021-07-27 12:15:33', '2021-07-27 12:15:33'),
(357, 'i.achakov@info.avalins.com', '5.188.48.22', 1, '2021-07-27 19:40:15', '2021-07-27 19:40:15'),
(358, 'f.mironov@jodas.enersets.com', '5.188.48.22', 1, '2021-07-27 19:40:15', '2021-07-27 19:40:15'),
(359, 'temptest913666639@gmail.com', '178.140.227.183', 1, '2021-07-28 00:46:40', '2021-07-28 00:46:40'),
(360, 'zulzackaryaeva@yandex.ru', '37.45.164.41', 1, '2021-07-28 13:31:25', '2021-07-28 13:31:25'),
(361, 'aleksandr4w0bo@mail.ru', '91.77.108.222', 1, '2021-07-28 13:38:48', '2021-07-28 13:38:48'),
(362, 'm.osenyan@den.efastes.com', '5.188.48.22', 1, '2021-07-29 11:41:21', '2021-07-29 11:41:21'),
(363, 'chapliga88@rambler.ru', '188.163.74.106', 1, '2021-07-29 20:53:14', '2021-07-29 20:53:14'),
(364, 'raptoroleg66666@rambler.ru', '85.26.183.61', 1, '2021-07-30 01:59:08', '2021-07-30 01:59:08'),
(365, 'a.tihogorov@denis.enersets.com', '5.188.48.98', 1, '2021-07-30 02:33:44', '2021-07-30 02:33:44'),
(366, 'm.finin@info.avalins.com', '5.188.48.98', 1, '2021-07-30 02:33:44', '2021-07-30 02:33:44'),
(367, 'karasev1987@rambler.ru', '188.163.74.106', 1, '2021-07-30 05:49:49', '2021-07-30 05:49:49'),
(368, 'p00v7alena.ivko594chr@gmail.com', '195.78.247.193', 5, '2021-07-30 14:31:24', '2021-09-09 16:58:57'),
(369, 'jimmielaurene@vaulker.com', '212.193.168.141', 1, '2021-07-31 16:35:41', '2021-07-31 16:35:41'),
(370, 'vdelighteu7ary5v0q43u@outlook.com', '93.81.15.10', 2, '2021-08-01 01:51:53', '2021-08-10 02:01:31'),
(371, 'airtracksru@mailserp.com', '193.26.13.70', 1, '2021-08-01 22:46:38', '2021-08-01 22:46:38'),
(372, 'tsmg2485@gmail.com', '195.78.247.193', 1, '2021-08-02 03:04:26', '2021-08-02 03:04:26'),
(373, 'sauule@za-splav.by', '37.45.164.41', 1, '2021-08-02 05:43:25', '2021-08-02 05:43:25'),
(374, 'humpsephcentsu1950@dizaer.ru', '92.118.77.10', 1, '2021-08-02 07:33:00', '2021-08-02 07:33:00'),
(375, 'a.podhudovich@jodas.enersets.com', '5.188.48.98', 1, '2021-08-03 07:27:59', '2021-08-03 07:27:59'),
(376, 'd.petrovich@makao.efastes.com', '5.188.48.98', 1, '2021-08-03 07:28:44', '2021-08-03 07:28:44'),
(377, 'gerbert5456kk@bambo-mebel.top', '46.39.74.0', 1, '2021-08-03 14:09:40', '2021-08-03 14:09:40'),
(378, '0xwtrvohma69227z3f@gmail.com', '195.78.247.193', 2, '2021-08-03 22:05:19', '2021-09-09 19:37:46'),
(379, 'jimmielaurene@vaulker.com', '212.193.171.152', 1, '2021-08-04 05:21:37', '2021-08-04 05:21:37'),
(380, 'anna.frin@yandex.com', '37.45.172.190', 1, '2021-08-04 09:04:35', '2021-08-04 09:04:35'),
(381, 'domabanivtomske@yandex.ru', '95.174.220.112', 1, '2021-08-05 07:54:00', '2021-08-05 07:54:00'),
(382, '7hcm.chistyukhin2911x1su@gmail.com', '195.78.247.193', 3, '2021-08-05 08:29:42', '2021-08-23 22:43:14'),
(383, 'glukhin03@mail.ru', '95.152.62.132', 1, '2021-08-05 16:50:45', '2021-08-05 16:50:45'),
(384, 'i.nagornyy@denis.enersets.com', '5.188.48.88', 1, '2021-08-05 19:55:22', '2021-08-05 19:55:22'),
(385, 's.davidov@makao.efastes.com', '5.188.48.88', 1, '2021-08-05 19:55:28', '2021-08-05 19:55:28'),
(386, 'd.simin@a.avalins.com', '5.188.48.88', 1, '2021-08-05 19:55:28', '2021-08-05 19:55:28'),
(387, 'sarakn12@mail.ru', '92.255.198.132', 1, '2021-08-06 18:20:25', '2021-08-06 18:20:25'),
(388, 'glukhina.1998@mail.ru', '93.124.97.226', 6, '2021-08-08 11:01:34', '2021-08-17 09:33:37'),
(389, 'mls1@mailserp.com', '193.26.13.70', 1, '2021-08-10 03:37:50', '2021-08-10 03:37:50'),
(390, 'ansdna.frkijin@yandex.com', '178.127.2.24', 1, '2021-08-11 00:44:50', '2021-08-11 00:44:50'),
(391, 'zasplav@mail.ru', '37.45.216.107', 1, '2021-08-12 04:40:06', '2021-08-12 04:40:06'),
(392, 'quicomvebum1962@dizaer.ru', '92.118.77.10', 1, '2021-08-13 21:18:54', '2021-08-13 21:18:54'),
(393, 'ranmahorback1983@dizaer.ru', '92.118.77.10', 1, '2021-08-13 21:18:55', '2021-08-13 21:18:55'),
(394, 'bitty2021@bitty.com.ua', '195.38.8.59', 1, '2021-08-14 02:48:01', '2021-08-14 02:48:01'),
(395, 'rasaser680@maillux.online\r\n', '51.159.23.22', 1, '2021-08-14 07:06:31', '2021-08-14 07:06:31'),
(396, 'gerbert5456kk@bambo-mebel.top', '87.244.162.26', 2, '2021-08-14 14:43:46', '2021-09-01 08:36:20'),
(397, 'ncnukiw.84859egv@gmail.com', '195.78.247.193', 2, '2021-08-14 18:42:01', '2021-08-19 23:50:06'),
(398, 'potolok2021@bitty.com.ua', '195.38.8.59', 1, '2021-08-16 01:57:00', '2021-08-16 01:57:00'),
(399, 'n0rton.al@yandex.ru', '45.82.68.14', 1, '2021-08-16 04:26:40', '2021-08-16 04:26:40'),
(400, 'olinesquivias@rambler.ru', '178.168.201.145', 1, '2021-08-17 01:46:00', '2021-08-17 01:46:00'),
(401, 'stkanat@list.ru', '95.107.92.210', 1, '2021-08-17 10:30:32', '2021-08-17 10:30:32'),
(402, 'dimastanevitch@yandex.com', '178.127.50.48', 1, '2021-08-19 00:23:36', '2021-08-19 00:23:36'),
(403, 'zasplav2020@mail.ru', '37.45.208.126', 1, '2021-08-19 02:25:33', '2021-08-19 02:25:33'),
(404, 'cinospallip@mail.ru', '5.35.122.79', 1, '2021-08-19 04:10:48', '2021-08-19 04:10:48'),
(405, 'asikarka@yandex.ru', '94.180.200.200', 1, '2021-08-19 12:08:53', '2021-08-19 12:08:53'),
(406, 'm.fe.d.k.o.67.3.@gmail.com', '45.66.14.197', 1, '2021-08-19 21:59:45', '2021-08-19 21:59:45'),
(407, 'dsadsawq231v@mail.ru', '37.99.119.71', 1, '2021-08-20 11:15:21', '2021-08-20 11:15:21'),
(408, '97a.esqudo110vj@gmail.com', '195.78.247.193', 2, '2021-08-21 09:34:36', '2021-08-24 04:56:59'),
(409, 'hqo51merenova.88295du@gmail.com', '195.78.247.193', 1, '2021-08-22 19:47:54', '2021-08-22 19:47:54'),
(410, 'qbnafgebt@totzilla.ru', '125.65.92.104', 1, '2021-08-23 00:00:31', '2021-08-23 00:00:31'),
(411, 'fldunya@mail.ru', '93.124.61.63', 1, '2021-08-23 07:28:28', '2021-08-23 07:28:28'),
(412, 'shopavd@mailserp.com', '193.26.13.70', 1, '2021-08-23 08:47:43', '2021-08-23 08:47:43'),
(413, 'i.yakub@jodas.enersets.com', '5.188.48.22', 1, '2021-08-23 12:11:55', '2021-08-23 12:11:55'),
(414, 'k.orlova@den.efastes.com', '5.188.48.22', 1, '2021-08-23 12:11:55', '2021-08-23 12:11:55'),
(415, 'v.petrovich@info.avalins.com', '5.188.48.22', 1, '2021-08-23 13:22:42', '2021-08-23 13:22:42'),
(416, 'ocs9pmrita.garmen45wgcp@gmail.com', '195.78.247.193', 3, '2021-08-23 14:16:46', '2021-09-06 03:12:48'),
(417, 'gerbert5456kk@bambo-mebel.top', '46.39.74.100', 1, '2021-08-23 15:44:28', '2021-08-23 15:44:28'),
(418, 'glukhina.1998@mail.ru', '93.124.61.63', 3, '2021-08-23 19:53:23', '2021-08-27 15:33:05'),
(419, 'alexpopov716253@gmail.com', '92.38.136.69', 7, '2021-08-23 21:52:08', '2021-11-11 04:45:42'),
(420, 'geuprepilin1951@dizaer.ru', '92.118.77.10', 1, '2021-08-25 20:40:34', '2021-08-25 20:40:34'),
(421, 'bleedlo83@yandex.com', '185.255.96.99', 1, '2021-08-25 23:24:14', '2021-08-25 23:24:14'),
(422, 'jordanhurley@yandex.com', '107.173.177.210', 1, '2021-08-26 10:19:01', '2021-08-26 10:19:01'),
(423, 'guiflexvese1986@dizaer.ru', '92.118.77.10', 2, '2021-08-26 11:17:09', '2021-09-11 21:54:27'),
(424, 'leofinbanigs1963@dizaer.ru', '92.118.77.10', 1, '2021-08-26 14:31:24', '2021-08-26 14:31:24'),
(425, 'a.milnichenko@a.avalins.com', '5.188.48.98', 1, '2021-08-27 01:33:37', '2021-08-27 01:33:37'),
(426, 'hvac.sdpro@gmail.com', '188.172.220.74', 1, '2021-08-27 03:24:36', '2021-08-27 03:24:36'),
(427, 'glukhina.1998@mail.ru', '93.124.46.122', 1, '2021-08-28 05:13:27', '2021-08-28 05:13:27'),
(428, 's.fikin@denis.enersets.com', '5.188.48.98', 1, '2021-08-30 05:40:35', '2021-08-30 05:40:35'),
(429, 'alexpopov716253@gmail.com', '188.122.82.146', 4, '2021-09-01 16:30:56', '2022-01-04 12:25:49'),
(430, 'temptest294376303@gmail.com', '124.65.117.38', 1, '2021-09-02 00:06:33', '2021-09-02 00:06:33'),
(431, 'peappyzep@mail.ru', '87.228.19.218', 1, '2021-09-02 09:46:55', '2021-09-02 09:46:55'),
(432, 'glukhina.1998@mail.ru', '37.113.63.13', 10, '2021-09-03 19:40:52', '2021-09-13 02:28:57'),
(433, 'fevgen708@gmail.com', '188.163.46.170', 5, '2021-09-05 15:06:07', '2021-10-05 02:04:36'),
(434, 'cappydally9@gmail.com', '180.167.101.134', 2, '2021-09-05 20:54:12', '2021-12-19 04:35:56'),
(435, 'bally.dimitrova.02@gmail.com', '103.241.227.98', 1, '2021-09-06 11:14:48', '2021-09-06 11:14:48'),
(436, 'japlannyjanny@gmail.com', '211.136.100.154', 1, '2021-09-06 15:22:50', '2021-09-06 15:22:50'),
(437, 'kapetsyk@gmail.com', '211.136.100.154', 1, '2021-09-06 16:11:30', '2021-09-06 16:11:30'),
(438, 'zakaz.kraft@gmail.com', '46.182.129.31', 2, '2021-09-06 18:00:09', '2021-09-18 17:34:47'),
(439, 'enapcohor1975@dizaer.ru', '45.66.208.248', 1, '2021-09-08 04:09:10', '2021-09-08 04:09:10'),
(440, 'donwanexpvest1982@dizaer.ru', '85.239.48.184', 1, '2021-09-08 04:22:36', '2021-09-08 04:22:36'),
(441, 'sherylrush@erattanqueereatri.gq', '109.248.49.244', 1, '2021-09-08 09:01:27', '2021-09-08 09:01:27'),
(442, 'potolok2021@bitty.com.ua', '195.38.8.141', 1, '2021-09-08 12:46:47', '2021-09-08 12:46:47'),
(443, 'fannyfierry@gmail.com', '211.136.100.154', 1, '2021-09-08 17:30:11', '2021-09-08 17:30:11'),
(444, 'trubprom@mailserp.com', '193.26.13.70', 2, '2021-09-09 00:28:30', '2021-09-11 18:09:50'),
(445, 'jimmielaurene@vaulker.com', '45.153.55.26', 2, '2021-09-09 04:24:39', '2021-09-12 12:35:05'),
(446, 'sherylrush@erattanqueereatri.gq', '45.15.73.245', 1, '2021-09-09 12:43:53', '2021-09-09 12:43:53'),
(447, 'j.a.ck.l.i.s.tfo.xn.eed.l.i.f.e.s.382.5.21.2.@gmail.com', '46.148.234.229', 1, '2021-09-09 19:36:33', '2021-09-09 19:36:33'),
(448, 'ppiekuale@gmail.com', '103.241.227.110', 1, '2021-09-10 08:15:39', '2021-09-10 08:15:39'),
(449, 'potolok2021@bitty.com.ua', '195.38.8.81', 1, '2021-09-10 17:25:14', '2021-09-10 17:25:14'),
(450, 'l.kondratev@a.avalins.com', '46.161.11.21', 1, '2021-09-10 21:06:42', '2021-09-10 21:06:42'),
(451, 'naomisholtz7@gmail.com', '85.250.20.253', 5, '2021-09-11 01:10:50', '2021-09-21 16:36:42'),
(452, 'glukhina.1998@mail.ru', '95.152.62.218', 2, '2021-09-11 04:34:12', '2021-09-13 11:02:51'),
(453, 'a.drenov@a.avalins.com', '46.161.11.21', 1, '2021-09-11 17:10:39', '2021-09-11 17:10:39'),
(454, 'closerapin1973@dizaer.ru', '92.118.77.10', 3, '2021-09-11 18:44:40', '2021-09-25 17:14:26'),
(455, 'i.golovenkin@makao.efastes.com', '46.161.11.31', 1, '2021-09-11 22:30:58', '2021-09-11 22:30:58'),
(456, 'm.defov@a.avalins.com', '46.161.11.31', 1, '2021-09-11 22:30:58', '2021-09-11 22:30:58'),
(457, 'm.oreshkov@den.efastes.com', '46.161.11.31', 1, '2021-09-11 22:30:59', '2021-09-11 22:30:59'),
(458, 'ninoonnipless@gmail.com', '211.136.100.154', 1, '2021-09-12 06:33:50', '2021-09-12 06:33:50'),
(459, 'p00v7alena.ivko594chr@gmail.com', '92.119.162.108', 1, '2021-09-13 11:10:22', '2021-09-13 11:10:22'),
(460, 'masounmout1@gmail.com', '91.188.228.128', 1, '2021-09-13 11:10:31', '2021-09-13 11:10:31'),
(461, 'andreyderevanko887@gmail.com', '2.56.138.55', 1, '2021-09-13 11:15:33', '2021-09-13 11:15:33'),
(462, 'gulyaergesova29@gmail.com', '176.103.88.43', 1, '2021-09-13 14:38:51', '2021-09-13 14:38:51'),
(463, 'myhomesoeasydogcatmytabl@gmail.com', '196.240.54.120', 1, '2021-09-13 15:34:12', '2021-09-13 15:34:12'),
(464, 'progon2021aa@gmail.com', '89.179.106.88', 1, '2021-09-13 17:23:32', '2021-09-13 17:23:32'),
(465, 'zfz9ofriz32rus67y32hl@gmail.com', '91.188.215.87', 1, '2021-09-13 23:05:38', '2021-09-13 23:05:38'),
(466, 'sherylrush@erattanqueereatri.gq', '188.130.186.172', 1, '2021-09-15 16:23:51', '2021-09-15 16:23:51'),
(467, 'j.a.ckl.i.s.t.f.o.xn.eedli.fes3825.2.12@gmail.com', '46.148.234.229', 1, '2021-09-16 15:08:40', '2021-09-16 15:08:40'),
(468, 'sherylrush@erattanqueereatri.gq', '46.8.106.102', 1, '2021-09-16 15:20:05', '2021-09-16 15:20:05'),
(469, 'gerbert5456kk@bambo-mebel.top', '46.39.71.83', 1, '2021-09-17 03:21:59', '2021-09-17 03:21:59'),
(470, 'cumsherile1982@dizaer.ru', '92.118.77.10', 2, '2021-09-18 00:37:41', '2021-09-24 10:33:53'),
(471, 'hvac.sdpro@gmail.com', '188.172.220.76', 1, '2021-09-18 01:07:39', '2021-09-18 01:07:39'),
(472, 'conssoftdece1954@dizaer.ru', '92.118.77.10', 2, '2021-09-18 05:57:01', '2021-09-24 22:06:48'),
(473, 'artem55jjde@yandex.com.tr', '92.118.77.10', 1, '2021-09-20 13:18:34', '2021-09-20 13:18:34'),
(474, 'keysyeloseywk@gmail.com', '192.99.9.19', 1, '2021-09-20 14:26:04', '2021-09-20 14:26:04'),
(475, 'andreywtosi@ya.ru', '92.118.77.10', 2, '2021-09-20 14:45:16', '2021-09-24 15:20:14'),
(476, 'fldunya@mail.ru', '37.113.63.13', 1, '2021-09-20 17:39:48', '2021-09-20 17:39:48'),
(477, 'enapcohor1975@dizaer.ru', '92.118.77.10', 1, '2021-09-20 18:19:48', '2021-09-20 18:19:48'),
(478, 'ppugrappa7609@gmail.com', '103.251.225.16', 1, '2021-09-21 12:17:32', '2021-09-21 12:17:32'),
(479, 'oleg37802@gmail.com', '178.176.216.71', 1, '2021-09-21 16:10:05', '2021-09-21 16:10:05'),
(480, 'andreyderevanko887@gmail.com', '194.156.107.23', 1, '2021-09-21 19:41:34', '2021-09-21 19:41:34'),
(481, 'masounmout1@gmail.com', '194.226.20.27', 1, '2021-09-21 19:41:39', '2021-09-21 19:41:39'),
(482, 'p.frolov@avalins.com', '46.161.11.41', 2, '2021-09-22 01:40:24', '2021-09-27 17:16:11'),
(483, 'n.kirambekov@den.efastes.com', '46.161.11.41', 2, '2021-09-22 03:39:08', '2021-09-28 00:57:03'),
(484, 'gulyaergesova29@gmail.com', '81.16.143.106', 1, '2021-09-22 04:46:06', '2021-09-22 04:46:06'),
(485, 'bim@jaguare.ru', '45.87.1.156', 1, '2021-09-22 15:42:35', '2021-09-22 15:42:35'),
(486, 'adamkutepov@gmail.com', '213.166.80.147', 1, '2021-09-22 23:30:03', '2021-09-22 23:30:03'),
(487, 'jacklist.fox.n.e.e.d.l.i.f.e.s.3825212.@gmail.com', '46.148.234.229', 1, '2021-09-23 00:15:13', '2021-09-23 00:15:13'),
(488, 'r8b7vitalik.verenik484kw@gmail.com', '91.199.112.231', 1, '2021-09-23 08:01:13', '2021-09-23 08:01:13'),
(489, 'm.evremov@enersets.com', '46.161.11.41', 2, '2021-09-24 02:42:34', '2021-09-29 12:27:49'),
(490, 'halimetuana10@gmail.com', '45.131.47.49', 1, '2021-09-24 09:56:02', '2021-09-24 09:56:02'),
(491, 'zfz9ofriz32rus67y32hl@gmail.com', '77.83.81.16', 1, '2021-09-24 21:48:49', '2021-09-24 21:48:49'),
(492, 'aleksandr4w0bo@mail.ru', '91.78.41.49', 3, '2021-09-25 07:59:58', '2021-11-06 19:29:10'),
(493, 'gerbert5456kk@bambo-mebel.top', '51.161.66.102', 1, '2021-09-25 20:52:01', '2021-09-25 20:52:01'),
(494, 'stkanat@list.ru', '195.181.162.186', 1, '2021-09-26 20:18:59', '2021-09-26 20:18:59'),
(495, 'puertc.gnom.33@gmail.com', '185.31.175.226', 1, '2021-09-27 12:49:22', '2021-09-27 12:49:22'),
(496, 'scavonadanyel72@rambler.ru', '193.56.67.38', 1, '2021-09-28 04:13:54', '2021-09-28 04:13:54'),
(497, 'aaaresku@gmail.com', '92.207.253.226', 1, '2021-09-29 10:25:46', '2021-09-29 10:25:46'),
(498, 'ja.ck.listfox.nee.dli.f.e.s.3.82.5.212@gmail.com', '46.148.234.229', 1, '2021-09-29 22:08:01', '2021-09-29 22:08:01'),
(499, 'parsahoresh@gmail.com', '5.252.195.130', 2, '2021-09-30 20:42:08', '2022-01-02 04:38:28'),
(500, 'gaticoufahl1969@dizaer.ru', '92.118.77.10', 1, '2021-10-01 06:30:54', '2021-10-01 06:30:54'),
(501, 'gerbert5456kk@bambo-mebel.top', '46.39.70.195', 1, '2021-10-02 08:14:02', '2021-10-02 08:14:02'),
(502, '%spinfile-names.dat%%spinfile-lnames.dat%%random-1-100%@base.mixwi.com', '115.133.86.35', 1, '2021-10-03 18:49:56', '2021-10-03 18:49:56'),
(503, 'naomisholtz7@gmail.com', '46.116.245.192', 2, '2021-10-04 02:47:39', '2021-10-08 23:57:50'),
(504, 'f.kukushkin@den.efastes.com', '46.161.11.31', 1, '2021-10-05 07:16:16', '2021-10-05 07:16:16'),
(505, 's.anikov@a.avalins.com', '46.161.11.31', 1, '2021-10-05 07:16:16', '2021-10-05 07:16:16'),
(506, 'serpantinka01@yandex.ru', '85.203.44.9', 2, '2021-10-05 14:27:17', '2021-10-05 23:06:16'),
(507, 'sh.r.e.wd.b.o.go.mol.o.va@gmail.com', '146.70.52.39', 1, '2021-10-05 17:11:19', '2021-10-05 17:11:19'),
(508, '3@tochtonado.name', '5.252.195.130', 2, '2021-10-05 22:18:25', '2021-10-31 20:42:42'),
(509, 'gal.vadisha@yandex.ru', '85.203.44.9', 3, '2021-10-05 23:25:34', '2021-10-07 05:55:14'),
(510, 'grabomesri1966@dizaer.ru', '92.118.77.10', 1, '2021-10-06 04:15:24', '2021-10-06 04:15:24'),
(511, 'riopormide1984@dizaer.ru', '92.118.77.10', 1, '2021-10-06 04:15:24', '2021-10-06 04:15:24'),
(512, 'vdelighteu7ary5v0q43u@outlook.com', '2.92.110.148', 1, '2021-10-06 07:31:56', '2021-10-06 07:31:56'),
(513, 'j.a.c.kl.is.tfo.xn.ee.dlife.s.3.82.521.2@gmail.com', '46.148.234.229', 1, '2021-10-06 20:22:20', '2021-10-06 20:22:20'),
(514, 'nikdiaz85@gmail.com', '95.53.155.44', 1, '2021-10-07 14:32:56', '2021-10-07 14:32:56'),
(515, 'i.saretelli@makao.efastes.com', '46.161.11.31', 1, '2021-10-07 22:12:17', '2021-10-07 22:12:17'),
(516, 'glukhina.1998@mail.ru', '80.95.44.134', 1, '2021-10-09 01:07:59', '2021-10-09 01:07:59'),
(517, 'halimetuana10@gmail.com', '185.247.21.167', 1, '2021-10-09 09:42:24', '2021-10-09 09:42:24'),
(518, 'm.simov@denis.enersets.com', '46.161.11.21', 2, '2021-10-10 03:01:36', '2021-10-19 05:36:50'),
(519, 'mark.bataev.seo@gmail.com', '95.53.155.44', 1, '2021-10-10 07:43:38', '2021-10-10 07:43:38'),
(520, 'rainy.borya@yandex.ru', '85.203.44.9', 3, '2021-10-10 09:34:11', '2021-10-15 16:06:55');
INSERT INTO `oc_customer_login` (`customer_login_id`, `email`, `ip`, `total`, `date_added`, `date_modified`) VALUES
(521, 'pstokmanager@gmail.com', '45.128.188.1', 1, '2021-10-10 09:38:07', '2021-10-10 09:38:07'),
(522, '1@nicemail.club', '5.252.194.59', 1, '2021-10-10 14:59:16', '2021-10-10 14:59:16'),
(523, 'cappydally9@gmail.com', '192.169.139.161', 1, '2021-10-10 18:59:48', '2021-10-10 18:59:48'),
(524, 'setkatkan@mail.ru', '95.107.38.10', 1, '2021-10-11 13:49:06', '2021-10-11 13:49:06'),
(525, 'm.fedotkin@a.avalins.com', '46.161.11.21', 2, '2021-10-11 15:25:23', '2021-10-20 06:27:36'),
(526, 'mark.bataev.seo@gmail.com', '95.53.233.219', 1, '2021-10-12 15:25:53', '2021-10-12 15:25:53'),
(527, 'guillermofroeliche30@gmail.com', '109.248.148.253', 1, '2021-10-12 18:13:42', '2021-10-12 18:13:42'),
(528, 'bettysidoriva@gmail.com', '43.224.8.14', 1, '2021-10-12 21:10:39', '2021-10-12 21:10:39'),
(529, 'vavadac@outlook.com', '2.92.110.148', 1, '2021-10-13 01:07:51', '2021-10-13 01:07:51'),
(530, 'j.ack.l.is.t.fox.n.e.e.d.l.ifes.38252.1.2@gmail.com', '46.148.234.229', 1, '2021-10-13 14:18:49', '2021-10-13 14:18:49'),
(531, 'ivamovaianna@gmail.com', '192.169.139.161', 1, '2021-10-14 12:09:12', '2021-10-14 12:09:12'),
(532, 'burenokdima1980@gmail.com', '188.163.75.164', 6, '2021-10-14 15:03:11', '2021-10-22 23:22:27'),
(533, 'markmorozov212@gmail.com', '193.105.174.92', 1, '2021-10-15 16:19:30', '2021-10-15 16:19:30'),
(534, 'tiommatlula@gmail.com', '180.167.101.134', 1, '2021-10-16 00:01:48', '2021-10-16 00:01:48'),
(535, 'rreimpule@gmail.com', '103.250.157.43', 1, '2021-10-16 16:34:28', '2021-10-16 16:34:28'),
(536, 'inscoryb80@yandex.ru', '213.166.69.21', 1, '2021-10-16 18:39:50', '2021-10-16 18:39:50'),
(537, 'f.grek@avalins.com', '46.161.11.21', 2, '2021-10-17 03:43:09', '2021-10-25 04:29:05'),
(538, 'k.hudovich@jodas.enersets.com', '46.161.11.21', 2, '2021-10-17 03:44:11', '2021-10-25 04:29:08'),
(539, 'fevgen708@gmail.com', '188.163.46.154', 15, '2021-10-18 12:01:07', '2022-01-30 11:41:04'),
(540, 'glukhina.1998@mail.ru', '93.124.109.49', 5, '2021-10-18 15:08:03', '2021-10-21 04:55:16'),
(541, 'olukoeeo@gmail.com', '180.167.101.134', 1, '2021-10-18 22:24:25', '2021-10-18 22:24:25'),
(542, 'pplast18102021@mailserp.com', '178.213.3.79', 1, '2021-10-19 00:29:11', '2021-10-19 00:29:11'),
(543, 'ost-regret@yandex.ru', '46.3.197.53', 2, '2021-10-19 04:19:57', '2021-10-20 08:03:17'),
(544, 'hp4@4ttmail.com', '62.16.2.254', 1, '2021-10-19 14:12:25', '2021-10-19 14:12:25'),
(545, 'suplesatia81@gmail.com', '192.169.139.161', 1, '2021-10-20 11:43:13', '2021-10-20 11:43:13'),
(546, 'glukhina.1998@mail.ru', '37.113.11.121', 13, '2021-10-22 00:38:04', '2021-11-06 08:52:05'),
(547, 'rainy.borya@yandex.ru', '85.203.44.117', 1, '2021-10-22 08:27:27', '2021-10-22 08:27:27'),
(548, 'markmorozov212@gmail.com', '194.226.4.192', 1, '2021-10-22 14:27:51', '2021-10-22 14:27:51'),
(549, 'arasmout650@gmail.com', '84.54.29.108', 1, '2021-10-22 15:35:12', '2021-10-22 15:35:12'),
(550, 'ja.c.kl.is.tfoxne.edlif.es3.8252.1.2.@gmail.com', '46.148.234.229', 1, '2021-10-22 23:04:08', '2021-10-22 23:04:08'),
(551, 'temptest294376303@gmail.com', '178.22.49.219', 1, '2021-10-26 10:23:10', '2021-10-26 10:23:10'),
(552, 'gerbert5456kk@bambo-mebel.top', '87.244.132.175', 1, '2021-10-27 15:29:28', '2021-10-27 15:29:28'),
(553, 'flowguthe84@yandex.ru', '185.244.217.37', 2, '2021-10-28 05:42:33', '2021-11-02 10:24:32'),
(554, 'cuetinto80@yandex.ru', '185.244.217.37', 1, '2021-10-28 18:01:40', '2021-10-28 18:01:40'),
(555, 'mariampoltorak@yandex.com', '91.241.226.233', 2, '2021-10-29 02:50:11', '2021-11-23 00:03:45'),
(556, 'buritos88666@gmail.com', '146.0.81.203', 1, '2021-10-29 20:19:34', '2021-10-29 20:19:34'),
(557, 'ja.c.kl.is.tfo.x.n.e.ed.lif.es.3.8.25.21.2@gmail.com', '46.148.234.229', 1, '2021-10-30 20:37:07', '2021-10-30 20:37:07'),
(558, 'saveliyprohorov@yandex.ru', '128.69.252.231', 1, '2021-10-30 20:40:12', '2021-10-30 20:40:12'),
(559, 'tranicspit80@yandex.ru', '213.166.69.21', 1, '2021-10-31 01:36:38', '2021-10-31 01:36:38'),
(560, 'colinbell60@yandex.com', '104.227.50.233', 1, '2021-10-31 08:56:53', '2021-10-31 08:56:53'),
(561, 'hp4@4ttmail.com', '62.16.11.151', 1, '2021-10-31 15:13:50', '2021-10-31 15:13:50'),
(562, 'threatboager87@yandex.ru', '213.166.69.21', 1, '2021-11-02 06:00:51', '2021-11-02 06:00:51'),
(563, 'giestocal82@yandex.ru', '185.244.217.37', 1, '2021-11-02 16:34:42', '2021-11-02 16:34:42'),
(564, 'lungkgaleb80@yandex.ru', '185.244.217.37', 2, '2021-11-02 22:53:11', '2021-11-03 14:30:54'),
(565, 'maksimmironov731@gmail.com', '193.32.190.239', 1, '2021-11-03 03:56:41', '2021-11-03 03:56:41'),
(566, 'gdeg@m142.ru', '85.143.106.77', 1, '2021-11-04 07:31:48', '2021-11-04 07:31:48'),
(567, 'liiaturuluamua@gmail.com', '192.169.139.161', 1, '2021-11-04 09:54:32', '2021-11-04 09:54:32'),
(568, 'sermocon87@yandex.ru', '213.166.69.21', 1, '2021-11-05 00:18:20', '2021-11-05 00:18:20'),
(569, 'pembpelni82@yandex.ru', '213.166.69.21', 1, '2021-11-05 02:26:27', '2021-11-05 02:26:27'),
(570, 'markeeixc7ea9vria@outlook.com', '2.92.110.148', 2, '2021-11-05 12:41:16', '2021-11-07 02:07:59'),
(571, 'funradis88@yandex.ru', '213.166.69.21', 1, '2021-11-06 05:58:13', '2021-11-06 05:58:13'),
(572, 'trelef@devioplus.ru', '85.143.106.77', 1, '2021-11-06 18:50:54', '2021-11-06 18:50:54'),
(573, 'saveliyprohorov@yandex.com', '45.82.69.238', 1, '2021-11-06 20:25:04', '2021-11-06 20:25:04'),
(574, 'glukhina.1998@mail.ru', '109.194.247.78', 6, '2021-11-06 21:47:13', '2021-11-13 05:58:46'),
(575, 'v.ad.imp.e.trov7.4.2.5@gmail.com', '146.70.52.5', 1, '2021-11-07 10:38:44', '2021-11-07 10:38:44'),
(576, 'rt@yandex.ru', '109.194.247.78', 1, '2021-11-08 02:12:41', '2021-11-08 02:12:41'),
(577, 'xldaryeun@totzilla.ru', '163.172.31.249', 1, '2021-11-08 10:19:10', '2021-11-08 10:19:10'),
(578, 'naomisholtz7@gmail.com', '46.116.162.246', 1, '2021-11-08 15:25:15', '2021-11-08 15:25:15'),
(579, 'ja.ck.li.s.tf.oxneed.l.if.e.s3.825212.@gmail.com', '46.148.234.229', 1, '2021-11-08 20:26:03', '2021-11-08 20:26:03'),
(580, 'sed0jd@yandex.ru', '95.174.126.161', 1, '2021-11-09 12:48:16', '2021-11-09 12:48:16'),
(581, 'hp4@4ttmail.com', '62.16.2.73', 1, '2021-11-10 14:46:32', '2021-11-10 14:46:32'),
(582, 'gerbert5456kk@bambo-mebel.top', '5.62.43.233', 1, '2021-11-11 14:40:37', '2021-11-11 14:40:37'),
(583, 'ivanenok19851@gmail.com', '188.163.75.164', 1, '2021-11-12 11:10:11', '2021-11-12 11:10:11'),
(584, 'vgvxh@vli.su', '185.108.211.205', 1, '2021-11-12 18:42:57', '2021-11-12 18:42:57'),
(585, 'lolacmirnova@yandex.ru', '88.147.152.234', 1, '2021-11-13 00:28:33', '2021-11-13 00:28:33'),
(586, 'r.y.z.h.onko.vk.arl@gmail.com', '146.70.52.36', 1, '2021-11-13 02:33:50', '2021-11-13 02:33:50'),
(587, 'dsxafm@xadi.ru', '185.108.211.205', 1, '2021-11-14 03:18:36', '2021-11-14 03:18:36'),
(588, 'maksimmironov731@gmail.com', '84.54.28.33', 1, '2021-11-14 11:39:12', '2021-11-14 11:39:12'),
(589, 'rabusta@labedroom.com', '77.245.215.131', 1, '2021-11-14 14:01:41', '2021-11-14 14:01:41'),
(590, 'j.a.ck.li.stf.ox.n.eed.l.i.fe.s3.8.2.5.2.1.2@gmail.com', '46.148.234.229', 1, '2021-11-15 00:30:13', '2021-11-15 00:30:13'),
(591, 'naomisholtz7@gmail.com', '46.116.170.191', 2, '2021-11-15 04:33:56', '2021-11-16 09:10:23'),
(592, 'beaubreas85@yandex.ru', '194.113.106.178', 2, '2021-11-15 23:22:39', '2021-11-16 04:43:26'),
(593, 'eleshka681@gmail.com', '46.242.122.62', 1, '2021-11-16 18:14:39', '2021-11-16 18:14:39'),
(594, 'trichrel85@yandex.ru', '194.113.106.178', 1, '2021-11-16 19:54:23', '2021-11-16 19:54:23'),
(595, 'glukhina.1998@mail.ru', '95.152.58.40', 1, '2021-11-17 00:27:42', '2021-11-17 00:27:42'),
(596, 'leva6778@gmail.com', '84.51.112.15', 1, '2021-11-17 03:42:47', '2021-11-17 03:42:47'),
(597, 'tquqqouvw@totzilla.ru', '163.172.31.249', 1, '2021-11-17 06:06:14', '2021-11-17 06:06:14'),
(598, 'alperen_2001fb@hotmail.com\r\n', '178.176.214.144', 1, '2021-11-18 02:38:51', '2021-11-18 02:38:51'),
(599, 'j.a.c.klis.tf.oxnee.dl.i.f.es3.825.212.@gmail.com', '46.148.234.229', 1, '2021-11-19 00:06:12', '2021-11-19 00:06:12'),
(600, 'pedroxuanes561334@gmail.com', '103.209.65.12', 1, '2021-11-20 08:51:35', '2021-11-20 08:51:35'),
(601, 'gal.vadisha@yandex.ru', '194.195.91.23', 1, '2021-11-20 13:17:23', '2021-11-20 13:17:23'),
(602, 'colinbell60@yandex.com', '23.94.16.233', 1, '2021-11-20 13:19:56', '2021-11-20 13:19:56'),
(603, 'vortheu80@yandex.ru', '194.113.106.178', 2, '2021-11-20 19:37:04', '2021-11-23 17:08:01'),
(604, 'vdelighteu7ary5v0q43u@outlook.com', '128.75.140.206', 1, '2021-11-22 11:49:00', '2021-11-22 11:49:00'),
(605, 'glukhina.1998@mail.ru', '94.181.165.3', 4, '2021-11-22 21:29:05', '2021-11-24 03:52:29'),
(606, 'premecnusupawnwb@mail.com', '54.39.29.64', 1, '2021-11-23 09:00:06', '2021-11-23 09:00:06'),
(607, 'pedroxuanes561334@gmail.com', '211.136.100.154', 1, '2021-11-23 18:39:16', '2021-11-23 18:39:16'),
(608, 'moongpoun81@yandex.com', '185.255.96.99', 1, '2021-11-24 01:04:30', '2021-11-24 01:04:30'),
(609, 'smhvavkdsa@rambler.ru', '188.170.192.124', 1, '2021-11-24 04:55:13', '2021-11-24 04:55:13'),
(610, 'herbeds88@yandex.ru', '194.113.106.178', 2, '2021-11-25 07:14:29', '2021-11-25 11:04:34'),
(611, 'harmoksan@yandex.ru', '46.3.197.53', 1, '2021-11-25 20:56:35', '2021-11-25 20:56:35'),
(612, 'mymail@mailforme.club', '31.40.129.203', 3, '2021-11-25 21:16:57', '2021-12-04 01:37:05'),
(613, 'vroglina@mail.ru', '94.181.165.3', 2, '2021-11-26 13:03:18', '2021-11-27 10:49:18'),
(614, 'j.a.ck.l.i.s.t.f.o.x.ne.e.dl.i.f.es38.2.52.1.2.@gmail.com', '46.148.234.229', 1, '2021-11-26 15:21:05', '2021-11-26 15:21:05'),
(615, 'clarsukigedramzh@mail.com', '54.39.29.64', 1, '2021-11-27 16:29:10', '2021-11-27 16:29:10'),
(616, '%spinfile-names.dat%%spinfile-lnames.dat%%random-1-100%@base.mixwi.com', '115.133.55.56', 1, '2021-11-27 23:59:43', '2021-11-27 23:59:43'),
(617, 'dima.wood78@yandex.ru', '91.199.149.239', 4, '2021-11-29 11:04:23', '2021-12-01 05:12:33'),
(618, 'lawaxit873@jasmne.com', '195.246.120.158', 1, '2021-11-30 01:58:11', '2021-11-30 01:58:11'),
(619, 'gaubagszokuspeechxl@mail.com', '54.39.29.64', 1, '2021-12-01 15:56:57', '2021-12-01 15:56:57'),
(620, 'cripto@melssa.com', '45.137.43.0', 1, '2021-12-02 11:15:46', '2021-12-02 11:15:46'),
(621, 'maksimmironov731@gmail.com', '194.226.5.58', 1, '2021-12-02 14:23:00', '2021-12-02 14:23:00'),
(622, 'ninzah5@bambo-mebel.top', '46.39.84.39', 1, '2021-12-02 18:40:18', '2021-12-02 18:40:18'),
(623, 'alexpopov716253@gmail.com', '46.243.220.91', 1, '2021-12-03 10:06:25', '2021-12-03 10:06:25'),
(624, 'vroglina@mail.ru', '37.113.62.111', 2, '2021-12-03 23:02:56', '2021-12-06 22:49:20'),
(625, 'vmuajeuyv@totzilla.ru', '163.172.31.249', 1, '2021-12-04 03:36:50', '2021-12-04 03:36:50'),
(626, 'j.ack.li.st.f.o.x.ne.ed.li.fes3.825.21.2.@gmail.com', '46.148.234.229', 1, '2021-12-04 08:27:53', '2021-12-04 08:27:53'),
(627, 'torlov.361@gmail.com', '94.25.229.58', 1, '2021-12-05 07:04:02', '2021-12-05 07:04:02'),
(628, 'vitaliy.ermak753@gmail.com', '185.235.132.240', 1, '2021-12-08 05:39:38', '2021-12-08 05:39:38'),
(629, 'em7evg@gmail.com', '188.163.46.154', 5, '2021-12-08 10:41:51', '2022-02-16 18:56:07'),
(630, 'j.a.c.k.l.i.stfox.ne.edlif.es3825.21.2.@gmail.com', '46.148.234.229', 1, '2021-12-11 19:02:23', '2021-12-11 19:02:23'),
(631, 'ninzah5@bambo-mebel.top', '87.244.171.205', 1, '2021-12-11 22:12:39', '2021-12-11 22:12:39'),
(632, 'el.d.a.vign.a.ce.o.s.i.n.s.k.@gmail.com', '185.5.248.169', 1, '2021-12-12 01:07:51', '2021-12-12 01:07:51'),
(633, 'kersriltu85@yandex.ru', '194.113.106.178', 2, '2021-12-14 11:37:45', '2022-01-01 11:25:30'),
(634, 'miascanrukodavo@mail.com', '54.39.29.64', 1, '2021-12-14 21:51:01', '2021-12-14 21:51:01'),
(635, 'interes@shelby-shop.com', '191.101.31.20', 2, '2021-12-17 01:50:20', '2022-01-02 17:46:43'),
(636, 'naomisholtz7@gmail.com', '46.116.186.50', 2, '2021-12-17 23:22:46', '2021-12-19 07:58:10'),
(637, 'putinvpidor@yandex.ru', '170.155.100.128', 1, '2021-12-18 02:52:08', '2021-12-18 02:52:08'),
(638, 'seo@intervision.ua', '91.227.182.217', 1, '2021-12-18 10:40:11', '2021-12-18 10:40:11'),
(639, 'aleksandr4w0bo@mail.ru', '91.78.115.117', 1, '2021-12-18 13:50:46', '2021-12-18 13:50:46'),
(640, 'j.a.c.k.li.stf.oxn.e.ed.li.f.es38.252.1.2@gmail.com', '46.148.234.229', 1, '2021-12-18 15:31:27', '2021-12-18 15:31:27'),
(641, 'brigitte@xmail.topxxx69.com', '109.70.100.24', 1, '2021-12-18 17:47:28', '2021-12-18 17:47:28'),
(642, 'glukhina.1998@mail.ru', '94.181.167.55', 17, '2021-12-19 05:26:11', '2021-12-31 21:53:47'),
(643, 'keith@omail.a4ktube.com', '212.193.30.143', 1, '2021-12-19 18:29:22', '2021-12-19 18:29:22'),
(644, 'japlannyjanny@gmail.com', '192.169.139.161', 1, '2021-12-19 21:59:04', '2021-12-19 21:59:04'),
(645, 'alexpopov716253@gmail.com', '172.94.122.132', 3, '2021-12-20 21:04:15', '2022-02-01 03:30:07'),
(646, 'brokerac1921@mailis.xyz\r\n', '51.159.23.22', 1, '2021-12-21 15:04:30', '2021-12-21 15:04:30'),
(647, 'varinnikolaj24@gmail.com', '185.51.247.130', 2, '2021-12-22 02:12:30', '2021-12-28 07:27:04'),
(648, '%spinfile-names.dat%%spinfile-lnames.dat%%random-1-100%@base.mixwi.com', '115.133.200.108', 1, '2021-12-22 05:57:23', '2021-12-22 05:57:23'),
(649, 'glukhina.1998@mail.ru', '93.124.34.201', 2, '2021-12-23 23:07:50', '2021-12-26 05:45:32'),
(650, 'jac.k.l.is.tfo.xneed.li.f.es.38.2.5.2.12.@gmail.com', '46.148.234.229', 1, '2021-12-26 00:25:25', '2021-12-26 00:25:25'),
(651, 'cynthia@wm1.sexyico.com', '89.163.154.91', 1, '2021-12-26 06:28:48', '2021-12-26 06:28:48'),
(652, 'alexpopov716253@gmail.com', '172.94.122.2', 4, '2021-12-26 08:50:02', '2022-01-23 02:21:23'),
(653, 'john.sach02@gmail.com', '37.19.223.225', 1, '2021-12-27 14:09:00', '2021-12-27 14:09:00'),
(654, 'vroglina@mail.ru', '94.181.167.55', 4, '2021-12-28 09:05:14', '2022-01-01 11:40:04'),
(655, 'rinatabogdan@internet.ru', '91.134.13.237', 1, '2021-12-28 18:24:08', '2021-12-28 18:24:08'),
(656, 'osipanton8@gmail.com', '178.20.47.113', 3, '2021-12-29 22:01:21', '2022-01-22 12:57:09'),
(657, 'jaaucf@rassx.xyz', '178.159.37.7', 1, '2021-12-29 23:17:22', '2021-12-29 23:17:22'),
(658, 'filarmothomas@yandex.com', '194.156.95.227', 1, '2021-12-30 10:49:26', '2021-12-30 10:49:26'),
(659, 'info@coomeetchat.ru', '5.165.129.139', 1, '2022-01-01 02:06:52', '2022-01-01 02:06:52'),
(660, 'zarevos@yandex.com', '185.209.31.169', 3, '2022-01-01 04:09:23', '2022-01-08 15:51:20'),
(661, 'l.o.p.uho.r.viva.n.@gmail.com', '91.199.149.239', 1, '2022-01-01 05:17:36', '2022-01-01 05:17:36'),
(662, 'jack.l.i.st.f.o.x.n.eed.l.i.f.e.s382.52.12.@gmail.com', '46.148.234.229', 1, '2022-01-01 08:18:44', '2022-01-01 08:18:44'),
(663, 'glukhina.1998@mail.ru', '95.152.50.222', 10, '2022-01-01 10:18:09', '2022-01-13 20:04:12'),
(664, 'ebony.davis.2021@inbox.ru', '206.253.164.146', 1, '2022-01-02 13:10:09', '2022-01-02 13:10:09'),
(665, 'lo.p.u.h.or.v.i.v.a.n@gmail.com', '91.199.149.239', 1, '2022-01-04 03:21:48', '2022-01-04 03:21:48'),
(666, 'dreve5@yandex.com', '45.133.245.201', 2, '2022-01-04 07:52:24', '2022-01-10 12:19:13'),
(667, 'ppiekuale@gmail.com', '192.169.139.161', 1, '2022-01-04 18:48:33', '2022-01-04 18:48:33'),
(668, 'olukoeeo@gmail.com', '192.169.139.161', 1, '2022-01-05 03:27:33', '2022-01-05 03:27:33'),
(669, 'o-tendencii@yandex.ru', '217.114.148.111', 2, '2022-01-05 06:52:14', '2022-02-26 16:05:23'),
(670, 'vallivaleria44@gmail.com', '103.21.163.81', 1, '2022-01-05 12:15:25', '2022-01-05 12:15:25'),
(671, 'billy@abby.a4ktube.com', '45.153.160.139', 1, '2022-01-05 17:25:10', '2022-01-05 17:25:10'),
(672, 'leva6778@gmail.com', '213.193.31.159', 1, '2022-01-06 10:47:50', '2022-01-06 10:47:50'),
(673, 'l.op.u.ho.rv.iv.a.n.@gmail.com', '91.199.149.239', 1, '2022-01-06 12:59:37', '2022-01-06 12:59:37'),
(674, 'ramon@omail.a4ktube.com', '185.220.100.247', 1, '2022-01-06 19:11:25', '2022-01-06 19:11:25'),
(675, 'vroglina@mail.ru', '109.194.243.36', 1, '2022-01-08 07:27:40', '2022-01-08 07:27:40'),
(676, 'j.a.ck.li.st.fo.x.ne.e.dl.ifes3.8.2.52.1.2@gmail.com', '46.148.234.229', 1, '2022-01-08 15:20:12', '2022-01-08 15:20:12'),
(677, 'kvartira38.com@gmail.com', '37.20.143.231', 1, '2022-01-08 20:24:52', '2022-01-08 20:24:52'),
(678, 'zmei4665@gmail.com', '120.36.227.210', 1, '2022-01-08 23:38:18', '2022-01-08 23:38:18'),
(679, 'cillilocec@gmail.com', '119.62.142.32', 1, '2022-01-09 04:15:29', '2022-01-09 04:15:29'),
(680, 'hunnuhalllioau@gmail.com', '117.30.72.57', 1, '2022-01-09 21:29:28', '2022-01-09 21:29:28'),
(681, 'vedline125vl@gmail.com', '77.34.125.194', 1, '2022-01-09 21:59:52', '2022-01-09 21:59:52'),
(682, 'epappauye@gmail.com', '211.136.100.154', 1, '2022-01-10 06:03:03', '2022-01-10 06:03:03'),
(683, 'glukhina.1998@mail.ru', '109.194.243.36', 4, '2022-01-10 15:34:05', '2022-01-12 10:44:02'),
(684, 'glukhina.1998@mail.ru', '109.194.255.225', 6, '2022-01-14 08:53:56', '2022-01-22 06:17:15'),
(685, 'veronikapikos@yandex.ru', '178.17.183.36', 1, '2022-01-15 02:20:26', '2022-01-15 02:20:26'),
(686, 'j.a.ckl.is.tf.ox.n.eedl.i.f.es3.8.2.5.212.@gmail.com', '46.148.234.229', 1, '2022-01-15 22:40:47', '2022-01-15 22:40:47'),
(687, 'andrekutikov@gmail.com', '188.163.73.203', 2, '2022-01-16 01:21:35', '2022-01-21 19:02:39'),
(688, 'grushina_2023@mail.ru', '95.152.50.222', 2, '2022-01-16 15:44:54', '2022-01-16 16:40:45'),
(689, 'lo.pu.h.orvivan.@gmail.com', '91.199.149.239', 1, '2022-01-16 15:50:05', '2022-01-16 15:50:05'),
(690, 'jannie@omail.a4ktube.com', '5.2.76.221', 1, '2022-01-17 12:13:37', '2022-01-17 12:13:37'),
(691, 'temptest620275392@gmail.com', '211.136.100.154', 1, '2022-01-18 23:15:22', '2022-01-18 23:15:22'),
(692, 'gfgfg4gf@bambo-mebel.top', '87.244.137.169', 1, '2022-01-19 03:22:27', '2022-01-19 03:22:27'),
(693, 'wlodek.turkawski@tlen.pl', '193.169.254.146', 1, '2022-01-19 11:17:43', '2022-01-19 11:17:43'),
(694, 'glukhina.1998@mail.ru', '95.152.34.219', 2, '2022-01-20 20:32:08', '2022-01-24 15:50:32'),
(695, 'solodovav637@gmail.com', '188.163.97.42', 1, '2022-01-21 20:11:30', '2022-01-21 20:11:30'),
(696, 'ja.cklis.tf.o.x.ne.edl.i.f.es.382.5.21.2.@gmail.com', '46.148.234.229', 1, '2022-01-22 04:41:52', '2022-01-22 04:41:52'),
(697, 'everett@wmail.sexyico.com', '185.220.100.255', 1, '2022-01-22 07:33:25', '2022-01-22 07:33:25'),
(698, 'mailbox@flipping-housess.com', '195.46.190.111', 1, '2022-01-22 14:47:29', '2022-01-22 14:47:29'),
(699, 'vedline125vl@gmail.com', '77.35.205.116', 1, '2022-01-23 03:06:25', '2022-01-23 03:06:25'),
(700, 'evffon12@gmail.com', '89.38.97.116', 1, '2022-01-23 12:20:23', '2022-01-23 12:20:23'),
(701, 'evffon12@gmail.com', '185.107.57.84', 1, '2022-01-24 14:46:22', '2022-01-24 14:46:22'),
(702, 'grushina_2023@mail.ru', '95.152.34.219', 2, '2022-01-24 16:59:59', '2022-01-25 15:59:51'),
(703, 'veronikapikos@yandex.ru', '178.17.182.20', 1, '2022-01-25 11:40:50', '2022-01-25 11:40:50'),
(704, 'ivanzakirov1@hotmail.com', '177.200.64.107', 1, '2022-01-26 07:37:21', '2022-01-26 07:37:21'),
(705, 'peter@access.topxxx69.com', '185.220.101.13', 1, '2022-01-27 19:57:53', '2022-01-27 19:57:53'),
(706, 'aaronpeelo@sfxmailbox.com', '194.233.69.38', 1, '2022-01-28 03:27:16', '2022-01-28 03:27:16'),
(707, 'glukhina.1998@mail.ru', '109.194.250.210', 1, '2022-01-28 13:40:00', '2022-01-28 13:40:00'),
(708, 'ja.ck.lis.tfo.xn.eedl.if.es.3.8.2.52.1.2.@gmail.com', '46.148.234.229', 1, '2022-01-29 05:31:42', '2022-01-29 05:31:42'),
(709, 'hobby@shelby-shop.com', '191.101.31.46', 2, '2022-01-30 05:27:04', '2022-02-15 10:16:27'),
(710, 'vlad11@bambo-mebel.top', '188.239.85.106', 1, '2022-02-01 15:56:17', '2022-02-01 15:56:17'),
(711, 'pedroxuanes561334@gmail.com', '104.131.65.115', 1, '2022-02-02 12:36:00', '2022-02-02 12:36:00'),
(712, 'info@kvartirnyi-pereezd.ru', '85.209.88.126', 3, '2022-02-03 22:16:19', '2022-02-14 13:15:25'),
(713, '%spinfile-names.dat%%spinfile-lnames.dat%%random-1-100%@base.mixwi.com', '115.133.80.138', 1, '2022-02-05 06:56:17', '2022-02-05 06:56:17'),
(714, 'ja.cklist.fox.nee.dlif.e.s.3.8.2.52.12.@gmail.com', '46.148.234.229', 1, '2022-02-05 08:38:50', '2022-02-05 08:38:50'),
(715, 'kvartira38.com@gmail.com', '37.20.204.16', 1, '2022-02-06 04:12:15', '2022-02-06 04:12:15'),
(716, 'appliance.serv24@gmail.com', '185.171.126.244', 1, '2022-02-07 01:01:36', '2022-02-07 01:01:36'),
(717, 'veronikapikos@yandex.ru', '178.17.182.190', 1, '2022-02-07 09:07:49', '2022-02-07 09:07:49'),
(718, 'audrey@masaaki4310.takayuki94.officemail.in.net', '107.189.11.207', 1, '2022-02-07 14:46:27', '2022-02-07 14:46:27'),
(719, 'augusta@satoshi1510.masaaki65.officemail.fun', '45.61.188.142', 1, '2022-02-08 18:47:10', '2022-02-08 18:47:10'),
(720, 'nataliia.smirnova19863@mail.ru', '213.21.201.6', 1, '2022-02-09 09:38:18', '2022-02-09 09:38:18'),
(721, 'glukhina.1998@mail.ru', '176.212.135.223', 3, '2022-02-09 16:55:36', '2022-02-16 13:19:58'),
(722, 'dima-galkin1992164@mail.ru', '213.21.201.6', 1, '2022-02-10 11:01:16', '2022-02-10 11:01:16'),
(723, 'nikolinagenovskaya@yandex.ru', '178.17.183.160', 1, '2022-02-11 19:01:18', '2022-02-11 19:01:18'),
(724, 'jack.l.is.t.f.oxneed.l.i.f.es.3825212.@gmail.com', '46.148.234.229', 1, '2022-02-14 04:15:54', '2022-02-14 04:15:54'),
(725, 'gfgfg4gf@bambo-mebel.top', '87.244.146.252', 1, '2022-02-15 05:15:05', '2022-02-15 05:15:05'),
(726, 'cappydally9@gmail.com', '129.146.18.152', 1, '2022-02-16 07:59:39', '2022-02-16 07:59:39'),
(727, 'aaaresku@gmail.com', '129.146.18.152', 1, '2022-02-16 15:18:04', '2022-02-16 15:18:04'),
(728, 'lada.tayupova@mail.ru', '185.255.96.99', 5, '2022-02-17 01:17:58', '2022-03-29 07:12:33'),
(729, 'nikolinagenovskaya@yandex.ru', '178.17.182.108', 1, '2022-02-17 19:35:57', '2022-02-17 19:35:57'),
(730, 'vlad11@bambo-mebel.top', '188.239.79.42', 1, '2022-02-18 10:53:16', '2022-02-18 10:53:16'),
(731, 'fernando@kaede72.officemail.fun', '185.220.102.241', 1, '2022-02-18 13:32:23', '2022-02-18 13:32:23'),
(732, 'eephinopa@gmail.com', '192.169.139.161', 1, '2022-02-18 16:32:37', '2022-02-18 16:32:37'),
(733, 'buritos88777@gmail.com', '95.158.53.199', 1, '2022-02-20 03:23:06', '2022-02-20 03:23:06'),
(734, 'nikolinagenovskaya@yandex.ru', '178.17.183.192', 1, '2022-02-20 06:25:19', '2022-02-20 06:25:19'),
(735, 'xmc@xmc.pl', '93.89.199.150', 1, '2022-02-20 11:15:17', '2022-02-20 11:15:17'),
(736, 'genline.ua@gmail.com', '194.1.193.66', 1, '2022-02-20 17:40:29', '2022-02-20 17:40:29'),
(737, 'glukhina.1998@mail.ru', '37.113.12.24', 4, '2022-02-21 13:22:58', '2022-02-27 11:45:41'),
(738, 'nikolinagenovskaya@yandex.ru', '178.17.183.150', 1, '2022-02-21 17:41:31', '2022-02-21 17:41:31'),
(739, 'olukoeeo@gmail.com', '211.136.100.154', 1, '2022-02-22 00:29:27', '2022-02-22 00:29:27'),
(740, 'seo1@intervision.ua', '91.227.182.217', 1, '2022-02-23 23:11:48', '2022-02-23 23:11:48'),
(741, '%spinfile-names.dat%%spinfile-lnames.dat%%random-1-100%@base.mixwi.com', '115.133.200.182', 1, '2022-02-24 02:51:33', '2022-02-24 02:51:33'),
(742, 'veraalesina74@dnspublick.com', '45.74.46.37', 1, '2022-02-24 09:05:42', '2022-02-24 09:05:42'),
(743, 'debilldebilloyw@gmail.com', '192.163.252.85', 1, '2022-02-24 10:15:23', '2022-02-24 10:15:23'),
(744, 'and.y.wo.rl.land.er.s.eew.eeks.5.7.9322@gmail.com', '46.148.234.229', 1, '2022-02-25 06:18:25', '2022-02-25 06:18:25'),
(745, 'ppiekuale@gmail.com', '211.136.100.154', 1, '2022-02-25 20:39:18', '2022-02-25 20:39:18'),
(746, 'estella@akira27.officemail.fun', '185.56.80.65', 1, '2022-02-26 08:19:47', '2022-02-26 08:19:47'),
(747, 'ivamovaianna@gmail.com', '129.146.18.152', 1, '2022-02-28 06:49:26', '2022-02-28 06:49:26'),
(748, 'nikolinagenovskaya@yandex.ru', '178.17.182.136', 1, '2022-02-28 18:58:28', '2022-02-28 18:58:28'),
(749, 'ewdokiyabychkova@dnspublick.com', '79.142.77.43', 1, '2022-02-28 19:12:52', '2022-02-28 19:12:52'),
(750, 'robin@kaede72.officemail.fun', '89.234.157.254', 1, '2022-03-01 07:44:38', '2022-03-01 07:44:38'),
(751, 'exinbe@email.cz', '109.71.205.23', 1, '2022-03-01 14:30:45', '2022-03-01 14:30:45'),
(752, 'xr@it-cooler.com', '91.205.168.161', 2, '2022-03-04 01:12:47', '2022-03-05 02:04:06'),
(753, 'exinbe@email.cz', '92.242.82.11', 1, '2022-03-05 11:58:08', '2022-03-05 11:58:08'),
(754, 'uerazulmahbuffyst@gmail.com', '185.231.71.151', 1, '2022-03-05 20:22:09', '2022-03-05 20:22:09'),
(755, 'eorjgoeirjfji@yandex.com', '81.4.200.139', 1, '2022-03-06 06:22:10', '2022-03-06 06:22:10'),
(756, 'a.n.dy.w.or.l.la.n.d.ers.e.e.w.ee.ks.5.7.9.322@gmail.com', '46.148.234.229', 1, '2022-03-07 10:52:14', '2022-03-07 10:52:14'),
(757, 'wallywhitew@gmail.com', '150.129.151.42', 1, '2022-03-07 15:10:32', '2022-03-07 15:10:32'),
(758, 'allikolalaalbany@gmail.com', '129.146.18.152', 1, '2022-03-08 03:38:42', '2022-03-08 03:38:42'),
(759, 'naomisholtz7@gmail.com', '83.130.60.228', 2, '2022-03-11 12:39:07', '2022-03-21 12:24:08'),
(760, 'peter@fumio14.inwebmail.fun', '185.220.100.254', 1, '2022-03-11 22:31:06', '2022-03-11 22:31:06'),
(761, 'teevol@xrust.club', '188.65.244.70', 1, '2022-03-13 17:09:41', '2022-03-13 17:09:41'),
(762, 'gene@satoshi1510.masaaki65.officemail.fun', '172.107.241.110', 1, '2022-03-14 12:39:31', '2022-03-14 12:39:31'),
(763, 'rt23dfvvv3@mega-22-confa.fun', '194.44.133.167', 1, '2022-03-15 02:59:29', '2022-03-15 02:59:29'),
(764, 'marta@masaaki4310.takayuki94.officemail.in.net', '107.189.29.207', 1, '2022-03-16 06:57:27', '2022-03-16 06:57:27'),
(765, 'a.ndy.w.o.rl.l.an.d.er.s.eew.e.ek.s.5.79.322@gmail.com', '46.148.234.229', 1, '2022-03-16 13:42:30', '2022-03-16 13:42:30'),
(766, 'rostislavsobolevsobolev@yandex.com', '5.140.233.250', 1, '2022-03-17 17:53:59', '2022-03-17 17:53:59'),
(767, 'zubareva2021-05@mail.ru', '72.49.49.11', 1, '2022-03-20 07:33:36', '2022-03-20 07:33:36'),
(768, 'daniel@eiji65.officemail.fun', '193.189.100.196', 1, '2022-03-21 08:46:06', '2022-03-21 08:46:06'),
(769, 'em7evg@gmail.com', '91.224.178.228', 1, '2022-03-23 10:44:17', '2022-03-23 10:44:17'),
(770, 'naomisholtz7@gmail.com\nsd!9i', '83.130.136.60', 1, '2022-03-24 20:37:45', '2022-03-24 20:37:45'),
(771, 'ilonakamshilowa84@yangoogl.cc', '5.188.170.230', 1, '2022-03-25 19:29:56', '2022-03-25 19:29:56'),
(772, 'and.ywo.r.l.lande.rse.eweek.s.5.7.93.22@gmail.com', '46.148.234.229', 1, '2022-03-25 21:33:35', '2022-03-25 21:33:35'),
(773, 'rikonitogoso@mailis.xyz\r\n', '46.8.10.206', 1, '2022-03-31 02:39:17', '2022-03-31 02:39:17'),
(774, 'kent@hideo1710.haru27.meta1.in.net', '199.249.230.184', 1, '2022-03-31 06:25:06', '2022-03-31 06:25:06'),
(775, 'fevgen708@gmail.com', '91.224.178.228', 27, '2022-03-31 09:10:25', '2022-05-25 11:34:51'),
(776, 'hannahuanna68@gmail.com', '60.191.94.170', 1, '2022-03-31 16:59:34', '2022-03-31 16:59:34'),
(777, 'an.dy.wo.rl.lan.der.s.e.ew.e.eks.57.93.2.2.@gmail.com', '46.148.234.229', 1, '2022-04-01 11:43:27', '2022-04-01 11:43:27'),
(778, 'tanisha@ryoichi40.officemail.in.net', '109.70.100.86', 1, '2022-04-02 15:15:14', '2022-04-02 15:15:14'),
(779, 'istonlavernascha@gmail.com', '104.200.151.84', 1, '2022-04-02 23:46:32', '2022-04-02 23:46:32'),
(780, 'nikolinagenovskaya@yandex.ru', '178.17.183.116', 1, '2022-04-05 11:31:02', '2022-04-05 11:31:02'),
(781, 'evelina.gridasova@yangoogl.cc', '92.38.136.69', 1, '2022-04-06 05:52:15', '2022-04-06 05:52:15'),
(782, 'wera.cyzyrova@yangoogl.cc', '92.38.136.69', 1, '2022-04-06 05:52:15', '2022-04-06 05:52:15'),
(783, 'ingrid@takumi6010.takayuki15.inwebmail.fun', '185.243.218.46', 1, '2022-04-07 02:27:12', '2022-04-07 02:27:12'),
(784, 'nikolinagenovskaya@yandex.ru', '178.17.182.254', 2, '2022-04-07 05:01:54', '2022-04-07 10:11:37'),
(785, 'naomisholtz7@gmail.com', '176.231.13.159', 1, '2022-04-07 14:44:32', '2022-04-07 14:44:32'),
(786, 'sdac.service24@gmail.com', '199.188.237.43', 1, '2022-04-08 01:56:08', '2022-04-08 01:56:08'),
(787, 'lucy@yuji64.meta1.in.net', '109.70.100.19', 1, '2022-04-09 17:10:04', '2022-04-09 17:10:04'),
(788, 'a.n.d.yw.o.rll.and.er.s.e.e.wee.k.s5.79.3.22@gmail.com', '46.148.234.229', 1, '2022-04-10 03:24:59', '2022-04-10 03:24:59'),
(789, 'fah.igor@yandex.ru', '178.214.245.217', 2, '2022-04-10 19:30:02', '2022-04-19 04:04:08'),
(790, 'alexpopov716253@gmail.com', '94.140.134.34', 8, '2022-04-11 11:41:39', '2022-06-09 08:15:44'),
(791, 'pedroxuanes561334@gmail.com', '192.169.139.161', 1, '2022-04-12 03:52:57', '2022-04-12 03:52:57'),
(792, 'naomisholtz7@gmail.com', '83.130.60.52', 1, '2022-04-12 19:02:34', '2022-04-12 19:02:34'),
(793, 'wera.cyzyrova@yangoogl.cc', '185.174.159.43', 1, '2022-04-12 19:41:07', '2022-04-12 19:41:07'),
(794, 'evelina.gridasova@yangoogl.cc', '185.174.159.43', 1, '2022-04-12 19:41:07', '2022-04-12 19:41:07'),
(795, 'an.dyw.orl.l.a.n.de.r.s.eewe.ek.s5.7.9322.@gmail.com', '46.148.234.229', 1, '2022-04-13 08:02:04', '2022-04-13 08:02:04'),
(796, 'japlannyjanny@gmail.com', '60.191.94.170', 1, '2022-04-13 11:36:40', '2022-04-13 11:36:40'),
(797, 'appliance.service@hotmail.com', '196.53.110.76', 1, '2022-04-14 08:27:17', '2022-04-14 08:27:17'),
(798, 'wolter.cohron_634@email.com', '54.39.29.64', 1, '2022-04-14 20:22:44', '2022-04-14 20:22:44'),
(799, 'appleyard_cavalieri@email.com', '54.39.29.64', 1, '2022-04-14 20:22:44', '2022-04-14 20:22:44'),
(800, 'gunnellk@email.com', '54.39.29.64', 1, '2022-04-14 20:23:12', '2022-04-14 20:23:12'),
(801, 'temptest758472283@gmail.com', '62.210.111.16', 2, '2022-04-15 16:52:24', '2022-05-02 16:45:39'),
(802, 'info@full-size.ru', '84.17.46.179', 1, '2022-04-15 17:06:38', '2022-04-15 17:06:38'),
(803, 'naomisholtz7@gmail.com\nsd!9i', '83.130.60.52', 1, '2022-04-16 01:04:40', '2022-04-16 01:04:40'),
(804, 'altovaorr-l-l@mail.ru', '46.159.64.67', 1, '2022-04-18 11:02:08', '2022-04-18 11:02:08'),
(805, 'nikolinagenovskaya@yandex.ru', '178.17.183.14', 1, '2022-04-18 14:41:27', '2022-04-18 14:41:27'),
(806, 'ficonny2021@gmail.com', '78.107.206.115', 1, '2022-04-18 22:21:18', '2022-04-18 22:21:18'),
(807, 'akulina@massagelosaltos.cyou', '213.139.193.126', 1, '2022-04-19 04:12:00', '2022-04-19 04:12:00'),
(808, 'info@full-size.ru', '84.17.46.173', 1, '2022-04-19 12:21:07', '2022-04-19 12:21:07'),
(809, 'temptest832121011@gmail.com', '62.210.111.16', 8, '2022-04-20 13:24:38', '2022-06-18 02:33:41'),
(810, 'jannie@yuji64.meta1.in.net', '23.154.177.2', 1, '2022-04-20 13:45:20', '2022-04-20 13:45:20'),
(811, 'alejandro@massagemountainview.cyou', '194.33.9.62', 1, '2022-04-20 18:13:30', '2022-04-20 18:13:30'),
(812, 'milagrosproctor31657@gmail.com', '37.115.211.95', 1, '2022-04-21 08:56:33', '2022-04-21 08:56:33'),
(813, 'm.e.ntenti.onu.b@gmail.com', '109.107.186.235', 1, '2022-04-21 23:19:55', '2022-04-21 23:19:55'),
(814, 'fannyfierry@gmail.com', '92.207.253.226', 1, '2022-04-22 10:46:02', '2022-04-22 10:46:02'),
(815, 'alexsach91@gmail.com', '188.241.177.153', 1, '2022-04-22 21:21:16', '2022-04-22 21:21:16'),
(816, 'an.d.y.wor.l.la.n.d.e.r.s.ee.wee.ks579.3.22@gmail.com', '46.148.234.229', 1, '2022-04-23 08:40:45', '2022-04-23 08:40:45'),
(817, 'bridgett@akira27.officemail.fun', '185.129.63.2', 1, '2022-04-23 21:16:00', '2022-04-23 21:16:00'),
(818, 'virgie@kaede72.officemail.fun', '61.230.170.81', 1, '2022-04-23 21:57:35', '2022-04-23 21:57:35'),
(819, 'greenmarucya@gmail.com', '178.121.153.62', 1, '2022-04-24 00:37:08', '2022-04-24 00:37:08'),
(820, 'blabla@acutonica.com', '45.147.1.59', 1, '2022-04-24 06:57:20', '2022-04-24 06:57:20'),
(821, 'karimovvlad8@inbox.ru', '176.226.132.132', 2, '2022-04-24 08:49:15', '2022-05-05 06:54:16'),
(822, 'sean@massagecupertino.cyou', '62.76.153.83', 1, '2022-04-24 11:49:25', '2022-04-24 11:49:25'),
(823, 'aleksandr-petrov.198242@mail.ru', '185.174.159.43', 1, '2022-04-25 01:56:07', '2022-04-25 01:56:07'),
(824, 'noah@massagemountainview.cyou', '45.147.1.59', 1, '2022-04-25 04:01:43', '2022-04-25 04:01:43'),
(825, 'naomisholtz7@gmail.com', '83.130.202.94', 5, '2022-04-25 19:35:38', '2022-05-11 15:12:30'),
(826, 'buylinks@m106.com', '193.32.191.214', 1, '2022-04-27 21:02:16', '2022-04-27 21:02:16'),
(827, 'topsite-1@yandex.ru', '91.223.28.80', 10, '2022-04-28 05:32:58', '2022-05-23 16:07:06'),
(828, 'alexmixeev323@gmail.com', '77.35.235.202', 1, '2022-04-28 06:21:56', '2022-04-28 06:21:56'),
(829, 'a3@myemailhosting.xyz', '188.65.41.57', 1, '2022-04-28 21:19:05', '2022-04-28 21:19:05'),
(830, 'gregoryrogers759@gmail.com', '72.95.26.103', 1, '2022-04-29 04:46:02', '2022-04-29 04:46:02'),
(831, 'info@full-size.ru', '84.17.46.159', 1, '2022-04-29 08:44:13', '2022-04-29 08:44:13'),
(832, 'simonpegov8888@outlook.com', '194.87.31.2', 3, '2022-04-30 01:11:19', '2022-05-05 12:49:21'),
(833, 'mikrw@yandex.com', '92.38.92.238', 1, '2022-05-01 03:48:16', '2022-05-01 03:48:16'),
(834, 'blanca@naoki2210.riku50.officemail.fun', '107.189.10.150', 1, '2022-05-02 02:32:50', '2022-05-02 02:32:50'),
(835, 'ditaxtax@gmail.com', '5.3.174.255', 2, '2022-05-02 20:19:52', '2022-05-08 19:14:47'),
(836, 'temptest377057729@gmail.com', '62.210.111.16', 1, '2022-05-03 07:54:40', '2022-05-03 07:54:40'),
(837, 'william352@rambler.ru', '178.178.81.75', 1, '2022-05-03 21:01:54', '2022-05-03 21:01:54'),
(838, 'rhinwellrantchar1984@aroundworld24.com', '176.119.141.136', 1, '2022-05-04 18:55:41', '2022-05-04 18:55:41'),
(839, 'a.nd.y.wo.r.l.lan.d.e.r.s.e.ewee.ks5.79.32.2.@gmail.com', '46.148.234.229', 1, '2022-05-05 06:50:32', '2022-05-05 06:50:32'),
(840, 'support@fire-flower.ru', '178.140.184.184', 1, '2022-05-06 01:43:26', '2022-05-06 01:43:26'),
(841, 'franchescabarber@bumss.fun', '80.70.109.226', 1, '2022-05-06 10:16:43', '2022-05-06 10:16:43'),
(842, 'moneybuyerr7@gmail.com', '192.187.120.147', 1, '2022-05-09 11:01:39', '2022-05-09 11:01:39'),
(843, '%spinfile-namesdat%%spinfile-lnamesdat%@desk.totozyn.com', '5.143.237.215', 1, '2022-05-09 17:47:38', '2022-05-09 17:47:38'),
(844, 'alexsach91@gmail.com', '193.9.114.243', 1, '2022-05-10 11:22:50', '2022-05-10 11:22:50'),
(845, 'contabo_mer@outlook.com', '194.87.31.2', 1, '2022-05-11 08:02:07', '2022-05-11 08:02:07'),
(846, 'naomisholtz7@gmail.com\nsd!9i', '83.130.202.94', 1, '2022-05-16 00:15:20', '2022-05-16 00:15:20'),
(847, 'nikolinagenovskaya@yandex.ru', '178.17.182.89', 1, '2022-05-16 12:47:33', '2022-05-16 12:47:33'),
(848, 'naomisholtz7@gmail.com', '83.130.207.197', 3, '2022-05-16 21:38:41', '2022-05-18 23:03:34'),
(849, 'th.ann.e.si.nc.@gmail.com', '109.107.191.155', 1, '2022-05-16 22:23:52', '2022-05-16 22:23:52'),
(850, 'ukraine774677@outlook.com', '194.87.31.2', 6, '2022-05-17 14:16:44', '2022-06-14 01:13:34'),
(851, 'an.dy.w.orl.l.ande.r.s.ee.weeks.5.7.9.3.2.2.@gmail.com', '46.148.234.229', 1, '2022-05-19 08:40:24', '2022-05-19 08:40:24'),
(852, 'defltorch@yandex.com', '178.176.78.110', 1, '2022-05-21 05:45:30', '2022-05-21 05:45:30'),
(853, 'solaanacr@privatezmail.com', '54.39.29.64', 1, '2022-05-21 10:02:44', '2022-05-21 10:02:44'),
(854, 'magicrystalm9@privatezmail.com', '54.39.29.64', 1, '2022-05-21 10:02:47', '2022-05-21 10:02:47'),
(855, 'vodnogib@privatezmail.com', '54.39.29.64', 1, '2022-05-21 10:03:15', '2022-05-21 10:03:15'),
(856, 'mgrey.music@gmail.com', '185.206.215.173', 1, '2022-05-22 02:13:52', '2022-05-22 02:13:52'),
(857, 'rhinwellrantchar1984@aroundworld24.com', '89.191.226.92', 1, '2022-05-22 05:51:52', '2022-05-22 05:51:52'),
(858, 'kostypavlov1975@gmail.com', '84.51.114.249', 1, '2022-05-22 22:14:24', '2022-05-22 22:14:24'),
(859, 'm.ei.eriria@gmail.com', '45.157.213.229', 1, '2022-05-23 08:59:04', '2022-05-23 08:59:04'),
(860, 'perta2kqw@rambler.ru', '8.43.121.81', 1, '2022-05-24 01:57:25', '2022-05-24 01:57:25'),
(861, 'qutftmgxxqwjtzcjvp@nthrw.com', '18.196.136.197', 1, '2022-05-26 02:47:32', '2022-05-26 02:47:32'),
(862, 'meier.i.ri.a.@gmail.com', '45.157.213.229', 1, '2022-05-26 05:19:16', '2022-05-26 05:19:16'),
(863, 'john.sach02@gmail.com', '83.97.23.180', 1, '2022-05-26 14:56:01', '2022-05-26 14:56:01'),
(864, 'beelinedoru@gmail.com', '188.227.14.201', 1, '2022-05-27 12:28:52', '2022-05-27 12:28:52'),
(865, 'olegsokorev@yandex.ru', '195.78.126.71', 1, '2022-05-28 15:43:01', '2022-05-28 15:43:01'),
(866, 'wadehecht@bumss.fun', '37.19.223.165', 1, '2022-05-29 02:53:16', '2022-05-29 02:53:16'),
(867, 'proektnomer01@yandex.ru', '185.16.139.184', 1, '2022-05-30 06:28:21', '2022-05-30 06:28:21'),
(868, 'beelinehomeru@gmail.com', '188.227.14.201', 1, '2022-05-31 22:24:59', '2022-05-31 22:24:59'),
(869, 'perta3kqw@rambler.ru', '8.43.121.180', 1, '2022-06-01 10:46:39', '2022-06-01 10:46:39'),
(870, 'nojfkitzcmwrvabbud@kvhrw.com', '18.196.136.197', 1, '2022-06-01 11:08:53', '2022-06-01 11:08:53'),
(871, 'a.ndywo.rl.land.e.r.see.w.eek.s.57.93.22@gmail.com', '46.148.234.229', 1, '2022-06-01 22:30:07', '2022-06-01 22:30:07'),
(872, 'smirsakla@yandex.com', '94.180.185.192', 1, '2022-06-02 16:35:21', '2022-06-02 16:35:21'),
(873, '%spinfile-names.dat%%spinfile-lnames.dat%%random-1-100%@base.mixwi.com', '115.133.17.214', 1, '2022-06-02 23:22:06', '2022-06-02 23:22:06'),
(874, 'mxlqfzwwn@wowzilla.ru', '178.159.37.8', 1, '2022-06-03 02:43:34', '2022-06-03 02:43:34'),
(875, 'defltorch@yandex.com', '31.173.80.249', 1, '2022-06-05 17:13:55', '2022-06-05 17:13:55'),
(876, 'aslan@my-mail.site', '89.22.233.6', 1, '2022-06-05 18:08:57', '2022-06-05 18:08:57'),
(877, 'ghestaterx@rambler.ru', '85.26.235.46', 1, '2022-06-06 10:22:02', '2022-06-06 10:22:02'),
(878, 'pirogiii321@gmail.com', '79.133.119.133', 1, '2022-06-07 00:35:23', '2022-06-07 00:35:23'),
(879, 'naomisholtz7@gmail.com', '83.130.128.76', 2, '2022-06-08 08:50:36', '2022-06-09 18:07:21'),
(880, 'leo.siunelis@outlook.com', '83.97.23.183', 1, '2022-06-08 15:10:20', '2022-06-08 15:10:20'),
(881, 'idenvar1982@mail.ru', '84.51.108.126', 1, '2022-06-08 16:30:54', '2022-06-08 16:30:54'),
(882, 'dedmyre1981@mail.ru', '109.229.140.30', 1, '2022-06-08 19:42:02', '2022-06-08 19:42:02'),
(883, 'dedgyochlor1991@mail.ru', '84.51.86.154', 1, '2022-06-09 04:53:29', '2022-06-09 04:53:29'),
(884, 'osapig1989@mail.ru', '87.251.84.100', 1, '2022-06-09 12:14:07', '2022-06-09 12:14:07'),
(885, 'perta1kqw@rambler.ru', '8.43.121.180', 1, '2022-06-09 12:15:15', '2022-06-09 12:15:15'),
(886, 'snowdiclist1991@mail.ru', '213.193.2.62', 1, '2022-06-10 03:15:04', '2022-06-10 03:15:04'),
(887, 'vermhypna1987@mail.ru', '87.251.84.100', 1, '2022-06-10 03:49:25', '2022-06-10 03:49:25'),
(888, 'sponylof1984@mail.ru', '62.182.76.87', 1, '2022-06-11 03:24:40', '2022-06-11 03:24:40'),
(889, 'mckinneyrandy52@gmail.com', '81.91.179.177', 1, '2022-06-11 09:38:03', '2022-06-11 09:38:03'),
(890, 'nstepanno.w@gmail.com', '5.16.78.95', 1, '2022-06-11 10:31:22', '2022-06-11 10:31:22'),
(891, 'ohknlmlbf@gordpizza.ru', '185.72.199.98', 1, '2022-06-12 08:54:07', '2022-06-12 08:54:07'),
(892, 'wqmzokdwk@wowzilla.ru', '185.72.199.70', 1, '2022-06-12 16:43:10', '2022-06-12 16:43:10'),
(893, 'andreyvpetrov132435@gmail.com', '94.140.134.34', 1, '2022-06-13 11:19:50', '2022-06-13 11:19:50'),
(894, 'ivanzakirov1@hotmail.com', '91.215.22.37', 1, '2022-06-14 01:08:02', '2022-06-14 01:08:02'),
(895, 'xmcpl@xmc.pl', '46.3.171.62', 1, '2022-06-15 18:28:11', '2022-06-15 18:28:11'),
(896, 'swbrabota1@gmail.com', '91.232.110.70', 1, '2022-06-18 17:25:11', '2022-06-18 17:25:11'),
(897, 'p.u.ti.loi.va.n7.35.67.8.12.3@gmail.com\r\n', '138.199.56.247', 1, '2022-06-20 04:13:08', '2022-06-20 04:13:08');

-- --------------------------------------------------------

--
-- Структура таблицы `oc_customer_online`
--

