CREATE TABLE `proc_quotation_lines` (
  `id` int(11) NOT NULL,
  `quotation_header_id` int(11) DEFAULT NULL,
  `request_for_quotation_line_id` int(11) DEFAULT NULL,
  `clarity_id` int(11) DEFAULT NULL,
  `color_id` int(11) DEFAULT NULL,
  `measurement_id` int(11) DEFAULT NULL,
  `shape_id` int(11) DEFAULT NULL,
  `size_id` int(11) DEFAULT NULL,
  `brand_id` int(11) DEFAULT NULL,
  `is_vendor_product` int(11) DEFAULT NULL,
  `quantity` float DEFAULT NULL,
  `butir` float DEFAULT NULL,
  `negotiate_price` decimal(20,2) DEFAULT NULL,
  `total_price` decimal(20,2) DEFAULT NULL,
  `target_price` decimal(20,2) DEFAULT NULL,
  `vendor_price` decimal(20,2) DEFAULT NULL,
  `tax` bigint(20) DEFAULT NULL,
  `delivery_fee` decimal(20,2) DEFAULT NULL,
  `other_fee` decimal(20,2) DEFAULT NULL,
  `note` varchar(255) DEFAULT NULL,
  `uom` varchar(255) DEFAULT NULL,
  `spec` text DEFAULT NULL,
  `vendor_spec` text DEFAULT NULL,
  `attachment` text DEFAULT NULL,
  `vendor_note` varchar(255) DEFAULT NULL,
  `status` int(11) DEFAULT 0 COMMENT '0.pending 1.acc 2.reject',
  `approval_note` varchar(255) DEFAULT NULL,
  `created_at` timestamp NULL DEFAULT NULL,
  `updated_at` timestamp NULL DEFAULT NULL,
  `deleted_at` timestamp NULL DEFAULT NULL
) ENGINE=InnoDB DEFAULT CHARSET=utf8mb4 COLLATE=utf8mb4_general_ci ROW_FORMAT=DYNAMIC;

--
-- Дамп данных таблицы `proc_quotation_lines`
--

INSERT INTO `proc_quotation_lines` (`id`, `quotation_header_id`, `request_for_quotation_line_id`, `clarity_id`, `color_id`, `measurement_id`, `shape_id`, `size_id`, `brand_id`, `is_vendor_product`, `quantity`, `butir`, `negotiate_price`, `total_price`, `target_price`, `vendor_price`, `tax`, `delivery_fee`, `other_fee`, `note`, `uom`, `spec`, `vendor_spec`, `attachment`, `vendor_note`, `status`, `approval_note`, `created_at`, `updated_at`, `deleted_at`) VALUES
(1, 1, 1, 3, 2, 26, 12, NULL, NULL, 0, 7.74, 172, 375.00, 2902.50, 375.00, 375.00, NULL, NULL, NULL, NULL, NULL, NULL, NULL, NULL, NULL, 1, NULL, '2022-11-10 10:46:55', '2022-11-11 08:16:57', NULL),
(2, 1, 2, 3, 2, 25, 12, NULL, NULL, 0, 16.77, 372, 375.00, 6288.75, 375.00, 375.00, NULL, NULL, NULL, NULL, NULL, NULL, NULL, NULL, NULL, 1, NULL, '2022-11-10 10:46:55', '2022-11-11 08:16:57', NULL),
(3, 2, 3, 5, 3, 59, 12, 0, 13, NULL, 1.19, 1, 18590.00, 22122.10, 18590.00, 18590.00, NULL, NULL, NULL, NULL, NULL, NULL, NULL, NULL, NULL, 1, NULL, '2022-11-16 06:35:11', '2022-11-16 06:35:11', NULL),
(4, 3, 4, 2, 1, 3, 12, 3, NULL, NULL, 18, 0, 655.00, 11790.00, 655.00, 655.00, NULL, NULL, NULL, NULL, NULL, NULL, NULL, NULL, NULL, 1, NULL, '2022-11-17 03:31:44', '2022-11-17 03:31:44', NULL),
(5, 3, 5, 2, 1, 4, 12, 5, NULL, NULL, 16, 0, 655.00, 10480.00, 655.00, 655.00, NULL, NULL, NULL, NULL, NULL, NULL, NULL, NULL, NULL, 1, NULL, '2022-11-17 03:31:44', '2022-11-17 03:31:44', NULL),
(6, 3, 6, 2, 1, 4, 12, 6, NULL, NULL, 15, 0, 655.00, 9825.00, 655.00, 655.00, NULL, NULL, NULL, NULL, NULL, NULL, NULL, NULL, NULL, 1, NULL, '2022-11-17 03:31:44', '2022-11-17 03:31:44', NULL),
(7, 3, 7, 2, 1, 5, 12, 7, NULL, NULL, 15, 0, 655.00, 9825.00, 655.00, 655.00, NULL, NULL, NULL, NULL, NULL, NULL, NULL, NULL, NULL, 1, NULL, '2022-11-17 03:31:44', '2022-11-17 03:31:44', NULL),
(8, 3, 8, 2, 1, 6, 12, 8, NULL, NULL, 20, 0, 655.00, 13100.00, 655.00, 655.00, NULL, NULL, NULL, NULL, NULL, NULL, NULL, NULL, NULL, 1, NULL, '2022-11-17 03:31:44', '2022-11-17 03:31:44', NULL),
(9, 3, 9, 2, 1, 7, 12, 9, NULL, NULL, 19, 0, 655.00, 12445.00, 655.00, 655.00, NULL, NULL, NULL, NULL, NULL, NULL, NULL, NULL, NULL, 1, NULL, '2022-11-17 03:31:44', '2022-11-17 03:31:44', NULL),
(10, 3, 10, 2, 1, 9, 12, 10, NULL, NULL, 3, 0, 655.00, 1965.00, 655.00, 655.00, NULL, NULL, NULL, NULL, NULL, NULL, NULL, NULL, NULL, 1, NULL, '2022-11-17 03:31:44', '2022-11-17 03:31:44', NULL),
(11, 3, 11, 2, 1, 10, 12, 11, NULL, NULL, 9, 0, 620.00, 5580.00, 620.00, 620.00, NULL, NULL, NULL, NULL, NULL, NULL, NULL, NULL, NULL, 1, NULL, '2022-11-17 03:31:44', '2022-11-17 03:31:44', NULL),
(12, 3, 12, 2, 1, 11, 12, 12, NULL, NULL, 12, 0, 620.00, 7440.00, 620.00, 620.00, NULL, NULL, NULL, NULL, NULL, NULL, NULL, NULL, NULL, 1, NULL, '2022-11-17 03:31:44', '2022-11-17 03:31:44', NULL),
(13, 3, 13, 2, 1, 12, 12, 13, NULL, NULL, 12, 0, 620.00, 7440.00, 620.00, 620.00, NULL, NULL, NULL, NULL, NULL, NULL, NULL, NULL, NULL, 1, NULL, '2022-11-17 03:31:44', '2022-11-17 03:31:44', NULL),
(14, 3, 14, 2, 1, 13, 12, 14, NULL, NULL, 4, 0, 620.00, 2480.00, 620.00, 620.00, NULL, NULL, NULL, NULL, NULL, NULL, NULL, NULL, NULL, 1, NULL, '2022-11-17 03:31:44', '2022-11-17 03:31:44', NULL),
(15, 3, 15, 2, 1, 14, 12, 15, NULL, NULL, 4, 0, 620.00, 2480.00, 620.00, 620.00, NULL, NULL, NULL, NULL, NULL, NULL, NULL, NULL, NULL, 1, NULL, '2022-11-17 03:31:44', '2022-11-17 03:31:44', NULL),
(16, 3, 16, 2, 1, 16, 12, 17, NULL, NULL, 1, 0, 585.00, 585.00, 585.00, 585.00, NULL, NULL, NULL, NULL, NULL, NULL, NULL, NULL, NULL, 1, NULL, '2022-11-17 03:31:44', '2022-11-17 03:31:44', NULL),
(17, 3, 17, 2, 1, 16, 12, 18, NULL, NULL, 2, 0, 585.00, 1170.00, 585.00, 585.00, NULL, NULL, NULL, NULL, NULL, NULL, NULL, NULL, NULL, 1, NULL, '2022-11-17 03:31:44', '2022-11-17 03:31:44', NULL),
(18, 3, 18, 2, 1, 17, 12, 19, NULL, NULL, 2, 0, 585.00, 1170.00, 585.00, 585.00, NULL, NULL, NULL, NULL, NULL, NULL, NULL, NULL, NULL, 1, NULL, '2022-11-17 03:31:44', '2022-11-17 03:31:44', NULL),
(19, 3, 19, 1, 1, 20, 12, 21, NULL, NULL, 4, 0, 620.00, 2480.00, 620.00, 620.00, NULL, NULL, NULL, NULL, NULL, NULL, NULL, NULL, NULL, 1, NULL, '2022-11-17 03:31:44', '2022-11-17 03:31:44', NULL),
(20, 3, 20, 1, 1, 20, 12, 22, NULL, NULL, 8, 0, 620.00, 4960.00, 620.00, 620.00, NULL, NULL, NULL, NULL, NULL, NULL, NULL, NULL, NULL, 1, NULL, '2022-11-17 03:31:44', '2022-11-17 03:31:44', NULL),
(21, 3, 21, 1, 1, 21, 12, 23, NULL, NULL, 7, 0, 620.00, 4340.00, 620.00, 620.00, NULL, NULL, NULL, NULL, NULL, NULL, NULL, NULL, NULL, 1, NULL, '2022-11-17 03:31:44', '2022-11-17 03:31:44', NULL),
(22, 3, 22, 1, 1, 21, 12, 24, NULL, NULL, 11, 0, 620.00, 6820.00, 620.00, 620.00, NULL, NULL, NULL, NULL, NULL, NULL, NULL, NULL, NULL, 1, NULL, '2022-11-17 03:31:44', '2022-11-17 03:31:44', NULL),
(23, 3, 23, 1, 1, 23, 12, 25, NULL, NULL, 11, 0, 630.00, 6930.00, 630.00, 630.00, NULL, NULL, NULL, NULL, NULL, NULL, NULL, NULL, NULL, 1, NULL, '2022-11-17 03:31:44', '2022-11-17 03:31:44', NULL),
(24, 3, 24, 1, 1, 23, 12, 26, NULL, NULL, 7, 0, 630.00, 4410.00, 630.00, 630.00, NULL, NULL, NULL, NULL, NULL, NULL, NULL, NULL, NULL, 1, NULL, '2022-11-17 03:31:44', '2022-11-17 03:31:44', NULL),
(25, 3, 25, 1, 1, 24, 12, 27, NULL, NULL, 6, 0, 630.00, 3780.00, 630.00, 630.00, NULL, NULL, NULL, NULL, NULL, NULL, NULL, NULL, NULL, 1, NULL, '2022-11-17 03:31:44', '2022-11-17 03:31:44', NULL),
(26, 3, 26, 1, 1, 24, 12, 28, NULL, NULL, 6, 0, 630.00, 3780.00, 630.00, 630.00, NULL, NULL, NULL, NULL, NULL, NULL, NULL, NULL, NULL, 1, NULL, '2022-11-17 03:31:44', '2022-11-17 03:31:44', NULL),
(27, 3, 27, 1, 1, 25, 12, 29, NULL, NULL, 7, 0, 650.00, 4550.00, 650.00, 650.00, NULL, NULL, NULL, NULL, NULL, NULL, NULL, NULL, NULL, 1, NULL, '2022-11-17 03:31:44', '2022-11-17 03:31:44', NULL),
(28, 3, 28, 1, 1, 25, 12, 30, NULL, NULL, 10, 0, 650.00, 6500.00, 650.00, 650.00, NULL, NULL, NULL, NULL, NULL, NULL, NULL, NULL, NULL, 1, NULL, '2022-11-17 03:31:44', '2022-11-17 03:31:44', NULL),
(29, 3, 29, 1, 1, 26, 12, 31, NULL, NULL, 10, 0, 650.00, 6500.00, 650.00, 650.00, NULL, NULL, NULL, NULL, NULL, NULL, NULL, NULL, NULL, 1, NULL, '2022-11-17 03:31:44', '2022-11-17 03:31:44', NULL),
(30, 3, 30, 1, 1, 26, 12, 32, NULL, NULL, 9, 0, 655.00, 5895.00, 655.00, 655.00, NULL, NULL, NULL, NULL, NULL, NULL, NULL, NULL, NULL, 1, NULL, '2022-11-17 03:31:44', '2022-11-17 03:31:44', NULL),
(31, 3, 31, 1, 1, 27, 12, 33, NULL, NULL, 6, 0, 655.00, 3930.00, 655.00, 655.00, NULL, NULL, NULL, NULL, NULL, NULL, NULL, NULL, NULL, 1, NULL, '2022-11-17 03:31:44', '2022-11-17 03:31:44', NULL),
(32, 3, 32, 1, 1, 27, 12, 34, NULL, NULL, 4, 0, 655.00, 2620.00, 655.00, 655.00, NULL, NULL, NULL, NULL, NULL, NULL, NULL, NULL, NULL, 1, NULL, '2022-11-17 03:31:44', '2022-11-17 03:31:44', NULL),
(33, 3, 33, 1, 1, 28, 12, 35, NULL, NULL, 3, 0, 655.00, 1965.00, 655.00, 655.00, NULL, NULL, NULL, NULL, NULL, NULL, NULL, NULL, NULL, 1, NULL, '2022-11-17 03:31:44', '2022-11-17 03:31:44', NULL),
(34, 3, 34, 1, 1, 28, 12, 36, NULL, NULL, 2, 0, 655.00, 1310.00, 655.00, 655.00, NULL, NULL, NULL, NULL, NULL, NULL, NULL, NULL, NULL, 1, NULL, '2022-11-17 03:31:44', '2022-11-17 03:31:44', NULL),
(35, 3, 35, 1, 1, 29, 12, 37, NULL, NULL, 2, 0, 655.00, 1310.00, 655.00, 655.00, NULL, NULL, NULL, NULL, NULL, NULL, NULL, NULL, NULL, 1, NULL, '2022-11-17 03:31:44', '2022-11-17 03:31:44', NULL),
(36, 3, 36, 1, 1, 29, 12, 38, NULL, NULL, 6, 0, 765.00, 4590.00, 765.00, 765.00, NULL, NULL, NULL, NULL, NULL, NULL, NULL, NULL, NULL, 1, NULL, '2022-11-17 03:31:44', '2022-11-17 03:31:44', NULL),
(37, 3, 37, 1, 1, 30, 12, 39, NULL, NULL, 6, 0, 765.00, 4590.00, 765.00, 765.00, NULL, NULL, NULL, NULL, NULL, NULL, NULL, NULL, NULL, 1, NULL, '2022-11-17 03:31:44', '2022-11-17 03:31:44', NULL),
(38, 3, 38, 1, 1, 30, 12, 40, NULL, NULL, 16, 0, 880.00, 14080.00, 880.00, 880.00, NULL, NULL, NULL, NULL, NULL, NULL, NULL, NULL, NULL, 1, NULL, '2022-11-17 03:31:44', '2022-11-17 03:31:44', NULL),
(39, 3, 39, 1, 1, 31, 12, 41, NULL, NULL, 15, 0, 880.00, 13200.00, 880.00, 880.00, NULL, NULL, NULL, NULL, NULL, NULL, NULL, NULL, NULL, 1, NULL, '2022-11-17 03:31:44', '2022-11-17 03:31:44', NULL),
(40, 3, 40, 1, 1, 31, 12, 42, NULL, NULL, 5, 0, 880.00, 4400.00, 880.00, 880.00, NULL, NULL, NULL, NULL, NULL, NULL, NULL, NULL, NULL, 1, NULL, '2022-11-17 03:31:44', '2022-11-17 03:31:44', NULL),
(41, 3, 41, 1, 1, 34, 12, 43, NULL, NULL, 10, 0, 900.00, 9000.00, 900.00, 900.00, NULL, NULL, NULL, NULL, NULL, NULL, NULL, NULL, NULL, 1, NULL, '2022-11-17 03:31:44', '2022-11-17 03:31:44', NULL),
(42, 3, 42, 1, 1, 34, 12, 44, NULL, NULL, 6, 0, 900.00, 5400.00, 900.00, 900.00, NULL, NULL, NULL, NULL, NULL, NULL, NULL, NULL, NULL, 1, NULL, '2022-11-17 03:31:44', '2022-11-17 03:31:44', NULL),
(43, 3, 43, 1, 1, 35, 12, 45, NULL, NULL, 6, 0, 900.00, 5400.00, 900.00, 900.00, NULL, NULL, NULL, NULL, NULL, NULL, NULL, NULL, NULL, 1, NULL, '2022-11-17 03:31:44', '2022-11-17 03:31:44', NULL),
(44, 3, 44, 1, 1, 35, 12, 46, NULL, NULL, 3, 0, 900.00, 2700.00, 900.00, 900.00, NULL, NULL, NULL, NULL, NULL, NULL, NULL, NULL, NULL, 1, NULL, '2022-11-17 03:31:44', '2022-11-17 03:31:44', NULL),
(45, 3, 45, 1, 1, 36, 12, 47, NULL, NULL, 3, 0, 900.00, 2700.00, 900.00, 900.00, NULL, NULL, NULL, NULL, NULL, NULL, NULL, NULL, NULL, 1, NULL, '2022-11-17 03:31:44', '2022-11-17 03:31:44', NULL),
(46, 3, 46, 1, 1, 36, 12, 48, NULL, NULL, 3, 0, 900.00, 2700.00, 900.00, 900.00, NULL, NULL, NULL, NULL, NULL, NULL, NULL, NULL, NULL, 1, NULL, '2022-11-17 03:31:44', '2022-11-17 03:31:44', NULL),
(47, 3, 47, 1, 1, 37, 12, 49, NULL, NULL, 1, 0, 900.00, 900.00, 900.00, 900.00, NULL, NULL, NULL, NULL, NULL, NULL, NULL, NULL, NULL, 1, NULL, '2022-11-17 03:31:44', '2022-11-17 03:31:44', NULL),
(48, 3, 48, 1, 1, 37, 12, 50, NULL, NULL, 2, 0, 1005.00, 2010.00, 1005.00, 1005.00, NULL, NULL, NULL, NULL, NULL, NULL, NULL, NULL, NULL, 1, NULL, '2022-11-17 03:31:44', '2022-11-17 03:31:44', NULL),
(49, 3, 49, 1, 1, 40, 12, 51, NULL, NULL, 4, 0, 1005.00, 4020.00, 1005.00, 1005.00, NULL, NULL, NULL, NULL, NULL, NULL, NULL, NULL, NULL, 1, NULL, '2022-11-17 03:31:44', '2022-11-17 03:31:44', NULL),
(50, 3, 50, 1, 1, 40, 12, 52, NULL, NULL, 6, 0, 1055.00, 6330.00, 1055.00, 1055.00, NULL, NULL, NULL, NULL, NULL, NULL, NULL, NULL, NULL, 1, NULL, '2022-11-17 03:31:44', '2022-11-17 03:31:44', NULL),
(51, 3, 51, 1, 1, 41, 12, 53, NULL, NULL, 5, 0, 1055.00, 5275.00, 1055.00, 1055.00, NULL, NULL, NULL, NULL, NULL, NULL, NULL, NULL, NULL, 1, NULL, '2022-11-17 03:31:44', '2022-11-17 03:31:44', NULL),
(52, 3, 52, 1, 1, 41, 12, 54, NULL, NULL, 4, 0, 1055.00, 4220.00, 1055.00, 1055.00, NULL, NULL, NULL, NULL, NULL, NULL, NULL, NULL, NULL, 1, NULL, '2022-11-17 03:31:44', '2022-11-17 03:31:44', NULL),
(53, 3, 53, 1, 1, 42, 12, 55, NULL, NULL, 4, 0, 1055.00, 4220.00, 1055.00, 1055.00, NULL, NULL, NULL, NULL, NULL, NULL, NULL, NULL, NULL, 1, NULL, '2022-11-17 03:31:44', '2022-11-17 03:31:44', NULL),
(54, 3, 54, 1, 1, 44, 12, 62, NULL, NULL, 1, 0, 1595.00, 1595.00, 1595.00, 1595.00, NULL, NULL, NULL, NULL, NULL, NULL, NULL, NULL, NULL, 1, NULL, '2022-11-17 03:31:44', '2022-11-17 03:31:44', NULL),
(55, 3, 55, 1, 1, 44, 12, 63, NULL, NULL, 1, 0, 1595.00, 1595.00, 1595.00, 1595.00, NULL, NULL, NULL, NULL, NULL, NULL, NULL, NULL, NULL, 1, NULL, '2022-11-17 03:31:44', '2022-11-17 03:31:44', NULL),
(56, 4, 56, 7, 3, 47, 12, 0, 10, NULL, 3.24, 9, 2058.00, 6667.92, 2058.00, 2058.00, NULL, NULL, NULL, NULL, NULL, NULL, NULL, NULL, NULL, 1, NULL, '2022-11-18 07:48:57', '2022-11-18 07:48:57', NULL),
(57, 4, 57, 6, 4, 47, 12, 0, 10, NULL, 3.24, 9, 2204.00, 7140.96, 2204.00, 2204.00, NULL, NULL, NULL, NULL, NULL, NULL, NULL, NULL, NULL, 1, NULL, '2022-11-18 07:48:57', '2022-11-18 07:48:57', NULL),
(58, 4, 58, 7, 4, 47, 12, 0, 10, NULL, 5.4, 15, 1898.00, 10249.20, 1898.00, 1898.00, NULL, NULL, NULL, NULL, NULL, NULL, NULL, NULL, NULL, 1, NULL, '2022-11-18 07:48:57', '2022-11-18 07:48:57', NULL),
(59, 4, 59, 8, 4, 47, 12, 0, 10, NULL, 3.96, 11, 1656.00, 6557.76, 1656.00, 1656.00, NULL, NULL, NULL, NULL, NULL, NULL, NULL, NULL, NULL, 1, NULL, '2022-11-18 07:48:57', '2022-11-18 07:48:57', NULL),
(60, 4, 60, 9, 4, 47, 12, 0, 10, NULL, 3.6, 10, 1533.00, 5518.80, 1533.00, 1533.00, NULL, NULL, NULL, NULL, NULL, NULL, NULL, NULL, NULL, 1, NULL, '2022-11-18 07:48:57', '2022-11-18 07:48:57', NULL),
(61, 4, 61, 6, 5, 47, 12, 0, 10, NULL, 1.8, 5, 2079.00, 3742.20, 2079.00, 2079.00, NULL, NULL, NULL, NULL, NULL, NULL, NULL, NULL, NULL, 1, NULL, '2022-11-18 07:48:57', '2022-11-18 07:48:57', NULL),
(62, 4, 62, 7, 5, 47, 12, 0, 10, NULL, 0.72, 2, 1824.00, 1313.28, 1824.00, 1824.00, NULL, NULL, NULL, NULL, NULL, NULL, NULL, NULL, NULL, 1, NULL, '2022-11-18 07:48:57', '2022-11-18 07:48:57', NULL),
(63, 4, 63, 8, 5, 47, 12, 0, 10, NULL, 0.72, 2, 1628.00, 1172.16, 1628.00, 1628.00, NULL, NULL, NULL, NULL, NULL, NULL, NULL, NULL, NULL, 1, NULL, '2022-11-18 07:48:57', '2022-11-18 07:48:57', NULL),
(64, 4, 64, 9, 5, 47, 12, 0, 10, NULL, 1.44, 4, 1500.00, 2160.00, 1500.00, 1500.00, NULL, NULL, NULL, NULL, NULL, NULL, NULL, NULL, NULL, 1, NULL, '2022-11-18 07:48:57', '2022-11-18 07:48:57', NULL),
(65, 4, 65, 8, 6, 47, 12, 0, 10, NULL, 1.8, 5, 1617.00, 2910.60, 1617.00, 1617.00, NULL, NULL, NULL, NULL, NULL, NULL, NULL, NULL, NULL, 1, NULL, '2022-11-18 07:48:57', '2022-11-18 07:48:57', NULL),
(66, 4, 66, 9, 6, 47, 12, 0, 10, NULL, 0.72, 2, 1463.00, 1053.36, 1463.00, 1463.00, NULL, NULL, NULL, NULL, NULL, NULL, NULL, NULL, NULL, 1, NULL, '2022-11-18 07:48:57', '2022-11-18 07:48:57', NULL),
(67, 4, 67, 8, 7, 47, 12, 0, 10, NULL, 0.72, 2, 1560.00, 1123.20, 1560.00, 1560.00, NULL, NULL, NULL, NULL, NULL, NULL, NULL, NULL, NULL, 1, NULL, '2022-11-18 07:48:57', '2022-11-18 07:48:57', NULL),
(68, 4, 68, 8, 8, 47, 12, 0, 16, NULL, 0.36, 1, 1422.00, 511.92, 1422.00, 1422.00, NULL, NULL, NULL, NULL, NULL, NULL, NULL, NULL, NULL, 1, NULL, '2022-11-18 07:48:57', '2022-11-18 07:48:57', NULL),
(69, 4, 69, 7, 3, 49, 12, 0, 10, NULL, 0.44, 1, 2905.00, 1278.20, 2905.00, 2905.00, NULL, NULL, NULL, NULL, NULL, NULL, NULL, NULL, NULL, 1, NULL, '2022-11-18 07:48:57', '2022-11-18 07:48:57', NULL),
(70, 4, 70, 7, 4, 49, 12, 0, 10, NULL, 1.32, 3, 2706.00, 3571.92, 2706.00, 2706.00, NULL, NULL, NULL, NULL, NULL, NULL, NULL, NULL, NULL, 1, NULL, '2022-11-18 07:48:57', '2022-11-18 07:48:57', NULL),
(71, 4, 71, 8, 4, 49, 12, 0, 10, NULL, 1.32, 3, 2160.00, 2851.20, 2160.00, 2160.00, NULL, NULL, NULL, NULL, NULL, NULL, NULL, NULL, NULL, 1, NULL, '2022-11-18 07:48:57', '2022-11-18 07:48:57', NULL),
(72, 4, 72, 6, 5, 49, 12, 0, 10, NULL, 1.32, 3, 3026.00, 3994.32, 3026.00, 3026.00, NULL, NULL, NULL, NULL, NULL, NULL, NULL, NULL, NULL, 1, NULL, '2022-11-18 07:48:57', '2022-11-18 07:48:57', NULL),
(73, 4, 73, 8, 5, 49, 12, 0, 10, NULL, 0.88, 2, 2072.00, 1823.36, 2072.00, 2072.00, NULL, NULL, NULL, NULL, NULL, NULL, NULL, NULL, NULL, 1, NULL, '2022-11-18 07:48:57', '2022-11-18 07:48:57', NULL),
(74, 4, 74, 9, 5, 49, 12, 0, 10, NULL, 0.88, 2, 2002.00, 1761.76, 2002.00, 2002.00, NULL, NULL, NULL, NULL, NULL, NULL, NULL, NULL, NULL, 1, NULL, '2022-11-18 07:48:57', '2022-11-18 07:48:57', NULL),
(75, 4, 75, 8, 6, 49, 12, 0, 10, NULL, 0.44, 1, 2187.00, 962.28, 2187.00, 2187.00, NULL, NULL, NULL, NULL, NULL, NULL, NULL, NULL, NULL, 1, NULL, '2022-11-18 07:48:57', '2022-11-18 07:48:57', NULL),
(76, 4, 76, 9, 6, 49, 12, 0, 10, NULL, 0.88, 2, 2000.00, 1760.00, 2000.00, 2000.00, NULL, NULL, NULL, NULL, NULL, NULL, NULL, NULL, NULL, 1, NULL, '2022-11-18 07:48:57', '2022-11-18 07:48:57', NULL),
(77, 4, 77, 8, 4, 52, 12, 0, 10, NULL, 0.69, 1, 3476.00, 2398.44, 3476.00, 3476.00, NULL, NULL, NULL, NULL, NULL, NULL, NULL, NULL, NULL, 1, NULL, '2022-11-18 07:48:57', '2022-11-18 07:48:57', NULL),
(78, 4, 78, 7, 3, 51, 12, 0, 10, NULL, 0.59, 1, 3875.00, 2286.25, 3875.00, 3875.00, NULL, NULL, NULL, NULL, NULL, NULL, NULL, NULL, NULL, 1, NULL, '2022-11-18 07:48:57', '2022-11-18 07:48:57', NULL),
(79, 4, 79, 8, 4, 51, 12, 0, 10, NULL, 1.77, 3, 3388.00, 5996.76, 3388.00, 3388.00, NULL, NULL, NULL, NULL, NULL, NULL, NULL, NULL, NULL, 1, NULL, '2022-11-18 07:48:57', '2022-11-18 07:48:57', NULL),
(80, 4, 80, 7, 6, 51, 12, 0, 10, NULL, 1.18, 2, 3321.00, 3918.78, 3321.00, 3321.00, NULL, NULL, NULL, NULL, NULL, NULL, NULL, NULL, NULL, 1, NULL, '2022-11-18 07:48:57', '2022-11-18 07:48:57', NULL),
(81, 4, 81, 8, 9, 51, 12, 0, 16, NULL, 0.59, 1, 1976.00, 1165.84, 1976.00, 1976.00, NULL, NULL, NULL, NULL, NULL, NULL, NULL, NULL, NULL, 1, NULL, '2022-11-18 07:48:57', '2022-11-18 07:48:57', NULL),
(82, 4, 82, 6, 4, 53, 12, 0, 10, NULL, 1.48, 2, 5893.00, 8721.64, 5893.00, 5893.00, NULL, NULL, NULL, NULL, NULL, NULL, NULL, NULL, NULL, 1, NULL, '2022-11-18 07:48:57', '2022-11-18 07:48:57', NULL),
(83, 4, 83, 7, 4, 53, 12, 0, 10, NULL, 0.74, 1, 5440.00, 4025.60, 5440.00, 5440.00, NULL, NULL, NULL, NULL, NULL, NULL, NULL, NULL, NULL, 1, NULL, '2022-11-18 07:48:57', '2022-11-18 07:48:57', NULL),
(84, 4, 84, 8, 4, 53, 12, 0, 10, NULL, 1.48, 2, 4104.00, 6073.92, 4104.00, 4104.00, NULL, NULL, NULL, NULL, NULL, NULL, NULL, NULL, NULL, 1, NULL, '2022-11-18 07:48:57', '2022-11-18 07:48:57', NULL),
(85, 4, 85, 6, 5, 53, 12, 0, 10, NULL, 2.96, 4, 5478.00, 16214.88, 5478.00, 5478.00, NULL, NULL, NULL, NULL, NULL, NULL, NULL, NULL, NULL, 1, NULL, '2022-11-18 07:48:57', '2022-11-18 07:48:57', NULL),
(86, 4, 86, 9, 5, 53, 12, 0, 10, NULL, 0.74, 1, 3800.00, 2812.00, 3800.00, 3800.00, NULL, NULL, NULL, NULL, NULL, NULL, NULL, NULL, NULL, 1, NULL, '2022-11-18 07:48:57', '2022-11-18 07:48:57', NULL),
(87, 4, 87, 8, 6, 53, 12, 0, 10, NULL, 2.96, 4, 4156.50, 12303.24, 4156.50, 4156.50, NULL, NULL, NULL, NULL, NULL, NULL, NULL, NULL, NULL, 1, NULL, '2022-11-18 07:48:57', '2022-11-18 07:48:57', NULL),
(88, 4, 88, 9, 6, 53, 12, 0, 10, NULL, 0.74, 1, 3600.00, 2664.00, 3600.00, 3600.00, NULL, NULL, NULL, NULL, NULL, NULL, NULL, NULL, NULL, 1, NULL, '2022-11-18 07:48:57', '2022-11-18 07:48:57', NULL),
(89, 4, 89, 8, 9, 53, 12, 0, 16, NULL, 0.74, 1, 2508.00, 1855.92, 2508.00, 2508.00, NULL, NULL, NULL, NULL, NULL, NULL, NULL, NULL, NULL, 1, NULL, '2022-11-18 07:48:57', '2022-11-18 07:48:57', NULL),
(90, 4, 90, 9, 9, 53, 12, 0, 16, NULL, 0.74, 1, 2280.00, 1687.20, 2280.00, 2280.00, NULL, NULL, NULL, NULL, NULL, NULL, NULL, NULL, NULL, 1, NULL, '2022-11-18 07:48:57', '2022-11-18 07:48:57', NULL),
(91, 5, 91, 7, 3, 0, 12, 0, 10, NULL, 4.32, 12, 1844.50, 7968.24, 1844.50, 1844.50, NULL, NULL, NULL, NULL, NULL, NULL, NULL, NULL, NULL, 1, NULL, '2022-11-22 09:04:58', '2022-11-22 09:04:58', NULL),
(92, 5, 92, 7, 4, 0, 12, 0, 10, NULL, 4.68, 13, 1715.00, 8026.20, 1715.00, 1715.00, NULL, NULL, NULL, NULL, NULL, NULL, NULL, NULL, NULL, 1, NULL, '2022-11-22 09:04:58', '2022-11-22 09:04:58', NULL),
(93, 5, 93, 8, 4, 0, 12, 0, 10, NULL, 3.6, 10, 1584.00, 5702.40, 1584.00, 1584.00, NULL, NULL, NULL, NULL, NULL, NULL, NULL, NULL, NULL, 1, NULL, '2022-11-22 09:04:58', '2022-11-22 09:04:58', NULL),
(94, 5, 94, 9, 4, 0, 12, 0, 10, NULL, 2.16, 6, 1505.17, 3251.17, 1505.17, 1505.17, NULL, NULL, NULL, NULL, NULL, NULL, NULL, NULL, NULL, 1, NULL, '2022-11-22 09:04:58', '2022-11-22 09:04:58', NULL),
(95, 5, 95, 6, 5, 0, 12, 0, 10, NULL, 1.08, 3, 1768.50, 1909.98, 1768.50, 1768.50, NULL, NULL, NULL, NULL, NULL, NULL, NULL, NULL, NULL, 1, NULL, '2022-11-22 09:04:58', '2022-11-22 09:04:58', NULL),
(96, 5, 96, 7, 5, 0, 12, 0, 10, NULL, 10.08, 28, 1638.39, 16514.97, 1638.39, 1638.39, NULL, NULL, NULL, NULL, NULL, NULL, NULL, NULL, NULL, 1, NULL, '2022-11-22 09:04:58', '2022-11-22 09:04:58', NULL),
(97, 5, 97, 8, 5, 0, 12, 0, 10, NULL, 6.12, 17, 1542.95, 9442.85, 1542.95, 1542.95, NULL, NULL, NULL, NULL, NULL, NULL, NULL, NULL, NULL, 1, NULL, '2022-11-22 09:04:58', '2022-11-22 09:04:58', NULL),
(98, 5, 98, 9, 5, 0, 12, 0, 10, NULL, 3.6, 10, 1444.80, 5201.28, 1444.80, 1444.80, NULL, NULL, NULL, NULL, NULL, NULL, NULL, NULL, NULL, 1, NULL, '2022-11-22 09:04:58', '2022-11-22 09:04:58', NULL),
(99, 5, 99, 8, 6, 0, 12, 0, 10, NULL, 2.88, 8, 1472.63, 4241.17, 1472.63, 1472.63, NULL, NULL, NULL, NULL, NULL, NULL, NULL, NULL, NULL, 1, NULL, '2022-11-22 09:04:58', '2022-11-22 09:04:58', NULL),
(100, 5, 100, 9, 6, 0, 12, 0, 10, NULL, 2.88, 8, 1363.75, 3927.60, 1363.75, 1363.75, NULL, NULL, NULL, NULL, NULL, NULL, NULL, NULL, NULL, 1, NULL, '2022-11-22 09:04:58', '2022-11-22 09:04:58', NULL),
(101, 5, 101, 8, 7, 0, 12, 0, 10, NULL, 3.96, 11, 1412.46, 5593.34, 1412.46, 1412.46, NULL, NULL, NULL, NULL, NULL, NULL, NULL, NULL, NULL, 1, NULL, '2022-11-22 09:04:58', '2022-11-22 09:04:58', NULL),
(102, 5, 102, 9, 7, 0, 12, 0, 10, NULL, 0.36, 1, 1273.00, 458.28, 1273.00, 1273.00, NULL, NULL, NULL, NULL, NULL, NULL, NULL, NULL, NULL, 1, NULL, '2022-11-22 09:04:58', '2022-11-22 09:04:58', NULL),
(103, 5, 103, 8, 8, 0, 12, 0, 16, NULL, 1.08, 3, 1111.50, 1200.42, 1111.50, 1111.50, NULL, NULL, NULL, NULL, NULL, NULL, NULL, NULL, NULL, 1, NULL, '2022-11-22 09:04:58', '2022-11-22 09:04:58', NULL),
(104, 5, 104, 8, 9, 0, 12, 0, 16, NULL, 0.36, 1, 936.00, 336.96, 936.00, 936.00, NULL, NULL, NULL, NULL, NULL, NULL, NULL, NULL, NULL, 1, NULL, '2022-11-22 09:04:58', '2022-11-22 09:04:58', NULL),
(105, 5, 105, 9, 9, 0, 12, 0, 16, NULL, 0.36, 1, 1020.00, 367.20, 1020.00, 1020.00, NULL, NULL, NULL, NULL, NULL, NULL, NULL, NULL, NULL, 1, NULL, '2022-11-22 09:04:58', '2022-11-22 09:04:58', NULL),
(106, 5, 106, 7, 3, 0, 12, 0, 10, NULL, 2.64, 6, 2476.25, 6537.30, 2476.25, 2476.25, NULL, NULL, NULL, NULL, NULL, NULL, NULL, NULL, NULL, 1, NULL, '2022-11-22 09:04:58', '2022-11-22 09:04:58', NULL),
(107, 5, 107, 6, 4, 0, 12, 0, 10, NULL, 0.88, 2, 2781.00, 2447.28, 2781.00, 2781.00, NULL, NULL, NULL, NULL, NULL, NULL, NULL, NULL, NULL, 1, NULL, '2022-11-22 09:04:58', '2022-11-22 09:04:58', NULL),
(108, 5, 108, 7, 4, 0, 12, 0, 10, NULL, 0.88, 2, 2293.50, 2018.28, 2293.50, 2293.50, NULL, NULL, NULL, NULL, NULL, NULL, NULL, NULL, NULL, 1, NULL, '2022-11-22 09:04:58', '2022-11-22 09:04:58', NULL),
(109, 5, 109, 8, 4, 0, 12, 0, 10, NULL, 1.32, 3, 1985.00, 2620.20, 1985.00, 1985.00, NULL, NULL, NULL, NULL, NULL, NULL, NULL, NULL, NULL, 1, NULL, '2022-11-22 09:04:58', '2022-11-22 09:04:58', NULL),
(110, 5, 110, 9, 4, 0, 12, 0, 10, NULL, 0.44, 1, 1848.00, 813.12, 1848.00, 1848.00, NULL, NULL, NULL, NULL, NULL, NULL, NULL, NULL, NULL, 1, NULL, '2022-11-22 09:04:58', '2022-11-22 09:04:58', NULL),
(111, 5, 111, 7, 5, 0, 12, 0, 10, NULL, 6.16, 14, 2210.96, 13619.51, 2210.96, 2210.96, NULL, NULL, NULL, NULL, NULL, NULL, NULL, NULL, NULL, 1, NULL, '2022-11-22 09:04:58', '2022-11-22 09:04:58', NULL),
(112, 5, 112, 8, 5, 0, 12, 0, 10, NULL, 5.28, 12, 1957.50, 10335.60, 1957.50, 1957.50, NULL, NULL, NULL, NULL, NULL, NULL, NULL, NULL, NULL, 1, NULL, '2022-11-22 09:04:58', '2022-11-22 09:04:58', NULL),
(113, 5, 113, 9, 5, 0, 12, 0, 10, NULL, 2.64, 6, 1815.75, 4793.58, 1815.75, 1815.75, NULL, NULL, NULL, NULL, NULL, NULL, NULL, NULL, NULL, 1, NULL, '2022-11-22 09:04:58', '2022-11-22 09:04:58', NULL),
(114, 5, 114, 8, 6, 0, 12, 0, 10, NULL, 4.84, 11, 1920.55, 9295.46, 1920.55, 1920.55, NULL, NULL, NULL, NULL, NULL, NULL, NULL, NULL, NULL, 1, NULL, '2022-11-22 09:04:58', '2022-11-22 09:04:58', NULL),
(115, 5, 115, 9, 6, 0, 12, 0, 10, NULL, 0.88, 2, 1742.00, 1532.96, 1742.00, 1742.00, NULL, NULL, NULL, NULL, NULL, NULL, NULL, NULL, NULL, 1, NULL, '2022-11-22 09:04:58', '2022-11-22 09:04:58', NULL),
(116, 5, 116, 8, 8, 0, 12, 0, 16, NULL, 0.88, 2, 1500.75, 1320.66, 1500.75, 1500.75, NULL, NULL, NULL, NULL, NULL, NULL, NULL, NULL, NULL, 1, NULL, '2022-11-22 09:04:58', '2022-11-22 09:04:58', NULL),
(117, 5, 117, 8, 4, 0, 12, 0, 10, NULL, 1.38, 2, 3195.00, 4409.10, 3195.00, 3195.00, NULL, NULL, NULL, NULL, NULL, NULL, NULL, NULL, NULL, 1, NULL, '2022-11-22 09:04:58', '2022-11-22 09:04:58', NULL),
(118, 5, 118, 8, 9, 0, 12, 0, 16, NULL, 0.69, 1, 1930.50, 1332.05, 1930.50, 1930.50, NULL, NULL, NULL, NULL, NULL, NULL, NULL, NULL, NULL, 1, NULL, '2022-11-22 09:04:58', '2022-11-22 09:04:58', NULL),
(119, 5, 119, 7, 3, 0, 12, 0, 10, NULL, 3.54, 6, 3361.75, 11900.60, 3361.75, 3361.75, NULL, NULL, NULL, NULL, NULL, NULL, NULL, NULL, NULL, 1, NULL, '2022-11-22 09:04:58', '2022-11-22 09:04:58', NULL),
(120, 5, 120, 7, 4, 0, 12, 0, 10, NULL, 1.77, 3, 3104.00, 5494.08, 3104.00, 3104.00, NULL, NULL, NULL, NULL, NULL, NULL, NULL, NULL, NULL, 1, NULL, '2022-11-22 09:04:58', '2022-11-22 09:04:58', NULL),
(121, 5, 121, 8, 4, 0, 12, 0, 10, NULL, 1.18, 2, 2868.75, 3385.13, 2868.75, 2868.75, NULL, NULL, NULL, NULL, NULL, NULL, NULL, NULL, NULL, 1, NULL, '2022-11-22 09:04:58', '2022-11-22 09:04:58', NULL),
(122, 5, 122, 9, 4, 0, 12, 0, 10, NULL, 0.59, 1, 2667.00, 1573.53, 2667.00, 2667.00, NULL, NULL, NULL, NULL, NULL, NULL, NULL, NULL, NULL, 1, NULL, '2022-11-22 09:04:58', '2022-11-22 09:04:58', NULL),
(123, 5, 123, 7, 5, 0, 12, 0, 10, NULL, 5.9, 10, 2886.75, 17031.83, 2886.75, 2886.75, NULL, NULL, NULL, NULL, NULL, NULL, NULL, NULL, NULL, 1, NULL, '2022-11-22 09:04:58', '2022-11-22 09:04:58', NULL),
(124, 5, 124, 8, 5, 0, 12, 0, 10, NULL, 7.08, 12, 2714.38, 19217.81, 2714.38, 2714.38, NULL, NULL, NULL, NULL, NULL, NULL, NULL, NULL, NULL, 1, NULL, '2022-11-22 09:04:58', '2022-11-22 09:04:58', NULL),
(125, 5, 125, 9, 5, 0, 12, 0, 10, NULL, 4.13, 7, 2545.71, 10513.78, 2545.71, 2545.71, NULL, NULL, NULL, NULL, NULL, NULL, NULL, NULL, NULL, 1, NULL, '2022-11-22 09:04:58', '2022-11-22 09:04:58', NULL),
(126, 5, 126, 8, 8, 0, 12, 0, 16, NULL, 0.59, 1, 2079.00, 1226.61, 2079.00, 2079.00, NULL, NULL, NULL, NULL, NULL, NULL, NULL, NULL, NULL, 1, NULL, '2022-11-22 09:04:58', '2022-11-22 09:04:58', NULL),
(127, 5, 127, 8, 4, 0, 12, 0, 10, NULL, 0.74, 1, 3894.00, 2881.56, 3894.00, 3894.00, NULL, NULL, NULL, NULL, NULL, NULL, NULL, NULL, NULL, 1, NULL, '2022-11-22 09:04:58', '2022-11-22 09:04:58', NULL),
(128, 5, 128, 9, 4, 0, 12, 0, 10, NULL, 0.74, 1, 3645.00, 2697.30, 3645.00, 3645.00, NULL, NULL, NULL, NULL, NULL, NULL, NULL, NULL, NULL, 1, NULL, '2022-11-22 09:04:58', '2022-11-22 09:04:58', NULL),
(129, 5, 129, 7, 5, 0, 12, 0, 10, NULL, 2.22, 3, 4585.17, 10179.08, 4585.17, 4585.17, NULL, NULL, NULL, NULL, NULL, NULL, NULL, NULL, NULL, 1, NULL, '2022-11-22 09:04:58', '2022-11-22 09:04:58', NULL),
(130, 5, 130, 8, 5, 0, 12, 0, 10, NULL, 2.22, 3, 4013.33, 8909.59, 4013.33, 4013.33, NULL, NULL, NULL, NULL, NULL, NULL, NULL, NULL, NULL, 1, NULL, '2022-11-22 09:04:58', '2022-11-22 09:04:58', NULL),
(131, 5, 131, 8, 6, 0, 12, 0, 10, NULL, 3.7, 5, 3694.10, 13668.17, 3694.10, 3694.10, NULL, NULL, NULL, NULL, NULL, NULL, NULL, NULL, NULL, 1, NULL, '2022-11-22 09:04:58', '2022-11-22 09:04:58', NULL),
(132, 5, 132, 9, 6, 0, 12, 0, 10, NULL, 0.74, 1, 3600.00, 2664.00, 3600.00, 3600.00, NULL, NULL, NULL, NULL, NULL, NULL, NULL, NULL, NULL, 1, NULL, '2022-11-22 09:04:58', '2022-11-22 09:04:58', NULL),
(133, 5, 133, 5, 5, 0, 12, 0, 10, NULL, 0.74, 1, 2491.00, 1843.34, 2491.00, 2491.00, NULL, NULL, NULL, NULL, NULL, NULL, NULL, NULL, NULL, 1, NULL, '2022-11-22 09:04:58', '2022-11-22 09:04:58', NULL),
(134, 5, 134, 6, 5, 0, 12, 0, 10, NULL, 2.96, 4, 2343.75, 6937.50, 2343.75, 2343.75, NULL, NULL, NULL, NULL, NULL, NULL, NULL, NULL, NULL, 1, NULL, '2022-11-22 09:04:58', '2022-11-22 09:04:58', NULL),
(135, 6, 135, 6, 3, 47, 12, 0, 11, NULL, 10.08, 28, 2289.57, 23078.87, 2289.57, 2289.57, NULL, NULL, NULL, NULL, NULL, NULL, NULL, NULL, NULL, 1, NULL, '2022-11-22 10:04:21', '2022-11-22 10:04:21', NULL),
(136, 6, 136, 7, 3, 47, 12, 0, 11, NULL, 6.84, 19, 2092.63, 14313.59, 2092.63, 2092.63, NULL, NULL, NULL, NULL, NULL, NULL, NULL, NULL, NULL, 1, NULL, '2022-11-22 10:04:21', '2022-11-22 10:04:21', NULL),
(137, 6, 137, 6, 4, 47, 12, 0, 11, NULL, 9.72, 27, 2198.63, 21370.68, 2198.63, 2198.63, NULL, NULL, NULL, NULL, NULL, NULL, NULL, NULL, NULL, 1, NULL, '2022-11-22 10:04:21', '2022-11-22 10:04:21', NULL),
(138, 6, 138, 7, 4, 47, 12, 0, 11, NULL, 6.12, 17, 1942.35, 11887.18, 1942.35, 1942.35, NULL, NULL, NULL, NULL, NULL, NULL, NULL, NULL, NULL, 1, NULL, '2022-11-22 10:04:21', '2022-11-22 10:04:21', NULL),
(139, 6, 139, 6, 5, 47, 12, 0, 11, NULL, 11.52, 32, 2052.00, 23639.04, 2052.00, 2052.00, NULL, NULL, NULL, NULL, NULL, NULL, NULL, NULL, NULL, 1, NULL, '2022-11-22 10:04:21', '2022-11-22 10:04:21', NULL),
(140, 6, 140, 7, 5, 47, 12, 0, 11, NULL, 2.52, 7, 1873.21, 4720.49, 1873.21, 1873.21, NULL, NULL, NULL, NULL, NULL, NULL, NULL, NULL, NULL, 1, NULL, '2022-11-22 10:04:21', '2022-11-22 10:04:21', NULL),
(141, 6, 141, 7, 5, 58, 12, 0, 11, NULL, 2.18, 2, 10206.00, 22249.08, 10206.00, 10206.00, NULL, NULL, NULL, NULL, NULL, NULL, NULL, NULL, NULL, 1, NULL, '2022-11-22 10:04:21', '2022-11-22 10:04:21', NULL),
(142, 6, 142, 7, 6, 58, 12, 0, 12, NULL, 1.09, 1, 9234.00, 10065.06, 9234.00, 9234.00, NULL, NULL, NULL, NULL, NULL, NULL, NULL, NULL, NULL, 1, NULL, '2022-11-22 10:04:21', '2022-11-22 10:04:21', NULL),
(143, 6, 143, 6, 5, 56, 12, 0, 11, NULL, 0.94, 1, 8774.00, 8247.56, 8774.00, 8774.00, NULL, NULL, NULL, NULL, NULL, NULL, NULL, NULL, NULL, 1, NULL, '2022-11-22 10:04:21', '2022-11-22 10:04:21', NULL),
(144, 6, 144, 6, 4, 53, 12, 0, 11, NULL, 1.48, 2, 5964.00, 8826.72, 5964.00, 5964.00, NULL, NULL, NULL, NULL, NULL, NULL, NULL, NULL, NULL, 1, NULL, '2022-11-22 10:04:21', '2022-11-22 10:04:21', NULL),
(145, 6, 145, 6, 5, 53, 12, 0, 11, NULL, 1.48, 2, 5544.00, 8205.12, 5544.00, 5544.00, NULL, NULL, NULL, NULL, NULL, NULL, NULL, NULL, NULL, 1, NULL, '2022-11-22 10:04:21', '2022-11-22 10:04:21', NULL),
(146, 6, 146, 7, 4, 53, 12, 0, 11, NULL, 0.74, 1, 5376.00, 3978.24, 5376.00, 5376.00, NULL, NULL, NULL, NULL, NULL, NULL, NULL, NULL, NULL, 1, NULL, '2022-11-22 10:04:21', '2022-11-22 10:04:21', NULL),
(147, 6, 147, 7, 5, 53, 12, 0, 11, NULL, 0.74, 1, 5124.00, 3791.76, 5124.00, 5124.00, NULL, NULL, NULL, NULL, NULL, NULL, NULL, NULL, NULL, 1, NULL, '2022-11-22 10:04:21', '2022-11-22 10:04:21', NULL),
(148, 6, 148, 6, 3, 53, 12, 0, 11, NULL, 1.48, 2, 6384.00, 9448.32, 6384.00, 6384.00, NULL, NULL, NULL, NULL, NULL, NULL, NULL, NULL, NULL, 1, NULL, '2022-11-22 10:04:21', '2022-11-22 10:04:21', NULL),
(149, 6, 149, 6, 5, 51, 12, 0, 11, NULL, 12.39, 21, 3840.00, 47577.60, 3840.00, 3840.00, NULL, NULL, NULL, NULL, NULL, NULL, NULL, NULL, NULL, 1, NULL, '2022-11-22 10:04:21', '2022-11-22 10:04:21', NULL),
(150, 6, 150, 7, 5, 51, 12, 0, 11, NULL, 6.49, 11, 3555.00, 23071.95, 3555.00, 3555.00, NULL, NULL, NULL, NULL, NULL, NULL, NULL, NULL, NULL, 1, NULL, '2022-11-22 10:04:21', '2022-11-22 10:04:21', NULL),
(151, 6, 151, 6, 3, 51, 12, 0, 11, NULL, 2.36, 4, 4466.00, 10539.76, 4466.00, 4466.00, NULL, NULL, NULL, NULL, NULL, NULL, NULL, NULL, NULL, 1, NULL, '2022-11-22 10:04:21', '2022-11-22 10:04:21', NULL),
(152, 6, 152, 7, 3, 51, 12, 0, 11, NULL, 1.77, 3, 3876.00, 6860.52, 3876.00, 3876.00, NULL, NULL, NULL, NULL, NULL, NULL, NULL, NULL, NULL, 1, NULL, '2022-11-22 10:04:21', '2022-11-22 10:04:21', NULL),
(153, 6, 153, 6, 4, 51, 12, 0, 11, NULL, 4.13, 7, 4293.00, 17730.09, 4293.00, 4293.00, NULL, NULL, NULL, NULL, NULL, NULL, NULL, NULL, NULL, 1, NULL, '2022-11-22 10:04:21', '2022-11-22 10:04:21', NULL),
(154, 6, 154, 7, 4, 51, 12, 0, 11, NULL, 2.36, 4, 3792.00, 8949.12, 3792.00, 3792.00, NULL, NULL, NULL, NULL, NULL, NULL, NULL, NULL, NULL, 1, NULL, '2022-11-22 10:04:21', '2022-11-22 10:04:21', NULL),
(155, 6, 155, 6, 3, 48, 12, 0, 11, NULL, 0.39, 1, 2635.00, 1027.65, 2635.00, 2635.00, NULL, NULL, NULL, NULL, NULL, NULL, NULL, NULL, NULL, 1, NULL, '2022-11-22 10:04:21', '2022-11-22 10:04:21', NULL);

-- --------------------------------------------------------

--
-- Структура таблицы `proc_request_for_quotation_headers`
--

CREATE TABLE `proc_request_for_quotation_headers` (
  `id` int(11) NOT NULL,
  `code` varchar(50) DEFAULT NULL,
  `purchase_request_id` int(11) DEFAULT NULL,
  `department_id` int(11) DEFAULT NULL,
  `location_id` int(11) DEFAULT NULL,
  `vendor_id` int(11) DEFAULT NULL,
  `date_required` date DEFAULT NULL,
  `status` int(11) DEFAULT NULL COMMENT '1 all accepted, 2 all rejected, 3 partial accepted',
  `stone_type` int(11) DEFAULT NULL,
  `created_at` timestamp NULL DEFAULT NULL,
  `updated_at` timestamp NULL DEFAULT NULL,
  `deleted_at` timestamp NULL DEFAULT NULL,
  `note` varchar(255) DEFAULT NULL,
  `expired_date` date DEFAULT NULL,
  `is_open` int(11) NOT NULL DEFAULT 0,
  `is_non_avl` int(11) NOT NULL DEFAULT 0,
  `type` int(11) DEFAULT NULL,
  `currency` varchar(5) DEFAULT NULL,
  `subcategory_id` int(11) DEFAULT NULL,
  `is_bypass` int(11) DEFAULT 0,
  `is_draft` int(11) DEFAULT 0,
  `vendor_group_id` int(11) DEFAULT NULL,
  `department_name` varchar(255) DEFAULT NULL,
  `rate` decimal(20,2) DEFAULT NULL
) ENGINE=InnoDB DEFAULT CHARSET=utf8mb4 COLLATE=utf8mb4_general_ci ROW_FORMAT=DYNAMIC;

--
-- Дамп данных таблицы `proc_request_for_quotation_headers`
--

INSERT INTO `proc_request_for_quotation_headers` (`id`, `code`, `purchase_request_id`, `department_id`, `location_id`, `vendor_id`, `date_required`, `status`, `stone_type`, `created_at`, `updated_at`, `deleted_at`, `note`, `expired_date`, `is_open`, `is_non_avl`, `type`, `currency`, `subcategory_id`, `is_bypass`, `is_draft`, `vendor_group_id`, `department_name`, `rate`) VALUES
(1, 'RFQ-22110001', 1, 4, 1, 13920, '2022-11-26', 0, 1, '2022-11-10 04:57:37', '2022-11-10 04:57:37', NULL, NULL, '2022-11-17', 0, 0, 1, 'USD', NULL, 0, 0, NULL, 'MERCHANDISING / PROCUREMENT / NON DIAMOND MATERIAL', NULL),
(2, 'RFQ-22110002', 12, 4, 1, 13929, '2022-08-31', 0, 2, '2022-11-16 06:35:11', '2022-11-16 06:35:11', NULL, NULL, '2022-11-30', 0, 0, 1, 'USD', NULL, 1, 0, NULL, 'MERCHANDISING / PROCUREMENT / NON DIAMOND MATERIAL', NULL),
(3, 'RFQ-22110003', 3, 4, 1, 13920, '2022-12-16', 0, 1, '2022-11-17 03:31:44', '2022-11-17 03:31:44', '2022-11-17 06:46:28', NULL, '2022-11-18', 0, 0, 1, 'USD', NULL, 1, 0, NULL, 'MERCHANDISING / PROCUREMENT / STONE LAB', NULL),
(4, 'RFQ-22110004', 11, 4, 1, 13924, '2022-08-31', 0, 2, '2022-11-18 07:48:57', '2022-11-18 07:48:57', NULL, NULL, '2022-11-30', 0, 0, 1, 'USD', NULL, 1, 0, NULL, 'MERCHANDISING / PROCUREMENT / NON DIAMOND MATERIAL', NULL),
(5, 'RFQ-22110005', 15, 4, 1, 14154, '2022-09-01', 0, 2, '2022-11-22 09:04:58', '2022-11-22 09:04:58', NULL, NULL, '2022-11-30', 0, 0, 1, 'USD', NULL, 1, 0, NULL, 'MERCHANDISING / PROCUREMENT / NON DIAMOND MATERIAL', NULL),
(6, 'RFQ-22110006', 16, 4, 1, 14154, '2022-09-30', 0, 2, '2022-11-22 10:04:21', '2022-11-22 10:04:21', NULL, NULL, '2022-11-30', 0, 0, 1, 'USD', NULL, 1, 0, NULL, 'MERCHANDISING / PROCUREMENT / NON DIAMOND MATERIAL', NULL);

-- --------------------------------------------------------

--
-- Структура таблицы `proc_request_for_quotation_lines`
--

CREATE TABLE `proc_request_for_quotation_lines` (
  `id` int(11) NOT NULL,
  `request_for_quotation_header_id` int(11) DEFAULT NULL,
  `purchase_request_line_id` int(11) DEFAULT NULL,
  `clarity_id` int(11) DEFAULT NULL,
  `color_id` int(11) DEFAULT NULL,
  `measurement_id` int(11) DEFAULT NULL,
  `shape_id` int(11) DEFAULT NULL,
  `size_id` int(11) DEFAULT NULL,
  `brand_id` int(11) DEFAULT NULL,
  `target_price` decimal(20,2) NOT NULL DEFAULT 0.00,
  `quantity` float DEFAULT NULL,
  `butir` float DEFAULT NULL,
  `total_price` decimal(20,2) DEFAULT NULL,
  `note` varchar(255) DEFAULT NULL,
  `spec` text DEFAULT NULL,
  `vendor_spec` text DEFAULT NULL,
  `vendor_status` int(11) DEFAULT NULL COMMENT '1 accepted, 2 rejected',
  `vendor_note` varchar(255) DEFAULT NULL,
  `created_at` timestamp NULL DEFAULT NULL,
  `updated_at` timestamp NULL DEFAULT NULL,
  `deleted_at` timestamp NULL DEFAULT NULL
) ENGINE=InnoDB DEFAULT CHARSET=utf8mb4 COLLATE=utf8mb4_general_ci ROW_FORMAT=DYNAMIC;

--
-- Дамп данных таблицы `proc_request_for_quotation_lines`
--

INSERT INTO `proc_request_for_quotation_lines` (`id`, `request_for_quotation_header_id`, `purchase_request_line_id`, `clarity_id`, `color_id`, `measurement_id`, `shape_id`, `size_id`, `brand_id`, `target_price`, `quantity`, `butir`, `total_price`, `note`, `spec`, `vendor_spec`, `vendor_status`, `vendor_note`, `created_at`, `updated_at`, `deleted_at`) VALUES
(1, 1, 1, 3, 2, 26, 12, 0, NULL, 375.00, 7.74, 0, 2902.50, NULL, NULL, NULL, NULL, NULL, '2022-11-10 04:57:37', '2022-11-10 04:57:37', NULL),
(2, 1, 2, 3, 2, 25, 12, 0, NULL, 375.00, 16.77, 0, 6288.75, NULL, NULL, NULL, NULL, NULL, '2022-11-10 04:57:37', '2022-11-10 04:57:37', NULL),
(3, 2, 258, 5, 3, 59, 12, 0, 13, 18590.00, 1.19, 1, 22122.10, NULL, NULL, NULL, NULL, NULL, '2022-11-16 06:35:11', '2022-11-16 06:35:11', NULL),
(4, 3, 7, 2, 1, 3, 12, 3, NULL, 655.00, 18, 0, 11790.00, NULL, NULL, NULL, NULL, NULL, '2022-11-17 03:31:44', '2022-11-17 03:31:44', NULL),
(5, 3, 8, 2, 1, 4, 12, 5, NULL, 655.00, 16, 0, 10480.00, NULL, NULL, NULL, NULL, NULL, '2022-11-17 03:31:44', '2022-11-17 03:31:44', NULL),
(6, 3, 9, 2, 1, 4, 12, 6, NULL, 655.00, 15, 0, 9825.00, NULL, NULL, NULL, NULL, NULL, '2022-11-17 03:31:44', '2022-11-17 03:31:44', NULL),
(7, 3, 10, 2, 1, 5, 12, 7, NULL, 655.00, 15, 0, 9825.00, NULL, NULL, NULL, NULL, NULL, '2022-11-17 03:31:44', '2022-11-17 03:31:44', NULL),
(8, 3, 11, 2, 1, 6, 12, 8, NULL, 655.00, 20, 0, 13100.00, NULL, NULL, NULL, NULL, NULL, '2022-11-17 03:31:44', '2022-11-17 03:31:44', NULL),
(9, 3, 12, 2, 1, 7, 12, 9, NULL, 655.00, 19, 0, 12445.00, NULL, NULL, NULL, NULL, NULL, '2022-11-17 03:31:44', '2022-11-17 03:31:44', NULL),
(10, 3, 13, 2, 1, 9, 12, 10, NULL, 655.00, 3, 0, 1965.00, NULL, NULL, NULL, NULL, NULL, '2022-11-17 03:31:44', '2022-11-17 03:31:44', NULL),
(11, 3, 14, 2, 1, 10, 12, 11, NULL, 620.00, 9, 0, 5580.00, NULL, NULL, NULL, NULL, NULL, '2022-11-17 03:31:44', '2022-11-17 03:31:44', NULL),
(12, 3, 15, 2, 1, 11, 12, 12, NULL, 620.00, 12, 0, 7440.00, NULL, NULL, NULL, NULL, NULL, '2022-11-17 03:31:44', '2022-11-17 03:31:44', NULL),
(13, 3, 16, 2, 1, 12, 12, 13, NULL, 620.00, 12, 0, 7440.00, NULL, NULL, NULL, NULL, NULL, '2022-11-17 03:31:44', '2022-11-17 03:31:44', NULL),
(14, 3, 17, 2, 1, 13, 12, 14, NULL, 620.00, 4, 0, 2480.00, NULL, NULL, NULL, NULL, NULL, '2022-11-17 03:31:44', '2022-11-17 03:31:44', NULL),
(15, 3, 18, 2, 1, 14, 12, 15, NULL, 620.00, 4, 0, 2480.00, NULL, NULL, NULL, NULL, NULL, '2022-11-17 03:31:44', '2022-11-17 03:31:44', NULL),
(16, 3, 19, 2, 1, 16, 12, 17, NULL, 585.00, 1, 0, 585.00, NULL, NULL, NULL, NULL, NULL, '2022-11-17 03:31:44', '2022-11-17 03:31:44', NULL),
(17, 3, 20, 2, 1, 16, 12, 18, NULL, 585.00, 2, 0, 1170.00, NULL, NULL, NULL, NULL, NULL, '2022-11-17 03:31:44', '2022-11-17 03:31:44', NULL),
(18, 3, 21, 2, 1, 17, 12, 19, NULL, 585.00, 2, 0, 1170.00, NULL, NULL, NULL, NULL, NULL, '2022-11-17 03:31:44', '2022-11-17 03:31:44', NULL),
(19, 3, 22, 1, 1, 20, 12, 21, NULL, 620.00, 4, 0, 2480.00, NULL, NULL, NULL, NULL, NULL, '2022-11-17 03:31:44', '2022-11-17 03:31:44', NULL),
(20, 3, 23, 1, 1, 20, 12, 22, NULL, 620.00, 8, 0, 4960.00, NULL, NULL, NULL, NULL, NULL, '2022-11-17 03:31:44', '2022-11-17 03:31:44', NULL),
(21, 3, 24, 1, 1, 21, 12, 23, NULL, 620.00, 7, 0, 4340.00, NULL, NULL, NULL, NULL, NULL, '2022-11-17 03:31:44', '2022-11-17 03:31:44', NULL),
(22, 3, 25, 1, 1, 21, 12, 24, NULL, 620.00, 11, 0, 6820.00, NULL, NULL, NULL, NULL, NULL, '2022-11-17 03:31:44', '2022-11-17 03:31:44', NULL),
(23, 3, 26, 1, 1, 23, 12, 25, NULL, 630.00, 11, 0, 6930.00, NULL, NULL, NULL, NULL, NULL, '2022-11-17 03:31:44', '2022-11-17 03:31:44', NULL),
(24, 3, 27, 1, 1, 23, 12, 26, NULL, 630.00, 7, 0, 4410.00, NULL, NULL, NULL, NULL, NULL, '2022-11-17 03:31:44', '2022-11-17 03:31:44', NULL),
(25, 3, 28, 1, 1, 24, 12, 27, NULL, 630.00, 6, 0, 3780.00, NULL, NULL, NULL, NULL, NULL, '2022-11-17 03:31:44', '2022-11-17 03:31:44', NULL),
(26, 3, 29, 1, 1, 24, 12, 28, NULL, 630.00, 6, 0, 3780.00, NULL, NULL, NULL, NULL, NULL, '2022-11-17 03:31:44', '2022-11-17 03:31:44', NULL),
(27, 3, 30, 1, 1, 25, 12, 29, NULL, 650.00, 7, 0, 4550.00, NULL, NULL, NULL, NULL, NULL, '2022-11-17 03:31:44', '2022-11-17 03:31:44', NULL),
(28, 3, 31, 1, 1, 25, 12, 30, NULL, 650.00, 10, 0, 6500.00, NULL, NULL, NULL, NULL, NULL, '2022-11-17 03:31:44', '2022-11-17 03:31:44', NULL),
(29, 3, 32, 1, 1, 26, 12, 31, NULL, 650.00, 10, 0, 6500.00, NULL, NULL, NULL, NULL, NULL, '2022-11-17 03:31:44', '2022-11-17 03:31:44', NULL),
(30, 3, 33, 1, 1, 26, 12, 32, NULL, 655.00, 9, 0, 5895.00, NULL, NULL, NULL, NULL, NULL, '2022-11-17 03:31:44', '2022-11-17 03:31:44', NULL),
(31, 3, 34, 1, 1, 27, 12, 33, NULL, 655.00, 6, 0, 3930.00, NULL, NULL, NULL, NULL, NULL, '2022-11-17 03:31:44', '2022-11-17 03:31:44', NULL),
(32, 3, 35, 1, 1, 27, 12, 34, NULL, 655.00, 4, 0, 2620.00, NULL, NULL, NULL, NULL, NULL, '2022-11-17 03:31:44', '2022-11-17 03:31:44', NULL),
(33, 3, 36, 1, 1, 28, 12, 35, NULL, 655.00, 3, 0, 1965.00, NULL, NULL, NULL, NULL, NULL, '2022-11-17 03:31:44', '2022-11-17 03:31:44', NULL),
(34, 3, 37, 1, 1, 28, 12, 36, NULL, 655.00, 2, 0, 1310.00, NULL, NULL, NULL, NULL, NULL, '2022-11-17 03:31:44', '2022-11-17 03:31:44', NULL),
(35, 3, 38, 1, 1, 29, 12, 37, NULL, 655.00, 2, 0, 1310.00, NULL, NULL, NULL, NULL, NULL, '2022-11-17 03:31:44', '2022-11-17 03:31:44', NULL),
(36, 3, 39, 1, 1, 29, 12, 38, NULL, 765.00, 6, 0, 4590.00, NULL, NULL, NULL, NULL, NULL, '2022-11-17 03:31:44', '2022-11-17 03:31:44', NULL),
(37, 3, 40, 1, 1, 30, 12, 39, NULL, 765.00, 6, 0, 4590.00, NULL, NULL, NULL, NULL, NULL, '2022-11-17 03:31:44', '2022-11-17 03:31:44', NULL),
(38, 3, 41, 1, 1, 30, 12, 40, NULL, 880.00, 16, 0, 14080.00, NULL, NULL, NULL, NULL, NULL, '2022-11-17 03:31:44', '2022-11-17 03:31:44', NULL),
(39, 3, 42, 1, 1, 31, 12, 41, NULL, 880.00, 15, 0, 13200.00, NULL, NULL, NULL, NULL, NULL, '2022-11-17 03:31:44', '2022-11-17 03:31:44', NULL),
(40, 3, 43, 1, 1, 31, 12, 42, NULL, 880.00, 5, 0, 4400.00, NULL, NULL, NULL, NULL, NULL, '2022-11-17 03:31:44', '2022-11-17 03:31:44', NULL),
(41, 3, 44, 1, 1, 34, 12, 43, NULL, 900.00, 10, 0, 9000.00, NULL, NULL, NULL, NULL, NULL, '2022-11-17 03:31:44', '2022-11-17 03:31:44', NULL),
(42, 3, 45, 1, 1, 34, 12, 44, NULL, 900.00, 6, 0, 5400.00, NULL, NULL, NULL, NULL, NULL, '2022-11-17 03:31:44', '2022-11-17 03:31:44', NULL),
(43, 3, 46, 1, 1, 35, 12, 45, NULL, 900.00, 6, 0, 5400.00, NULL, NULL, NULL, NULL, NULL, '2022-11-17 03:31:44', '2022-11-17 03:31:44', NULL),
(44, 3, 47, 1, 1, 35, 12, 46, NULL, 900.00, 3, 0, 2700.00, NULL, NULL, NULL, NULL, NULL, '2022-11-17 03:31:44', '2022-11-17 03:31:44', NULL),
(45, 3, 48, 1, 1, 36, 12, 47, NULL, 900.00, 3, 0, 2700.00, NULL, NULL, NULL, NULL, NULL, '2022-11-17 03:31:44', '2022-11-17 03:31:44', NULL),
(46, 3, 49, 1, 1, 36, 12, 48, NULL, 900.00, 3, 0, 2700.00, NULL, NULL, NULL, NULL, NULL, '2022-11-17 03:31:44', '2022-11-17 03:31:44', NULL),
(47, 3, 50, 1, 1, 37, 12, 49, NULL, 900.00, 1, 0, 900.00, NULL, NULL, NULL, NULL, NULL, '2022-11-17 03:31:44', '2022-11-17 03:31:44', NULL),
(48, 3, 51, 1, 1, 37, 12, 50, NULL, 1005.00, 2, 0, 2010.00, NULL, NULL, NULL, NULL, NULL, '2022-11-17 03:31:44', '2022-11-17 03:31:44', NULL),
(49, 3, 52, 1, 1, 40, 12, 51, NULL, 1005.00, 4, 0, 4020.00, NULL, NULL, NULL, NULL, NULL, '2022-11-17 03:31:44', '2022-11-17 03:31:44', NULL),
(50, 3, 53, 1, 1, 40, 12, 52, NULL, 1055.00, 6, 0, 6330.00, NULL, NULL, NULL, NULL, NULL, '2022-11-17 03:31:44', '2022-11-17 03:31:44', NULL),
(51, 3, 54, 1, 1, 41, 12, 53, NULL, 1055.00, 5, 0, 5275.00, NULL, NULL, NULL, NULL, NULL, '2022-11-17 03:31:44', '2022-11-17 03:31:44', NULL),
(52, 3, 55, 1, 1, 41, 12, 54, NULL, 1055.00, 4, 0, 4220.00, NULL, NULL, NULL, NULL, NULL, '2022-11-17 03:31:44', '2022-11-17 03:31:44', NULL),
(53, 3, 56, 1, 1, 42, 12, 55, NULL, 1055.00, 4, 0, 4220.00, NULL, NULL, NULL, NULL, NULL, '2022-11-17 03:31:44', '2022-11-17 03:31:44', NULL),
(54, 3, 57, 1, 1, 44, 12, 62, NULL, 1595.00, 1, 0, 1595.00, NULL, NULL, NULL, NULL, NULL, '2022-11-17 03:31:44', '2022-11-17 03:31:44', NULL),
(55, 3, 58, 1, 1, 44, 12, 63, NULL, 1595.00, 1, 0, 1595.00, NULL, NULL, NULL, NULL, NULL, '2022-11-17 03:31:44', '2022-11-17 03:31:44', NULL),
(56, 4, 223, 7, 3, 47, 12, 0, 10, 2058.00, 3.24, 9, 6667.92, NULL, NULL, NULL, NULL, NULL, '2022-11-18 07:48:57', '2022-11-18 07:48:57', NULL),
(57, 4, 224, 6, 4, 47, 12, 0, 10, 2204.00, 3.24, 9, 7140.96, NULL, NULL, NULL, NULL, NULL, '2022-11-18 07:48:57', '2022-11-18 07:48:57', NULL),
(58, 4, 225, 7, 4, 47, 12, 0, 10, 1898.00, 5.4, 15, 10249.20, NULL, NULL, NULL, NULL, NULL, '2022-11-18 07:48:57', '2022-11-18 07:48:57', NULL),
(59, 4, 226, 8, 4, 47, 12, 0, 10, 1656.00, 3.96, 11, 6557.76, NULL, NULL, NULL, NULL, NULL, '2022-11-18 07:48:57', '2022-11-18 07:48:57', NULL),
(60, 4, 227, 9, 4, 47, 12, 0, 10, 1533.00, 3.6, 10, 5518.80, NULL, NULL, NULL, NULL, NULL, '2022-11-18 07:48:57', '2022-11-18 07:48:57', NULL),
(61, 4, 228, 6, 5, 47, 12, 0, 10, 2079.00, 1.8, 5, 3742.20, NULL, NULL, NULL, NULL, NULL, '2022-11-18 07:48:57', '2022-11-18 07:48:57', NULL),
(62, 4, 229, 7, 5, 47, 12, 0, 10, 1824.00, 0.72, 2, 1313.28, NULL, NULL, NULL, NULL, NULL, '2022-11-18 07:48:57', '2022-11-18 07:48:57', NULL),
(63, 4, 230, 8, 5, 47, 12, 0, 10, 1628.00, 0.72, 2, 1172.16, NULL, NULL, NULL, NULL, NULL, '2022-11-18 07:48:57', '2022-11-18 07:48:57', NULL),
(64, 4, 231, 9, 5, 47, 12, 0, 10, 1500.00, 1.44, 4, 2160.00, NULL, NULL, NULL, NULL, NULL, '2022-11-18 07:48:57', '2022-11-18 07:48:57', NULL),
(65, 4, 232, 8, 6, 47, 12, 0, 10, 1617.00, 1.8, 5, 2910.60, NULL, NULL, NULL, NULL, NULL, '2022-11-18 07:48:57', '2022-11-18 07:48:57', NULL),
(66, 4, 233, 9, 6, 47, 12, 0, 10, 1463.00, 0.72, 2, 1053.36, NULL, NULL, NULL, NULL, NULL, '2022-11-18 07:48:57', '2022-11-18 07:48:57', NULL),
(67, 4, 234, 8, 7, 47, 12, 0, 10, 1560.00, 0.72, 2, 1123.20, NULL, NULL, NULL, NULL, NULL, '2022-11-18 07:48:57', '2022-11-18 07:48:57', NULL),
(68, 4, 235, 8, 8, 47, 12, 0, 16, 1422.00, 0.36, 1, 511.92, NULL, NULL, NULL, NULL, NULL, '2022-11-18 07:48:57', '2022-11-18 07:48:57', NULL),
(69, 4, 236, 7, 3, 49, 12, 0, 10, 2905.00, 0.44, 1, 1278.20, NULL, NULL, NULL, NULL, NULL, '2022-11-18 07:48:57', '2022-11-18 07:48:57', NULL),
(70, 4, 237, 7, 4, 49, 12, 0, 10, 2706.00, 1.32, 3, 3571.92, NULL, NULL, NULL, NULL, NULL, '2022-11-18 07:48:57', '2022-11-18 07:48:57', NULL),
(71, 4, 238, 8, 4, 49, 12, 0, 10, 2160.00, 1.32, 3, 2851.20, NULL, NULL, NULL, NULL, NULL, '2022-11-18 07:48:57', '2022-11-18 07:48:57', NULL),
(72, 4, 239, 6, 5, 49, 12, 0, 10, 3026.00, 1.32, 3, 3994.32, NULL, NULL, NULL, NULL, NULL, '2022-11-18 07:48:57', '2022-11-18 07:48:57', NULL),
(73, 4, 240, 8, 5, 49, 12, 0, 10, 2072.00, 0.88, 2, 1823.36, NULL, NULL, NULL, NULL, NULL, '2022-11-18 07:48:57', '2022-11-18 07:48:57', NULL),
(74, 4, 241, 9, 5, 49, 12, 0, 10, 2002.00, 0.88, 2, 1761.76, NULL, NULL, NULL, NULL, NULL, '2022-11-18 07:48:57', '2022-11-18 07:48:57', NULL),
(75, 4, 242, 8, 6, 49, 12, 0, 10, 2187.00, 0.44, 1, 962.28, NULL, NULL, NULL, NULL, NULL, '2022-11-18 07:48:57', '2022-11-18 07:48:57', NULL),
(76, 4, 243, 9, 6, 49, 12, 0, 10, 2000.00, 0.88, 2, 1760.00, NULL, NULL, NULL, NULL, NULL, '2022-11-18 07:48:57', '2022-11-18 07:48:57', NULL),
(77, 4, 244, 8, 4, 52, 12, 0, 10, 3476.00, 0.69, 1, 2398.44, NULL, NULL, NULL, NULL, NULL, '2022-11-18 07:48:57', '2022-11-18 07:48:57', NULL),
(78, 4, 245, 7, 3, 51, 12, 0, 10, 3875.00, 0.59, 1, 2286.25, NULL, NULL, NULL, NULL, NULL, '2022-11-18 07:48:57', '2022-11-18 07:48:57', NULL),
(79, 4, 246, 8, 4, 51, 12, 0, 10, 3388.00, 1.77, 3, 5996.76, NULL, NULL, NULL, NULL, NULL, '2022-11-18 07:48:57', '2022-11-18 07:48:57', NULL),
(80, 4, 247, 7, 6, 51, 12, 0, 10, 3321.00, 1.18, 2, 3918.78, NULL, NULL, NULL, NULL, NULL, '2022-11-18 07:48:57', '2022-11-18 07:48:57', NULL),
(81, 4, 248, 8, 9, 51, 12, 0, 16, 1976.00, 0.59, 1, 1165.84, NULL, NULL, NULL, NULL, NULL, '2022-11-18 07:48:57', '2022-11-18 07:48:57', NULL),
(82, 4, 249, 6, 4, 53, 12, 0, 10, 5893.00, 1.48, 2, 8721.64, NULL, NULL, NULL, NULL, NULL, '2022-11-18 07:48:57', '2022-11-18 07:48:57', NULL),
(83, 4, 250, 7, 4, 53, 12, 0, 10, 5440.00, 0.74, 1, 4025.60, NULL, NULL, NULL, NULL, NULL, '2022-11-18 07:48:57', '2022-11-18 07:48:57', NULL),
(84, 4, 251, 8, 4, 53, 12, 0, 10, 4104.00, 1.48, 2, 6073.92, NULL, NULL, NULL, NULL, NULL, '2022-11-18 07:48:57', '2022-11-18 07:48:57', NULL),
(85, 4, 252, 6, 5, 53, 12, 0, 10, 5478.00, 2.96, 4, 16214.88, NULL, NULL, NULL, NULL, NULL, '2022-11-18 07:48:57', '2022-11-18 07:48:57', NULL),
(86, 4, 253, 9, 5, 53, 12, 0, 10, 3800.00, 0.74, 1, 2812.00, NULL, NULL, NULL, NULL, NULL, '2022-11-18 07:48:57', '2022-11-18 07:48:57', NULL),
(87, 4, 254, 8, 6, 53, 12, 0, 10, 4156.50, 2.96, 4, 12303.24, NULL, NULL, NULL, NULL, NULL, '2022-11-18 07:48:57', '2022-11-18 07:48:57', NULL),
(88, 4, 255, 9, 6, 53, 12, 0, 10, 3600.00, 0.74, 1, 2664.00, NULL, NULL, NULL, NULL, NULL, '2022-11-18 07:48:57', '2022-11-18 07:48:57', NULL),
(89, 4, 256, 8, 9, 53, 12, 0, 16, 2508.00, 0.74, 1, 1855.92, NULL, NULL, NULL, NULL, NULL, '2022-11-18 07:48:57', '2022-11-18 07:48:57', NULL),
(90, 4, 257, 9, 9, 53, 12, 0, 16, 2280.00, 0.74, 1, 1687.20, NULL, NULL, NULL, NULL, NULL, '2022-11-18 07:48:57', '2022-11-18 07:48:57', NULL),
(91, 5, 341, 7, 3, 0, 12, 0, 10, 1844.50, 4.32, 12, 7968.24, NULL, NULL, NULL, NULL, NULL, '2022-11-22 09:04:58', '2022-11-22 09:04:58', NULL),
(92, 5, 342, 7, 4, 0, 12, 0, 10, 1715.00, 4.68, 13, 8026.20, NULL, NULL, NULL, NULL, NULL, '2022-11-22 09:04:58', '2022-11-22 09:04:58', NULL),
(93, 5, 343, 8, 4, 0, 12, 0, 10, 1584.00, 3.6, 10, 5702.40, NULL, NULL, NULL, NULL, NULL, '2022-11-22 09:04:58', '2022-11-22 09:04:58', NULL),
(94, 5, 344, 9, 4, 0, 12, 0, 10, 1505.17, 2.16, 6, 3251.17, NULL, NULL, NULL, NULL, NULL, '2022-11-22 09:04:58', '2022-11-22 09:04:58', NULL),
(95, 5, 345, 6, 5, 0, 12, 0, 10, 1768.50, 1.08, 3, 1909.98, NULL, NULL, NULL, NULL, NULL, '2022-11-22 09:04:58', '2022-11-22 09:04:58', NULL),
(96, 5, 346, 7, 5, 0, 12, 0, 10, 1638.39, 10.08, 28, 16514.97, NULL, NULL, NULL, NULL, NULL, '2022-11-22 09:04:58', '2022-11-22 09:04:58', NULL),
(97, 5, 347, 8, 5, 0, 12, 0, 10, 1542.95, 6.12, 17, 9442.85, NULL, NULL, NULL, NULL, NULL, '2022-11-22 09:04:58', '2022-11-22 09:04:58', NULL),
(98, 5, 348, 9, 5, 0, 12, 0, 10, 1444.80, 3.6, 10, 5201.28, NULL, NULL, NULL, NULL, NULL, '2022-11-22 09:04:58', '2022-11-22 09:04:58', NULL),
(99, 5, 349, 8, 6, 0, 12, 0, 10, 1472.63, 2.88, 8, 4241.17, NULL, NULL, NULL, NULL, NULL, '2022-11-22 09:04:58', '2022-11-22 09:04:58', NULL),
(100, 5, 350, 9, 6, 0, 12, 0, 10, 1363.75, 2.88, 8, 3927.60, NULL, NULL, NULL, NULL, NULL, '2022-11-22 09:04:58', '2022-11-22 09:04:58', NULL),
(101, 5, 351, 8, 7, 0, 12, 0, 10, 1412.46, 3.96, 11, 5593.34, NULL, NULL, NULL, NULL, NULL, '2022-11-22 09:04:58', '2022-11-22 09:04:58', NULL),
(102, 5, 352, 9, 7, 0, 12, 0, 10, 1273.00, 0.36, 1, 458.28, NULL, NULL, NULL, NULL, NULL, '2022-11-22 09:04:58', '2022-11-22 09:04:58', NULL),
(103, 5, 353, 8, 8, 0, 12, 0, 16, 1111.50, 1.08, 3, 1200.42, NULL, NULL, NULL, NULL, NULL, '2022-11-22 09:04:58', '2022-11-22 09:04:58', NULL),
(104, 5, 354, 8, 9, 0, 12, 0, 16, 936.00, 0.36, 1, 336.96, NULL, NULL, NULL, NULL, NULL, '2022-11-22 09:04:58', '2022-11-22 09:04:58', NULL),
(105, 5, 355, 9, 9, 0, 12, 0, 16, 1020.00, 0.36, 1, 367.20, NULL, NULL, NULL, NULL, NULL, '2022-11-22 09:04:58', '2022-11-22 09:04:58', NULL),
(106, 5, 356, 7, 3, 0, 12, 0, 10, 2476.25, 2.64, 6, 6537.30, NULL, NULL, NULL, NULL, NULL, '2022-11-22 09:04:58', '2022-11-22 09:04:58', NULL),
(107, 5, 357, 6, 4, 0, 12, 0, 10, 2781.00, 0.88, 2, 2447.28, NULL, NULL, NULL, NULL, NULL, '2022-11-22 09:04:58', '2022-11-22 09:04:58', NULL),
(108, 5, 358, 7, 4, 0, 12, 0, 10, 2293.50, 0.88, 2, 2018.28, NULL, NULL, NULL, NULL, NULL, '2022-11-22 09:04:58', '2022-11-22 09:04:58', NULL),
(109, 5, 359, 8, 4, 0, 12, 0, 10, 1985.00, 1.32, 3, 2620.20, NULL, NULL, NULL, NULL, NULL, '2022-11-22 09:04:58', '2022-11-22 09:04:58', NULL),
(110, 5, 360, 9, 4, 0, 12, 0, 10, 1848.00, 0.44, 1, 813.12, NULL, NULL, NULL, NULL, NULL, '2022-11-22 09:04:58', '2022-11-22 09:04:58', NULL),
(111, 5, 361, 7, 5, 0, 12, 0, 10, 2210.96, 6.16, 14, 13619.51, NULL, NULL, NULL, NULL, NULL, '2022-11-22 09:04:58', '2022-11-22 09:04:58', NULL),
(112, 5, 362, 8, 5, 0, 12, 0, 10, 1957.50, 5.28, 12, 10335.60, NULL, NULL, NULL, NULL, NULL, '2022-11-22 09:04:58', '2022-11-22 09:04:58', NULL),
(113, 5, 363, 9, 5, 0, 12, 0, 10, 1815.75, 2.64, 6, 4793.58, NULL, NULL, NULL, NULL, NULL, '2022-11-22 09:04:58', '2022-11-22 09:04:58', NULL),
(114, 5, 364, 8, 6, 0, 12, 0, 10, 1920.55, 4.84, 11, 9295.46, NULL, NULL, NULL, NULL, NULL, '2022-11-22 09:04:58', '2022-11-22 09:04:58', NULL),
(115, 5, 365, 9, 6, 0, 12, 0, 10, 1742.00, 0.88, 2, 1532.96, NULL, NULL, NULL, NULL, NULL, '2022-11-22 09:04:58', '2022-11-22 09:04:58', NULL),
(116, 5, 366, 8, 8, 0, 12, 0, 16, 1500.75, 0.88, 2, 1320.66, NULL, NULL, NULL, NULL, NULL, '2022-11-22 09:04:58', '2022-11-22 09:04:58', NULL),
(117, 5, 367, 8, 4, 0, 12, 0, 10, 3195.00, 1.38, 2, 4409.10, NULL, NULL, NULL, NULL, NULL, '2022-11-22 09:04:58', '2022-11-22 09:04:58', NULL),
(118, 5, 368, 8, 9, 0, 12, 0, 16, 1930.50, 0.69, 1, 1332.05, NULL, NULL, NULL, NULL, NULL, '2022-11-22 09:04:58', '2022-11-22 09:04:58', NULL),
(119, 5, 369, 7, 3, 0, 12, 0, 10, 3361.75, 3.54, 6, 11900.60, NULL, NULL, NULL, NULL, NULL, '2022-11-22 09:04:58', '2022-11-22 09:04:58', NULL),
(120, 5, 370, 7, 4, 0, 12, 0, 10, 3104.00, 1.77, 3, 5494.08, NULL, NULL, NULL, NULL, NULL, '2022-11-22 09:04:58', '2022-11-22 09:04:58', NULL),
(121, 5, 371, 8, 4, 0, 12, 0, 10, 2868.75, 1.18, 2, 3385.13, NULL, NULL, NULL, NULL, NULL, '2022-11-22 09:04:58', '2022-11-22 09:04:58', NULL),
(122, 5, 372, 9, 4, 0, 12, 0, 10, 2667.00, 0.59, 1, 1573.53, NULL, NULL, NULL, NULL, NULL, '2022-11-22 09:04:58', '2022-11-22 09:04:58', NULL),
(123, 5, 373, 7, 5, 0, 12, 0, 10, 2886.75, 5.9, 10, 17031.83, NULL, NULL, NULL, NULL, NULL, '2022-11-22 09:04:58', '2022-11-22 09:04:58', NULL),
(124, 5, 374, 8, 5, 0, 12, 0, 10, 2714.38, 7.08, 12, 19217.81, NULL, NULL, NULL, NULL, NULL, '2022-11-22 09:04:58', '2022-11-22 09:04:58', NULL),
(125, 5, 375, 9, 5, 0, 12, 0, 10, 2545.71, 4.13, 7, 10513.78, NULL, NULL, NULL, NULL, NULL, '2022-11-22 09:04:58', '2022-11-22 09:04:58', NULL),
(126, 5, 376, 8, 8, 0, 12, 0, 16, 2079.00, 0.59, 1, 1226.61, NULL, NULL, NULL, NULL, NULL, '2022-11-22 09:04:58', '2022-11-22 09:04:58', NULL),
(127, 5, 377, 8, 4, 0, 12, 0, 10, 3894.00, 0.74, 1, 2881.56, NULL, NULL, NULL, NULL, NULL, '2022-11-22 09:04:58', '2022-11-22 09:04:58', NULL),
(128, 5, 378, 9, 4, 0, 12, 0, 10, 3645.00, 0.74, 1, 2697.30, NULL, NULL, NULL, NULL, NULL, '2022-11-22 09:04:58', '2022-11-22 09:04:58', NULL),
(129, 5, 379, 7, 5, 0, 12, 0, 10, 4585.17, 2.22, 3, 10179.08, NULL, NULL, NULL, NULL, NULL, '2022-11-22 09:04:58', '2022-11-22 09:04:58', NULL),
(130, 5, 380, 8, 5, 0, 12, 0, 10, 4013.33, 2.22, 3, 8909.59, NULL, NULL, NULL, NULL, NULL, '2022-11-22 09:04:58', '2022-11-22 09:04:58', NULL),
(131, 5, 381, 8, 6, 0, 12, 0, 10, 3694.10, 3.7, 5, 13668.17, NULL, NULL, NULL, NULL, NULL, '2022-11-22 09:04:58', '2022-11-22 09:04:58', NULL),
(132, 5, 382, 9, 6, 0, 12, 0, 10, 3600.00, 0.74, 1, 2664.00, NULL, NULL, NULL, NULL, NULL, '2022-11-22 09:04:58', '2022-11-22 09:04:58', NULL),
(133, 5, 383, 5, 5, 0, 12, 0, 10, 2491.00, 0.74, 1, 1843.34, NULL, NULL, NULL, NULL, NULL, '2022-11-22 09:04:58', '2022-11-22 09:04:58', NULL),
(134, 5, 384, 6, 5, 0, 12, 0, 10, 2343.75, 2.96, 4, 6937.50, NULL, NULL, NULL, NULL, NULL, '2022-11-22 09:04:58', '2022-11-22 09:04:58', NULL),
(135, 6, 385, 6, 3, 47, 12, 0, 11, 2289.57, 10.08, 28, 23078.87, NULL, NULL, NULL, NULL, NULL, '2022-11-22 10:04:21', '2022-11-22 10:04:21', NULL),
(136, 6, 386, 7, 3, 47, 12, 0, 11, 2092.63, 6.84, 19, 14313.59, NULL, NULL, NULL, NULL, NULL, '2022-11-22 10:04:21', '2022-11-22 10:04:21', NULL),
(137, 6, 387, 6, 4, 47, 12, 0, 11, 2198.63, 9.72, 27, 21370.68, NULL, NULL, NULL, NULL, NULL, '2022-11-22 10:04:21', '2022-11-22 10:04:21', NULL),
(138, 6, 388, 7, 4, 47, 12, 0, 11, 1942.35, 6.12, 17, 11887.18, NULL, NULL, NULL, NULL, NULL, '2022-11-22 10:04:21', '2022-11-22 10:04:21', NULL),
(139, 6, 389, 6, 5, 47, 12, 0, 11, 2052.00, 11.52, 32, 23639.04, NULL, NULL, NULL, NULL, NULL, '2022-11-22 10:04:21', '2022-11-22 10:04:21', NULL),
(140, 6, 390, 7, 5, 47, 12, 0, 11, 1873.21, 2.52, 7, 4720.49, NULL, NULL, NULL, NULL, NULL, '2022-11-22 10:04:21', '2022-11-22 10:04:21', NULL),
(141, 6, 391, 7, 5, 58, 12, 0, 11, 10206.00, 2.18, 2, 22249.08, NULL, NULL, NULL, NULL, NULL, '2022-11-22 10:04:21', '2022-11-22 10:04:21', NULL),
(142, 6, 392, 7, 6, 58, 12, 0, 12, 9234.00, 1.09, 1, 10065.06, NULL, NULL, NULL, NULL, NULL, '2022-11-22 10:04:21', '2022-11-22 10:04:21', NULL),
(143, 6, 393, 6, 5, 56, 12, 0, 11, 8774.00, 0.94, 1, 8247.56, NULL, NULL, NULL, NULL, NULL, '2022-11-22 10:04:21', '2022-11-22 10:04:21', NULL),
(144, 6, 394, 6, 4, 53, 12, 0, 11, 5964.00, 1.48, 2, 8826.72, NULL, NULL, NULL, NULL, NULL, '2022-11-22 10:04:21', '2022-11-22 10:04:21', NULL),
(145, 6, 395, 6, 5, 53, 12, 0, 11, 5544.00, 1.48, 2, 8205.12, NULL, NULL, NULL, NULL, NULL, '2022-11-22 10:04:21', '2022-11-22 10:04:21', NULL),
(146, 6, 396, 7, 4, 53, 12, 0, 11, 5376.00, 0.74, 1, 3978.24, NULL, NULL, NULL, NULL, NULL, '2022-11-22 10:04:21', '2022-11-22 10:04:21', NULL),
(147, 6, 397, 7, 5, 53, 12, 0, 11, 5124.00, 0.74, 1, 3791.76, NULL, NULL, NULL, NULL, NULL, '2022-11-22 10:04:21', '2022-11-22 10:04:21', NULL),
(148, 6, 398, 6, 3, 53, 12, 0, 11, 6384.00, 1.48, 2, 9448.32, NULL, NULL, NULL, NULL, NULL, '2022-11-22 10:04:21', '2022-11-22 10:04:21', NULL),
(149, 6, 399, 6, 5, 51, 12, 0, 11, 3840.00, 12.39, 21, 47577.60, NULL, NULL, NULL, NULL, NULL, '2022-11-22 10:04:21', '2022-11-22 10:04:21', NULL),
(150, 6, 400, 7, 5, 51, 12, 0, 11, 3555.00, 6.49, 11, 23071.95, NULL, NULL, NULL, NULL, NULL, '2022-11-22 10:04:21', '2022-11-22 10:04:21', NULL),
(151, 6, 401, 6, 3, 51, 12, 0, 11, 4466.00, 2.36, 4, 10539.76, NULL, NULL, NULL, NULL, NULL, '2022-11-22 10:04:21', '2022-11-22 10:04:21', NULL),
(152, 6, 402, 7, 3, 51, 12, 0, 11, 3876.00, 1.77, 3, 6860.52, NULL, NULL, NULL, NULL, NULL, '2022-11-22 10:04:21', '2022-11-22 10:04:21', NULL),
(153, 6, 403, 6, 4, 51, 12, 0, 11, 4293.00, 4.13, 7, 17730.09, NULL, NULL, NULL, NULL, NULL, '2022-11-22 10:04:21', '2022-11-22 10:04:21', NULL),
(154, 6, 404, 7, 4, 51, 12, 0, 11, 3792.00, 2.36, 4, 8949.12, NULL, NULL, NULL, NULL, NULL, '2022-11-22 10:04:21', '2022-11-22 10:04:21', NULL),
(155, 6, 405, 6, 3, 48, 12, 0, 11, 2635.00, 0.39, 1, 1027.65, NULL, NULL, NULL, NULL, NULL, '2022-11-22 10:04:21', '2022-11-22 10:04:21', NULL);

-- --------------------------------------------------------

--
-- Структура таблицы `products`
--

CREATE TABLE `products` (
  `id` bigint(20) NOT NULL,
  `kode_barang` varchar(50) DEFAULT NULL,
  `name` varchar(255) DEFAULT NULL,
  `sku` varchar(255) DEFAULT NULL,
  `description` longtext DEFAULT NULL,
  `group_id` int(11) DEFAULT NULL,
  `bc` text DEFAULT NULL,
  `bc_name` text DEFAULT NULL,
  `ba` text DEFAULT NULL,
  `category_id` int(11) DEFAULT NULL,
  `subcategory_id` int(11) DEFAULT NULL,
  `sub_subcategory_id` int(11) DEFAULT NULL,
  `cmk_spec` text DEFAULT NULL,
  `vendor_spec` varchar(50) DEFAULT '[]',
  `cmk2_spec` text DEFAULT NULL,
  `price` decimal(20,2) DEFAULT NULL,
  `unit` varchar(50) DEFAULT NULL,
  `status` int(11) NOT NULL DEFAULT 1,
  `type` int(11) NOT NULL DEFAULT 1 COMMENT '1: purchasing, 2: procurement',
  `created_by` varchar(255) DEFAULT NULL,
  `created_at` timestamp NULL DEFAULT NULL,
  `updated_at` timestamp NULL DEFAULT NULL,
  `deleted_at` timestamp NULL DEFAULT NULL,
  `url` text DEFAULT NULL,
  `vendor_id` int(11) DEFAULT NULL,
  `is_service` int(11) NOT NULL DEFAULT 0
) ENGINE=InnoDB DEFAULT CHARSET=utf8mb4 COLLATE=utf8mb4_general_ci;

--
-- Дамп данных таблицы `products`
--

INSERT INTO `products` (`id`, `kode_barang`, `name`, `sku`, `description`, `group_id`, `bc`, `bc_name`, `ba`, `category_id`, `subcategory_id`, `sub_subcategory_id`, `cmk_spec`, `vendor_spec`, `cmk2_spec`, `price`, `unit`, `status`, `type`, `created_by`, `created_at`, `updated_at`, `deleted_at`, `url`, `vendor_id`, `is_service`) VALUES
(1, 'P000001', 'BOX CONTAINER PLASTIK UKURAN 30 LITER', NULL, NULL, 1, 'MGA-DIV-CF', 'GA', '108.1.32', 1, 1, 1, NULL, '[]', NULL, 56000.00, 'PC', 1, 1, '2', '2022-09-01 14:06:46', '2022-09-01 14:06:46', NULL, NULL, NULL, 0),
(2, 'P000002', 'BOX CONTAINER PLASTIK UKURAN 52 LITER', NULL, NULL, 1, 'MGA-DIV-CF', 'GA', '108.1.32', 1, 1, 1, NULL, '[]', NULL, 84000.00, 'PC', 1, 1, '2', '2022-09-01 14:06:46', '2022-09-01 14:06:46', NULL, NULL, NULL, 0),
(3, 'P000003', 'BOX CONTAINER PLASTIK UKURAN 70 LITER', NULL, NULL, 1, 'MGA-DIV-CF', 'GA', '108.1.32', 1, 1, 1, NULL, '[]', NULL, 100000.00, 'PC', 1, 1, '2', '2022-09-01 14:06:47', '2022-09-01 14:06:47', NULL, NULL, NULL, 0),
(4, 'P000004', 'DETECTOR UANG', NULL, NULL, 1, 'BD-FC 00', 'ACCOUNTING', '103.1.6', 1, 2, 2, NULL, '[]', NULL, 144200.00, 'PC', 1, 1, '2', '2022-09-01 14:06:48', '2022-09-01 14:06:48', NULL, NULL, NULL, 0),
(5, 'P000005', 'PRINTER LABEL', NULL, NULL, 1, 'IT-CPX-FC', 'IT', '104.1.4', 2, 3, 3, NULL, '[]', NULL, 2500000.00, 'PC', 1, 1, '2', '2022-09-01 14:06:48', '2022-09-01 14:06:48', NULL, NULL, NULL, 0),
(6, 'P000006', 'LABEL STICKER ASET', NULL, NULL, 1, NULL, 'GA', '108.1.21', 1, 1, 1, NULL, '[]', NULL, 600.00, 'PC', 1, 1, '2', '2022-09-01 14:06:49', '2022-09-01 14:06:49', NULL, NULL, NULL, 0),
(7, 'P000007', 'MESIN PENGHITUNG UANG', NULL, NULL, 1, 'BD-FC 00', 'ACCOUNTING', '103.1.6', 1, 2, 2, NULL, '[]', NULL, 1400000.00, 'PC', 1, 1, '2', '2022-09-01 14:06:49', '2022-09-01 14:06:49', NULL, NULL, NULL, 0),
(8, 'P000008', 'KOP SURAT', NULL, NULL, 5, NULL, 'GA', '108.1.21', 1, 1, 8, NULL, '[]', NULL, NULL, 'PC', 1, 1, '2', '2022-09-01 14:06:50', '2022-09-01 14:06:50', NULL, NULL, NULL, 0),
(9, 'P000009', 'MEMO', NULL, NULL, 5, NULL, 'GA', '108.1.21', 1, 1, 8, NULL, '[]', NULL, NULL, 'PC', 1, 1, '2', '2022-09-01 14:06:50', '2022-09-01 14:06:50', NULL, NULL, NULL, 0),
(10, 'P000010', 'PEMOTONG KERTAS', NULL, NULL, 1, NULL, 'GA', '108.1.29', 1, 1, 1, NULL, '[]', NULL, 250000.00, 'PC', 1, 1, '2', '2022-09-01 14:06:51', '2022-09-01 14:06:51', NULL, NULL, NULL, 0),
(11, 'P000011', 'RIBBON BARCODE BLACK 110 X 70MM', NULL, NULL, 1, NULL, 'GA', '108.1.32', 1, 1, 1, NULL, '[]', NULL, 75000.00, 'PC', 1, 1, '2', '2022-09-01 14:06:52', '2022-09-01 14:06:52', NULL, NULL, NULL, 0),
(12, 'P000012', 'DESIGN FEE', NULL, NULL, 2, 'BD-NS-FC 49', 'BUSDEV', '103.1.1', 2, 4, 94, NULL, '[]', NULL, 0.00, 'PC', 1, 1, '2', '2022-09-01 14:06:52', '2022-09-01 14:06:52', NULL, NULL, NULL, 0),
(13, 'P000013', 'CONSULTANT DESIGN', NULL, NULL, 2, 'BD-NS-FC 49', 'BUSDEV', '103.1.1', 2, 4, 94, NULL, '[]', NULL, 0.00, 'PC', 1, 1, '2', '2022-09-01 14:06:52', '2022-09-01 14:06:52', NULL, NULL, NULL, 0),
(14, 'P000014', 'PLUMBING', NULL, NULL, 2, 'BD-FC 00', 'BUSDEV', '103.1.2', 2, 4, 94, NULL, '[]', NULL, 0.00, 'PC', 1, 1, '2', '2022-09-01 14:06:52', '2022-09-01 14:06:52', NULL, NULL, NULL, 0),
(15, 'P000015', 'KERAMIK OFFICE', NULL, NULL, 2, 'BD-FC 00', 'BUSDEV', '103.1.2', 2, 4, 94, NULL, '[]', NULL, 0.00, 'PC', 1, 1, '2', '2022-09-01 14:06:53', '2022-09-01 14:06:53', NULL, NULL, NULL, 0),
(16, 'P000016', 'KONTRAKTOR', NULL, NULL, 2, 'BD-FC 00', 'BUSDEV', '103.1.2', 2, 4, 94, NULL, '[]', NULL, 0.00, 'PC', 1, 1, '2', '2022-09-01 14:06:53', '2022-09-01 14:06:53', NULL, NULL, NULL, 0),
(17, 'P000017', 'TUTUP RING SILINDER CYLINDER KUNCI PINTU DEKSON OVAL', NULL, NULL, 2, 'BD-FC 00', 'BUSDEV', '103.1.2', 2, 4, 94, NULL, '[]', NULL, 0.00, 'PC', 1, 1, '2', '2022-09-01 14:06:54', '2022-09-01 14:06:54', NULL, NULL, NULL, 0),
(18, 'P000018', 'EURO PLUS D.CYL KE610-10 BRS', NULL, NULL, 2, 'BD-FC 00', 'BUSDEV', '103.1.2', 2, 4, 94, NULL, '[]', NULL, 0.00, 'PC', 1, 1, '2', '2022-09-01 14:06:54', '2022-09-01 14:06:54', NULL, NULL, NULL, 0),
(19, 'P000019', 'MASTER KEY', NULL, NULL, 2, 'BD-FC 00', 'BUSDEV', '103.1.2', 2, 4, 94, NULL, '[]', NULL, 0.00, 'PC', 1, 1, '2', '2022-09-01 14:06:54', '2022-09-01 14:06:54', NULL, NULL, NULL, 0),
(20, 'P000020', 'WALLPAPER', NULL, NULL, 2, 'BD-FC 00', 'BUSDEV', '103.1.2', 2, 4, 94, NULL, '[]', NULL, 0.00, 'PC', 1, 1, '2', '2022-09-01 14:06:55', '2022-09-01 14:06:55', NULL, NULL, NULL, 0),
(21, 'P000021', 'DORMA BTS 75', NULL, NULL, 2, 'BD-FC 00', 'BUSDEV', '103.1.2', 2, 4, 94, NULL, '[]', NULL, 0.00, 'PC', 1, 1, '2', '2022-09-01 14:06:55', '2022-09-01 14:06:55', NULL, NULL, NULL, 0),
(22, 'P000022', 'BDN DEADLOCK K87700-60 US32D', NULL, NULL, 2, 'BD-FC 00', 'BUSDEV', '103.1.2', 2, 4, 94, NULL, '[]', NULL, NULL, 'PC', 1, 1, '2', '2022-09-01 14:06:55', '2022-09-01 14:06:55', NULL, NULL, NULL, 0),
(23, 'P000023', 'HORDING PARTISI', NULL, NULL, 2, 'BD-FC 00', 'BUSDEV', '103.1.2', 2, 4, 94, NULL, '[]', NULL, NULL, 'PC', 1, 1, '2', '2022-09-01 14:06:56', '2022-09-01 14:06:56', NULL, NULL, NULL, 0),
(24, 'P000024', 'FRAME FABRIC', NULL, NULL, 2, 'BD-FC 00', 'BUSDEV', '103.1.2', 2, 4, 94, NULL, '[]', NULL, NULL, 'PC', 1, 1, '2', '2022-09-01 14:06:56', '2022-09-01 14:06:56', NULL, NULL, NULL, 0),
(25, 'P000025', 'ROLLING DOOR ', NULL, NULL, 2, 'BD-FC 00', 'BUSDEV', '103.1.2', 2, 4, 94, NULL, '[]', NULL, NULL, 'PC', 1, 1, '2', '2022-09-01 14:06:56', '2022-09-01 14:06:56', NULL, NULL, NULL, 0),
(26, 'P000026', 'MARMER/HOMOGENOUS TILE', NULL, NULL, 2, 'BD-FC 00', 'BUSDEV', '103.1.2', 2, 4, 94, NULL, '[]', NULL, NULL, 'PC', 1, 1, '2', '2022-09-01 14:06:57', '2022-09-01 14:06:57', NULL, NULL, NULL, 0),
(27, 'P000027', 'CARPET', NULL, NULL, 2, 'BD-FC 00', 'BUSDEV', '103.1.2', 2, 4, 94, NULL, '[]', NULL, NULL, 'PC', 1, 1, '2', '2022-09-01 14:06:57', '2022-09-01 14:06:57', NULL, NULL, NULL, 0),
(28, 'P000028', 'SIGNAGE', NULL, NULL, 2, 'BD-FC 00', 'BUSDEV', '103.1.2', 2, 4, 94, NULL, '[]', NULL, NULL, 'PC', 1, 1, '2', '2022-09-01 14:06:57', '2022-09-01 14:06:57', NULL, NULL, NULL, 0),
(29, 'P000029', 'ENTRANCE DOOR', NULL, NULL, 2, 'BD-FC 00', 'BUSDEV', '103.1.2', 2, 4, 94, NULL, '[]', NULL, NULL, 'PC', 1, 1, '2', '2022-09-01 14:06:58', '2022-09-01 14:06:58', NULL, NULL, NULL, 0),
(30, 'P000030', 'ASSESORIES PINTU', NULL, NULL, 2, 'BD-FC 00', 'BUSDEV', '103.1.2', 2, 4, 94, NULL, '[]', NULL, NULL, 'PC', 1, 1, '2', '2022-09-01 14:06:58', '2022-09-01 14:06:58', NULL, NULL, NULL, 0),
(31, 'P000031', 'FLUSH BOLT', NULL, NULL, 2, 'BD-FC 00', 'BUSDEV', '103.1.2', 2, 4, 94, NULL, '[]', NULL, NULL, 'PC', 1, 1, '2', '2022-09-01 14:06:59', '2022-09-01 14:06:59', NULL, NULL, NULL, 0),
(32, 'P000032', 'BDN PELOR K87738-25 US32D', NULL, NULL, 2, 'BD-FC 00', 'BUSDEV', '103.1.2', 2, 4, 94, NULL, '[]', NULL, NULL, 'PC', 1, 1, '2', '2022-09-01 14:07:00', '2022-09-01 14:07:00', NULL, NULL, NULL, 0),
(33, 'P000033', 'ANTIQUE BRASS/STUCCO PORTERS', NULL, NULL, 2, 'BD-FC 00', 'BUSDEV', '103.1.2', 2, 4, 94, NULL, '[]', NULL, NULL, 'PC', 1, 1, '2', '2022-09-01 14:07:00', '2022-09-01 14:07:00', NULL, NULL, NULL, 0),
(34, 'P000034', 'FRAME WD', NULL, NULL, 2, 'BD-FC 00', 'BUSDEV', '103.1.2', 2, 4, 94, NULL, '[]', NULL, NULL, 'PC', 1, 1, '2', '2022-09-01 14:07:01', '2022-09-01 14:07:01', NULL, NULL, NULL, 0),
(35, 'P000035', 'KACA FRAME WD 6MM ', NULL, NULL, 2, 'BD-FC 00', 'BUSDEV', '103.1.2', 2, 4, 94, NULL, '[]', NULL, NULL, 'PC', 1, 1, '2', '2022-09-01 14:07:02', '2022-09-01 14:07:02', NULL, NULL, NULL, 0),
(36, 'P000036', 'STAINLESS PANEL DINDING ', NULL, NULL, 2, 'BD-FC 00', 'BUSDEV', '103.1.2', 2, 4, 94, NULL, '[]', NULL, NULL, 'PC', 1, 1, '2', '2022-09-01 14:07:02', '2022-09-01 14:07:02', NULL, NULL, NULL, 0),
(37, 'P000037', 'CAT KANABOND ', NULL, NULL, 2, 'BD-FC 00', 'BUSDEV', '103.1.2', 2, 4, 94, NULL, '[]', NULL, NULL, 'PC', 1, 1, '2', '2022-09-01 14:07:02', '2022-09-01 14:07:02', NULL, NULL, NULL, 0),
(38, 'P000038', 'SEWA TEMPORARY STORE', NULL, NULL, 2, 'BD-FC 00', 'BUSDEV', '103.1.2', 2, 4, 94, NULL, '[]', NULL, NULL, 'PC', 1, 1, '2', '2022-09-01 14:07:03', '2022-09-01 14:07:03', NULL, NULL, NULL, 0),
(39, 'P000039', 'PABRIKASI BOOTH ', NULL, NULL, 2, 'BD-FC 00', 'BUSDEV', '103.1.2', 2, 4, 94, NULL, '[]', NULL, NULL, 'PC', 1, 1, '2', '2022-09-01 14:07:04', '2022-09-01 14:07:04', NULL, NULL, NULL, 0),
(40, 'P000040', 'TELEPON & INTERNET', NULL, NULL, 2, 'BD-FC 00', 'BUSDEV', '103.1.2', 2, 4, 94, NULL, '[]', NULL, NULL, 'PC', 1, 1, '2', '2022-09-01 14:07:05', '2022-09-01 14:07:05', NULL, NULL, NULL, 0),
(41, 'P000041', 'LISTRIK', NULL, NULL, 2, 'BD-FC 00', 'BUSDEV', '103.1.2', 2, 4, 94, NULL, '[]', NULL, NULL, 'PC', 1, 1, '2', '2022-09-01 14:07:05', '2022-09-01 14:07:05', NULL, NULL, NULL, 0),
(42, 'P000042', 'AIR', NULL, NULL, 2, 'BD-FC 00', 'BUSDEV', '103.1.2', 2, 4, 94, NULL, '[]', NULL, NULL, 'PC', 1, 1, '2', '2022-09-01 14:07:05', '2022-09-01 14:07:05', NULL, NULL, NULL, 0),
(43, 'P000043', 'VISUAL HOARDING', NULL, NULL, 2, 'BD-FC 00', 'BUSDEV', '103.1.2', 2, 4, 94, NULL, '[]', NULL, NULL, 'PC', 1, 1, '2', '2022-09-01 14:07:06', '2022-09-01 14:07:06', NULL, NULL, NULL, 0),
(44, 'P000044', 'SAMPAH', NULL, NULL, 2, 'BD-FC 00', 'BUSDEV', '103.1.2', 2, 4, 94, NULL, '[]', NULL, NULL, 'PC', 1, 1, '2', '2022-09-01 14:07:06', '2022-09-01 14:07:06', NULL, NULL, NULL, 0),
(45, 'P000045', 'STICKER VISUAL / WINDOW', NULL, NULL, 2, 'BD-FC 00', 'BUSDEV', '103.1.2', 2, 4, 94, NULL, '[]', NULL, NULL, 'PC', 1, 1, '2', '2022-09-01 14:07:07', '2022-09-01 14:07:07', NULL, NULL, NULL, 0),
(46, 'P000046', 'BONGKARAN / ADD WORK FITOUT', NULL, NULL, 2, 'BD-FC 00', 'BUSDEV', '103.1.2', 2, 4, 94, NULL, '[]', NULL, NULL, 'PC', 1, 1, '2', '2022-09-01 14:07:07', '2022-09-01 14:07:07', NULL, NULL, NULL, 0),
(47, 'P000047', 'SPRINKLER', NULL, NULL, 2, 'BD-FC 00', 'BUSDEV', '103.1.2', 2, 4, 94, NULL, '[]', NULL, NULL, 'PC', 1, 1, '2', '2022-09-01 14:07:08', '2022-09-01 14:07:08', NULL, NULL, NULL, 0),
(48, 'P000048', 'SMOKE DETECTOR', NULL, NULL, 2, 'BD-FC 00', 'BUSDEV', '103.1.2', 2, 4, 94, NULL, '[]', NULL, NULL, 'PC', 1, 1, '2', '2022-09-01 14:07:09', '2022-09-01 14:07:09', NULL, NULL, NULL, 0),
(49, 'P000049', 'BENCH/SOFA/KURSI CREDENZA ', NULL, NULL, 2, 'BD-NS-FC 49', 'BUSDEV', '103.1.3', 2, 4, 94, NULL, '[]', NULL, NULL, 'PC', 1, 1, '2', '2022-09-01 14:07:09', '2022-09-01 14:07:09', NULL, NULL, NULL, 0),
(50, 'P000050', 'KURSI DAN STOOL', NULL, NULL, 2, 'BD-NS-FC 49', 'BUSDEV', '103.1.3', 2, 4, 94, NULL, '[]', NULL, NULL, 'PC', 1, 1, '2', '2022-09-01 14:07:09', '2022-09-01 14:07:09', NULL, NULL, NULL, 0),
(51, 'P000051', 'OFFICE FURNITURE', NULL, NULL, 2, 'BD-NS-FC 49', 'BUSDEV', '103.1.3', 2, 4, 94, NULL, '[]', NULL, NULL, 'PC', 1, 1, '2', '2022-09-01 14:07:10', '2022-09-01 14:07:10', NULL, NULL, NULL, 0),
(52, 'P000052', 'PADDED SHOWCASE ', NULL, NULL, 2, 'BD-NS-FC 49', 'BUSDEV', '103.1.3', 2, 4, 94, NULL, '[]', NULL, NULL, 'PC', 1, 1, '2', '2022-09-01 14:07:11', '2022-09-01 14:07:11', NULL, NULL, NULL, 0),
(53, 'P000053', 'COFFE TABLE ', NULL, NULL, 2, 'BD-NS-FC 49', 'BUSDEV', '103.1.3', 2, 4, 94, NULL, '[]', NULL, NULL, 'PC', 1, 1, '2', '2022-09-01 14:07:11', '2022-09-01 14:07:11', NULL, NULL, NULL, 0),
(54, 'P000054', 'WALL DISPLAY', NULL, NULL, 2, 'BD-NS-FC 49', 'VM', '103.1.3', 2, 4, 94, NULL, '[]', NULL, NULL, 'PC', 1, 1, '2', '2022-09-01 14:07:12', '2022-09-01 14:07:12', NULL, NULL, NULL, 0),
(55, 'P000055', 'SHOWCASE ', NULL, NULL, 2, 'BD-NS-FC 49', 'BUSDEV', '103.1.3', 2, 4, 94, NULL, '[]', NULL, NULL, 'PC', 1, 1, '2', '2022-09-01 14:07:14', '2022-09-01 14:07:14', NULL, NULL, NULL, 0),
(56, 'P000056', 'KURSI SM & AE ', NULL, NULL, 2, 'BD-NS-FC 49', 'BUSDEV', '103.1.3', 2, 4, 94, NULL, '[]', NULL, NULL, 'PC', 1, 1, '2', '2022-09-01 14:07:16', '2022-09-01 14:07:16', NULL, NULL, NULL, 0),
(57, 'P000057', 'BOX LACI ', NULL, NULL, 2, 'BD-NS-FC 49', 'BUSDEV', '103.1.3', 2, 4, 94, NULL, '[]', NULL, NULL, 'PC', 1, 1, '2', '2022-09-01 14:07:16', '2022-09-01 14:07:16', NULL, NULL, NULL, 0),
(58, 'P000058', 'LIGHTING ', NULL, NULL, 2, 'BD-NS-FC 49', 'BUSDEV', '103.1.4', 2, 4, 94, NULL, '[]', NULL, NULL, 'PC', 1, 1, '2', '2022-09-01 14:07:17', '2022-09-01 14:07:17', NULL, NULL, NULL, 0),
(59, 'P000059', 'ACCESSORIES', NULL, NULL, 2, 'BD-NS-FC 49', 'BUSDEV', '103.1.5', 2, 4, 94, NULL, '[]', NULL, NULL, 'PC', 1, 1, '2', '2022-09-01 14:07:17', '2022-09-01 14:07:17', NULL, NULL, NULL, 0),
(60, 'P000060', 'ELECTRICAL', NULL, NULL, 2, 'BD-NS-FC 49', 'BUSDEV', '103.1.5', 2, 4, 94, NULL, '[]', NULL, NULL, 'PC', 1, 1, '2', '2022-09-01 14:07:17', '2022-09-01 14:07:17', NULL, NULL, NULL, 0),
(61, 'P000061', 'DUCTING PU/AC', NULL, NULL, 2, 'BD-NS-FC 49', 'BUSDEV', '103.1.5', 2, 4, 94, NULL, '[]', NULL, NULL, 'PC', 1, 1, '2', '2022-09-01 14:07:18', '2022-09-01 14:07:18', NULL, NULL, NULL, 0),
(62, 'P000062', 'ALARM ', NULL, NULL, 2, 'BD-FC 00', 'BUSDEV', '103.1.6', 2, 4, 94, NULL, '[]', NULL, NULL, 'PC', 1, 1, '2', '2022-09-01 14:07:18', '2022-09-01 14:07:18', NULL, NULL, NULL, 0),
(63, 'P000063', 'APAR 6KG', NULL, NULL, 2, 'BD-FC 00', 'BUSDEV', '103.1.6', 2, 4, 94, NULL, '[]', NULL, NULL, 'PC', 1, 1, '2', '2022-09-01 14:07:19', '2022-09-01 14:07:19', NULL, NULL, NULL, 0),
(64, 'P000064', 'DISPENSER', NULL, NULL, 2, 'BD-FC 00', 'BUSDEV', '103.1.6', 2, 4, 94, NULL, '[]', NULL, NULL, 'PC', 1, 1, '2', '2022-09-01 14:07:20', '2022-09-01 14:07:20', NULL, NULL, NULL, 0),
(65, 'P000065', 'EXHAUST UNTUK RUANG TUKANG', NULL, NULL, 2, 'BD-FC 00', 'BUSDEV', '103.1.6', 2, 4, 94, NULL, '[]', NULL, NULL, 'PC', 1, 1, '2', '2022-09-01 14:07:21', '2022-09-01 14:07:21', NULL, NULL, NULL, 0),
(66, 'P000066', 'KULKAS', NULL, NULL, 2, 'BD-FC 00', 'BUSDEV', '103.1.6', 2, 4, 94, NULL, '[]', NULL, NULL, 'PC', 1, 1, '2', '2022-09-01 14:07:21', '2022-09-01 14:07:21', NULL, NULL, NULL, 0),
(67, 'P000067', 'MINILAB GEMAX ', NULL, NULL, 2, 'BD-FC 00', 'BUSDEV', '103.1.6', 2, 4, 94, NULL, '[]', NULL, NULL, 'PC', 1, 1, '2', '2022-09-01 14:07:22', '2022-09-01 14:07:22', NULL, NULL, NULL, 0),
(68, 'P000068', 'ADAPTOR CAMERA MINILAB ', NULL, NULL, 2, 'BD-FC 00', 'BUSDEV', '103.1.6', 2, 4, 94, NULL, '[]', NULL, NULL, 'PC', 1, 1, '2', '2022-09-01 14:07:22', '2022-09-01 14:07:22', NULL, NULL, NULL, 0),
(69, 'P000069', 'RAIL MONITOR ', NULL, NULL, 2, 'BD-FC 00', 'BUSDEV', '103.1.6', 2, 4, 94, NULL, '[]', NULL, NULL, 'PC', 1, 1, '2', '2022-09-01 14:07:23', '2022-09-01 14:07:23', NULL, NULL, NULL, 0),
(70, 'P000070', 'TROLY BARANG', NULL, NULL, 2, 'BD-FC 00', 'BUSDEV', '103.1.6', 2, 4, 94, NULL, '[]', NULL, NULL, 'PC', 1, 1, '2', '2022-09-01 14:07:24', '2022-09-01 14:07:24', NULL, NULL, NULL, 0),
(71, 'P000071', 'CCTV', NULL, NULL, 2, 'BD-FC 00', 'BUSDEV', '103.1.6', 2, 4, 94, NULL, '[]', NULL, NULL, 'PC', 1, 1, '2', '2022-09-01 14:07:24', '2022-09-01 14:07:24', NULL, NULL, NULL, 0),
(72, 'P000072', 'UPS KARATIMETER', NULL, NULL, 2, 'BD-FC 00', 'BUSDEV', '103.1.6', 2, 4, 94, NULL, '[]', NULL, NULL, 'PC', 1, 1, '2', '2022-09-01 14:07:25', '2022-09-01 14:07:25', NULL, NULL, NULL, 0),
(73, 'P000073', 'KABEL CANARE AKAI TO RCA 1 METER (2 PC)', NULL, NULL, 2, 'BD-FC 00', 'BUSDEV', '103.1.6', 2, 4, 94, NULL, '[]', NULL, NULL, 'PC', 1, 1, '2', '2022-09-01 14:07:25', '2022-09-01 14:07:25', NULL, NULL, NULL, 0),
(74, 'P000074', 'KABEL BNC TO AV (FOR CAMERA MINILAB)', NULL, NULL, 2, 'BD-FC 00', 'BUSDEV', '103.1.6', 2, 4, 94, NULL, '[]', NULL, NULL, 'PC', 1, 1, '2', '2022-09-01 14:07:26', '2022-09-01 14:07:26', NULL, NULL, NULL, 0),
(75, 'P000075', 'TV 48/49', NULL, NULL, 2, 'BD-FC 00', 'BUSDEV', '103.1.6', 2, 4, 94, NULL, '[]', NULL, NULL, 'PC', 1, 1, '2', '2022-09-01 14:07:26', '2022-09-01 14:07:26', NULL, NULL, NULL, 0),
(76, 'P000076', 'AMPLIFIER', NULL, NULL, 2, 'BD-FC 00', 'BUSDEV', '103.1.6', 2, 4, 94, NULL, '[]', NULL, NULL, 'PC', 1, 1, '2', '2022-09-01 14:07:26', '2022-09-01 14:07:26', NULL, NULL, NULL, 0),
(77, 'P000077', 'EXTERNAL CABLE 120CM', NULL, NULL, 2, 'BD-FC 00', 'BUSDEV', '103.1.6', 2, 4, 94, NULL, '[]', NULL, NULL, 'PC', 1, 1, '2', '2022-09-01 14:07:27', '2022-09-01 14:07:27', NULL, NULL, NULL, 0),
(78, 'P000078', 'KABEL CANARE STANDAR PLUS JACK CANON XLR FEMALE TO MALE (2PC', NULL, NULL, 2, 'BD-FC 00', 'BUSDEV', '103.1.6', 2, 4, 94, NULL, '[]', NULL, NULL, 'PC', 1, 1, '2', '2022-09-01 14:07:27', '2022-09-01 14:07:27', NULL, NULL, NULL, 0),
(79, 'P000079', 'MICROWAVE', NULL, NULL, 2, 'BD-FC 00', 'BUSDEV', '103.1.6', 2, 4, 94, NULL, '[]', NULL, NULL, 'PC', 1, 1, '2', '2022-09-01 14:07:27', '2022-09-01 14:07:27', NULL, NULL, NULL, 0),
(80, 'P000080', 'MINILAB KRUSS', NULL, NULL, 2, 'BD-FC 00', 'BUSDEV', '103.1.6', 2, 4, 94, NULL, '[]', NULL, NULL, 'PC', 1, 1, '2', '2022-09-01 14:07:28', '2022-09-01 14:07:28', NULL, NULL, NULL, 0),
(81, 'P000081', 'SPEAKER', NULL, NULL, 2, 'BD-FC 00', 'BUSDEV', '103.1.6', 2, 4, 94, NULL, '[]', NULL, NULL, 'PC', 1, 1, '2', '2022-09-01 14:07:28', '2022-09-01 14:07:28', NULL, NULL, NULL, 0),
(82, 'P000082', 'STABILIZER (KARATIMETER)', NULL, NULL, 2, 'BD-FC 00', 'BUSDEV', '103.1.6', 2, 4, 94, NULL, '[]', NULL, NULL, 'PC', 1, 1, '2', '2022-09-01 14:07:28', '2022-09-01 14:07:28', NULL, NULL, NULL, 0),
(83, 'P000083', 'TELEFON', NULL, NULL, 2, 'BD-FC 00', 'BUSDEV', '103.1.6', 2, 4, 94, NULL, '[]', NULL, NULL, 'PC', 1, 1, '2', '2022-09-01 14:07:29', '2022-09-01 14:07:29', NULL, NULL, NULL, 0),
(84, 'P000084', 'KIPAS ANGIN / AIR CONDITIONER ', NULL, NULL, 2, 'BD-FC 00', 'BUSDEV', '103.1.6', 2, 4, 94, NULL, '[]', NULL, NULL, 'PC', 1, 1, '2', '2022-09-01 14:07:30', '2022-09-01 14:07:30', NULL, NULL, NULL, 0),
(85, 'P000085', 'CAMERA MINILAB', NULL, NULL, 2, 'BD-FC 00', 'BUSDEV', '103.1.6', 2, 4, 94, NULL, '[]', NULL, NULL, 'PC', 1, 1, '2', '2022-09-01 14:07:30', '2022-09-01 14:07:30', NULL, NULL, NULL, 0),
(86, 'P000086', 'STABILIZER (MINILAB)', NULL, NULL, 2, 'BD-FC 00', 'BUSDEV', '103.1.6', 2, 4, 94, NULL, '[]', NULL, NULL, 'PC', 1, 1, '2', '2022-09-01 14:07:30', '2022-09-01 14:07:30', NULL, NULL, NULL, 0),
(87, 'P000087', 'TV LED TRANSPARANT 55 INCH ', NULL, NULL, 2, 'BD-FC 00', 'BUSDEV', '103.1.6', 2, 4, 94, NULL, '[]', NULL, NULL, 'PC', 1, 1, '2', '2022-09-01 14:07:31', '2022-09-01 14:07:31', NULL, NULL, NULL, 0),
(88, 'P000088', 'TV FOREVER MARK (FC 43-55 INCH)', NULL, NULL, 2, 'BD-FC 00', 'BUSDEV', '103.1.6', 2, 4, 94, NULL, '[]', NULL, NULL, 'PC', 1, 1, '2', '2022-09-01 14:07:31', '2022-09-01 14:07:31', NULL, NULL, NULL, 0),
(89, 'P000089', 'LAIN-LAIN FITOUT', NULL, NULL, 2, 'BD-FC 00', 'BUSDEV', '103.1.6', 2, 4, 94, NULL, '[]', NULL, NULL, 'PC', 1, 1, '2', '2022-09-01 14:07:31', '2022-09-01 14:07:31', NULL, NULL, NULL, 0),
(90, 'P000090', 'KABEL AMPLIFIER ', NULL, NULL, 2, 'BD-FC 00', 'BUSDEV', '103.1.6', 2, 4, 94, NULL, '[]', NULL, NULL, 'PC', 1, 1, '2', '2022-09-01 14:07:32', '2022-09-01 14:07:32', NULL, NULL, NULL, 0),
(91, 'P000091', 'COOLING FAN AMPLIFIER ', NULL, NULL, 2, 'BD-FC 00', 'BUSDEV', '103.1.6', 2, 4, 94, NULL, '[]', NULL, NULL, 'PC', 1, 1, '2', '2022-09-01 14:07:32', '2022-09-01 14:07:32', NULL, NULL, NULL, 0),
(92, 'P000092', 'BRANKAS', NULL, NULL, 2, 'BD-FC 00', 'BUSDEV', '103.1.6', 2, 4, 94, NULL, '[]', NULL, NULL, 'PC', 1, 1, '2', '2022-09-01 14:07:32', '2022-09-01 14:07:32', NULL, NULL, NULL, 0),
(93, 'P000093', 'EXHAUST UNTUK MESIN GETAR', NULL, NULL, 2, 'BD-FC 00', 'BUSDEV', '103.1.6', 2, 4, 94, NULL, '[]', NULL, NULL, 'PC', 1, 1, '2', '2022-09-01 14:07:33', '2022-09-01 14:07:33', NULL, NULL, NULL, 0),
(94, 'P000094', 'GREASE TRAP', NULL, NULL, 2, 'BD-FC 00', 'BUSDEV', '103.1.6', 2, 4, 94, NULL, '[]', NULL, NULL, 'PC', 1, 1, '2', '2022-09-01 14:07:33', '2022-09-01 14:07:33', NULL, NULL, NULL, 0),
(95, 'P000095', 'KUNCI SHOWCASE', NULL, NULL, 2, 'BD-FC 00', 'BUSDEV', '103.1.6', 2, 4, 94, NULL, '[]', NULL, NULL, 'PC', 1, 1, '2', '2022-09-01 14:07:34', '2022-09-01 14:07:34', NULL, NULL, NULL, 0),
(96, 'P000096', 'MESIN KARATIMETER', NULL, NULL, 2, 'BD-FC 00', 'BUSDEV', '103.1.6', 2, 4, 94, NULL, '[]', NULL, NULL, 'PC', 1, 1, '2', '2022-09-01 14:07:34', '2022-09-01 14:07:34', NULL, NULL, NULL, 0),
(97, 'P000097', 'MIC AND SPEAKER SET', NULL, NULL, 2, 'BD-FC 00', 'BUSDEV', '103.1.6', 2, 4, 94, NULL, '[]', NULL, NULL, 'PC', 1, 1, '2', '2022-09-01 14:07:35', '2022-09-01 14:07:35', NULL, NULL, NULL, 0),
(98, 'P000098', 'KABEL DC FEMALE (FOR CAMERA MINILAB)', NULL, NULL, 2, 'BD-FC 00', 'BUSDEV', '103.1.6', 2, 4, 94, NULL, '[]', NULL, NULL, 'PC', 1, 1, '2', '2022-09-01 14:07:35', '2022-09-01 14:07:35', NULL, NULL, NULL, 0),
(99, 'P000099', 'STEKER KAKI 3 (FOR CAMERA MINILAB)', NULL, NULL, 2, 'BD-FC 00', 'BUSDEV', '103.1.6', 2, 4, 94, NULL, '[]', NULL, NULL, 'PC', 1, 1, '2', '2022-09-01 14:07:36', '2022-09-01 14:07:36', NULL, NULL, NULL, 0),
(100, 'P000100', 'TANGGA', NULL, NULL, 2, 'BD-FC 00', 'BUSDEV', '103.1.6', 2, 4, 94, NULL, '[]', NULL, NULL, 'PC', 1, 1, '2', '2022-09-01 14:07:37', '2022-09-01 14:07:37', NULL, NULL, NULL, 0),
(101, 'P000101', 'TV 32 INCH', NULL, NULL, 2, 'BD-FC 00', 'BUSDEV', '103.1.6', 2, 4, 94, NULL, '[]', NULL, NULL, 'PC', 1, 1, '2', '2022-09-01 14:07:38', '2022-09-01 14:07:38', NULL, NULL, NULL, 0),
(102, 'P000102', 'HYGROMETER ', NULL, NULL, 2, 'BD-FC 00', 'BUSDEV', '103.1.6', 2, 4, 94, NULL, '[]', NULL, NULL, 'PC', 1, 1, '2', '2022-09-01 14:07:39', '2022-09-01 14:07:39', NULL, NULL, NULL, 0),
(103, 'P000103', 'VACUUM CLEANER ', NULL, NULL, 2, 'BD-FC 00', 'BUSDEV', '103.1.6', 2, 4, 94, NULL, '[]', NULL, NULL, 'PC', 1, 1, '2', '2022-09-01 14:07:39', '2022-09-01 14:07:39', NULL, NULL, NULL, 0),
(104, 'P000104', 'VIDEOTRON', NULL, NULL, 2, 'BD-FC 00', 'BUSDEV', '103.1.6', 2, 4, 94, NULL, '[]', NULL, NULL, 'PC', 1, 1, '2', '2022-09-01 14:07:40', '2022-09-01 14:07:40', NULL, NULL, NULL, 0),
(105, 'P000105', 'PERLENGKAPAN OFFICE & ALAT KEBERSIHAN', NULL, NULL, 2, 'BD-FC 00', 'BUSDEV', '103.1.6', 2, 4, 94, NULL, '[]', NULL, NULL, 'PC', 1, 1, '2', '2022-09-01 14:07:40', '2022-09-01 14:07:40', NULL, NULL, NULL, 0),
(106, 'P000106', 'MONEY DETECTOR', NULL, NULL, 2, 'BD-FC 00', 'BUSDEV', '103.1.6', 2, 4, 94, NULL, '[]', NULL, NULL, 'PC', 1, 1, '2', '2022-09-01 14:07:41', '2022-09-01 14:07:41', NULL, NULL, NULL, 0),
(107, 'P000107', 'ROLLER BLINDS', NULL, NULL, 2, 'BD-FC 00', 'BUSDEV', '103.1.6', 2, 4, 94, NULL, '[]', NULL, NULL, 'PC', 1, 1, '2', '2022-09-01 14:07:41', '2022-09-01 14:07:41', NULL, NULL, NULL, 0),
(108, 'P000108', 'TRANSPORTASI BARANG', NULL, NULL, 2, 'BD-MD 00', 'BUSDEV', '103.1.7', 2, 4, 94, NULL, '[]', NULL, NULL, 'PC', 1, 1, '2', '2022-09-01 14:07:42', '2022-09-01 14:07:42', NULL, NULL, NULL, 0),
(109, 'P000109', 'TIKET + BAGASI', NULL, NULL, 2, 'BD-MD 00', 'BUSDEV', '103.1.7', 2, 4, 94, NULL, '[]', NULL, NULL, 'PC', 1, 1, '2', '2022-09-01 14:07:42', '2022-09-01 14:07:42', NULL, NULL, NULL, 0),
(110, 'P000110', 'SEWA GUDANG', NULL, NULL, 2, 'BD-FC 00', 'BUSDEV', '103.1.9', 1, 1, 85, NULL, '[]', NULL, NULL, 'PC', 1, 1, '2', '2022-09-01 14:07:43', '2022-09-01 14:07:43', NULL, NULL, NULL, 0),
(111, 'P000111', 'AMPLAS BOSCH', NULL, NULL, 2, 'BD-FC 00', 'BUSDEV', '103.1.8', 1, 1, 4, NULL, '[]', NULL, 910000.00, 'PC', 1, 1, '2', '2022-09-01 14:07:43', '2022-09-01 14:07:43', NULL, NULL, NULL, 0),
(112, 'P000112', 'APAR 3KG', NULL, NULL, 2, 'BD-FC 00', 'BUSDEV', '103.1.6', 2, 4, 5, NULL, '[]', NULL, 1350000.00, 'PC', 1, 1, '2', '2022-09-01 14:07:45', '2022-09-01 14:07:45', NULL, NULL, NULL, 0),
(113, 'P000113', 'DUTY TAX PENGIRIMAN ', NULL, NULL, 2, NULL, 'GA', '108.1.15', 1, 1, 6, NULL, '[]', NULL, 7662296.00, 'PC', 1, 1, '2', '2022-09-01 14:07:46', '2022-09-01 14:07:46', NULL, NULL, NULL, 0),
(114, 'P000114', 'BOR BOSCH GMB 1600 RE', NULL, NULL, 2, 'BD-FC 00', 'BUSDEV', '103.1.8', 1, 1, 1, NULL, '[]', NULL, 1950000.00, 'PC', 1, 1, '2', '2022-09-01 14:07:46', '2022-09-01 14:07:46', NULL, NULL, NULL, 0),
(115, 'P000115', 'BOR CORDLESS BOSCH GSB 180 ( 2 BATERAI)', NULL, NULL, 2, 'BD-FC 00', 'BUSDEV', '103.1.8', 2, 4, 5, NULL, '[]', NULL, 2400000.00, 'PC', 1, 1, '2', '2022-09-01 14:07:47', '2022-09-01 14:07:47', NULL, NULL, NULL, 0),
(116, 'P000116', 'BRACKET TV LED 45-70INCH', NULL, NULL, 2, 'BD-FC 00', 'BUSDEV', '103.1.6', 1, 1, 1, NULL, '[]', NULL, 434500.00, 'PC', 1, 1, '2', '2022-09-01 14:07:48', '2022-09-01 14:07:48', NULL, NULL, NULL, 0),
(117, 'P000117', 'CARD PRINTER HITI CS-200E-300DPI', NULL, NULL, 2, 'IT-CPX-FC', 'IT', '104.1.4', 2, 4, 5, NULL, '[]', NULL, 13500000.00, 'PC', 1, 1, '2', '2022-09-01 14:07:48', '2022-09-01 14:07:48', NULL, NULL, NULL, 0),
(118, 'P000118', 'CARD PRINTER RIBBON HITI ', NULL, NULL, 2, NULL, 'SDA', '108.1.32', 1, 1, 1, NULL, '[]', NULL, 1000000.00, 'PC', 1, 1, '2', '2022-09-01 14:07:48', '2022-09-01 14:07:48', NULL, NULL, NULL, 0),
(119, 'P000119', 'CCTV CUSTOM UNTUK MINI LAB', NULL, NULL, 2, 'BD-FC 00', 'BUSDEV', '103.1.6', 2, 4, 5, NULL, '[]', NULL, 3200000.00, 'PC', 1, 1, '2', '2022-09-01 14:07:48', '2022-09-01 14:07:48', NULL, NULL, NULL, 0),
(120, 'P000120', 'GERGAJI KAYU BOSCH GKS 140', NULL, NULL, 2, 'BD-FC 00', 'BUSDEV', '103.1.8', 1, 1, 1, NULL, '[]', NULL, 1450000.00, 'PC', 1, 1, '2', '2022-09-01 14:07:49', '2022-09-01 14:07:49', NULL, NULL, NULL, 0),
(121, 'P000121', 'GERINDA BOSCH GWS 900 - 100S', NULL, NULL, 2, 'BD-FC 00', 'BUSDEV', '103.1.8', 1, 1, 1, NULL, '[]', NULL, 1070000.00, 'PC', 1, 1, '2', '2022-09-01 14:07:49', '2022-09-01 14:07:49', NULL, NULL, NULL, 0),
(122, 'P000122', 'GOOT SOLDER TQ95', NULL, NULL, 2, 'BD-FC 00', 'BUSDEV', '103.1.8', 1, 1, 1, NULL, '[]', NULL, 400000.00, 'PC', 1, 1, '2', '2022-09-01 14:07:49', '2022-09-01 14:07:49', NULL, NULL, NULL, 0),
(123, 'P000123', 'HEAT GUN BOSCH GHG', NULL, NULL, 2, 'BD-FC 00', 'BUSDEV', '103.1.8', 1, 1, 1, NULL, '[]', NULL, 935000.00, 'PC', 1, 1, '2', '2022-09-01 14:07:50', '2022-09-01 14:07:50', NULL, NULL, NULL, 0),
(124, 'P000124', 'JIGSAW KAYU BOSCH GST 700', NULL, NULL, 2, 'BD-FC 00', 'BUSDEV', '103.1.8', 1, 1, 1, NULL, '[]', NULL, 950000.00, 'PC', 1, 1, '2', '2022-09-01 14:07:50', '2022-09-01 14:07:50', NULL, NULL, NULL, 0),
(125, 'P000125', 'KABEL BELDEN CAT5E 305 M / ROL', NULL, NULL, 2, 'BD-FC 00', 'BUSDEV', '103.1.8', 1, 1, 1, NULL, '[]', NULL, 1520000.00, 'PC', 1, 1, '2', '2022-09-01 14:07:50', '2022-09-01 14:07:50', NULL, NULL, NULL, 0),
(126, 'P000126', 'KABEL HDMI 10M BAFO', NULL, NULL, 2, 'BD-FC 00', 'BUSDEV', '103.1.8', 1, 1, 1, NULL, '[]', NULL, 265000.00, 'PC', 1, 1, '2', '2022-09-01 14:07:51', '2022-09-01 14:07:51', NULL, NULL, NULL, 0),
(127, 'P000127', 'KABEL PERPANJANGAN USB', NULL, NULL, 2, 'BD-FC 00', 'BUSDEV', '103.1.8', 1, 1, 1, NULL, '[]', NULL, 75000.00, 'PC', 1, 1, '2', '2022-09-01 14:07:52', '2022-09-01 14:07:52', NULL, NULL, NULL, 0),
(128, 'P000128', 'KABEL USB 3.0 PANJANG 5M', NULL, NULL, 2, 'BD-FC 00', 'BUSDEV', '103.1.8', 1, 1, 1, NULL, '[]', NULL, 75000.00, 'PC', 1, 1, '2', '2022-09-01 14:07:52', '2022-09-01 14:07:52', NULL, NULL, NULL, 0),
(129, 'P000129', 'KAMERA CCTV DAHUA IPC-HDW625TA-IO (2.8MM) (HE) (SE)', NULL, NULL, 2, 'BD-FC 00', 'BUSDEV', '103.1.6', 2, 4, 5, NULL, '[]', NULL, 936364.00, 'PC', 1, 1, '2', '2022-09-01 14:07:52', '2022-09-01 14:07:52', NULL, NULL, NULL, 0),
(130, 'P000130', 'KEYBOARD', NULL, NULL, 2, 'IT-CPX-FC', 'IT', '104.1.4', 1, 1, 1, NULL, '[]', NULL, 165000.00, 'PC', 1, 1, '2', '2022-09-01 14:07:53', '2022-09-01 14:07:53', NULL, NULL, NULL, 0),
(131, 'P000131', 'KOMPRESOR OILLES LAKONI 130 X +SELANG 5M', NULL, NULL, 2, 'BD-FC 00', 'BUSDEV', '103.1.8', 1, 1, 7, NULL, '[]', NULL, 1425000.00, 'PC', 1, 1, '2', '2022-09-01 14:07:53', '2022-09-01 14:07:53', NULL, NULL, NULL, 0),
(132, 'P000132', 'KURSI DONATI TYPE DO 37', NULL, NULL, 2, 'BD-FC 00', 'BUSDEV', '103.1.6', 2, 4, 5, NULL, '[]', NULL, 753500.00, 'PC', 1, 1, '2', '2022-09-01 14:07:54', '2022-09-01 14:07:54', NULL, NULL, NULL, 0),
(133, 'P000133', 'KYORITSU TANG AMPERE TIPE 2007R', NULL, NULL, 2, 'BD-FC 00', 'BUSDEV', '103.1.8', 1, 1, 1, NULL, '[]', NULL, 950000.00, 'PC', 1, 1, '2', '2022-09-01 14:07:54', '2022-09-01 14:07:54', NULL, NULL, NULL, 0),
(134, 'P000134', 'LAPTOP A (CHIEF/GM/AM)', NULL, NULL, 6, 'IT-CPX-HLD', 'IT', '104.1.4', 2, 4, 5, NULL, '[]', NULL, 0.00, 'PC', 1, 1, '2', '2022-09-01 14:07:55', '2022-10-24 16:50:52', NULL, NULL, NULL, 0),
(135, 'P000135', 'LAPTOP A (IT DEVELOPMENT)', NULL, NULL, 6, 'IT-CPX-HLD', 'IT', '104.1.4', 2, 4, 5, NULL, '[]', NULL, 0.00, 'PC', 1, 1, '2', '2022-09-01 14:07:55', '2022-10-24 16:50:41', NULL, NULL, NULL, 0),
(136, 'P000136', 'LAPTOP B (JEWELLERY DESIGNER/JCAD/VM)', NULL, NULL, 6, 'IT-CPX-HLD', 'IT', '104.1.4', 2, 4, 5, NULL, '[]', NULL, 0.00, 'PC', 1, 1, '2', '2022-09-01 14:07:56', '2022-10-24 16:50:29', NULL, NULL, NULL, 0),
(137, 'P000137', 'LAPTOP B (MERCHANDISER/MANAGER/SM)', NULL, NULL, 6, 'IT-CPX-HLD', 'IT', '104.1.4', 2, 4, 5, NULL, '[]', NULL, 0.00, 'PC', 1, 1, '2', '2022-09-01 14:07:56', '2022-10-24 16:50:16', NULL, NULL, NULL, 0),
(138, 'P000138', 'LAPTOP C (SPV/COORDINATOR)', NULL, NULL, 6, 'IT-CPX-HLD', 'IT', '104.1.4', 2, 4, 5, NULL, '[]', NULL, 10800000.00, 'PC', 1, 1, '2', '2022-09-01 14:07:57', '2022-10-24 16:50:06', NULL, NULL, NULL, 0),
(139, 'P000139', 'LAPTOP D (STAFF/AE/JR)', NULL, NULL, 6, 'IT-CPX-HLD', 'IT', '104.1.4', 2, 4, 5, NULL, '[]', NULL, 7800000.00, 'PC', 1, 1, '2', '2022-09-01 14:07:57', '2022-10-24 16:49:55', NULL, NULL, NULL, 0),
(140, 'P000140', 'MEIJI JAPAN AIR PAINT BRUSH MP -3', NULL, NULL, 2, 'BD-FC 00', 'BUSDEV', '103.1.8', 2, 4, 5, NULL, '[]', NULL, 2300000.00, 'PC', 1, 1, '2', '2022-09-01 14:07:57', '2022-09-01 14:07:57', NULL, NULL, NULL, 0),
(141, 'P000141', 'MEIJI JAPAN SPRAY GUN F110 / G13', NULL, NULL, 2, 'BD-FC 00', 'BUSDEV', '103.1.8', 1, 1, 7, NULL, '[]', NULL, 1750000.00, 'PC', 1, 1, '2', '2022-09-01 14:07:58', '2022-09-01 14:07:58', NULL, NULL, NULL, 0),
(142, 'P000142', 'MESIN ABSENSI FINGER PRINT MAGIC PLUS MP5900', NULL, NULL, 2, 'BD-FC 00', 'BUSDEV', '103.1.6', 2, 4, 5, NULL, '[]', NULL, 2181818.00, 'PC', 1, 1, '2', '2022-09-01 14:07:58', '2022-09-01 14:07:58', NULL, NULL, NULL, 0),
(143, 'P000143', 'MESIN LAS LAKONI 900 W', NULL, NULL, 2, 'BD-FC 00', 'BUSDEV', '103.1.8', 2, 4, 5, NULL, '[]', NULL, 1200000.00, 'PC', 1, 1, '2', '2022-09-01 14:07:59', '2022-09-01 14:07:59', NULL, NULL, NULL, 0),
(144, 'P000144', 'MESIN POLES BOSCH', NULL, NULL, 2, 'BD-FC 00', 'BUSDEV', '103.1.8', 2, 4, 5, NULL, '[]', NULL, 1950000.00, 'PC', 1, 1, '2', '2022-09-01 14:07:59', '2022-09-01 14:07:59', NULL, NULL, NULL, 0),
(145, 'P000145', 'MIC WIRELESS SHURE BLX 288 PG 58', NULL, NULL, 2, 'BD-FC 00', 'BUSDEV', '103.1.6', 2, 4, 5, NULL, '[]', NULL, 1200750.00, 'PC', 1, 1, '2', '2022-09-01 14:08:00', '2022-09-01 14:08:00', NULL, NULL, NULL, 0),
(146, 'P000146', 'MICROSCOPE MINILAB KRUSS', NULL, NULL, 2, 'BD-FC 00', 'BUSDEV', '103.1.6', 2, 4, 5, NULL, '[]', NULL, 617.40, 'PC', 1, 1, '2', '2022-09-01 14:08:00', '2022-09-01 14:08:00', NULL, NULL, NULL, 0),
(147, 'P000147', 'MODEM WIFI 4G LTE', NULL, NULL, 2, 'BD-FC 00', 'BUSDEV', '103.1.6', 2, 4, 5, NULL, '[]', NULL, 325000.00, 'PC', 1, 1, '2', '2022-09-01 14:08:00', '2022-09-01 14:08:00', NULL, NULL, NULL, 0),
(148, 'P000148', 'MOUSE AE/JR/STAFF', NULL, NULL, 2, 'IT-CPX-FC', 'IT', '104.1.2.3', 1, 1, 1, '[{\"key\":\"MERK\",\"value\":\"LOGITECH\"}]', '[]', NULL, 60000.00, 'PC', 1, 1, '2', '2022-09-01 14:08:01', '2022-09-12 09:40:04', NULL, NULL, NULL, 0),
(149, 'P000149', 'MOUSE JC/SM/BM', NULL, NULL, 2, 'IT-CPX-FC', 'IT', '104.1.2.3', 1, 1, 1, NULL, '[]', NULL, 115000.00, 'PC', 1, 1, '2', '2022-09-01 14:08:01', '2022-09-01 14:08:01', NULL, NULL, NULL, 0),
(150, 'P000150', 'NAIL GUN TEKIRO F30C', NULL, NULL, 2, 'BD-FC 00', 'BUSDEV', '103.1.8', 1, 1, 1, NULL, '[]', NULL, 400000.00, 'PC', 1, 1, '2', '2022-09-01 14:08:01', '2022-09-01 14:08:01', NULL, NULL, NULL, 0),
(151, 'P000151', 'NUMERIC KEYBOARD AE/JR/STAFF', NULL, NULL, 2, 'IT-CPX-FC', 'IT', '104.1.4', 1, 1, 1, NULL, '[]', NULL, 160000.00, 'PC', 1, 1, '2', '2022-09-01 14:08:02', '2022-09-01 14:08:02', NULL, NULL, NULL, 0),
(152, 'P000152', 'NUMERIC KEYBOARD JC/SM/BM', NULL, NULL, 2, 'IT-CPX-FC', 'IT', '104.1.4', 1, 1, 1, NULL, '[]', NULL, 160000.00, 'PC', 1, 1, '2', '2022-09-01 14:08:02', '2022-09-01 14:08:02', NULL, NULL, NULL, 0),
(153, 'P000153', 'NVR DAHUA VNR5432-4KS2 (HE) (SE)', NULL, NULL, 2, 'BD-FC 00', 'BUSDEV', '103.1.6', 2, 4, 5, NULL, '[]', NULL, 7181816.00, 'PC', 1, 1, '2', '2022-09-01 14:08:02', '2022-09-01 14:08:02', NULL, NULL, NULL, 0),
(154, 'P000154', 'PORTS HUB USB REXUS RXH332 7 PORT TYPE C', NULL, NULL, 2, 'BD-FC 00', 'BUSDEV', '103.1.8', 1, 1, 1, NULL, '[]', NULL, 180000.00, 'PC', 1, 1, '2', '2022-09-01 14:08:03', '2022-09-01 14:08:03', NULL, NULL, NULL, 0),
(155, 'P000155', 'PRINTER EPSON L3210', NULL, NULL, 2, 'IT-CPX-FC', 'IT', '104.1.4', 2, 4, 5, NULL, '[]', NULL, 2450000.00, 'PC', 1, 1, '2', '2022-09-01 14:08:03', '2022-09-01 14:08:03', NULL, NULL, NULL, 0),
(156, 'P000156', 'ROUTER BOSCH GKF 550', NULL, NULL, 2, 'BD-FC 00', 'BUSDEV', '103.1.8', 1, 1, 1, NULL, '[]', NULL, 1075000.00, 'PC', 1, 1, '2', '2022-09-01 14:08:04', '2022-09-01 14:08:04', NULL, NULL, NULL, 0),
(157, 'P000157', 'SOUND MIXER PROEL MI-6', NULL, NULL, 2, 'BD-FC 00', 'BUSDEV', '103.1.6', 2, 4, 5, NULL, '[]', NULL, 872000.00, 'PC', 1, 1, '2', '2022-09-01 14:08:04', '2022-09-01 14:08:04', NULL, NULL, NULL, 0),
(158, 'P000158', 'STABILIZER', NULL, NULL, 2, 'BD-FC 00', 'BUSDEV', '103.1.6', 2, 4, 5, NULL, '[]', NULL, 2900000.00, 'PC', 1, 1, '2', '2022-09-01 14:08:04', '2022-09-01 14:08:04', NULL, NULL, NULL, 0),
(159, 'P000159', 'SWITCH HUB TP-LINK TL-SG1008MP POE', NULL, NULL, 2, 'BD-FC 00', 'BUSDEV', '103.1.6', 2, 4, 5, NULL, '[]', NULL, 1200000.00, 'PC', 1, 1, '2', '2022-09-01 14:08:05', '2022-09-01 14:08:05', NULL, NULL, NULL, 0),
(160, 'P000160', 'TAS CONSINA GOCTA 30 L', NULL, NULL, 2, 'BD-FC 00', 'BUSDEV', '103.1.6', 2, 4, 5, NULL, '[]', NULL, 400000.00, 'PC', 1, 1, '2', '2022-09-01 14:08:05', '2022-09-01 14:08:05', NULL, NULL, NULL, 0),
(161, 'P000161', 'TESTPEN VESSEL TD 1300L', NULL, NULL, 2, 'BD-FC 00', 'BUSDEV', '103.1.8', 2, 4, 5, NULL, '[]', NULL, 175000.00, 'PC', 1, 1, '2', '2022-09-01 14:08:05', '2022-09-01 14:08:05', NULL, NULL, NULL, 0),
(162, 'P000162', 'TV 20INCH', NULL, NULL, 2, 'BD-FC 00', 'BUSDEV', '103.1.6', 2, 4, 5, NULL, '[]', NULL, 1650000.00, 'PC', 1, 1, '2', '2022-09-01 14:08:06', '2022-09-01 14:08:06', NULL, NULL, NULL, 0),
(163, 'P000163', 'TV 43 INCH', NULL, NULL, 2, 'BD-FC 00', 'BUSDEV', '103.1.6', 2, 4, 5, NULL, '[]', NULL, 5950000.00, 'PC', 1, 1, '2', '2022-09-01 14:08:06', '2022-09-01 14:08:06', NULL, NULL, NULL, 0),
(164, 'P000164', 'TV 50INCH ', NULL, NULL, 2, 'BD-FC 00', 'BUSDEV', '103.1.6', 2, 4, 5, NULL, '[]', NULL, 7300000.00, 'PC', 1, 1, '2', '2022-09-01 14:08:07', '2022-09-01 14:08:07', NULL, NULL, NULL, 0),
(165, 'P000165', 'UPS ICA ONLINE 1000S', NULL, NULL, 2, 'BD-FC 00', 'BUSDEV', '103.1.6', 2, 4, 5, NULL, '[]', NULL, 4400000.00, 'PC', 1, 1, '2', '2022-09-01 14:08:07', '2022-09-01 14:08:07', NULL, NULL, NULL, 0),
(166, 'P000166', 'VACUM BASAH KERING BOSCH GAS 12-25', NULL, NULL, 2, 'BD-FC 00', 'BUSDEV', '103.1.6', 2, 4, 5, NULL, '[]', NULL, 3300000.00, 'PC', 1, 1, '2', '2022-09-01 14:08:07', '2022-09-01 14:08:07', NULL, NULL, NULL, 0),
(167, 'P000167', 'DIGITAL METER LASER', NULL, NULL, 2, 'BD-FC 00', 'BUSDEV', '103.1.6', 2, 4, 5, NULL, '[]', NULL, 325000.00, 'PC', 1, 1, '2', '2022-09-01 14:08:08', '2022-09-01 14:08:08', NULL, NULL, NULL, 0),
(168, 'P000168', 'SERVICE PERLENGKAPAN TOKO (TV, KULKAS, DISPENSER, MICROWAVE DLL)', NULL, NULL, 2, 'BD-FC 00', 'BUSDEV', '103.1.8', 1, 1, 15, NULL, '[]', NULL, NULL, 'PC', 1, 1, '2', '2022-09-01 14:08:08', '2022-09-01 14:08:08', NULL, NULL, NULL, 0),
(169, 'P000169', 'LAMPU SHOWCASE', NULL, NULL, 2, 'BD-FC 00', 'BUSDEV', '103.1.8', 1, 1, 15, NULL, '[]', NULL, NULL, 'PC', 1, 1, '2', '2022-09-01 14:08:09', '2022-09-01 14:08:09', NULL, NULL, NULL, 0),
(170, 'P000170', 'CUCI SOFA/KURSI/KARPET', NULL, NULL, 2, 'BD-FC 00', 'BUSDEV', '103.1.8', 1, 1, 15, NULL, '[]', NULL, NULL, 'PC', 1, 1, '2', '2022-09-01 14:08:09', '2022-09-01 14:08:09', NULL, NULL, NULL, 0),
(171, 'P000171', 'POLES MARMER', NULL, NULL, 2, 'BD-FC 00', 'BUSDEV', '103.1.8', 1, 1, 15, NULL, '[]', NULL, NULL, 'PC', 1, 1, '2', '2022-09-01 14:08:10', '2022-09-01 14:08:10', NULL, NULL, NULL, 0),
(172, 'P000172', 'PERBAIKAN PINTU', NULL, NULL, 2, 'BD-FC 00', 'BUSDEV', '103.1.8', 1, 1, 15, NULL, '[]', NULL, NULL, 'PC', 1, 1, '2', '2022-09-01 14:08:10', '2022-09-01 14:08:10', NULL, NULL, NULL, 0),
(173, 'P000173', 'PERBAIKAN ROLLING DOOR', NULL, NULL, 2, 'BD-FC 00', 'BUSDEV', '103.1.8', 1, 1, 15, NULL, '[]', NULL, NULL, 'PC', 1, 1, '2', '2022-09-01 14:08:10', '2022-09-01 14:08:10', NULL, NULL, NULL, 0),
(174, 'P000174', 'SERVICE ALARM', NULL, NULL, 2, 'BD-FC 00', 'BUSDEV', '103.1.8', 1, 1, 15, NULL, '[]', NULL, NULL, 'PC', 1, 1, '2', '2022-09-01 14:08:11', '2022-09-01 14:08:11', NULL, NULL, NULL, 0),
(175, 'P000175', 'ALAT KERJA FITOUT/MAINTENANCE', NULL, NULL, 2, 'BD-FC 00', 'BUSDEV', '103.1.8', 1, 1, 15, NULL, '[]', NULL, NULL, 'PC', 1, 1, '2', '2022-09-01 14:08:11', '2022-09-01 14:08:11', NULL, NULL, NULL, 0),
(176, 'P000176', 'LAMPU/CEILING TOKO', NULL, NULL, 2, 'BD-FC 00', 'BUSDEV', '103.1.8', 1, 1, 15, NULL, '[]', NULL, NULL, 'PC', 1, 1, '2', '2022-09-01 14:08:11', '2022-09-01 14:08:11', NULL, NULL, NULL, 0),
(177, 'P000177', 'PERBAIKAN BRANKAS', NULL, NULL, 2, 'BD-FC 00', 'BUSDEV', '103.1.8', 1, 1, 15, NULL, '[]', NULL, NULL, 'PC', 1, 1, '2', '2022-09-01 14:08:12', '2022-09-01 14:08:12', NULL, NULL, NULL, 0),
(178, 'P000178', 'CUCI AC', NULL, NULL, 2, 'BD-FC 00', 'BUSDEV', '103.1.8', 1, 1, 15, NULL, '[]', NULL, NULL, 'PC', 1, 1, '2', '2022-09-01 14:08:12', '2022-09-01 14:08:12', NULL, NULL, NULL, 0),
(179, 'P000179', 'BOOKLET', NULL, NULL, 3, NULL, 'MARKETING', '101.1.4', 1, 1, 8, NULL, '[]', NULL, 13500.00, 'PC', 1, 1, '2', '2022-09-01 14:08:13', '2022-09-01 14:08:13', NULL, NULL, NULL, 0),
(180, 'P000180', 'DESIGN ANGPAO', NULL, NULL, 3, NULL, 'MARKETING', '101.1.4', 1, 5, 9, NULL, '[]', NULL, 53615385.00, 'PC', 1, 1, '2', '2022-09-01 14:08:13', '2022-09-01 14:08:13', NULL, NULL, NULL, 0),
(181, 'P000181', 'FLYER MEDIA PROMOSI', NULL, NULL, 3, NULL, 'MARKETING', '101.1.4', 1, 5, 10, NULL, '[]', NULL, 425.00, 'PC', 1, 1, '2', '2022-09-01 14:08:13', '2022-09-01 14:08:13', NULL, NULL, NULL, 0),
(182, 'P000182', 'PEMBELIAN FOTO/GAMBAR', NULL, NULL, 3, NULL, 'MARKETING', '101.1.2', 1, 6, 11, NULL, '[]', NULL, 199.00, 'PC', 1, 1, '2', '2022-09-01 14:08:14', '2022-09-01 14:08:14', NULL, NULL, NULL, 0),
(183, 'P000183', 'MANDAYS PACKAGE CRM', NULL, NULL, 4, NULL, 'CRM', '115.1.2', 1, 6, 12, NULL, '[]', NULL, 440000000.00, 'PC', 1, 1, '2', '2022-09-01 14:08:14', '2022-09-01 14:08:14', NULL, NULL, NULL, 0),
(184, 'P000184', 'EMAIL BLAST', NULL, NULL, 4, NULL, 'CRM', '115.1.5', 1, 6, 12, NULL, '[]', NULL, 20.00, 'PC', 1, 1, '2', '2022-09-01 14:08:14', '2022-09-01 14:08:14', NULL, NULL, NULL, 0),
(185, 'P000185', 'SOCIAL MEDIA MAINTENANCE', NULL, NULL, 4, NULL, 'MARKETING', '101.1.2', 1, 6, 12, NULL, '[]', NULL, 35714286.00, 'PC', 1, 1, '2', '2022-09-01 14:08:15', '2022-09-01 14:08:15', NULL, NULL, NULL, 0),
(186, 'P000186', 'HOSTING FEE', NULL, NULL, 4, NULL, 'CRM', '115.1.1', 1, 6, 12, NULL, '[]', NULL, 3000000.00, 'PC', 1, 1, '2', '2022-09-01 14:08:15', '2022-09-01 14:08:15', NULL, NULL, NULL, 0),
(187, 'P000187', 'KRISFLYER FEE', NULL, NULL, 4, NULL, 'CRM', '115.1.4', 1, 7, 13, NULL, '[]', NULL, 246.40, 'PC', 1, 1, '2', '2022-09-01 14:08:15', '2022-09-01 14:08:15', NULL, NULL, NULL, 0),
(188, 'P000188', 'VOUCHER HOTEL', NULL, NULL, 4, NULL, 'CRM', '115.1.4', 1, 7, 13, NULL, '[]', NULL, NULL, 'PC', 1, 1, '2', '2022-09-01 14:08:16', '2022-09-01 14:08:16', NULL, NULL, NULL, 0),
(189, 'P000189', 'VOUCHER F&B', NULL, NULL, 4, NULL, 'CRM', '115.1.4', 1, 7, 13, NULL, '[]', NULL, NULL, 'PC', 1, 1, '2', '2022-09-01 14:08:17', '2022-09-01 14:08:17', NULL, NULL, NULL, 0),
(190, 'P000190', 'SHOPPING VOUCHER (MAP)', NULL, NULL, 4, NULL, 'CRM', '115.1.4', 1, 7, 13, NULL, '[]', NULL, NULL, 'PC', 1, 1, '2', '2022-09-01 14:08:17', '2022-09-01 14:08:17', NULL, NULL, NULL, 0),
(191, 'P000191', 'VOUCHER ENTERTAINMENT (XXI)', NULL, NULL, 4, NULL, 'CRM', '115.1.4', 1, 7, 13, NULL, '[]', NULL, NULL, 'PC', 1, 1, '2', '2022-09-01 14:08:18', '2022-09-01 14:08:18', NULL, NULL, NULL, 0),
(192, 'P000192', 'LISENSI FRESHDESK', NULL, NULL, 4, NULL, 'CRM', '115.1.2', 1, 6, 12, NULL, '[]', NULL, 250.00, 'PC', 1, 1, '2', '2022-09-01 14:08:19', '2022-09-01 14:08:19', NULL, NULL, NULL, 0),
(193, 'P000193', 'MINI GAMES - DIAMOND EDUCATION GAMES (ADJUSMENT + MAINTENANCE)', NULL, NULL, 4, NULL, 'CRM', '115.1.2', 1, 6, 12, NULL, '[]', NULL, NULL, 'PC', 1, 1, '2', '2022-09-01 14:08:20', '2022-09-01 14:08:20', NULL, NULL, NULL, 0),
(194, 'P000194', 'CMK CLUB PROGRAM (ANNIVERSARY, GAMES, SIGN UP PROMOTION, GWP & PENGUNDIAN)', NULL, NULL, 4, NULL, 'CRM', '115.1.6', 1, 7, 13, NULL, '[]', NULL, NULL, 'PC', 1, 1, '2', '2022-09-01 14:08:21', '2022-09-01 14:08:21', NULL, NULL, NULL, 0),
(195, 'P000195', 'GARUDA MILES FESTIVAL ONLINE & OFFLINE', NULL, NULL, 4, NULL, 'CRM', '115.1.6', 1, 7, 13, NULL, '[]', NULL, NULL, 'PC', 1, 1, '2', '2022-09-01 14:08:22', '2022-09-01 14:08:22', NULL, NULL, NULL, 0),
(196, 'P000196', 'DIAMOND WORKSHOP FOR PARTNERS', NULL, NULL, 4, NULL, 'CRM', '115.1.6', 1, 7, 13, NULL, '[]', NULL, NULL, 'PC', 1, 1, '2', '2022-09-01 14:08:23', '2022-09-01 14:08:23', NULL, NULL, NULL, 0),
(197, 'P000197', 'COLLABORATION WITH MAP CLUB', NULL, NULL, 4, NULL, 'CRM', '115.1.6', 1, 7, 13, NULL, '[]', NULL, NULL, 'PC', 1, 1, '2', '2022-09-01 14:08:24', '2022-09-01 14:08:24', NULL, NULL, NULL, 0),
(198, 'P000198', 'COLLABORATION WITH BOGA', NULL, NULL, 4, NULL, 'CRM', '115.1.6', 1, 7, 13, NULL, '[]', NULL, NULL, 'PC', 1, 1, '2', '2022-09-01 14:08:25', '2022-09-01 14:08:25', NULL, NULL, NULL, 0),
(199, 'P000199', 'COLLABORATION WITH TRAVELOKA', NULL, NULL, 4, NULL, 'CRM', '115.1.6', 1, 7, 13, NULL, '[]', NULL, NULL, 'PC', 1, 1, '2', '2022-09-01 14:08:25', '2022-09-01 14:08:25', NULL, NULL, NULL, 0),
(200, 'P000200', 'COLLABORATION WITH MAKE UP FOREVER', NULL, NULL, 4, NULL, 'CRM', '115.1.6', 1, 7, 13, NULL, '[]', NULL, NULL, 'PC', 1, 1, '2', '2022-09-01 14:08:25', '2022-09-01 14:08:25', NULL, NULL, NULL, 0),
(201, 'P000201', 'SMS BLAST', NULL, NULL, 4, NULL, 'CRM', '115.1.5', 1, 6, 12, NULL, '[]', NULL, 35517150.00, 'PC', 1, 1, '2', '2022-09-01 14:08:26', '2022-09-01 14:08:26', NULL, NULL, NULL, 0),
(202, 'P000202', 'WA BUSINESS (BLAST + OTP)', NULL, NULL, 4, NULL, 'CRM', '115.1.5', 1, 6, 12, NULL, '[]', NULL, NULL, 'PC', 1, 1, '2', '2022-09-01 14:08:27', '2022-09-01 14:08:27', NULL, NULL, NULL, 0),
(203, 'P000203', 'STORAGE GOOGLE DRIVE 2TB UNTUK BACKUP DATA', NULL, NULL, 4, 'IT-OPX-HLD', 'IT', '104.1.3', 1, 6, 12, NULL, '[]', NULL, 1498500.00, 'PC', 1, 1, '2', '2022-09-01 14:08:28', '2022-09-01 14:08:28', NULL, NULL, NULL, 0),
(204, 'P000204', 'SUBSCRIPTION FEE', NULL, NULL, 4, NULL, 'CRM', '115.1.1', 1, 6, 12, NULL, '[]', NULL, 55125000.00, 'PC', 1, 1, '2', '2022-09-01 14:08:29', '2022-09-01 14:08:29', NULL, NULL, NULL, 0),
(205, 'P000205', 'VOUCHER LAKU EMAS', NULL, NULL, 4, NULL, 'CRM', '115.1.3', 1, 7, 13, NULL, '[]', NULL, 20100000.00, 'PC', 1, 1, '2', '2022-09-01 14:08:30', '2022-09-01 14:08:30', NULL, NULL, NULL, 0),
(206, 'P000206', 'PEMBUATAN/REVAMP WEBSITE', NULL, NULL, 4, NULL, 'MARKETING', '101.1.2', 1, 6, 12, NULL, '[]', NULL, 160000000.00, 'PC', 1, 1, '2', '2022-09-01 14:08:31', '2022-09-01 14:08:31', NULL, NULL, NULL, 0),
(207, 'P000207', 'WEBSITE MAINTENANCE FEE', NULL, NULL, 4, NULL, 'MARKETING', '101.1.2', 1, 1, 15, NULL, '[]', NULL, 95000000.00, 'PC', 1, 1, '2', '2022-09-01 14:08:32', '2022-09-01 14:08:32', NULL, NULL, NULL, 0),
(208, 'P000208', 'ACCO/PAPER FASTENER', NULL, NULL, 5, NULL, 'GA', '108.1.32', 1, 1, 1, NULL, '[]', NULL, 12500.00, 'PC', 1, 1, '2', '2022-09-01 14:08:33', '2022-09-01 14:08:33', NULL, NULL, NULL, 0),
(209, 'P000209', 'ALAT ANTIGEN', NULL, NULL, 5, NULL, 'GA', '108.1.19', 1, 1, 16, NULL, '[]', NULL, 1700000.00, 'PC', 1, 1, '2', '2022-09-01 14:08:34', '2022-09-01 14:08:34', NULL, NULL, NULL, 0),
(210, 'P000210', 'ALAT TEST ANTIGEN', NULL, NULL, 5, NULL, 'GA', '108.1.19', 1, 1, 16, NULL, '[]', NULL, 975000.00, 'PC', 1, 1, '2', '2022-09-01 14:08:34', '2022-09-01 14:08:34', NULL, NULL, NULL, 0),
(211, 'P000211', 'ALUMUNIUM FOIL TAPE', NULL, NULL, 5, NULL, 'GA', '108.1.19', 1, 1, 16, NULL, '[]', NULL, 70000.00, 'PC', 1, 1, '2', '2022-09-01 14:08:34', '2022-09-01 14:08:34', NULL, NULL, NULL, 0),
(212, 'P000212', 'AMPLOP COKLAT MDM FOLIO (24X35 )', NULL, NULL, 5, NULL, 'GA', '108.1.32', 1, 1, 1, NULL, '[]', NULL, 35500.00, 'PC', 1, 1, '2', '2022-09-01 14:08:35', '2022-09-01 14:08:35', NULL, NULL, NULL, 0),
(213, 'P000213', 'AMPLOP COKLAT MDM KWARTO ( 21X27 )', NULL, NULL, 5, NULL, 'GA', '108.1.32', 1, 1, 1, NULL, '[]', NULL, 30000.00, 'PC', 1, 1, '2', '2022-09-01 14:08:35', '2022-09-01 14:08:35', NULL, NULL, NULL, 0),
(214, 'P000214', 'AMPLOP COKLAT NEURO 1/2 FOLIO', NULL, NULL, 5, NULL, 'GA', '108.1.32', 1, 1, 1, NULL, '[]', NULL, 26000.00, 'PC', 1, 1, '2', '2022-09-01 14:08:36', '2022-09-01 14:08:36', NULL, NULL, NULL, 0),
(215, 'P000215', 'AMPLOP COKLAT NEURO A3', NULL, NULL, 5, NULL, 'GA', '108.1.32', 1, 1, 1, NULL, '[]', NULL, 68500.00, 'PC', 1, 1, '2', '2022-09-01 14:08:36', '2022-09-01 14:08:36', NULL, NULL, NULL, 0),
(216, 'P000216', 'AMPLOP COKLAT NEURO A4', NULL, NULL, 5, NULL, 'GA', '108.1.32', 1, 1, 1, NULL, '[]', NULL, 33500.00, 'PC', 1, 1, '2', '2022-09-01 14:08:37', '2022-09-01 14:08:37', NULL, NULL, NULL, 0),
(217, 'P000217', 'AMPLOP COKLAT NEURO KABINET', NULL, NULL, 5, NULL, 'GA', '108.1.32', 1, 1, 1, NULL, '[]', NULL, 14500.00, 'PC', 1, 1, '2', '2022-09-01 14:08:37', '2022-09-01 14:08:37', NULL, NULL, NULL, 0),
(218, 'P000218', 'AMPLOP COKLAT NEURO MAP', NULL, NULL, 5, NULL, 'GA', '108.1.32', 1, 1, 1, NULL, '[]', NULL, 46500.00, 'PC', 1, 1, '2', '2022-09-01 14:08:37', '2022-09-01 14:08:37', NULL, NULL, NULL, 0),
(219, 'P000219', 'AMPLOP PUTIH ROYAL NO.104 (9,3X15,2 CM)', NULL, NULL, 5, NULL, 'GA', '108.1.32', 1, 1, 1, NULL, '[]', NULL, 14000.00, 'PC', 1, 1, '2', '2022-09-01 14:08:38', '2022-09-01 14:08:38', NULL, NULL, NULL, 0),
(220, 'P000220', 'AMPLOP PUTIH ROYAL NO.90 (11.5X23)', NULL, NULL, 5, NULL, 'GA', '108.1.32', 1, 1, 1, NULL, '[]', NULL, 21000.00, 'PC', 1, 1, '2', '2022-09-01 14:08:38', '2022-09-01 14:08:38', NULL, NULL, NULL, 0),
(221, 'P000221', 'BALLPOINT STANDARD BOLDLINER PRO 1.0 BIR', NULL, NULL, 5, NULL, 'GA', '108.1.32', 1, 1, 1, NULL, '[]', NULL, 12500.00, 'PC', 1, 1, '2', '2022-09-01 14:08:39', '2022-09-01 14:08:39', NULL, NULL, NULL, 0),
(222, 'P000222', 'BALLPOINT ZEBRA SARASA CLIP 1.0 HITAM', NULL, NULL, 5, NULL, 'GA', '108.1.32', 1, 1, 1, NULL, '[]', NULL, 14500.00, 'PC', 1, 1, '2', '2022-09-01 14:08:40', '2022-09-01 14:08:40', NULL, NULL, NULL, 0),
(223, 'P000223', 'BATERAI ABC AA ALKALINE (2 PER PACK)', NULL, NULL, 5, NULL, 'GA', '108.1.20', 1, 1, 4, NULL, '[]', NULL, 13000.00, 'PC', 1, 1, '2', '2022-09-01 14:08:42', '2022-09-01 14:08:42', NULL, NULL, NULL, 0),
(224, 'P000224', 'BATERAI ABC AAA ALKALINE (2 PER PACK)', NULL, NULL, 5, NULL, 'GA', '108.1.20', 1, 1, 4, NULL, '[]', NULL, 12000.00, 'PC', 1, 1, '2', '2022-09-01 14:08:42', '2022-09-01 14:08:42', NULL, NULL, NULL, 0),
(225, 'P000225', 'BAYGON AE FLOWER GARDEN 600ML', NULL, NULL, 5, NULL, 'GA', '108.1.20', 1, 1, 4, NULL, '[]', NULL, 32500.00, 'PC', 1, 1, '2', '2022-09-01 14:08:43', '2022-09-01 14:08:43', NULL, NULL, NULL, 0),
(226, 'P000226', 'BINDER CLIP JOYKO NO 260', NULL, NULL, 5, NULL, 'GA', '108.1.32', 1, 1, 1, NULL, '[]', NULL, 15000.00, 'PC', 1, 1, '2', '2022-09-01 14:08:44', '2022-09-01 14:08:44', NULL, NULL, NULL, 0),
(227, 'P000227', 'BINDER CLIP KENKO NO 105', NULL, NULL, 5, NULL, 'GA', '108.1.32', 1, 1, 1, NULL, '[]', NULL, 2500.00, 'PC', 1, 1, '2', '2022-09-01 14:08:44', '2022-09-01 14:08:44', NULL, NULL, NULL, 0),
(228, 'P000228', 'BINDER CLIP KENKO NO 107', NULL, NULL, 5, NULL, 'GA', '108.1.32', 1, 1, 1, NULL, '[]', NULL, 2800.00, 'PC', 1, 1, '2', '2022-09-01 14:08:45', '2022-09-01 14:08:45', NULL, NULL, NULL, 0),
(229, 'P000229', 'BINDER CLIP KENKO NO 111', NULL, NULL, 5, NULL, 'GA', '108.1.32', 1, 1, 1, NULL, '[]', NULL, 4300.00, 'PC', 1, 1, '2', '2022-09-01 14:08:45', '2022-09-01 14:08:45', NULL, NULL, NULL, 0),
(230, 'P000230', 'BINDER CLIP KENKO NO 155', NULL, NULL, 5, NULL, 'GA', '108.1.32', 1, 1, 1, NULL, '[]', NULL, 6100.00, 'PC', 1, 1, '2', '2022-09-01 14:08:45', '2022-09-01 14:08:45', NULL, NULL, NULL, 0),
(231, 'P000231', 'BINDER CLIP KENKO NO 200', NULL, NULL, 5, NULL, 'GA', '108.1.32', 1, 1, 1, NULL, '[]', NULL, 10800.00, 'PC', 1, 1, '2', '2022-09-01 14:08:46', '2022-09-01 14:08:46', NULL, NULL, NULL, 0),
(232, 'P000232', 'BOX FILE BANTEX 4011 12 FOLIO 100MM', NULL, NULL, 5, NULL, 'GA', '108.1.32', 1, 1, 1, NULL, '[]', NULL, 26000.00, 'PC', 1, 1, '2', '2022-09-01 14:08:46', '2022-09-01 14:08:46', NULL, NULL, NULL, 0),
(233, 'P000233', 'BOX FILE BANTEX 4012 A4 100MM', NULL, NULL, 5, NULL, 'GA', '108.1.32', 1, 1, 1, NULL, '[]', NULL, 32000.00, 'PC', 1, 1, '2', '2022-09-01 14:08:46', '2022-09-01 14:08:46', NULL, NULL, NULL, 0),
(234, 'P000234', 'BOX FILE FOLIO 115MM', NULL, NULL, 5, NULL, 'GA', '108.1.32', 1, 1, 1, NULL, '[]', NULL, 775000.00, 'PC', 1, 1, '2', '2022-09-01 14:08:47', '2022-09-01 14:08:47', NULL, NULL, NULL, 0),
(235, 'P000235', 'BRILLIANT CUBE PRONTO 75X75MM 5 PAD', NULL, NULL, 5, NULL, 'GA', '108.1.32', 1, 1, 1, NULL, '[]', NULL, 30000.00, 'PC', 1, 1, '2', '2022-09-01 14:08:47', '2022-09-01 14:08:47', NULL, NULL, NULL, 0),
(236, 'P000236', 'BUKU COVER CHIP BOARD 100LMBR EKSPEDISI', NULL, NULL, 5, NULL, 'GA', '108.1.32', 1, 1, 1, NULL, '[]', NULL, 9000.00, 'PC', 1, 1, '2', '2022-09-01 14:08:47', '2022-09-01 14:08:47', NULL, NULL, NULL, 0),
(237, 'P000237', 'BUKU COVER CHIP BOARD PAPERLINE FOLIO', NULL, NULL, 5, NULL, 'GA', '108.1.32', 1, 1, 1, NULL, '[]', NULL, 17000.00, 'PC', 1, 1, '2', '2022-09-01 14:08:48', '2022-09-01 14:08:48', NULL, NULL, NULL, 0),
(238, 'P000238', 'BUKU KWITANSI SINAR DUNIA KECIL', NULL, NULL, 5, NULL, 'GA', '108.1.32', 1, 1, 1, NULL, '[]', NULL, 2200.00, 'PC', 1, 1, '2', '2022-09-01 14:08:49', '2022-09-01 14:08:49', NULL, NULL, NULL, 0),
(239, 'P000239', 'BUKU TULIS  BIG BOSS BESAR 18X25 42 HAL', NULL, NULL, 5, NULL, 'GA', '108.1.32', 1, 1, 1, NULL, '[]', NULL, 4250.00, 'PC', 1, 1, '2', '2022-09-01 14:08:50', '2022-09-01 14:08:50', NULL, NULL, NULL, 0),
(240, 'P000240', 'BUKU TULIS SINAR DUNIA KECIL  58 HAL', NULL, NULL, 5, NULL, 'GA', '108.1.32', 1, 1, 1, NULL, '[]', NULL, 4000.00, 'PC', 1, 1, '2', '2022-09-01 14:08:50', '2022-09-01 14:08:50', NULL, NULL, NULL, 0);
INSERT INTO `products` (`id`, `kode_barang`, `name`, `sku`, `description`, `group_id`, `bc`, `bc_name`, `ba`, `category_id`, `subcategory_id`, `sub_subcategory_id`, `cmk_spec`, `vendor_spec`, `cmk2_spec`, `price`, `unit`, `status`, `type`, `created_by`, `created_at`, `updated_at`, `deleted_at`, `url`, `vendor_id`, `is_service`) VALUES
(241, 'P000241', 'BUSINESS FILE DAICHI 940H F/C F4 BLUE', NULL, NULL, 5, NULL, 'GA', '108.1.32', 1, 1, 1, NULL, '[]', NULL, 4000.00, 'PC', 1, 1, '2', '2022-09-01 14:08:51', '2022-09-01 14:08:51', NULL, NULL, NULL, 0),
(242, 'P000242', 'BUSINESS FILE DAICHI 940H F/C F4 GREEN', NULL, NULL, 5, NULL, 'GA', '108.1.32', 1, 1, 1, NULL, '[]', NULL, 4000.00, 'PC', 1, 1, '2', '2022-09-01 14:08:51', '2022-09-01 14:08:51', NULL, NULL, NULL, 0),
(243, 'P000243', 'BUSINESS FILE DAICHI 940H F/C F4 RED', NULL, NULL, 5, NULL, 'GA', '108.1.32', 1, 1, 1, NULL, '[]', NULL, 4000.00, 'PC', 1, 1, '2', '2022-09-01 14:08:52', '2022-09-01 14:08:52', NULL, NULL, NULL, 0),
(244, 'P000244', 'BUSINESS FILE DAICHI 940H F/C F4 YELLOW', NULL, NULL, 5, NULL, 'GA', '108.1.32', 1, 1, 1, NULL, '[]', NULL, 4000.00, 'PC', 1, 1, '2', '2022-09-01 14:08:52', '2022-09-01 14:08:52', NULL, NULL, NULL, 0),
(245, 'P000245', 'NOBLE STONE UNTUK BODY FOGGING', NULL, NULL, 5, NULL, 'GA', '108.1.32', 1, 1, 1, NULL, '[]', NULL, 120000.00, 'PC', 1, 1, '2', '2022-09-01 14:08:52', '2022-09-01 14:08:52', NULL, NULL, NULL, 0),
(246, 'P000246', 'CALCULATOR CITIZEN SDL 868L', NULL, NULL, 5, NULL, 'GA', '108.1.32', 1, 1, 1, NULL, '[]', NULL, 110000.00, 'PC', 1, 1, '2', '2022-09-01 14:08:52', '2022-09-01 14:08:52', NULL, NULL, NULL, 0),
(247, 'P000247', 'CARD HOLDER BENING', NULL, NULL, 5, NULL, 'GA', '108.1.32', 1, 1, 1, NULL, '[]', NULL, 3000.00, 'PC', 1, 1, '2', '2022-09-01 14:08:53', '2022-09-01 14:08:53', NULL, NULL, NULL, 0),
(248, 'P000248', 'CATRIDGE EPSON 73N BLACK', NULL, NULL, 5, NULL, 'GA', '108.1.32', 1, 1, 1, NULL, '[]', NULL, 136000.00, 'PC', 1, 1, '2', '2022-09-01 14:08:53', '2022-09-01 14:08:53', NULL, NULL, NULL, 0),
(249, 'P000249', 'CATRIDGE EPSON 73N BLUE', NULL, NULL, 5, NULL, 'GA', '108.1.32', 1, 1, 1, NULL, '[]', NULL, 136000.00, 'PC', 1, 1, '2', '2022-09-01 14:08:53', '2022-09-01 14:08:53', NULL, NULL, NULL, 0),
(250, 'P000250', 'CATRIDGE EPSON 73N MAGENTA', NULL, NULL, 5, NULL, 'GA', '108.1.32', 1, 1, 1, NULL, '[]', NULL, 136000.00, 'PC', 1, 1, '2', '2022-09-01 14:08:54', '2022-09-01 14:08:54', NULL, NULL, NULL, 0),
(251, 'P000251', 'CATRIGE CANON 810 BLACK', NULL, NULL, 5, NULL, 'GA', '108.1.32', 1, 1, 1, NULL, '[]', NULL, 248000.00, 'PC', 1, 1, '2', '2022-09-01 14:08:54', '2022-09-01 14:08:54', NULL, NULL, NULL, 0),
(252, 'P000252', 'CATRIGE CANON 811 COLOR', NULL, NULL, 5, NULL, 'GA', '108.1.32', 1, 1, 1, NULL, '[]', NULL, 280000.00, 'PC', 1, 1, '2', '2022-09-01 14:08:54', '2022-09-01 14:08:54', NULL, NULL, NULL, 0),
(253, 'P000253', 'CATRIGE CANON CL 740 HITAM', NULL, NULL, 5, NULL, 'GA', '108.1.32', 1, 1, 1, NULL, '[]', NULL, 216000.00, 'PC', 1, 1, '2', '2022-09-01 14:08:55', '2022-09-01 14:08:55', NULL, NULL, NULL, 0),
(254, 'P000254', 'CATRIGE CANON CL 741 WARNA', NULL, NULL, 5, NULL, 'GA', '108.1.32', 1, 1, 1, NULL, '[]', NULL, 305000.00, 'PC', 1, 1, '2', '2022-09-01 14:08:55', '2022-09-01 14:08:55', NULL, NULL, NULL, 0),
(255, 'P000255', 'CATRIGE HP K7100 BLACK 96', NULL, NULL, 5, NULL, 'GA', '108.1.32', 1, 1, 1, NULL, '[]', NULL, 525000.00, 'PC', 1, 1, '2', '2022-09-01 14:08:55', '2022-09-01 14:08:55', NULL, NULL, NULL, 0),
(256, 'P000256', 'CATRIGE HP K7100 COLOR 97', NULL, NULL, 5, NULL, 'GA', '108.1.32', 1, 1, 1, NULL, '[]', NULL, 675000.00, 'PC', 1, 1, '2', '2022-09-01 14:08:56', '2022-09-01 14:08:56', NULL, NULL, NULL, 0),
(257, 'P000257', 'CLEAR HOLDER DOC KEEPER FELIX 40 - F4', NULL, NULL, 5, NULL, 'GA', '108.1.32', 1, 1, 1, NULL, '[]', NULL, 18500.00, 'PC', 1, 1, '2', '2022-09-01 14:08:56', '2022-09-01 14:08:56', NULL, NULL, NULL, 0),
(258, 'P000258', 'CLEAR HOLDER DOC KEEPER FELIX 80-F4', NULL, NULL, 5, NULL, 'GA', '108.1.32', 1, 1, 1, NULL, '[]', NULL, 43000.00, 'PC', 1, 1, '2', '2022-09-01 14:08:57', '2022-09-01 14:08:57', NULL, NULL, NULL, 0),
(259, 'P000259', 'CLEAR SLEEVES 9001  DAIICHI (WHITE) A4', NULL, NULL, 5, NULL, 'GA', '108.1.32', 1, 1, 1, NULL, '[]', NULL, 24000.00, 'PC', 1, 1, '2', '2022-09-01 14:08:57', '2022-09-01 14:08:57', NULL, NULL, NULL, 0),
(260, 'P000260', 'CLEAR SLEEVES 9002  DAIICHI (WHITE) F4', NULL, NULL, 5, NULL, 'GA', '108.1.32', 1, 1, 1, NULL, '[]', NULL, 26400.00, 'PC', 1, 1, '2', '2022-09-01 14:08:57', '2022-09-01 14:08:57', NULL, NULL, NULL, 0),
(261, 'P000261', 'CLI 821 C CYAN (BIRU) CANON', NULL, NULL, 5, NULL, 'GA', '108.1.32', 1, 1, 1, NULL, '[]', NULL, 0.00, 'PC', 1, 1, '2', '2022-09-01 14:08:58', '2022-09-01 14:08:58', NULL, NULL, NULL, 0),
(262, 'P000262', 'CONT. FORM PAPER LINE 9.5 X 11 3PLY', NULL, NULL, 5, NULL, 'GA', '108.1.32', 1, 1, 1, NULL, '[]', NULL, 424000.00, 'PC', 1, 1, '2', '2022-09-01 14:08:58', '2022-09-01 14:08:58', NULL, NULL, NULL, 0),
(263, 'P000263', 'CONT. FORM PAPER LINE 9.5 X 11 3PLY 1000', NULL, NULL, 5, NULL, 'GA', '108.1.32', 1, 1, 1, NULL, '[]', NULL, 386500.00, 'PC', 1, 1, '2', '2022-09-01 14:08:59', '2022-09-01 14:08:59', NULL, NULL, NULL, 0),
(264, 'P000264', 'CONT. FORM PAPER LINE 9.5X11 2PLY 1000SH', NULL, NULL, 5, NULL, 'GA', '108.1.32', 1, 1, 1, NULL, '[]', NULL, 278000.00, 'PC', 1, 1, '2', '2022-09-01 14:09:00', '2022-09-01 14:09:00', NULL, NULL, NULL, 0),
(265, 'P000265', 'CONT. FORM PAPER LINE 9.5X11 4PLY 100 SH', NULL, NULL, 5, NULL, 'GA', '108.1.32', 1, 1, 1, NULL, '[]', NULL, 298000.00, 'PC', 1, 1, '2', '2022-09-01 14:09:01', '2022-09-01 14:09:01', NULL, NULL, NULL, 0),
(266, 'P000266', 'CONT. FORM PAPER LINE 9.5X11 4PLY 500 SH', NULL, NULL, 5, NULL, 'GA', '108.1.32', 1, 1, 1, NULL, '[]', NULL, 298000.00, 'PC', 1, 1, '2', '2022-09-01 14:09:01', '2022-09-01 14:09:01', NULL, NULL, NULL, 0),
(267, 'P000267', 'CUTTER JOYKO A-300 KECIL', NULL, NULL, 5, NULL, 'GA', '108.1.32', 1, 1, 1, NULL, '[]', NULL, 4500.00, 'PC', 1, 1, '2', '2022-09-01 14:09:02', '2022-09-01 14:09:02', NULL, NULL, NULL, 0),
(268, 'P000268', 'CUTTER JOYKO L-500 BESAR', NULL, NULL, 5, NULL, 'GA', '108.1.32', 1, 1, 1, NULL, '[]', NULL, 11500.00, 'PC', 1, 1, '2', '2022-09-01 14:09:02', '2022-09-01 14:09:02', NULL, NULL, NULL, 0),
(269, 'P000269', 'DISPENSER ISOLASI', NULL, NULL, 5, NULL, 'GA', '108.1.32', 1, 1, 1, NULL, '[]', NULL, 17500.00, 'PC', 1, 1, '2', '2022-09-01 14:09:03', '2022-09-01 14:09:03', NULL, NULL, NULL, 0),
(270, 'P000270', 'DOUBLE TAPE  3M 0.5\"X3MTR', NULL, NULL, 5, NULL, 'GA', '108.1.32', 1, 1, 1, NULL, '[]', NULL, 2600.00, 'PC', 1, 1, '2', '2022-09-01 14:09:03', '2022-09-01 14:09:03', NULL, NULL, NULL, 0),
(271, 'P000271', 'DOUBLE TAPE  3M 1\"X3MTR', NULL, NULL, 5, NULL, 'GA', '108.1.32', 1, 1, 1, NULL, '[]', NULL, 47000.00, 'PC', 1, 1, '2', '2022-09-01 14:09:03', '2022-09-01 14:09:03', NULL, NULL, NULL, 0),
(272, 'P000272', 'DOUBLE TAPE KENKO 0.5\"', NULL, NULL, 5, NULL, 'GA', '108.1.32', 1, 1, 1, NULL, '[]', NULL, 2500.00, 'PC', 1, 1, '2', '2022-09-01 14:09:04', '2022-09-01 14:09:04', NULL, NULL, NULL, 0),
(273, 'P000273', 'DOUBLE TAPE KENKO 1\"', NULL, NULL, 5, NULL, 'GA', '108.1.32', 1, 1, 1, NULL, '[]', NULL, 5000.00, 'PC', 1, 1, '2', '2022-09-01 14:09:04', '2022-09-01 14:09:04', NULL, NULL, NULL, 0),
(274, 'P000274', 'DOUBLE TAPE KENKO 1/4\"', NULL, NULL, 5, NULL, 'GA', '108.1.32', 1, 1, 1, NULL, '[]', NULL, 1300.00, 'PC', 1, 1, '2', '2022-09-01 14:09:05', '2022-09-01 14:09:05', NULL, NULL, NULL, 0),
(275, 'P000275', 'EPSON TINTA 003 BLACK', NULL, NULL, 5, NULL, 'GA', '108.1.32', 1, 1, 1, NULL, '[]', NULL, 80000.00, 'PC', 1, 1, '2', '2022-09-01 14:09:05', '2022-09-01 14:09:05', NULL, NULL, NULL, 0),
(276, 'P000276', 'EPSON TINTA 003 CYAN', NULL, NULL, 5, NULL, 'GA', '108.1.32', 1, 1, 1, NULL, '[]', NULL, 80000.00, 'PC', 1, 1, '2', '2022-09-01 14:09:06', '2022-09-01 14:09:06', NULL, NULL, NULL, 0),
(277, 'P000277', 'EPSON TINTA 003 MAGENTA', NULL, NULL, 5, NULL, 'GA', '108.1.32', 1, 1, 1, NULL, '[]', NULL, 80000.00, 'PC', 1, 1, '2', '2022-09-01 14:09:06', '2022-09-01 14:09:06', NULL, NULL, NULL, 0),
(278, 'P000278', 'EPSON TINTA 003 YELLOW', NULL, NULL, 5, NULL, 'GA', '108.1.32', 1, 1, 1, NULL, '[]', NULL, 80000.00, 'PC', 1, 1, '2', '2022-09-01 14:09:06', '2022-09-01 14:09:06', NULL, NULL, NULL, 0),
(279, 'P000279', 'GULA PASIR 1 KG ALL BRAND', NULL, NULL, 5, NULL, 'GA', '108.1.4', 1, 1, 18, NULL, '[]', NULL, 13500.00, 'PC', 1, 1, '2', '2022-09-01 14:09:07', '2022-09-01 14:09:07', NULL, NULL, NULL, 0),
(280, 'P000280', 'GUNTING KENKO SC838N SEDANG', NULL, NULL, 5, NULL, 'GA', '108.1.32', 1, 1, 1, NULL, '[]', NULL, 6500.00, 'PC', 1, 1, '2', '2022-09-01 14:09:07', '2022-09-01 14:09:07', NULL, NULL, NULL, 0),
(281, 'P000281', 'GUNTING KENKO SC848N BESAR', NULL, NULL, 5, NULL, 'GA', '108.1.32', 1, 1, 1, NULL, '[]', NULL, 10000.00, 'PC', 1, 1, '2', '2022-09-01 14:09:08', '2022-09-01 14:09:08', NULL, NULL, NULL, 0),
(282, 'P000282', 'HONOR HELPER LAPANGAN', NULL, NULL, 5, NULL, 'GA', '108.1.20', 1, 1, 18, NULL, '[]', NULL, 300000.00, 'PC', 1, 1, '2', '2022-09-01 14:09:08', '2022-09-01 14:09:08', NULL, NULL, NULL, 0),
(283, 'P000283', 'HONOR INSTRUKTUR', NULL, NULL, 5, NULL, 'GA', '108.1.20', 1, 1, 18, NULL, '[]', NULL, 1000000.00, 'PC', 1, 1, '2', '2022-09-01 14:09:08', '2022-09-01 14:09:08', NULL, NULL, NULL, 0),
(284, 'P000284', 'INDOCAFE COFFEMIX POLYBAG 100X20G', NULL, NULL, 5, NULL, 'GA', '108.1.4', 1, 1, 18, NULL, '[]', NULL, 114400.00, 'PC', 1, 1, '2', '2022-09-01 14:09:09', '2022-09-01 14:09:09', NULL, NULL, NULL, 0),
(285, 'P000285', 'ISI CUTTER BESAR A-150', NULL, NULL, 5, NULL, 'GA', '108.1.32', 1, 1, 1, NULL, '[]', NULL, 2625.00, 'PC', 1, 1, '2', '2022-09-01 14:09:09', '2022-09-01 14:09:09', NULL, NULL, NULL, 0),
(286, 'P000286', 'ISI CUTTER KECIL A-100', NULL, NULL, 5, NULL, 'GA', '108.1.32', 1, 1, 1, NULL, '[]', NULL, 31500.00, 'PC', 1, 1, '2', '2022-09-01 14:09:10', '2022-09-01 14:09:10', NULL, NULL, NULL, 0),
(287, 'P000287', 'ISI PENSIL PILOT 0.5 2B', NULL, NULL, 5, NULL, 'GA', '108.1.32', 1, 1, 1, NULL, '[]', NULL, 2700.00, 'PC', 1, 1, '2', '2022-09-01 14:09:10', '2022-09-01 14:09:10', NULL, NULL, NULL, 0),
(288, 'P000288', 'ISI PENSIL ROTRING 0.3 HB', NULL, NULL, 5, NULL, 'GA', '108.1.32', 1, 1, 1, NULL, '[]', NULL, 18000.00, 'PC', 1, 1, '2', '2022-09-01 14:09:11', '2022-09-01 14:09:11', NULL, NULL, NULL, 0),
(289, 'P000289', 'ISI STAPLES ETONA KECIL NO 10', NULL, NULL, 5, NULL, 'GA', '108.1.32', 1, 1, 1, NULL, '[]', NULL, 1400.00, 'PC', 1, 1, '2', '2022-09-01 14:09:11', '2022-09-01 14:09:11', NULL, NULL, NULL, 0),
(290, 'P000290', 'ISI STAPLES MAX BESAR   NO   3', NULL, NULL, 5, NULL, 'GA', '108.1.32', 1, 1, 1, NULL, '[]', NULL, 5500.00, 'PC', 1, 1, '2', '2022-09-01 14:09:11', '2022-09-01 14:09:11', NULL, NULL, NULL, 0),
(291, 'P000291', 'ISI STAPLES MAX KECIL NO 10', NULL, NULL, 5, NULL, 'GA', '108.1.32', 1, 1, 1, NULL, '[]', NULL, 3000.00, 'PC', 1, 1, '2', '2022-09-01 14:09:12', '2022-09-01 14:09:12', NULL, NULL, NULL, 0),
(292, 'P000292', 'ISI ULANG TABUNG APAR', NULL, NULL, 5, NULL, 'GA', '108.1.11', 1, 1, 15, NULL, '[]', NULL, 70000000.00, 'PC', 1, 1, '2', '2022-09-01 14:09:12', '2022-09-01 14:09:12', NULL, NULL, NULL, 0),
(293, 'P000293', 'ISOLASI  1\" DAIMARU', NULL, NULL, 5, NULL, 'GA', '108.1.32', 1, 1, 1, NULL, '[]', NULL, 5200.00, 'PC', 1, 1, '2', '2022-09-01 14:09:12', '2022-09-01 14:09:12', NULL, NULL, NULL, 0),
(294, 'P000294', 'ISOLASI 0.5\"X72 PANFIX', NULL, NULL, 5, NULL, 'GA', '108.1.32', 1, 1, 1, NULL, '[]', NULL, 12850.00, 'PC', 1, 1, '2', '2022-09-01 14:09:13', '2022-09-01 14:09:13', NULL, NULL, NULL, 0),
(295, 'P000295', 'ISOLASI1\" PANFIX', NULL, NULL, 5, NULL, 'GA', '108.1.32', 1, 1, 1, NULL, '[]', NULL, 25700.00, 'PC', 1, 1, '2', '2022-09-01 14:09:13', '2022-09-01 14:09:13', NULL, NULL, NULL, 0),
(296, 'P000296', 'KAIN KANEBO', NULL, NULL, 5, NULL, 'GA', '108.1.20', 1, 1, 4, NULL, '[]', NULL, 10000.00, 'PC', 1, 1, '2', '2022-09-01 14:09:14', '2022-09-01 14:09:14', NULL, NULL, NULL, 0),
(297, 'P000297', 'KAWAT RAM 6 M', NULL, NULL, 5, NULL, 'GA', '108.1.20', 1, 1, 4, NULL, '[]', NULL, 126000.00, 'PC', 1, 1, '2', '2022-09-01 14:09:14', '2022-09-01 14:09:14', NULL, NULL, NULL, 0),
(298, 'P000298', 'KENDARAAN MOBIL', NULL, NULL, 5, NULL, 'GA', '108.1.29', 2, 4, 19, NULL, '[]', NULL, 228900000.00, 'PC', 1, 1, '2', '2022-09-01 14:09:15', '2022-09-01 14:09:15', NULL, NULL, NULL, 0),
(299, 'P000299', 'KERTAS BUFALLO BIRU', NULL, NULL, 5, NULL, 'GA', '108.1.32', 1, 1, 1, NULL, '[]', NULL, 40000.00, 'PC', 1, 1, '2', '2022-09-01 14:09:16', '2022-09-01 14:09:16', NULL, NULL, NULL, 0),
(300, 'P000300', 'KERTAS BUFALLO HIJAU', NULL, NULL, 5, NULL, 'GA', '108.1.32', 1, 1, 1, NULL, '[]', NULL, 38000.00, 'PC', 1, 1, '2', '2022-09-01 14:09:17', '2022-09-01 14:09:17', NULL, NULL, NULL, 0),
(301, 'P000301', 'KERTAS HVS 70GR A4', NULL, NULL, 5, NULL, 'GA', '108.1.32', 1, 1, 1, NULL, '[]', NULL, 36500.00, 'PC', 1, 1, '2', '2022-09-01 14:09:17', '2022-09-01 14:09:17', NULL, NULL, NULL, 0),
(302, 'P000302', 'KERTAS HVS 80GR A4', NULL, NULL, 5, NULL, 'GA', '108.1.32', 1, 1, 1, NULL, '[]', NULL, 41000.00, 'PC', 1, 1, '2', '2022-09-01 14:09:18', '2022-09-01 14:09:18', NULL, NULL, NULL, 0),
(303, 'P000303', 'KERTAS KALKIR A4', NULL, NULL, 5, NULL, 'GA', '108.1.32', 1, 1, 1, NULL, '[]', NULL, 45500.00, 'PC', 1, 1, '2', '2022-09-01 14:09:18', '2022-09-01 14:09:18', NULL, NULL, NULL, 0),
(304, 'P000304', 'KOPI KAPAL API SPECIAL 380GR', NULL, NULL, 5, NULL, 'GA', '108.1.4', 1, 1, 4, NULL, '[]', NULL, 23700.00, 'PC', 1, 1, '2', '2022-09-01 14:09:19', '2022-09-01 14:09:19', NULL, NULL, NULL, 0),
(305, 'P000305', 'KURSI DONATI DECCO VOXY 1 C BLACK', NULL, NULL, 5, NULL, 'GA', '108.1.29', 1, 1, 7, NULL, '[]', NULL, 485000.00, 'PC', 1, 1, '2', '2022-09-01 14:09:19', '2022-09-01 14:09:19', NULL, NULL, NULL, 0),
(306, 'P000306', 'LABEL TOM & JERRY NO 103', NULL, NULL, 5, NULL, 'GA', '108.1.32', 1, 1, 1, NULL, '[]', NULL, 4800.00, 'PC', 1, 1, '2', '2022-09-01 14:09:19', '2022-09-01 14:09:19', NULL, NULL, NULL, 0),
(307, 'P000307', 'LABEL TOM & JERRY NO 108', NULL, NULL, 5, NULL, 'GA', '108.1.32', 1, 1, 1, NULL, '[]', NULL, 4800.00, 'PC', 1, 1, '2', '2022-09-01 14:09:20', '2022-09-01 14:09:20', NULL, NULL, NULL, 0),
(308, 'P000308', 'LABEL TOM & JERRY NO 112', NULL, NULL, 5, NULL, 'GA', '108.1.32', 1, 1, 1, NULL, '[]', NULL, 5000.00, 'PC', 1, 1, '2', '2022-09-01 14:09:20', '2022-09-01 14:09:20', NULL, NULL, NULL, 0),
(309, 'P000309', 'LABEL TOM & JERRY NO 121', NULL, NULL, 5, NULL, 'GA', '108.1.32', 1, 1, 1, NULL, '[]', NULL, 4800.00, 'PC', 1, 1, '2', '2022-09-01 14:09:20', '2022-09-01 14:09:20', NULL, NULL, NULL, 0),
(310, 'P000310', 'LABEL TOM & JERRY NO 123', NULL, NULL, 5, NULL, 'GA', '108.1.32', 1, 1, 1, NULL, '[]', NULL, 4800.00, 'PC', 1, 1, '2', '2022-09-01 14:09:21', '2022-09-01 14:09:21', NULL, NULL, NULL, 0),
(311, 'P000311', 'LAKBAN BENING DAIMARU BESAR', NULL, NULL, 5, NULL, 'GA', '108.1.32', 1, 1, 1, NULL, '[]', NULL, 10500.00, 'PC', 1, 1, '2', '2022-09-01 14:09:21', '2022-09-01 14:09:21', NULL, NULL, NULL, 0),
(312, 'P000312', 'LAKBAN BIRU KAIN DAIMARU BESAR', NULL, NULL, 5, NULL, 'GA', '108.1.32', 1, 1, 1, NULL, '[]', NULL, 16500.00, 'PC', 1, 1, '2', '2022-09-01 14:09:22', '2022-09-01 14:09:22', NULL, NULL, NULL, 0),
(313, 'P000313', 'LAKBAN COKLAT  DAIMARU', NULL, NULL, 5, NULL, 'GA', '108.1.32', 1, 1, 1, NULL, '[]', NULL, 10500.00, 'PC', 1, 1, '2', '2022-09-01 14:09:22', '2022-09-01 14:09:22', NULL, NULL, NULL, 0),
(314, 'P000314', 'LAKBAN HIJAU KAIN DAIMARU BESAR', NULL, NULL, 5, NULL, 'GA', '108.1.32', 1, 1, 1, NULL, '[]', NULL, 16500.00, 'PC', 1, 1, '2', '2022-09-01 14:09:22', '2022-09-01 14:09:22', NULL, NULL, NULL, 0),
(315, 'P000315', 'LAKBAN HITAM KAIN DAIMARU BESAR', NULL, NULL, 5, NULL, 'GA', '108.1.32', 1, 1, 1, NULL, '[]', NULL, 14500.00, 'PC', 1, 1, '2', '2022-09-01 14:09:23', '2022-09-01 14:09:23', NULL, NULL, NULL, 0),
(316, 'P000316', 'LAKBAN KUNING KAIN DAIMARU BESAR', NULL, NULL, 5, NULL, 'GA', '108.1.32', 1, 1, 1, NULL, '[]', NULL, 16500.00, 'PC', 1, 1, '2', '2022-09-01 14:09:23', '2022-09-01 14:09:23', NULL, NULL, NULL, 0),
(317, 'P000317', 'LAKBAN MERAH KAIN DAIMARU BESAR', NULL, NULL, 5, NULL, 'GA', '108.1.32', 1, 1, 1, NULL, '[]', NULL, 16500.00, 'PC', 1, 1, '2', '2022-09-01 14:09:24', '2022-09-01 14:09:24', NULL, NULL, NULL, 0),
(318, 'P000318', 'LAMPU TL PHILIPS 36W', NULL, NULL, 5, NULL, 'GA', '108.1.12', 1, 1, 20, NULL, '[]', NULL, 18000.00, 'PC', 1, 1, '2', '2022-09-01 14:09:24', '2022-09-01 14:09:24', NULL, NULL, NULL, 0),
(319, 'P000319', 'LEM PVC', NULL, NULL, 5, NULL, 'GA', '108.1.32', 1, 1, 1, NULL, '[]', NULL, 13000.00, 'PC', 1, 1, '2', '2022-09-01 14:09:25', '2022-09-01 14:09:25', NULL, NULL, NULL, 0),
(320, 'P000320', 'LEM STICK UHU 21GR', NULL, NULL, 5, NULL, 'GA', '108.1.32', 1, 1, 1, NULL, '[]', NULL, 18500.00, 'PC', 1, 1, '2', '2022-09-01 14:09:25', '2022-09-01 14:09:25', NULL, NULL, NULL, 0),
(321, 'P000321', 'LEM STICK UHU 40GR', NULL, NULL, 5, NULL, 'GA', '108.1.32', 1, 1, 1, NULL, '[]', NULL, 29500.00, 'PC', 1, 1, '2', '2022-09-01 14:09:26', '2022-09-01 14:09:26', NULL, NULL, NULL, 0),
(322, 'P000322', 'LEM STICK UHU 8GR', NULL, NULL, 5, NULL, 'GA', '108.1.32', 1, 1, 1, NULL, '[]', NULL, 9700.00, 'PC', 1, 1, '2', '2022-09-01 14:09:26', '2022-09-01 14:09:26', NULL, NULL, NULL, 0),
(323, 'P000323', 'LEMARI ATK', NULL, NULL, 5, NULL, 'GA', '108.1.29', 2, 4, 5, NULL, '[]', NULL, 22500000.00, 'PC', 1, 1, '2', '2022-09-01 14:09:27', '2022-09-01 14:09:27', NULL, NULL, NULL, 0),
(324, 'P000324', 'MAP BENING FELIX - FOLIO', NULL, NULL, 5, NULL, 'GA', '108.1.32', 1, 1, 1, NULL, '[]', NULL, 3200.00, 'PC', 1, 1, '2', '2022-09-01 14:09:27', '2022-09-01 14:09:27', NULL, NULL, NULL, 0),
(325, 'P000325', 'MARK&NOTES PRONTO (120MM X50 MM)6COLORS', NULL, NULL, 5, NULL, 'GA', '108.1.32', 1, 1, 1, NULL, '[]', NULL, 9000.00, 'PC', 1, 1, '2', '2022-09-01 14:09:28', '2022-09-01 14:09:28', NULL, NULL, NULL, 0),
(326, 'P000326', 'MESIN COLD FOGGING ULV 4.5L KRISBOW', NULL, NULL, 5, NULL, 'GA', '108.1.32', 1, 1, 1, NULL, '[]', NULL, 1980000.00, 'PC', 1, 1, '2', '2022-09-01 14:09:28', '2022-09-01 14:09:28', NULL, NULL, NULL, 0),
(327, 'P000327', 'NAME TAG JR FRANK & CO', NULL, NULL, 5, NULL, 'GA', '108.1.1', 1, 8, 21, NULL, '[]', NULL, 55000.00, 'PC', 1, 1, '2', '2022-09-01 14:09:28', '2022-09-01 14:09:28', NULL, NULL, NULL, 0),
(328, 'P000328', 'NAME TAG JR MONDIAL', NULL, NULL, 5, NULL, 'GA', '108.1.1', 1, 8, 21, NULL, '[]', NULL, 55000.00, 'PC', 1, 1, '2', '2022-09-01 14:09:29', '2022-09-01 14:09:29', NULL, NULL, NULL, 0),
(329, 'P000329', 'NAME TAG JR THE PALACE', NULL, NULL, 5, NULL, 'GA', '108.1.1', 1, 8, 21, NULL, '[]', NULL, 55000.00, 'PC', 1, 1, '2', '2022-09-01 14:09:29', '2022-09-01 14:09:29', NULL, NULL, NULL, 0),
(330, 'P000330', 'NICE FACIAL TISSUE NP 900GR', NULL, NULL, 5, NULL, 'GA', '108.1.20', 1, 1, 4, NULL, '[]', NULL, 41600.00, 'PC', 1, 1, '2', '2022-09-01 14:09:30', '2022-09-01 14:09:30', NULL, NULL, NULL, 0),
(331, 'P000331', 'NOTA KONTAN PAPERLINE', NULL, NULL, 5, NULL, 'GA', '108.1.32', 1, 1, 1, NULL, '[]', NULL, 14500.00, 'PC', 1, 1, '2', '2022-09-01 14:09:30', '2022-09-01 14:09:30', NULL, NULL, NULL, 0),
(332, 'P000332', 'ODNER  BANTEX 1450 UK A4', NULL, NULL, 5, NULL, 'GA', '108.1.32', 1, 1, 1, NULL, '[]', NULL, 24500.00, 'PC', 1, 1, '2', '2022-09-01 14:09:30', '2022-09-01 14:09:30', NULL, NULL, NULL, 0),
(333, 'P000333', 'ODNER BANTEX 1465 UK F4', NULL, NULL, 5, NULL, 'GA', '108.1.32', 1, 1, 1, NULL, '[]', NULL, 29000.00, 'PC', 1, 1, '2', '2022-09-01 14:09:31', '2022-09-01 14:09:31', NULL, NULL, NULL, 0),
(334, 'P000334', 'PAPAN JALAN BANTEX 4211 - 61', NULL, NULL, 5, NULL, 'GA', '108.1.32', 1, 1, 1, NULL, '[]', NULL, 30500.00, 'PC', 1, 1, '2', '2022-09-01 14:09:31', '2022-09-01 14:09:31', NULL, NULL, NULL, 0),
(335, 'P000335', 'PAPER CLIP JOYKO NO 5', NULL, NULL, 5, NULL, 'GA', '108.1.32', 1, 1, 1, NULL, '[]', NULL, 3900.00, 'PC', 1, 1, '2', '2022-09-01 14:09:31', '2022-09-01 14:09:31', NULL, NULL, NULL, 0),
(336, 'P000336', 'PAPERLINE PRINT TIMBANGAN(44X65X12 1PLY)', NULL, NULL, 5, NULL, 'GA', '108.1.32', 1, 1, 1, NULL, '[]', NULL, 3400.00, 'PC', 1, 1, '2', '2022-09-01 14:09:32', '2022-09-01 14:09:32', NULL, NULL, NULL, 0),
(337, 'P000337', 'PAPERLINE PRINT TIMBANGAN(58X48X12 1PLY)', NULL, NULL, 5, NULL, 'GA', '108.1.32', 1, 1, 1, NULL, '[]', NULL, 2400.00, 'PC', 1, 1, '2', '2022-09-01 14:09:32', '2022-09-01 14:09:32', NULL, NULL, NULL, 0),
(338, 'P000338', 'PEMBATAS ODNER  BAMBI UK A4', NULL, NULL, 5, NULL, 'GA', '108.1.32', 1, 1, 1, NULL, '[]', NULL, 25000.00, 'PC', 1, 1, '2', '2022-09-01 14:09:32', '2022-09-01 14:09:32', NULL, NULL, NULL, 0),
(339, 'P000339', 'PENGGARIS 30CM BUTTERFLY PLASTIK', NULL, NULL, 5, NULL, 'GA', '108.1.32', 1, 1, 1, NULL, '[]', NULL, 2500.00, 'PC', 1, 1, '2', '2022-09-01 14:09:33', '2022-09-01 14:09:33', NULL, NULL, NULL, 0),
(340, 'P000340', 'PENGGARIS STAEDTLER 30CM BESI', NULL, NULL, 5, NULL, 'GA', '108.1.32', 1, 1, 1, NULL, '[]', NULL, 6000.00, 'PC', 1, 1, '2', '2022-09-01 14:09:33', '2022-09-01 14:09:33', NULL, NULL, NULL, 0),
(341, 'P000341', 'PENGHAPUS STAEDTLER ART NR 526 B40', NULL, NULL, 5, NULL, 'GA', '108.1.32', 1, 1, 1, NULL, '[]', NULL, 2500.00, 'PC', 1, 1, '2', '2022-09-01 14:09:34', '2022-09-01 14:09:34', NULL, NULL, NULL, 0),
(342, 'P000342', 'PENGHAPUS WHITE BOARD STAEDTLER', NULL, NULL, 5, NULL, 'GA', '108.1.32', 1, 1, 1, NULL, '[]', NULL, 5000.00, 'PC', 1, 1, '2', '2022-09-01 14:09:35', '2022-09-01 14:09:35', NULL, NULL, NULL, 0),
(343, 'P000343', 'PENGUSIR HAMA / GENERAL PEST', NULL, NULL, 5, NULL, 'GA', '108.1.20', 1, 1, 4, NULL, '[]', NULL, 500000.00, 'PC', 1, 1, '2', '2022-09-01 14:09:35', '2022-09-01 14:09:35', NULL, NULL, NULL, 0),
(344, 'P000344', 'PENSIL KAYU STAEDLER  2B', NULL, NULL, 5, NULL, 'GA', '108.1.32', 1, 1, 1, NULL, '[]', NULL, 2950.00, 'PC', 1, 1, '2', '2022-09-01 14:09:36', '2022-09-01 14:09:36', NULL, NULL, NULL, 0),
(345, 'P000345', 'PENSIL MEKANIK PENTEL CAPLET 0.5', NULL, NULL, 5, NULL, 'GA', '108.1.32', 1, 1, 1, NULL, '[]', NULL, 10000.00, 'PC', 1, 1, '2', '2022-09-01 14:09:36', '2022-09-01 14:09:36', NULL, NULL, NULL, 0),
(346, 'P000346', 'PENSIL MEKANIK ROTRING 0.5', NULL, NULL, 5, NULL, 'GA', '108.1.32', 1, 1, 1, NULL, '[]', NULL, 45000.00, 'PC', 1, 1, '2', '2022-09-01 14:09:37', '2022-09-01 14:09:37', NULL, NULL, NULL, 0),
(347, 'P000347', 'PERFORATOR KENKO BESAR NO 85', NULL, NULL, 5, NULL, 'GA', '108.1.32', 1, 1, 1, NULL, '[]', NULL, 39000.00, 'PC', 1, 1, '2', '2022-09-01 14:09:37', '2022-09-01 14:09:37', NULL, NULL, NULL, 0),
(348, 'P000348', 'PERFORATOR KENKO KECIL NO 30XL', NULL, NULL, 5, NULL, 'GA', '108.1.32', 1, 1, 1, NULL, '[]', NULL, 12500.00, 'PC', 1, 1, '2', '2022-09-01 14:09:37', '2022-09-01 14:09:37', NULL, NULL, NULL, 0),
(349, 'P000349', 'PIPA FLEKSIBEL', NULL, NULL, 5, NULL, 'GA', '108.1.12', 1, 1, 20, NULL, '[]', NULL, 350000.00, 'PC', 1, 1, '2', '2022-09-01 14:09:38', '2022-09-01 14:09:38', NULL, NULL, NULL, 0),
(350, 'P000350', 'PIPA KNEE/ELBOW/SIKU 1.5 INCH RUCIKA', NULL, NULL, 5, NULL, 'GA', '108.1.32', 1, 1, 1, NULL, '[]', NULL, 7000.00, 'PC', 1, 1, '2', '2022-09-01 14:09:38', '2022-09-01 14:09:38', NULL, NULL, NULL, 0),
(351, 'P000351', 'PITA EPSON ERC 05', NULL, NULL, 5, NULL, 'GA', '108.1.32', 1, 1, 1, NULL, '[]', NULL, 27500.00, 'PC', 1, 1, '2', '2022-09-01 14:09:39', '2022-09-01 14:09:39', NULL, NULL, NULL, 0),
(352, 'P000352', 'PITA EPSON ERC 22', NULL, NULL, 5, NULL, 'GA', '108.1.32', 1, 1, 1, NULL, '[]', NULL, 27500.00, 'PC', 1, 1, '2', '2022-09-01 14:09:39', '2022-09-01 14:09:39', NULL, NULL, NULL, 0),
(353, 'P000353', 'PITA EPSON ERC 22 (WARNA BIRU )', NULL, NULL, 5, NULL, 'GA', '108.1.32', 1, 1, 1, NULL, '[]', NULL, 38500.00, 'PC', 1, 1, '2', '2022-09-01 14:09:40', '2022-09-01 14:09:40', NULL, NULL, NULL, 0),
(354, 'P000354', 'PITA EPSON ERC 22/09', NULL, NULL, 5, NULL, 'GA', '108.1.32', 1, 1, 1, NULL, '[]', NULL, 39000.00, 'PC', 1, 1, '2', '2022-09-01 14:09:40', '2022-09-01 14:09:40', NULL, NULL, NULL, 0),
(355, 'P000355', 'PITA PRINTER  EPSON LX 300-310 (REFILL)', NULL, NULL, 5, NULL, 'GA', '108.1.32', 1, 1, 1, NULL, '[]', NULL, 44000.00, 'PC', 1, 1, '2', '2022-09-01 14:09:41', '2022-09-01 14:09:41', NULL, NULL, NULL, 0),
(356, 'P000356', 'PLASTIK KECIL NO 17', NULL, NULL, 5, NULL, 'GA', '108.1.32', 1, 1, 1, NULL, '[]', NULL, 19000.00, 'PC', 1, 1, '2', '2022-09-01 14:09:41', '2022-09-01 14:09:41', NULL, NULL, NULL, 0),
(357, 'P000357', 'PLASTIK SAMPAH BESAR HITAM', NULL, NULL, 5, NULL, 'GA', '108.1.20', 1, 1, 4, NULL, '[]', NULL, 19000.00, 'PC', 1, 1, '2', '2022-09-01 14:09:42', '2022-09-01 14:09:42', NULL, NULL, NULL, 0),
(358, 'P000358', 'SARUNG TANGAN PLASTIK', NULL, NULL, 5, NULL, 'GA', '108.1.20', 1, 1, 4, NULL, '[]', NULL, NULL, 'PC', 1, 1, '2', '2022-09-01 14:09:42', '2022-09-01 14:09:42', NULL, NULL, NULL, 0),
(359, 'P000359', 'POST IT \"SIGN HERE\" 5 WARNA', NULL, NULL, 5, NULL, 'GA', '108.1.32', 1, 1, 1, NULL, '[]', NULL, 15000.00, 'PC', 1, 1, '2', '2022-09-01 14:09:43', '2022-09-01 14:09:43', NULL, NULL, NULL, 0),
(360, 'P000360', 'POST IT 3M \"SIGN HERE\"', NULL, NULL, 5, NULL, 'GA', '108.1.32', 1, 1, 1, NULL, '[]', NULL, 19500.00, 'PC', 1, 1, '2', '2022-09-01 14:09:43', '2022-09-01 14:09:43', NULL, NULL, NULL, 0),
(361, 'P000361', 'POST IT 653AN 2X1.5 PACK 12 COLOR 12 PAD', NULL, NULL, 5, NULL, 'GA', '108.1.32', 1, 1, 1, NULL, '[]', NULL, 62000.00, 'PC', 1, 1, '2', '2022-09-01 14:09:43', '2022-09-01 14:09:43', NULL, NULL, NULL, 0),
(362, 'P000362', 'POST IT BRILLIANT CUBES PRONTO 75X75MM', NULL, NULL, 5, NULL, 'GA', '108.1.32', 1, 1, 1, NULL, '[]', NULL, 30000.00, 'PC', 1, 1, '2', '2022-09-01 14:09:44', '2022-09-01 14:09:44', NULL, NULL, NULL, 0),
(363, 'P000363', 'POST IT KECIL MARK& NOTE PRONTO 120MMX50', NULL, NULL, 5, NULL, 'GA', '108.1.32', 1, 1, 1, NULL, '[]', NULL, 8500.00, 'PC', 1, 1, '2', '2022-09-01 14:09:44', '2022-09-01 14:09:44', NULL, NULL, NULL, 0),
(364, 'P000364', 'POST IT KECIL MARK&NOTES 120X50 6 COLOR', NULL, NULL, 5, NULL, 'GA', '108.1.32', 1, 1, 1, NULL, '[]', NULL, 9000.00, 'PC', 1, 1, '2', '2022-09-01 14:09:44', '2022-09-01 14:09:44', NULL, NULL, NULL, 0),
(365, 'P000365', 'POST IT KECIL WARNA WARNI JOYKO', NULL, NULL, 5, NULL, 'GA', '108.1.32', 1, 1, 1, NULL, '[]', NULL, 6000.00, 'PC', 1, 1, '2', '2022-09-01 14:09:45', '2022-09-01 14:09:45', NULL, NULL, NULL, 0),
(366, 'P000366', 'POST IT SEDANG 2X1.5 653 KUNING 12 PAD', NULL, NULL, 5, NULL, 'GA', '108.1.32', 1, 1, 1, NULL, '[]', NULL, 54000.00, 'PC', 1, 1, '2', '2022-09-01 14:09:45', '2022-09-01 14:09:45', NULL, NULL, NULL, 0),
(367, 'P000367', 'POST IT SEDANG 654 (76 MM X 76 MM)', NULL, NULL, 5, NULL, 'GA', '108.1.32', 1, 1, 1, NULL, '[]', NULL, 9500.00, 'PC', 1, 1, '2', '2022-09-01 14:09:46', '2022-09-01 14:09:46', NULL, NULL, NULL, 0),
(368, 'P000368', 'POST IT SEDANG 655 ( 127MM X 76 MM)', NULL, NULL, 5, NULL, 'GA', '108.1.32', 1, 1, 1, NULL, '[]', NULL, 14000.00, 'PC', 1, 1, '2', '2022-09-01 14:09:47', '2022-09-01 14:09:47', NULL, NULL, NULL, 0),
(369, 'P000369', 'PP POCKET BAMBI 5221 F4 (PACK=20LMBR)', NULL, NULL, 5, NULL, 'GA', '108.1.32', 1, 1, 1, NULL, '[]', NULL, 25000.00, 'PC', 1, 1, '2', '2022-09-01 14:09:47', '2022-09-01 14:09:47', NULL, NULL, NULL, 0),
(370, 'P000370', 'PULPEN DUDUK / DESK PEN', NULL, NULL, 5, NULL, 'GA', '108.1.32', 1, 1, 1, NULL, '[]', NULL, 5000.00, 'PC', 1, 1, '2', '2022-09-01 14:09:47', '2022-09-01 14:09:47', NULL, NULL, NULL, 0),
(371, 'P000371', 'PULPEN FASTER HITAM', NULL, NULL, 5, NULL, 'GA', '108.1.32', 1, 1, 1, NULL, '[]', NULL, 2500.00, 'PC', 1, 1, '2', '2022-09-01 14:09:48', '2022-09-01 14:09:48', NULL, NULL, NULL, 0),
(372, 'P000372', 'PULPEN GP 265 JOYKO', NULL, NULL, 5, NULL, 'GA', '108.1.32', 1, 1, 1, NULL, '[]', NULL, 25000.00, 'PC', 1, 1, '2', '2022-09-01 14:09:48', '2022-09-01 14:09:48', NULL, NULL, NULL, 0),
(373, 'P000373', 'PULPEN KENKO K-1', NULL, NULL, 5, NULL, 'GA', '108.1.32', 1, 1, 1, NULL, '[]', NULL, 14500.00, 'PC', 1, 1, '2', '2022-09-01 14:09:49', '2022-09-01 14:09:49', NULL, NULL, NULL, 0),
(374, 'P000374', 'PULPEN STANDARD AE7 BIRU', NULL, NULL, 5, NULL, 'GA', '108.1.32', 1, 1, 1, NULL, '[]', NULL, 17000.00, 'PC', 1, 1, '2', '2022-09-01 14:09:49', '2022-09-01 14:09:49', NULL, NULL, NULL, 0),
(375, 'P000375', 'PULPEN STANDARD AE7 HITAM', NULL, NULL, 5, NULL, 'GA', '108.1.32', 1, 1, 1, NULL, '[]', NULL, 17000.00, 'PC', 1, 1, '2', '2022-09-01 14:09:49', '2022-09-01 14:09:49', NULL, NULL, NULL, 0),
(376, 'P000376', 'PULPEN STANDARD BOLDLINER PRO 1.0 BIRU', NULL, NULL, 5, NULL, 'GA', '108.1.32', 1, 1, 1, NULL, '[]', NULL, 12500.00, 'PC', 1, 1, '2', '2022-09-01 14:09:50', '2022-09-01 14:09:50', NULL, NULL, NULL, 0),
(377, 'P000377', 'PULPEN STANDARD BOLDLINER PRO 1.0 HITAM', NULL, NULL, 5, NULL, 'GA', '108.1.32', 1, 1, 1, NULL, '[]', NULL, 12500.00, 'PC', 1, 1, '2', '2022-09-01 14:09:50', '2022-09-01 14:09:50', NULL, NULL, NULL, 0),
(378, 'P000378', 'PULPEN ZEBRA PIC CANDY 0.7 SEMI JELLY HITAM', NULL, NULL, 5, NULL, 'GA', '108.1.32', 1, 1, 1, NULL, '[]', NULL, 14000.00, 'PC', 1, 1, '2', '2022-09-01 14:09:50', '2022-09-01 14:09:50', NULL, NULL, NULL, 0),
(379, 'P000379', 'PULPEN ZEBRA PIC CANDY 0.7 GEL INK HITAM', NULL, NULL, 5, NULL, 'GA', '108.1.32', 1, 1, 1, NULL, '[]', NULL, 12000.00, 'PC', 1, 1, '2', '2022-09-01 14:09:51', '2022-09-01 14:09:51', NULL, NULL, NULL, 0),
(380, 'P000380', 'PULPEN ZEBRA PICOLLO 0,7SEMI JELY BIRU', NULL, NULL, 5, NULL, 'GA', '108.1.32', 1, 1, 1, NULL, '[]', NULL, 15000.00, 'PC', 1, 1, '2', '2022-09-01 14:09:51', '2022-09-01 14:09:51', NULL, NULL, NULL, 0),
(381, 'P000381', 'PULPEN ZEBRA PICOLLO 0,7SEMI JELY MERAH', NULL, NULL, 5, NULL, 'GA', '108.1.32', 1, 1, 1, NULL, '[]', NULL, 15000.00, 'PC', 1, 1, '2', '2022-09-01 14:09:52', '2022-09-01 14:09:52', NULL, NULL, NULL, 0),
(382, 'P000382', 'PULPEN ZEBRA PICOLLO 0,7SEMIJELLY HITAM', NULL, NULL, 5, NULL, 'GA', '108.1.32', 1, 1, 1, NULL, '[]', NULL, 12000.00, 'PC', 1, 1, '2', '2022-09-01 14:09:52', '2022-09-01 14:09:52', NULL, NULL, NULL, 0),
(383, 'P000383', 'PULPEN ZEBRA SARASA 1.0 MERAH', NULL, NULL, 5, NULL, 'GA', '108.1.32', 1, 1, 1, NULL, '[]', NULL, 14500.00, 'PC', 1, 1, '2', '2022-09-01 14:09:52', '2022-09-01 14:09:52', NULL, NULL, NULL, 0),
(384, 'P000384', 'PULPEN ZEBRA SARASACLIP 1.0MRH', NULL, NULL, 5, NULL, 'GA', '108.1.32', 1, 1, 1, NULL, '[]', NULL, 12500.00, 'PC', 1, 1, '2', '2022-09-01 14:09:53', '2022-09-01 14:09:53', NULL, NULL, NULL, 0),
(385, 'P000385', 'PUSH PIN KENKO PN30', NULL, NULL, 5, NULL, 'GA', '108.1.32', 1, 1, 1, NULL, '[]', NULL, 2750.00, 'PC', 1, 1, '2', '2022-09-01 14:09:53', '2022-09-01 14:09:53', NULL, NULL, NULL, 0),
(386, 'P000386', 'RAUTAN PENSIL STAEDTLER', NULL, NULL, 5, NULL, 'GA', '108.1.32', 1, 1, 1, NULL, '[]', NULL, 2000.00, 'PC', 1, 1, '2', '2022-09-01 14:09:54', '2022-09-01 14:09:54', NULL, NULL, NULL, 0),
(387, 'P000387', 'REFIL WHITEBOARD MARKER (HITAM) SNOWMAN', NULL, NULL, 5, NULL, 'GA', '108.1.32', 1, 1, 1, NULL, '[]', NULL, 14000.00, 'PC', 1, 1, '2', '2022-09-01 14:09:54', '2022-09-01 14:09:54', NULL, NULL, NULL, 0),
(388, 'P000388', 'REFILL CLEAN AGENT UKURAN 3KG @RP 540.00', NULL, NULL, 5, NULL, 'GA', '108.1.11', 1, 1, 15, NULL, '[]', NULL, 540000.00, 'PC', 1, 1, '2', '2022-09-01 14:09:54', '2022-09-01 14:09:54', NULL, NULL, NULL, 0),
(389, 'P000389', 'REFILL CLEAN AGENT UKURAN 4,5 KG @RP 810', NULL, NULL, 5, NULL, 'GA', '108.1.11', 1, 1, 15, NULL, '[]', NULL, 810000.00, 'PC', 1, 1, '2', '2022-09-01 14:09:55', '2022-09-01 14:09:55', NULL, NULL, NULL, 0),
(390, 'P000390', 'REFILL CLEAN AGENT UKURAN 6KG @RP 1.080.', NULL, NULL, 5, NULL, 'GA', '108.1.11', 1, 1, 15, NULL, '[]', NULL, 1080000.00, 'PC', 1, 1, '2', '2022-09-01 14:09:55', '2022-09-01 14:09:55', NULL, NULL, NULL, 0),
(391, 'P000391', 'REFILL CLEAR AGENT UKURAN 9KG @RP 1.620.', NULL, NULL, 5, NULL, 'GA', '108.1.11', 1, 1, 15, NULL, '[]', NULL, 1620000.00, 'PC', 1, 1, '2', '2022-09-01 14:09:56', '2022-09-01 14:09:56', NULL, NULL, NULL, 0),
(392, 'P000392', 'REQUES PLAT NOMER GANJIL', NULL, NULL, 5, NULL, 'GA', '108.1.32', 1, 1, 1, NULL, '[]', NULL, 1500000.00, 'PC', 1, 1, '2', '2022-09-01 14:09:56', '2022-09-01 14:09:56', NULL, NULL, NULL, 0),
(393, 'P000393', 'RIBBON CATRIDGE  EPSON S015632 (SET)', NULL, NULL, 5, NULL, 'GA', '108.1.32', 1, 1, 1, NULL, '[]', NULL, 50000.00, 'PC', 1, 1, '2', '2022-09-01 14:09:56', '2022-09-01 14:09:56', NULL, NULL, NULL, 0),
(394, 'P000394', 'RIBBON CATRIDGE EPSON LQ 2180/2190 (SET)', NULL, NULL, 5, NULL, 'GA', '108.1.32', 1, 1, 1, NULL, '[]', NULL, 180000.00, 'PC', 1, 1, '2', '2022-09-01 14:09:57', '2022-09-01 14:09:57', NULL, NULL, NULL, 0),
(395, 'P000395', 'RIBBON CATRIDGE EPSON S015516 (SET)', NULL, NULL, 5, NULL, 'GA', '108.1.32', 1, 1, 1, NULL, '[]', NULL, 50000.00, 'PC', 1, 1, '2', '2022-09-01 14:09:57', '2022-09-01 14:09:57', NULL, NULL, NULL, 0),
(396, 'P000396', 'RIBBON CATRIDGE EPSON S015639 (SET)', NULL, NULL, 5, NULL, 'GA', '108.1.32', 1, 1, 1, NULL, '[]', NULL, 64000.00, 'PC', 1, 1, '2', '2022-09-01 14:09:57', '2022-09-01 14:09:57', NULL, NULL, NULL, 0),
(397, 'P000397', 'ROSE BRAND GULA PASIR PUTIH 1 KG', NULL, NULL, 5, NULL, 'GA', '108.1.4', 1, 1, 18, NULL, '[]', NULL, 13500.00, 'PC', 1, 1, '2', '2022-09-01 14:09:58', '2022-09-01 14:09:58', NULL, NULL, NULL, 0),
(398, 'P000398', 'SABUT SPONS CUCI PIRING', NULL, NULL, 5, NULL, 'GA', '108.1.20', 1, 1, 4, NULL, '[]', NULL, 3334.00, 'PC', 1, 1, '2', '2022-09-01 14:09:58', '2022-09-01 14:09:58', NULL, NULL, NULL, 0),
(399, 'P000399', 'SANDAL JEPIT CUSTOM UNTUK FACTORY', NULL, NULL, 5, NULL, 'GA', '108.1.20', 1, 1, 4, NULL, '[]', NULL, 21000.00, 'PC', 1, 1, '2', '2022-09-01 14:09:59', '2022-09-01 14:09:59', NULL, NULL, NULL, 0),
(400, 'P000400', 'SEWA ALAT PEMADAM API RINGAN (APAR)', NULL, NULL, 5, NULL, 'GA', '108.1.20', 1, 1, 4, NULL, '[]', NULL, 2000000.00, 'PC', 1, 1, '2', '2022-09-01 14:09:59', '2022-09-01 14:09:59', NULL, NULL, NULL, 0),
(401, 'P000401', 'SIKAT KAWAT ANY BRAND', NULL, NULL, 5, NULL, 'GA', '108.1.20', 1, 1, 4, NULL, '[]', NULL, 40000.00, 'PC', 1, 1, '2', '2022-09-01 14:10:00', '2022-09-01 14:10:00', NULL, NULL, NULL, 0),
(402, 'P000402', 'KERTAS HVS HIJAU 70GR A4', NULL, NULL, 5, NULL, 'GA', '108.1.32', 1, 1, 1, NULL, '[]', NULL, 58500.00, 'PC', 1, 1, '2', '2022-09-01 14:10:01', '2022-09-01 14:10:01', NULL, NULL, NULL, 0),
(403, 'P000403', 'KERTAS HVS KUNING 70GR A4', NULL, NULL, 5, NULL, 'GA', '108.1.32', 1, 1, 1, NULL, '[]', NULL, 58500.00, 'PC', 1, 1, '2', '2022-09-01 14:10:01', '2022-09-01 14:10:01', NULL, NULL, NULL, 0),
(404, 'P000404', 'SLIDING GLASS (PARTISI MOVABLE)', NULL, NULL, 5, NULL, 'GA', '108.1.12', 1, 1, 20, NULL, '[]', NULL, 42726074.00, 'PC', 1, 1, '2', '2022-09-01 14:10:02', '2022-09-01 14:10:02', NULL, NULL, NULL, 0),
(405, 'P000405', 'SLIDING GLASS (POWDER COATING)', NULL, NULL, 5, NULL, 'GA', '108.1.12', 1, 1, 20, NULL, '[]', NULL, 3270270.00, 'PC', 1, 1, '2', '2022-09-01 14:10:02', '2022-09-01 14:10:02', NULL, NULL, NULL, 0),
(406, 'P000406', 'SPIDOL  ARTLINE 70 (PERMANENT) BIRU', NULL, NULL, 5, NULL, 'GA', '108.1.32', 1, 1, 1, NULL, '[]', NULL, 7500.00, 'PC', 1, 1, '2', '2022-09-01 14:10:03', '2022-09-01 14:10:03', NULL, NULL, NULL, 0),
(407, 'P000407', 'SPIDOL  ARTLINE 70 (PERMANENT) HITAM', NULL, NULL, 5, NULL, 'GA', '108.1.32', 1, 1, 1, NULL, '[]', NULL, 7500.00, 'PC', 1, 1, '2', '2022-09-01 14:10:03', '2022-09-01 14:10:03', NULL, NULL, NULL, 0),
(408, 'P000408', 'SPIDOL  ARTLINE 70 (PERMANENT) MERAH', NULL, NULL, 5, NULL, 'GA', '108.1.32', 1, 1, 1, NULL, '[]', NULL, 7500.00, 'PC', 1, 1, '2', '2022-09-01 14:10:03', '2022-09-01 14:10:03', NULL, NULL, NULL, 0),
(409, 'P000409', 'SPIDOL  ARTLINE 700 (PERMANENT) BIRU', NULL, NULL, 5, NULL, 'GA', '108.1.32', 1, 1, 1, NULL, '[]', NULL, 10000.00, 'PC', 1, 1, '2', '2022-09-01 14:10:04', '2022-09-01 14:10:04', NULL, NULL, NULL, 0),
(410, 'P000410', 'SPIDOL  ARTLINE 700 (PERMANENT) HITAM', NULL, NULL, 5, NULL, 'GA', '108.1.32', 1, 1, 1, NULL, '[]', NULL, 10000.00, 'PC', 1, 1, '2', '2022-09-01 14:10:04', '2022-09-01 14:10:04', NULL, NULL, NULL, 0),
(411, 'P000411', 'SPIDOL  ARTLINE 700 (PERMANENT) MERAH', NULL, NULL, 5, NULL, 'GA', '108.1.32', 1, 1, 1, NULL, '[]', NULL, 10000.00, 'PC', 1, 1, '2', '2022-09-01 14:10:05', '2022-09-01 14:10:05', NULL, NULL, NULL, 0),
(412, 'P000412', 'SPIDOL OPF SNOWMAN BIRU', NULL, NULL, 5, NULL, 'GA', '108.1.32', 1, 1, 1, NULL, '[]', NULL, 4950.00, 'PC', 1, 1, '2', '2022-09-01 14:10:05', '2022-09-01 14:10:05', NULL, NULL, NULL, 0),
(413, 'P000413', 'SPIDOL OPF SNOWMAN HIJAU', NULL, NULL, 5, NULL, 'GA', '108.1.32', 1, 1, 1, NULL, '[]', NULL, 6500.00, 'PC', 1, 1, '2', '2022-09-01 14:10:06', '2022-09-01 14:10:06', NULL, NULL, NULL, 0),
(414, 'P000414', 'SPIDOL OPF SNOWMAN HITAM', NULL, NULL, 5, NULL, 'GA', '108.1.32', 1, 1, 1, NULL, '[]', NULL, 4950.00, 'PC', 1, 1, '2', '2022-09-01 14:10:06', '2022-09-01 14:10:06', NULL, NULL, NULL, 0),
(415, 'P000415', 'SPIDOL OPF SNOWMAN MERAH', NULL, NULL, 5, NULL, 'GA', '108.1.32', 1, 1, 1, NULL, '[]', NULL, 4950.00, 'PC', 1, 1, '2', '2022-09-01 14:10:06', '2022-09-01 14:10:06', NULL, NULL, NULL, 0),
(416, 'P000416', 'SPIDOL PERMANENT SNOWMAN BIRU', NULL, NULL, 5, NULL, 'GA', '108.1.32', 1, 1, 1, NULL, '[]', NULL, 4150.00, 'PC', 1, 1, '2', '2022-09-01 14:10:07', '2022-09-01 14:10:07', NULL, NULL, NULL, 0),
(417, 'P000417', 'SPIDOL PERMANENT SNOWMAN HIJAU', NULL, NULL, 5, NULL, 'GA', '108.1.32', 1, 1, 1, NULL, '[]', NULL, 4500.00, 'PC', 1, 1, '2', '2022-09-01 14:10:07', '2022-09-01 14:10:07', NULL, NULL, NULL, 0),
(418, 'P000418', 'SPIDOL PERMANENT SNOWMAN HITAM', NULL, NULL, 5, NULL, 'GA', '108.1.32', 1, 1, 1, NULL, '[]', NULL, 4150.00, 'PC', 1, 1, '2', '2022-09-01 14:10:07', '2022-09-01 14:10:07', NULL, NULL, NULL, 0),
(419, 'P000419', 'SPIDOL PERMANENT SNOWMAN MERAH', NULL, NULL, 5, NULL, 'GA', '108.1.32', 1, 1, 1, NULL, '[]', NULL, 4350.00, 'PC', 1, 1, '2', '2022-09-01 14:10:08', '2022-09-01 14:10:08', NULL, NULL, NULL, 0),
(420, 'P000420', 'SPIDOL SNOWMAN OHP/OPM PERMANENT BIRU', NULL, NULL, 5, NULL, 'GA', '108.1.32', 1, 1, 1, NULL, '[]', NULL, 6500.00, 'PC', 1, 1, '2', '2022-09-01 14:10:08', '2022-09-01 14:10:08', NULL, NULL, NULL, 0),
(421, 'P000421', 'SPIDOL SNOWMAN OHP/OPM PERMANENT HIJAU', NULL, NULL, 5, NULL, 'GA', '108.1.32', 1, 1, 1, NULL, '[]', NULL, 6500.00, 'PC', 1, 1, '2', '2022-09-01 14:10:08', '2022-09-01 14:10:08', NULL, NULL, NULL, 0),
(422, 'P000422', 'SPIDOL SNOWMAN OHP/OPM PERMANENT HITAM', NULL, NULL, 5, NULL, 'GA', '108.1.32', 1, 1, 1, NULL, '[]', NULL, 6500.00, 'PC', 1, 1, '2', '2022-09-01 14:10:09', '2022-09-01 14:10:09', NULL, NULL, NULL, 0),
(423, 'P000423', 'SPIDOL SNOWMAN OHP/OPM PERMANENT MERAH', NULL, NULL, 5, NULL, 'GA', '108.1.32', 1, 1, 1, NULL, '[]', NULL, 6500.00, 'PC', 1, 1, '2', '2022-09-01 14:10:09', '2022-09-01 14:10:09', NULL, NULL, NULL, 0),
(424, 'P000424', 'SPIDOL WHITE BOARD  SNOWMAN 850 MERAH', NULL, NULL, 5, NULL, 'GA', '108.1.32', 1, 1, 1, NULL, '[]', NULL, 15200.00, 'PC', 1, 1, '2', '2022-09-01 14:10:10', '2022-09-01 14:10:10', NULL, NULL, NULL, 0),
(425, 'P000425', 'SPIDOL WHITE BOARD SNOWMAN 850 BIRU', NULL, NULL, 5, NULL, 'GA', '108.1.32', 1, 1, 1, NULL, '[]', NULL, 15200.00, 'PC', 1, 1, '2', '2022-09-01 14:10:10', '2022-09-01 14:10:10', NULL, NULL, NULL, 0),
(426, 'P000426', 'SPIDOL WHITE BOARD SNOWMAN 850 HITAM', NULL, NULL, 5, NULL, 'GA', '108.1.32', 1, 1, 1, NULL, '[]', NULL, 15200.00, 'PC', 1, 1, '2', '2022-09-01 14:10:10', '2022-09-01 14:10:10', NULL, NULL, NULL, 0),
(427, 'P000427', 'SPIDOL WHITE BOARD SNOWMAN BIRU', NULL, NULL, 5, NULL, 'GA', '108.1.32', 1, 1, 1, NULL, '[]', NULL, 4950.00, 'PC', 1, 1, '2', '2022-09-01 14:10:11', '2022-09-01 14:10:11', NULL, NULL, NULL, 0),
(428, 'P000428', 'SPIDOL WHITE BOARD SNOWMAN HITAM', NULL, NULL, 5, NULL, 'GA', '108.1.32', 1, 1, 1, NULL, '[]', NULL, 5500.00, 'PC', 1, 1, '2', '2022-09-01 14:10:11', '2022-09-01 14:10:11', NULL, NULL, NULL, 0),
(429, 'P000429', 'SPIDOL WHITE BOARD SNOWMAN MERAH', NULL, NULL, 5, NULL, 'GA', '108.1.32', 1, 1, 1, NULL, '[]', NULL, 4950.00, 'PC', 1, 1, '2', '2022-09-01 14:10:11', '2022-09-01 14:10:11', NULL, NULL, NULL, 0),
(430, 'P000430', 'STABILO BOSS BIRU', NULL, NULL, 5, NULL, 'GA', '108.1.32', 1, 1, 1, NULL, '[]', NULL, 3500.00, 'PC', 1, 1, '2', '2022-09-01 14:10:12', '2022-09-01 14:10:12', NULL, NULL, NULL, 0),
(431, 'P000431', 'STABILO BOSS UNGU', NULL, NULL, 5, NULL, 'GA', '108.1.32', 1, 1, 1, NULL, '[]', NULL, 3500.00, 'PC', 1, 1, '2', '2022-09-01 14:10:12', '2022-09-01 14:10:12', NULL, NULL, NULL, 0),
(432, 'P000432', 'STABILO JOYKO HIJAU MUDA', NULL, NULL, 5, NULL, 'GA', '108.1.32', 1, 1, 1, NULL, '[]', NULL, 3500.00, 'PC', 1, 1, '2', '2022-09-01 14:10:13', '2022-09-01 14:10:13', NULL, NULL, NULL, 0),
(433, 'P000433', 'STABILO JOYKO KUNING', NULL, NULL, 5, NULL, 'GA', '108.1.32', 1, 1, 1, NULL, '[]', NULL, 3500.00, 'PC', 1, 1, '2', '2022-09-01 14:10:13', '2022-09-01 14:10:13', NULL, NULL, NULL, 0),
(434, 'P000434', 'STABILO JOYKO ORANGE', NULL, NULL, 5, NULL, 'GA', '108.1.32', 1, 1, 1, NULL, '[]', NULL, 3500.00, 'PC', 1, 1, '2', '2022-09-01 14:10:13', '2022-09-01 14:10:13', NULL, NULL, NULL, 0),
(435, 'P000435', 'STABILO JOYKO PINK / MERAH', NULL, NULL, 5, NULL, 'GA', '108.1.32', 1, 1, 1, NULL, '[]', NULL, 3500.00, 'PC', 1, 1, '2', '2022-09-01 14:10:15', '2022-09-01 14:10:15', NULL, NULL, NULL, 0),
(436, 'P000436', 'STAMP PAD/ BAK STAMPEL', NULL, NULL, 5, NULL, 'GA', '108.1.32', 1, 1, 1, NULL, '[]', NULL, 6500.00, 'PC', 1, 1, '2', '2022-09-01 14:10:18', '2022-09-01 14:10:18', NULL, NULL, NULL, 0),
(437, 'P000437', 'STAMPEL OTOMATIS', NULL, NULL, 5, NULL, 'GA', '108.1.32', 1, 1, 1, NULL, '[]', NULL, 50000.00, 'PC', 1, 1, '2', '2022-09-01 14:10:18', '2022-09-01 14:10:18', NULL, NULL, NULL, 0),
(438, 'P000438', 'STAPLER MAX HD10 (KECIL)', NULL, NULL, 5, NULL, 'GA', '108.1.32', 1, 1, 1, NULL, '[]', NULL, 13000.00, 'PC', 1, 1, '2', '2022-09-01 14:10:19', '2022-09-01 14:10:19', NULL, NULL, NULL, 0),
(439, 'P000439', 'STAPLER MAX HD50 (BESAR)', NULL, NULL, 5, NULL, 'GA', '108.1.32', 1, 1, 1, NULL, '[]', NULL, 57000.00, 'PC', 1, 1, '2', '2022-09-01 14:10:20', '2022-09-01 14:10:20', NULL, NULL, NULL, 0),
(440, 'P000440', 'STELLA AEROSOL ORANGE 400ML', NULL, NULL, 5, NULL, 'GA', '108.1.20', 1, 1, 4, NULL, '[]', NULL, 23150.00, 'PC', 1, 1, '2', '2022-09-01 14:10:20', '2022-09-01 14:10:20', NULL, NULL, NULL, 0),
(441, 'P000441', 'SUNLIGHT LIQUID LIME PCH 755ML', NULL, NULL, 5, NULL, 'GA', '108.1.20', 1, 1, 4, NULL, '[]', NULL, 21500.00, 'PC', 1, 1, '2', '2022-09-01 14:10:20', '2022-09-01 14:10:20', NULL, NULL, NULL, 0),
(442, 'P000442', 'SUS GULA PASIR PUTIH 1 KG', NULL, NULL, 5, NULL, 'GA', '108.1.4', 1, 1, 18, NULL, '[]', NULL, 12400.00, 'PC', 1, 1, '2', '2022-09-01 14:10:21', '2022-09-01 14:10:21', NULL, NULL, NULL, 0),
(443, 'P000443', 'SUSPENSION FILING FOLDER FUJITA', NULL, NULL, 5, NULL, 'GA', '108.1.32', 1, 1, 1, NULL, '[]', NULL, 185000.00, 'PC', 1, 1, '2', '2022-09-01 14:10:21', '2022-09-01 14:10:21', NULL, NULL, NULL, 0),
(444, 'P000444', 'TEKO LISTRIK', NULL, NULL, 5, NULL, 'GA', '108.1.32', 1, 1, 1, NULL, '[]', NULL, 285650.00, 'PC', 1, 1, '2', '2022-09-01 14:10:22', '2022-09-01 14:10:22', NULL, NULL, NULL, 0),
(445, 'P000445', 'TINTA  EPSON T6641 BLACK', NULL, NULL, 5, NULL, 'GA', '108.1.32', 1, 1, 1, NULL, '[]', NULL, 82500.00, 'PC', 1, 1, '2', '2022-09-01 14:10:22', '2022-09-01 14:10:22', NULL, NULL, NULL, 0),
(446, 'P000446', 'TINTA  EPSON T6642 CYAN', NULL, NULL, 5, NULL, 'GA', '108.1.32', 1, 1, 1, NULL, '[]', NULL, 80000.00, 'PC', 1, 1, '2', '2022-09-01 14:10:23', '2022-09-01 14:10:23', NULL, NULL, NULL, 0),
(447, 'P000447', 'TINTA  EPSON T6643 MAGENTA', NULL, NULL, 5, NULL, 'GA', '108.1.32', 1, 1, 1, NULL, '[]', NULL, 82500.00, 'PC', 1, 1, '2', '2022-09-01 14:10:24', '2022-09-01 14:10:24', NULL, NULL, NULL, 0),
(448, 'P000448', 'TINTA  EPSON T6644 YELLOW', NULL, NULL, 5, NULL, 'GA', '108.1.32', 1, 1, 1, NULL, '[]', NULL, 80000.00, 'PC', 1, 1, '2', '2022-09-01 14:10:25', '2022-09-01 14:10:25', NULL, NULL, NULL, 0),
(449, 'P000449', 'TINTA STEMPEL BIRU PYRAMID', NULL, NULL, 5, NULL, 'GA', '108.1.32', 1, 1, 1, NULL, '[]', NULL, 6000.00, 'PC', 1, 1, '2', '2022-09-01 14:10:25', '2022-09-01 14:10:25', NULL, NULL, NULL, 0),
(450, 'P000450', 'TIP-EX', NULL, NULL, 5, NULL, 'GA', '108.1.32', 1, 1, 1, NULL, '[]', NULL, 20500.00, 'PC', 1, 1, '2', '2022-09-01 14:10:26', '2022-09-01 14:10:26', NULL, NULL, NULL, 0),
(451, 'P000451', 'TONG TJIE TEH JASMINE 25\'S', NULL, NULL, 5, NULL, 'GA', '108.1.4', 1, 1, 18, NULL, '[]', NULL, 9200.00, 'PC', 1, 1, '2', '2022-09-01 14:10:26', '2022-09-01 14:10:26', NULL, NULL, NULL, 0),
(452, 'P000452', 'TOPLES', NULL, NULL, 5, NULL, 'GA', '108.1.20', 1, 1, 4, NULL, '[]', NULL, 159900.00, 'PC', 1, 1, '2', '2022-09-01 14:10:27', '2022-09-01 14:10:27', NULL, NULL, NULL, 0),
(453, 'P000453', 'SAPU IJUK', NULL, NULL, 5, NULL, 'GA', '108.1.20', 1, 1, 4, NULL, '[]', NULL, NULL, 'PC', 1, 1, '2', '2022-09-01 14:10:27', '2022-09-01 14:10:27', NULL, NULL, NULL, 0),
(454, 'P000454', 'SEROKAN / SEKOP SAMPAH', NULL, NULL, 5, NULL, 'GA', '108.1.20', 1, 1, 4, NULL, '[]', NULL, NULL, 'PC', 1, 1, '2', '2022-09-01 14:10:28', '2022-09-01 14:10:28', NULL, NULL, NULL, 0),
(455, 'P000455', 'EMBER PLASTIK BESAR 16 L', NULL, NULL, 5, NULL, 'GA', '108.1.20', 1, 1, 4, NULL, '[]', NULL, NULL, 'PC', 1, 1, '2', '2022-09-01 14:10:28', '2022-09-01 14:10:28', NULL, NULL, NULL, 0),
(456, 'P000456', 'EMBER PLASTIK KECIL 5 L', NULL, NULL, 5, NULL, 'GA', '108.1.20', 1, 1, 4, NULL, '[]', NULL, NULL, 'PC', 1, 1, '2', '2022-09-01 14:10:28', '2022-09-01 14:10:28', NULL, NULL, NULL, 0),
(457, 'P000457', 'SENDOK DAN GARPU', NULL, NULL, 5, NULL, 'GA', '108.1.20', 1, 1, 4, NULL, '[]', NULL, NULL, 'PC', 1, 1, '2', '2022-09-01 14:10:29', '2022-09-01 14:10:29', NULL, NULL, NULL, 0),
(458, 'P000458', 'NAMPAN', NULL, NULL, 5, NULL, 'GA', '108.1.20', 1, 1, 4, NULL, '[]', NULL, NULL, 'PC', 1, 1, '2', '2022-09-01 14:10:29', '2022-09-01 14:10:29', NULL, NULL, NULL, 0),
(459, 'P000459', 'HANDUK KESET', NULL, NULL, 5, NULL, 'GA', '108.1.20', 1, 1, 4, NULL, '[]', NULL, NULL, 'PC', 1, 1, '2', '2022-09-01 14:10:30', '2022-09-01 14:10:30', NULL, NULL, NULL, 0),
(460, 'P000460', 'SABUN CUCI TANGAN', NULL, NULL, 5, NULL, 'GA', '108.1.20', 1, 1, 4, NULL, '[]', NULL, NULL, 'PC', 1, 1, '2', '2022-09-01 14:10:30', '2022-09-01 14:10:30', NULL, NULL, NULL, 0),
(461, 'P000461', 'TALI RAPIA', NULL, NULL, 5, NULL, 'GA', '108.1.20', 1, 1, 4, NULL, '[]', NULL, NULL, 'PC', 1, 1, '2', '2022-09-01 14:10:30', '2022-09-01 14:10:30', NULL, NULL, NULL, 0),
(462, 'P000462', 'TRIGONAL CLIP SEAWORLD NO1', NULL, NULL, 5, NULL, 'GA', '108.1.32', 1, 1, 1, NULL, '[]', NULL, 1800.00, 'PC', 1, 1, '2', '2022-09-01 14:10:31', '2022-09-01 14:10:31', NULL, NULL, NULL, 0),
(463, 'P000463', 'TRIGONAL CLIP SEAWORLD NO3', NULL, NULL, 5, NULL, 'GA', '108.1.32', 1, 1, 1, NULL, '[]', NULL, 1600.00, 'PC', 1, 1, '2', '2022-09-01 14:10:33', '2022-09-01 14:10:33', NULL, NULL, NULL, 0),
(464, 'P000464', 'V-BELT B 111 EXHAUST ROOFTOP (BANDO)', NULL, NULL, 5, NULL, 'GA', '108.1.32', 1, 1, 1, NULL, '[]', NULL, 105000.00, 'PC', 1, 1, '2', '2022-09-01 14:10:34', '2022-09-01 14:10:34', NULL, NULL, NULL, 0),
(465, 'P000465', 'V-BELT B 112 EXHAUST ROOFTOP (BANDO)', NULL, NULL, 5, NULL, 'GA', '108.1.32', 1, 1, 1, NULL, '[]', NULL, 105000.00, 'PC', 1, 1, '2', '2022-09-01 14:10:35', '2022-09-01 14:10:35', NULL, NULL, NULL, 0),
(466, 'P000466', 'V-BELT B 79 FAN COOLING TOWER (BANDO)', NULL, NULL, 5, NULL, 'GA', '108.1.32', 1, 1, 1, NULL, '[]', NULL, 75000.00, 'PC', 1, 1, '2', '2022-09-01 14:10:35', '2022-09-01 14:10:35', NULL, NULL, NULL, 0),
(467, 'P000467', 'WIPOL CLASSIC PINE POUCH 780 ML', NULL, NULL, 5, NULL, 'GA', '108.1.20', 1, 1, 4, NULL, '[]', NULL, 19100.00, 'PC', 1, 1, '2', '2022-09-01 14:10:36', '2022-09-01 14:10:36', NULL, NULL, NULL, 0),
(468, 'P000468', 'WIPOL LEMON PINE POUCH 780 ML', NULL, NULL, 5, NULL, 'GA', '108.1.20', 1, 1, 4, NULL, '[]', NULL, 20100.00, 'PC', 1, 1, '2', '2022-09-01 14:10:37', '2022-09-01 14:10:37', NULL, NULL, NULL, 0),
(469, 'P000469', 'ZIPPER CASE BENING BAMBI DIVIDER F4 5130', NULL, NULL, 5, NULL, 'GA', '108.1.32', 1, 1, 1, NULL, '[]', NULL, 31000.00, 'PC', 1, 1, '2', '2022-09-01 14:10:37', '2022-09-01 14:10:37', NULL, NULL, NULL, 0),
(470, 'P000470', 'CHARGER LAPTOP', NULL, NULL, 6, 'IT-OPX-FC', 'IT', '104.1.5', 1, 1, 15, NULL, '[]', NULL, 180000.00, 'PC', 1, 1, '2', '2022-09-01 14:10:38', '2022-09-01 14:10:38', NULL, NULL, NULL, 0),
(471, 'P000471', 'ALAT PEREKAT IKAT KABEL (VELCRO)', NULL, NULL, 6, 'IT-OPX-FC', 'IT', '104.1.5', 1, 1, 4, NULL, '[]', NULL, 326800.00, 'PC', 1, 1, '2', '2022-09-01 14:10:38', '2022-09-01 14:10:38', NULL, NULL, NULL, 0),
(472, 'P000472', 'APPLE PENCIL 2ND GENERATION', NULL, NULL, 6, 'IT-CPX-FC', 'IT', '104.1.4', 2, 4, 5, NULL, '[]', NULL, 2045455.00, 'PC', 1, 1, '2', '2022-09-01 14:10:39', '2022-09-01 14:10:39', NULL, NULL, NULL, 0),
(473, 'P000473', 'BATERAI ABC ALKALINE 9 (KOTAK)', NULL, NULL, 6, 'IT-OPX-FC', 'IT', '104.1.5', 1, 1, 4, NULL, '[]', NULL, 39900.00, 'PC', 1, 1, '2', '2022-09-01 14:10:40', '2022-09-01 14:10:40', NULL, NULL, NULL, 0),
(474, 'P000474', 'BATERAI LAPTOP', NULL, NULL, 6, 'IT-OPX-FC', 'IT', '104.1.5', 1, 1, 15, NULL, '[]', NULL, 650000.00, 'PC', 1, 1, '2', '2022-09-01 14:10:40', '2022-09-01 14:10:40', NULL, NULL, NULL, 0),
(475, 'P000475', 'BIAYA INSTALASI', NULL, NULL, 6, 'IT-OPX-FC', 'IT', '104.1.5', 1, 1, 22, NULL, '[]', NULL, 5000000.00, 'PC', 1, 1, '2', '2022-09-01 14:10:41', '2022-09-01 14:10:41', NULL, NULL, NULL, 0),
(476, 'P000476', 'BIAYA KIRIM BARANG', NULL, NULL, 5, 'GA-OPX', 'GA', '108.1.15', 1, 1, 6, NULL, '[]', NULL, 20000.00, 'PC', 1, 1, '2', '2022-09-01 14:10:42', '2022-10-11 16:12:36', NULL, NULL, NULL, 0),
(477, 'P000477', 'BIAYA LANGGANAN NEW RACK (SERVER JAWS, MYAPPS (COLLOCATION))', NULL, NULL, 6, 'IT-CPX-FC', 'IT', '104.1.4', 1, 1, 15, NULL, '[]', NULL, 18500000.00, 'PC', 1, 1, '2', '2022-09-01 14:10:43', '2022-09-01 14:10:43', NULL, NULL, NULL, 0),
(478, 'P000478', 'CONNECTOR COMMSCOPE RJ45 CAT5E ISI 50 PCS', NULL, NULL, 6, 'IT-OPX-FC', 'IT', '104.1.5', 1, 1, 15, NULL, '[]', NULL, 155000.00, 'PC', 1, 1, '2', '2022-09-01 14:10:43', '2022-09-01 14:10:43', NULL, NULL, NULL, 0),
(479, 'P000479', 'CONVERTER MINI DP TO HDMI & VGA VENTION', NULL, NULL, 6, 'IT-OPX-FC', 'IT', '104.1.5', 1, 1, 15, NULL, '[]', NULL, 215000.00, 'PC', 1, 1, '2', '2022-09-01 14:10:44', '2022-09-01 14:10:44', NULL, NULL, NULL, 0);
INSERT INTO `products` (`id`, `kode_barang`, `name`, `sku`, `description`, `group_id`, `bc`, `bc_name`, `ba`, `category_id`, `subcategory_id`, `sub_subcategory_id`, `cmk_spec`, `vendor_spec`, `cmk2_spec`, `price`, `unit`, `status`, `type`, `created_by`, `created_at`, `updated_at`, `deleted_at`, `url`, `vendor_id`, `is_service`) VALUES
(480, 'P000480', 'CONVERTER USB 3.0 HDMI VGA UGREEN', NULL, NULL, 6, 'IT-OPX-FC', 'IT', '104.1.5', 1, 1, 15, NULL, '[]', NULL, 290000.00, 'PC', 1, 1, '2', '2022-09-01 14:10:44', '2022-09-01 14:10:44', NULL, NULL, NULL, 0),
(481, 'P000481', 'DOCKING STATION EXTERNAL HDD SSD ORICO 6228 US3-C 2.5/3.5\"', NULL, NULL, 6, 'IT - FC', 'IT', '104.1.2', 1, 1, 15, NULL, '[]', NULL, 495000.00, 'PC', 1, 1, '2', '2022-09-01 14:10:45', '2022-09-01 14:10:45', NULL, NULL, NULL, 0),
(482, 'P000482', 'DOMAIN ELITE - CMK2-ID.COM', NULL, NULL, 6, 'IT-OPX-HLD', 'IT', '104.1.3', 1, 1, 15, NULL, '[]', NULL, 1800000.00, 'PC', 1, 1, '2', '2022-09-01 14:10:45', '2022-09-01 14:10:45', NULL, NULL, NULL, 0),
(483, 'P000483', 'DOMAIN GLOBALSIGN ORGANIZATION SSL WILDCARD-*.CMK.CO.ID', NULL, NULL, 6, 'IT-OPX-HLD', 'IT', '104.1.3', 1, 1, 15, NULL, '[]', NULL, 3943500.00, 'PC', 1, 1, '2', '2022-09-01 14:10:45', '2022-09-01 14:10:45', NULL, NULL, NULL, 0),
(484, 'P000484', 'DOMAIN RENEWAL - CMK2-ID.COM', NULL, NULL, 6, 'IT-OPX-HLD', 'IT', '104.1.3', 1, 1, 15, NULL, '[]', NULL, 149000.00, 'PC', 1, 1, '2', '2022-09-01 14:10:46', '2022-09-01 14:10:46', NULL, NULL, NULL, 0),
(485, 'P000485', 'DOMAIN RENEWAL - CMK3-ID.COM', NULL, NULL, 6, 'IT-OPX-HLD', 'IT', '104.1.3', 1, 1, 15, NULL, '[]', NULL, 160000.00, 'PC', 1, 1, '2', '2022-09-01 14:10:46', '2022-09-01 14:10:46', NULL, NULL, NULL, 0),
(486, 'P000486', 'DOMAIN RENEWAL - CMKCLUB.COM', NULL, NULL, 6, 'IT-OPX-HLD', 'IT', '104.1.3', 1, 1, 15, NULL, '[]', NULL, 139000.00, 'PC', 1, 1, '2', '2022-09-01 14:10:47', '2022-09-01 14:10:47', NULL, NULL, NULL, 0),
(487, 'P000487', 'DOMAIN RENEWAL - MISS-MONDIAL.COM', NULL, NULL, 6, 'IT-OPX-HLD', 'IT', '104.1.3', 1, 1, 15, NULL, '[]', NULL, 164500.00, 'PC', 1, 1, '2', '2022-09-01 14:10:47', '2022-09-01 14:10:47', NULL, NULL, NULL, 0),
(488, 'P000488', 'DOMAIN RENEWAL - MONDIALJEWELS.COM', NULL, NULL, 6, 'IT-OPX-HLD', 'IT', '104.1.3', 1, 1, 15, NULL, '[]', NULL, 175500.00, 'PC', 1, 1, '2', '2022-09-01 14:10:48', '2022-09-01 14:10:48', NULL, NULL, NULL, 0),
(489, 'P000489', 'FLASHDISK 32 GB', NULL, NULL, 6, 'IT-OPX-FC', 'IT', '104.1.5', 1, 1, 15, NULL, '[]', NULL, 75000.00, 'PC', 1, 1, '2', '2022-09-01 14:10:48', '2022-09-01 14:10:48', NULL, NULL, NULL, 0),
(490, 'P000490', 'HARDISK EXTERNAL SEAGATE EXPANSION 500GB', NULL, NULL, 6, 'IT - FC', 'IT', '104.1.2', 1, 1, 1, NULL, '[]', NULL, 331700.00, 'PC', 1, 1, '2', '2022-09-01 14:10:49', '2022-09-01 14:10:49', NULL, NULL, NULL, 0),
(491, 'P000491', 'HARDISK EXTERNAL WD PASSPORT 2TB', NULL, NULL, 6, 'IT - FC', 'IT', '104.1.2', 1, 1, 1, NULL, '[]', NULL, 1035000.00, 'PC', 1, 1, '2', '2022-09-01 14:10:49', '2022-09-01 14:10:49', NULL, NULL, NULL, 0),
(492, 'P000492', 'HARDISK INTERNAL SEAGATE BARACUDA 1TB', NULL, NULL, 6, 'IT - FC', 'IT', '104.1.2', 1, 1, 1, NULL, '[]', NULL, 635000.00, 'PC', 1, 1, '2', '2022-09-01 14:10:53', '2022-09-01 14:10:53', NULL, NULL, NULL, 0),
(493, 'P000493', 'HARDISK INTERNAL SEAGATE BARACUDA 4TB', NULL, NULL, 6, 'IT - FC', 'IT', '104.1.2', 1, 1, 1, NULL, '[]', NULL, 1475000.00, 'PC', 1, 1, '2', '2022-09-01 14:10:53', '2022-09-01 14:10:53', NULL, NULL, NULL, 0),
(494, 'P000494', 'HDMI WIFI DISPLAY REVIEWER CHROMECAST', NULL, NULL, 6, 'IT-CPX-FC', 'IT', '104.1.4', 1, 1, 1, NULL, '[]', NULL, 200000.00, 'PC', 1, 1, '2', '2022-09-01 14:10:54', '2022-09-01 14:10:54', NULL, NULL, NULL, 0),
(495, 'P000495', 'HOLDER BESI BLUEPRINT', NULL, NULL, 6, 'IT-OPX-FC', 'IT', '104.1.5', 1, 1, 15, NULL, '[]', NULL, 200000.00, 'PC', 1, 1, '2', '2022-09-01 14:10:54', '2022-09-01 14:10:54', NULL, NULL, NULL, 0),
(496, 'P000496', 'IPAD PRO 11INCH 3RD GEN WIFI 128GB', NULL, NULL, 6, 'IT-CPX-FC', 'IT', '104.1.4', 2, 4, 5, NULL, '[]', NULL, 11817273.00, 'PC', 1, 1, '2', '2022-09-01 14:10:55', '2022-09-01 14:10:55', NULL, NULL, NULL, 0),
(497, 'P000497', 'KABEL HDMI BAFO 10 M', NULL, NULL, 6, 'IT-OPX-FC', 'IT', '104.1.5', 1, 1, 15, NULL, '[]', NULL, 275000.00, 'PC', 1, 1, '2', '2022-09-01 14:10:55', '2022-09-01 14:10:55', NULL, NULL, NULL, 0),
(498, 'P000498', 'KABEL HDMI BAFO 2 M', NULL, NULL, 6, 'IT-OPX-FC', 'IT', '104.1.5', 1, 1, 15, NULL, '[]', NULL, 85000.00, 'PC', 1, 1, '2', '2022-09-01 14:10:55', '2022-09-01 14:10:55', NULL, NULL, NULL, 0),
(499, 'P000499', 'KABEL KONEKTOR HDD', NULL, NULL, 6, 'IT-OPX-FC', 'IT', '104.1.5', 1, 1, 15, NULL, '[]', NULL, 118300.00, 'PC', 1, 1, '2', '2022-09-01 14:10:56', '2022-09-01 14:10:56', NULL, NULL, NULL, 0),
(500, 'P000500', 'KABEL SPIRAL 10 X 8MM', NULL, NULL, 6, 'IT-OPX-FC', 'IT', '104.1.5', 1, 1, 15, NULL, '[]', NULL, 25200.00, 'PC', 1, 1, '2', '2022-09-01 14:10:56', '2022-09-01 14:10:56', NULL, NULL, NULL, 0),
(501, 'P000501', 'KABEL TIES CS-250L 25CM HITAM', NULL, NULL, 6, 'IT-OPX-FC', 'IT', '104.1.5', 1, 1, 15, NULL, '[]', NULL, 37500.00, 'PC', 1, 1, '2', '2022-09-01 14:10:56', '2022-09-01 14:10:56', NULL, NULL, NULL, 0),
(502, 'P000502', 'KABEL VGA BAFO 20 M', NULL, NULL, 6, 'IT-OPX-FC', 'IT', '104.1.5', 1, 1, 15, NULL, '[]', NULL, 300000.00, 'PC', 1, 1, '2', '2022-09-01 14:10:57', '2022-09-01 14:10:57', NULL, NULL, NULL, 0),
(503, 'P000503', 'LCD LAPTOP', NULL, NULL, 6, 'IT-OPX-FC', 'IT', '104.1.5', 1, 1, 15, NULL, '[]', NULL, 1330000.00, 'PC', 1, 1, '2', '2022-09-01 14:10:57', '2022-09-01 14:10:57', NULL, NULL, NULL, 0),
(504, 'P000504', 'MESIN ABSENSI FINGER PRINT ZKTECO IN02', NULL, NULL, 6, 'IT-CPX-FC', 'IT', '104.1.4', 2, 4, 5, NULL, '[]', NULL, 2342342.00, 'PC', 1, 1, '2', '2022-09-01 14:10:57', '2022-09-01 14:10:57', NULL, NULL, NULL, 0),
(505, 'P000505', 'MIKROTIK CCR1016-12G', NULL, NULL, 6, 'IT-CPX-FC', 'IT', '104.1.4', 2, 4, 5, NULL, '[]', NULL, 10180000.00, 'PC', 1, 1, '2', '2022-09-01 14:10:58', '2022-09-01 14:10:58', NULL, NULL, NULL, 0),
(506, 'P000506', 'POWER SUPPLY ', NULL, NULL, 6, 'IT - FC', 'IT', '104.1.2', 1, 1, 7, NULL, '[]', NULL, NULL, 'PC', 1, 1, '2', '2022-09-01 14:10:58', '2022-09-01 14:10:58', NULL, NULL, NULL, 0),
(507, 'P000507', 'MONITOR LG 20MK400H', NULL, NULL, 6, 'IT-CPX-FC', 'IT', '104.1.4', 2, 4, 5, NULL, '[]', NULL, 1620000.00, 'PC', 1, 1, '2', '2022-09-01 14:10:59', '2022-09-01 14:10:59', NULL, NULL, NULL, 0),
(508, 'P000508', 'NOTEBOOK CMC3 COOLER MASTER', NULL, NULL, 6, 'IT-CPX-FC', 'IT', '104.1.4', 1, 1, 1, NULL, '[]', NULL, 235000.00, 'PC', 1, 1, '2', '2022-09-01 14:10:59', '2022-09-01 14:10:59', NULL, NULL, NULL, 0),
(509, 'P000509', 'NVR AVTECH 8516', NULL, NULL, 6, 'IT - FC', 'IT', '104.1.1', 2, 4, 5, NULL, '[]', NULL, 8727273.00, 'PC', 1, 1, '2', '2022-09-01 14:11:00', '2022-09-01 14:11:00', NULL, NULL, NULL, 0),
(510, 'P000510', 'PC RAKITAN', NULL, NULL, 6, 'IT-CPX-FC', 'IT', '104.1.4', 2, 4, 5, NULL, '[]', NULL, 8500000.00, 'PC', 1, 1, '2', '2022-09-01 14:11:01', '2022-09-01 14:11:01', NULL, NULL, NULL, 0),
(511, 'P000511', 'PROJECTOR', NULL, NULL, 6, 'IT-CPX-FC', 'IT', '104.1.4', 2, 4, 5, NULL, '[]', NULL, NULL, 'PC', 1, 1, '2', '2022-09-01 14:11:01', '2022-09-01 14:11:01', NULL, NULL, NULL, 0),
(512, 'P000512', 'IP PUBLIC', NULL, NULL, 6, 'IT-OPX-HLD', 'IT', '104.1.3', 1, 1, 15, NULL, '[]', NULL, 500000.00, 'PC', 1, 1, '2', '2022-09-01 14:11:02', '2022-09-01 14:11:02', NULL, NULL, NULL, 0),
(513, 'P000513', 'PORTS USB 4 PORTS M-TECH', NULL, NULL, 6, 'IT-OPX-FC', 'IT', '104.1.5', 1, 1, 15, NULL, '[]', NULL, 60000.00, 'PC', 1, 1, '2', '2022-09-01 14:11:02', '2022-09-01 14:11:02', NULL, NULL, NULL, 0),
(514, 'P000514', 'PRINTER BARCODE BLUEPRINT BP-TD110D', NULL, NULL, 6, 'IT-CPX-FC', 'IT', '104.1.4', 2, 4, 5, NULL, '[]', NULL, 1089091.00, 'PC', 1, 1, '2', '2022-09-01 14:11:02', '2022-09-01 14:11:02', NULL, NULL, NULL, 0),
(515, 'P000515', 'PRINTER EPSON WORKFORCE WF-100', NULL, NULL, 6, 'IT-CPX-FC', 'IT', '104.1.4', 2, 4, 5, NULL, '[]', NULL, 3700000.00, 'PC', 1, 1, '2', '2022-09-01 14:11:03', '2022-09-01 14:11:03', NULL, NULL, NULL, 0),
(516, 'P000516', 'PRINTER HITI CS-200E', NULL, NULL, 6, 'IT-CPX-FC', 'IT', '104.1.4', 2, 4, 5, NULL, '[]', NULL, 13500000.00, 'PC', 1, 1, '2', '2022-09-01 14:11:04', '2022-09-01 14:11:04', NULL, NULL, NULL, 0),
(517, 'P000517', 'PRINTER HP DESKJET 6475 ALL-IN-ONE', NULL, NULL, 6, 'IT-CPX-FC', 'IT', '104.1.4', 2, 4, 5, NULL, '[]', NULL, 2300000.00, 'PC', 1, 1, '2', '2022-09-01 14:11:04', '2022-09-01 14:11:04', NULL, NULL, NULL, 0),
(518, 'P000518', 'RAM LAPTOP DDR4 4GB ', NULL, NULL, 6, 'IT-OPX-FC', 'IT', '104.1.5', 1, 1, 15, NULL, '[]', NULL, 320000.00, 'PC', 1, 1, '2', '2022-09-01 14:11:04', '2022-09-01 14:11:04', NULL, NULL, NULL, 0),
(519, 'P000519', 'RAM LAPTOP DDR4 8GB ', NULL, NULL, 6, 'IT-OPX-FC', 'IT', '104.1.5', 1, 1, 15, NULL, '[]', NULL, 525000.00, 'PC', 1, 1, '2', '2022-09-01 14:11:05', '2022-09-01 14:11:05', NULL, NULL, NULL, 0),
(520, 'P000520', 'RIBBON HITI ', NULL, NULL, 6, NULL, 'SDA', '108.1.32', 1, 1, 1, NULL, '[]', NULL, 1000000.00, 'PC', 1, 1, '2', '2022-09-01 14:11:05', '2022-09-01 14:11:05', NULL, NULL, NULL, 0),
(521, 'P000521', 'ROUTER WIFI TENDA AC6', NULL, NULL, 6, 'IT - FC', 'IT', '104.1.2', 1, 1, 7, NULL, '[]', NULL, 495000.00, 'PC', 1, 1, '2', '2022-09-01 14:11:06', '2022-09-01 14:11:06', NULL, NULL, NULL, 0),
(522, 'P000522', 'SCANNER BARCODE AS9300', NULL, NULL, 6, 'IT - FC', 'IT', '104.1.2', 1, 1, 7, NULL, '[]', NULL, 1800000.00, 'PC', 1, 1, '2', '2022-09-01 14:11:06', '2022-09-01 14:11:06', NULL, NULL, NULL, 0),
(523, 'P000523', 'SERVER EMAIL', NULL, NULL, 6, 'IT-OPX-HLD', 'IT', '104.1.3', 1, 1, 15, NULL, '[]', NULL, 2450000.00, 'PC', 1, 1, '2', '2022-09-01 14:11:07', '2022-09-01 14:11:07', NULL, NULL, NULL, 0),
(524, 'P000524', 'EMAIL - CMK', NULL, NULL, 6, 'IT-OPX-HLD', 'IT', '104.1.3', 1, 1, 15, NULL, '[]', NULL, NULL, 'PC', 1, 1, '2', '2022-09-01 14:11:07', '2022-09-01 14:11:07', NULL, NULL, NULL, 0),
(525, 'P000525', 'SERVICE LAPTOP', NULL, NULL, 6, 'IT-OPX-FC', 'IT', '104.1.5', 1, 1, 15, NULL, '[]', NULL, 250000.00, 'PC', 1, 1, '2', '2022-09-01 14:11:08', '2022-09-01 14:11:08', NULL, NULL, NULL, 0),
(526, 'P000526', 'SERVICE PRINTER', NULL, NULL, 6, 'IT-OPX-FC', 'IT', '104.1.5', 1, 1, 15, NULL, '[]', NULL, 850000.00, 'PC', 1, 1, '2', '2022-09-01 14:11:08', '2022-09-01 14:11:08', NULL, NULL, NULL, 0),
(527, 'P000527', 'SERVICE SCANNER', NULL, NULL, 6, 'IT-OPX-FC', 'IT', '104.1.5', 1, 1, 15, NULL, '[]', NULL, 285000.00, 'PC', 1, 1, '2', '2022-09-01 14:11:09', '2022-09-01 14:11:09', NULL, NULL, NULL, 0),
(528, 'P000528', 'SEWA IP PUBLIC', NULL, NULL, 6, 'IT-OPX-HLD', 'IT', '104.1.3', 1, 1, 15, NULL, '[]', NULL, 300000.00, 'PC', 1, 1, '2', '2022-09-01 14:11:10', '2022-09-01 14:11:10', NULL, NULL, NULL, 0),
(529, 'P000529', 'SOLDER KIT TAFFWARE 7 IN 1 60 W 220 V', NULL, NULL, 6, 'IT-OPX-FC', 'IT', '104.1.5', 1, 1, 15, NULL, '[]', NULL, 150000.00, 'PC', 1, 1, '2', '2022-09-01 14:11:10', '2022-09-01 14:11:10', NULL, NULL, NULL, 0),
(530, 'P000530', 'SSD SAMSUNG 870EVO 250GB', NULL, NULL, 6, 'IT-OPX-FC', 'IT', '104.1.5', 1, 1, 15, NULL, '[]', NULL, 825000.00, 'PC', 1, 1, '2', '2022-09-01 14:11:11', '2022-09-01 14:11:11', NULL, NULL, NULL, 0),
(531, 'P000531', 'SSD SAMSUNG 870EVO 500GB', NULL, NULL, 6, 'IT-OPX-FC', 'IT', '104.1.5', 1, 1, 15, NULL, '[]', NULL, 1100000.00, 'PC', 1, 1, '2', '2022-09-01 14:11:12', '2022-09-01 14:11:12', NULL, NULL, NULL, 0),
(532, 'P000532', 'SSD SAMSUNG ENTERPRISE PM893 960 GB', NULL, NULL, 6, 'IT-OPX-FC', 'IT', '104.1.5', 1, 1, 15, NULL, '[]', NULL, 3460000.00, 'PC', 1, 1, '2', '2022-09-01 14:11:12', '2022-09-01 14:11:12', NULL, NULL, NULL, 0),
(533, 'P000533', 'SUPPORT SERVICE MAINTENANCE', NULL, NULL, 6, 'IT-OPX-FC', 'IT', '104.1.5', 1, 1, 15, NULL, '[]', NULL, 227273.00, 'PC', 1, 1, '2', '2022-09-01 14:11:13', '2022-09-01 14:11:13', NULL, NULL, NULL, 0),
(534, 'P000534', 'SUPPORT SETTING & PEMASANGAN', NULL, NULL, 6, 'IT-OPX-FC', 'IT', '104.1.5', 1, 1, 15, NULL, '[]', NULL, 227273.00, 'PC', 1, 1, '2', '2022-09-01 14:11:14', '2022-09-01 14:11:14', NULL, NULL, NULL, 0),
(535, 'P000535', 'SWITCH CISCO MANAGE CBS350-24P-4G-EU', NULL, NULL, 6, 'IT - FC', 'IT', '104.1.2', 2, 4, 5, NULL, '[]', NULL, 12400000.00, 'PC', 1, 1, '2', '2022-09-01 14:11:14', '2022-09-01 14:11:14', NULL, NULL, NULL, 0),
(536, 'P000536', 'TAB HOLDER DUDUK', NULL, NULL, 6, 'IT-CPX-FC', 'IT', '104.1.4', 1, 1, 24, NULL, '[]', NULL, 68000.00, 'PC', 1, 1, '2', '2022-09-01 14:11:15', '2022-09-01 14:11:15', NULL, NULL, NULL, 0),
(537, 'P000537', 'TAB HOLDER JEPIT REMAX  RM-C22', NULL, NULL, 6, 'IT-CPX-FC', 'IT', '104.1.4', 1, 1, 24, NULL, '[]', NULL, 58500.00, 'PC', 1, 1, '2', '2022-09-01 14:11:15', '2022-09-01 14:11:15', NULL, NULL, NULL, 0),
(538, 'P000538', 'TAB HOLDER MEJA JEPIT', NULL, NULL, 6, 'IT-CPX-FC', 'IT', '104.1.4', 1, 1, 24, NULL, '[]', NULL, 56500.00, 'PC', 1, 1, '2', '2022-09-01 14:11:16', '2022-09-01 14:11:16', NULL, NULL, NULL, 0),
(539, 'P000539', 'TABLET WACOM', NULL, NULL, 6, 'IT-CPX-FC', 'IT', '104.1.4', 2, 4, 5, NULL, '[]', NULL, 2230000.00, 'PC', 1, 1, '2', '2022-09-01 14:11:16', '2022-09-01 14:11:16', NULL, NULL, NULL, 0),
(540, 'P000540', 'TANG CRIMPING TRENDNET TC-CT68', NULL, NULL, 6, 'IT-OPX-FC', 'IT', '104.1.5', 1, 1, 24, NULL, '[]', NULL, 300000.00, 'PC', 1, 1, '2', '2022-09-01 14:11:18', '2022-09-01 14:11:18', NULL, NULL, NULL, 0),
(541, 'P000541', 'TANG KOMBINASI TEKIRO 8\"', NULL, NULL, 6, 'IT-OPX-FC', 'IT', '104.1.5', 1, 1, 24, NULL, '[]', NULL, 65000.00, 'PC', 1, 1, '2', '2022-09-01 14:11:18', '2022-09-01 14:11:18', NULL, NULL, NULL, 0),
(542, 'P000542', 'TANG POTONG TEKIRO 6\"', NULL, NULL, 6, 'IT-OPX-FC', 'IT', '104.1.5', 1, 1, 24, NULL, '[]', NULL, 52500.00, 'PC', 1, 1, '2', '2022-09-01 14:11:18', '2022-09-01 14:11:18', NULL, NULL, NULL, 0),
(543, 'P000543', 'THERMAL PASTE DEEPCOOL Z3', NULL, NULL, 6, 'IT-OPX-FC', 'IT', '104.1.5', 1, 1, 24, NULL, '[]', NULL, 50000.00, 'PC', 1, 1, '2', '2022-09-01 14:11:19', '2022-09-01 14:11:19', NULL, NULL, NULL, 0),
(544, 'P000544', 'TINTA COLOR BLACK LAZERJET PRO M452NW', NULL, NULL, 6, NULL, 'GA', '108.1.32', 1, 1, 1, NULL, '[]', NULL, 550000.00, 'PC', 1, 1, '2', '2022-09-01 14:11:20', '2022-09-01 14:11:20', NULL, NULL, NULL, 0),
(545, 'P000545', 'TINTA COLOR CYAN LASERJET PRO M452NW', NULL, NULL, 6, NULL, 'GA', '108.1.32', 1, 1, 1, NULL, '[]', NULL, 600000.00, 'PC', 1, 1, '2', '2022-09-01 14:11:20', '2022-09-01 14:11:20', NULL, NULL, NULL, 0),
(546, 'P000546', 'TINTA COLOR MAGENTA LAZERJET PRO M452NW', NULL, NULL, 6, NULL, 'GA', '108.1.32', 1, 1, 1, NULL, '[]', NULL, 600000.00, 'PC', 1, 1, '2', '2022-09-01 14:11:20', '2022-09-01 14:11:20', NULL, NULL, NULL, 0),
(547, 'P000547', 'TINTA COLOR YELLOW LAZERJET PRO M452NW', NULL, NULL, 6, NULL, 'GA', '108.1.32', 1, 1, 1, NULL, '[]', NULL, 600000.00, 'PC', 1, 1, '2', '2022-09-01 14:11:21', '2022-09-01 14:11:21', NULL, NULL, NULL, 0),
(548, 'P000548', 'TONER PRINTER MERK HP COLOR LASER M452NW', NULL, NULL, 6, NULL, 'GA', '108.1.32', 1, 1, 1, NULL, '[]', NULL, 1350000.00, 'PC', 1, 1, '2', '2022-09-01 14:11:23', '2022-09-01 14:11:23', NULL, NULL, NULL, 0),
(549, 'P000549', 'UPS ICA CE1200', NULL, NULL, 6, 'IT - FC', 'IT', '104.1.2', 1, 1, 7, NULL, '[]', NULL, 1020000.00, 'PC', 1, 1, '2', '2022-09-01 14:11:24', '2022-09-01 14:11:24', NULL, NULL, NULL, 0),
(550, 'P000550', 'UPS ICA CT1082B', NULL, NULL, 6, 'IT - FC', 'IT', '104.1.2', 2, 4, 5, NULL, '[]', NULL, 2830000.00, 'PC', 1, 1, '2', '2022-09-01 14:11:24', '2022-09-01 14:11:24', NULL, NULL, NULL, 0),
(551, 'P000551', 'USB TYPE C TO HDMI & VGA MERK NETLINE', NULL, NULL, 6, 'IT-OPX-FC', 'IT', '104.1.5', 1, 1, 15, NULL, '[]', NULL, 160000.00, 'PC', 1, 1, '2', '2022-09-01 14:11:26', '2022-09-01 14:11:26', NULL, NULL, NULL, 0),
(552, 'P000552', 'USB TYPE C TO MULTIPORT 6 IN 1 NETLINE', NULL, NULL, 6, 'IT-OPX-FC', 'IT', '104.1.5', 1, 1, 15, NULL, '[]', NULL, 275000.00, 'PC', 1, 1, '2', '2022-09-01 14:11:27', '2022-09-01 14:11:27', NULL, NULL, NULL, 0),
(553, 'P000553', 'VGA CARD HOSE GT730-4GB', NULL, NULL, 6, 'IT-OPX-FC', 'IT', '104.1.5', 1, 1, 15, NULL, '[]', NULL, 1100000.00, 'PC', 1, 1, '2', '2022-09-01 14:11:27', '2022-09-01 14:11:27', NULL, NULL, NULL, 0),
(554, 'P000554', 'APPLICATION EPROC', NULL, NULL, 6, 'IT - FC', 'IT', '104.1.1', 2, 4, 101, NULL, '[]', NULL, NULL, 'PC', 1, 1, '2', '2022-09-01 14:11:28', '2022-09-01 14:11:28', NULL, NULL, NULL, 0),
(555, 'P000555', 'LISENSI MSSQL 2019', NULL, NULL, 6, 'IT - FC', 'IT', '104.1.1', 1, 1, 15, NULL, '[]', NULL, NULL, 'PC', 1, 1, '2', '2022-09-01 14:11:28', '2022-09-01 14:11:28', NULL, NULL, NULL, 0),
(556, 'P000556', 'LISENSI OFFICE 365', NULL, NULL, 6, 'IT - FC', 'IT', '104.1.1', 1, 1, 15, NULL, '[]', NULL, NULL, 'PC', 1, 1, '2', '2022-09-01 14:11:28', '2022-09-01 14:11:28', NULL, NULL, NULL, 0),
(557, 'P000557', 'LISENSI ZOOM MEETING ONLINE', NULL, NULL, 6, 'IT - FC', 'IT', '104.1.1', 1, 1, 15, NULL, '[]', NULL, NULL, 'PC', 1, 1, '2', '2022-09-01 14:11:29', '2022-09-01 14:11:29', NULL, NULL, NULL, 0),
(558, 'P000558', 'CLOUD AWS', NULL, NULL, 6, 'IT - FC', 'IT', '104.1.1', 1, 1, 15, NULL, '[]', NULL, NULL, 'PC', 1, 1, '2', '2022-09-01 14:11:29', '2022-09-01 14:11:29', NULL, NULL, NULL, 0),
(559, 'P000559', 'SAP (MAINTENANCE DLL)', NULL, NULL, 6, 'IT - FC', 'IT', '104.1.1', 1, 1, 15, NULL, '[]', NULL, NULL, 'PC', 1, 1, '2', '2022-09-01 14:11:30', '2022-09-01 14:11:30', NULL, NULL, NULL, 0),
(560, 'P000560', 'AMPLOP  MONDIAL', NULL, NULL, 7, NULL, 'LSP', '116.1.1', 2, 9, 25, NULL, '[]', NULL, 4100.00, 'PC', 1, 1, '2', '2022-09-01 14:11:30', '2022-09-01 14:11:30', NULL, NULL, NULL, 0),
(561, 'P000561', 'AMPLOP FRANK.CO', NULL, NULL, 7, NULL, 'LSP', '116.1.1', 2, 9, 25, NULL, '[]', NULL, 1050.00, 'PC', 1, 1, '2', '2022-09-01 14:11:30', '2022-09-01 14:11:30', NULL, NULL, NULL, 0),
(562, 'P000562', 'AMPLOP THE PALACE', NULL, NULL, 7, NULL, 'LSP', '116.1.1', 2, 9, 25, NULL, '[]', NULL, 2900.00, 'PC', 1, 1, '2', '2022-09-01 14:11:31', '2022-09-01 14:11:31', NULL, NULL, NULL, 0),
(563, 'P000563', 'BUKU QC BUYBACK TANPA LOGO', NULL, NULL, 7, NULL, 'LSP', '116.1.1', 2, 9, 25, NULL, '[]', NULL, 10000.00, 'PC', 1, 1, '2', '2022-09-01 14:11:31', '2022-09-01 14:11:31', NULL, NULL, NULL, 0),
(564, 'P000564', 'CUSTOMER CARD FRANK AND CO', NULL, NULL, 7, NULL, 'LSP', '116.1.1', 2, 9, 25, NULL, '[]', NULL, 480.00, 'PC', 1, 1, '2', '2022-09-01 14:11:31', '2022-09-01 14:11:31', NULL, NULL, NULL, 0),
(565, 'P000565', 'CUSTOMER CARD MONDIAL', NULL, NULL, 7, NULL, 'LSP', '116.1.1', 2, 9, 25, NULL, '[]', NULL, 950.00, 'PC', 1, 1, '2', '2022-09-01 14:11:32', '2022-09-01 14:11:32', NULL, NULL, NULL, 0),
(566, 'P000566', 'CUSTOMER CARD THE PALACE', NULL, NULL, 7, NULL, 'LSP', '116.1.1', 2, 9, 25, NULL, '[]', NULL, 300.00, 'PC', 1, 1, '2', '2022-09-01 14:11:32', '2022-09-01 14:11:32', NULL, NULL, NULL, 0),
(567, 'P000567', 'DELIVERY ORDER FRANK AND CO', NULL, NULL, 7, NULL, 'LSP', '116.1.1', 2, 9, 25, NULL, '[]', NULL, 18000.00, 'PC', 1, 1, '2', '2022-09-01 14:11:32', '2022-09-01 14:11:32', NULL, NULL, NULL, 0),
(568, 'P000568', 'DELIVERY ORDER THE PALACE', NULL, NULL, 7, NULL, 'LSP', '116.1.1', 2, 9, 25, NULL, '[]', NULL, 16000.00, 'PC', 1, 1, '2', '2022-09-01 14:11:33', '2022-09-01 14:11:33', NULL, NULL, NULL, 0),
(569, 'P000569', 'FORM BUYBACK DJ THE PALACE', NULL, NULL, 7, NULL, 'LSP', '116.1.1', 2, 9, 25, NULL, '[]', NULL, 11000.00, 'PC', 1, 1, '2', '2022-09-01 14:11:33', '2022-09-01 14:11:33', NULL, NULL, NULL, 0),
(570, 'P000570', 'FORM BUYBACK PG THE PALACE', NULL, NULL, 7, NULL, 'LSP', '116.1.1', 2, 9, 25, NULL, '[]', NULL, 10000.00, 'PC', 1, 1, '2', '2022-09-01 14:11:33', '2022-09-01 14:11:33', NULL, NULL, NULL, 0),
(571, 'P000571', 'INVOICE F.CO KW1', NULL, NULL, 7, NULL, 'LSP', '116.1.1', 2, 9, 25, NULL, '[]', NULL, 780.00, 'PC', 1, 1, '2', '2022-09-01 14:11:33', '2022-09-01 14:11:33', NULL, NULL, NULL, 0),
(572, 'P000572', 'INVOICE MONDIAL', NULL, NULL, 7, NULL, 'LSP', '116.1.1', 2, 9, 25, NULL, '[]', NULL, 2050.00, 'PC', 1, 1, '2', '2022-09-01 14:11:34', '2022-09-01 14:11:34', NULL, NULL, NULL, 0),
(573, 'P000573', 'INVOICE THE PALACE', NULL, NULL, 7, NULL, 'LSP', '116.1.1', 2, 9, 25, NULL, '[]', NULL, 675.00, 'PC', 1, 1, '2', '2022-09-01 14:11:34', '2022-09-01 14:11:34', NULL, NULL, NULL, 0),
(574, 'P000574', 'KARTU SERTIFIKAT F.CO', NULL, NULL, 7, NULL, 'LSP', '116.1.1', 2, 9, 25, NULL, '[]', NULL, 2200.00, 'PC', 1, 1, '2', '2022-09-01 14:11:34', '2022-09-01 14:11:34', NULL, NULL, NULL, 0),
(575, 'P000575', 'KARTU SERTIFIKAT MONDIAL', NULL, NULL, 7, NULL, 'LSP', '116.1.1', 2, 9, 25, NULL, '[]', NULL, 2300.00, 'PC', 1, 1, '2', '2022-09-01 14:11:35', '2022-09-01 14:11:35', NULL, NULL, NULL, 0),
(576, 'P000576', 'KARTU SERTIFIKAT THE PALACE', NULL, NULL, 7, NULL, 'LSP', '116.1.1', 2, 9, 25, NULL, '[]', NULL, 2200.00, 'PC', 1, 1, '2', '2022-09-01 14:11:35', '2022-09-01 14:11:35', NULL, NULL, NULL, 0),
(577, 'P000577', 'MEMO THE PALACE', NULL, NULL, 7, NULL, 'LSP', '116.1.1', 2, 9, 25, NULL, '[]', NULL, 12000.00, 'PC', 1, 1, '2', '2022-09-01 14:11:35', '2022-09-01 14:11:35', NULL, NULL, NULL, 0),
(578, 'P000578', 'MY DREAM DIAMOND', NULL, NULL, 7, NULL, 'LSP', '116.1.1', 2, 9, 25, NULL, '[]', NULL, 350.00, 'PC', 1, 1, '2', '2022-09-01 14:11:36', '2022-09-01 14:11:36', NULL, NULL, NULL, 0),
(579, 'P000579', 'PURCHASE ORDER FRANK AND CO', NULL, NULL, 7, NULL, 'LSP', '116.1.1', 2, 9, 25, NULL, '[]', NULL, 20000.00, 'PC', 1, 1, '2', '2022-09-01 14:11:36', '2022-09-01 14:11:36', NULL, NULL, NULL, 0),
(580, 'P000580', 'PURCHASE ORDER THE PALACE', NULL, NULL, 7, NULL, 'LSP', '116.1.1', 2, 9, 25, NULL, '[]', NULL, 20000.00, 'PC', 1, 1, '2', '2022-09-01 14:11:36', '2022-09-01 14:11:36', NULL, NULL, NULL, 0),
(581, 'P000581', 'TANDA TERIMA TANPA LOGO', NULL, NULL, 7, NULL, 'LSP', '116.1.1', 2, 9, 25, NULL, '[]', NULL, 9000.00, 'PC', 1, 1, '2', '2022-09-01 14:11:37', '2022-09-01 14:11:37', NULL, NULL, NULL, 0),
(582, 'P000582', 'TANDA TERIMA THE PALACE', NULL, NULL, 7, NULL, 'LSP', '116.1.1', 2, 9, 25, NULL, '[]', NULL, 14000.00, 'PC', 1, 1, '2', '2022-09-01 14:11:37', '2022-09-01 14:11:37', NULL, NULL, NULL, 0),
(583, 'P000583', 'WISH LIST CARD THE PALACE', NULL, NULL, 7, NULL, 'LSP', '116.1.1', 2, 9, 25, NULL, '[]', NULL, 850.00, 'PC', 1, 1, '2', '2022-09-01 14:11:37', '2022-09-01 14:11:37', NULL, NULL, NULL, 0),
(584, 'P000584', 'BENANG KENUR PACIFIC ANDARIA 20X200MM', NULL, NULL, 9, NULL, 'SK', '116.1.1', 1, 10, 26, NULL, '[]', NULL, 50000.00, 'PC', 1, 1, '2', '2022-09-01 14:11:38', '2022-09-01 14:11:38', NULL, NULL, NULL, 0),
(585, 'P000585', 'FOTO PRODUK', NULL, NULL, 9, NULL, 'MERCHANDISING', '116.1.2', 1, 10, 27, NULL, '[]', NULL, 47430000.00, 'PC', 1, 1, '2', '2022-09-01 14:11:38', '2022-09-01 14:11:38', NULL, NULL, NULL, 0),
(586, 'P000586', 'LABEL BARCODE FRANK&CO', NULL, NULL, 9, NULL, 'SK', '116.1.1', 1, 10, 26, NULL, '[]', NULL, 60.00, 'PC', 1, 1, '2', '2022-09-01 14:11:38', '2022-09-01 14:11:38', NULL, NULL, NULL, 0),
(587, 'P000587', 'LABEL BARCODE MONDIAL', NULL, NULL, 9, NULL, 'SK', '116.1.1', 1, 10, 26, NULL, '[]', NULL, 60.00, 'PC', 1, 1, '2', '2022-09-01 14:11:39', '2022-09-01 14:11:39', NULL, NULL, NULL, 0),
(588, 'P000588', 'LABEL BARCODE THE PALACE', NULL, NULL, 9, NULL, 'SK', '116.1.1', 1, 10, 26, NULL, '[]', NULL, 60.00, 'PC', 1, 1, '2', '2022-09-01 14:11:40', '2022-09-01 14:11:40', NULL, NULL, NULL, 0),
(589, 'P000589', 'RIBBON BARCODE WAX RESIN 110MM X 300M', NULL, NULL, 9, NULL, 'SK', '116.1.1', 1, 10, 26, NULL, '[]', NULL, 99700.00, 'PC', 1, 1, '2', '2022-09-01 14:11:40', '2022-09-01 14:11:40', NULL, NULL, NULL, 0),
(590, 'P000590', 'RIBBON BARCODE WAX RESIN 60MM X 70M', NULL, NULL, 9, NULL, 'SK', '116.1.1', 1, 10, 26, NULL, '[]', NULL, 15000.00, 'PC', 1, 1, '2', '2022-09-01 14:11:40', '2022-09-01 14:11:40', NULL, NULL, NULL, 0),
(591, 'P000591', 'RIBBON BARCODE WAX RESIN 80MM X 300M', NULL, NULL, 9, NULL, 'SK', '116.1.1', 1, 10, 26, NULL, '[]', NULL, 75000.00, 'PC', 1, 1, '2', '2022-09-01 14:11:41', '2022-09-01 14:11:41', NULL, NULL, NULL, 0),
(592, 'P000592', 'STICKER SARINE', NULL, NULL, 9, NULL, 'SK', '116.1.1', 1, 10, 26, NULL, '[]', NULL, 600.00, 'PC', 1, 1, '2', '2022-09-01 14:11:41', '2022-09-01 14:11:41', NULL, NULL, NULL, 0),
(593, 'P000593', 'TAG BANDROL', NULL, NULL, 9, NULL, 'SK', '116.1.1', 1, 10, 26, NULL, '[]', NULL, 126000.00, 'PC', 1, 1, '2', '2022-09-01 14:11:41', '2022-09-01 14:11:41', NULL, NULL, NULL, 0),
(594, 'P000594', '3D ANIMATION VIDEO', NULL, NULL, 10, NULL, 'MARKETING', '101.1.2', 1, 6, 28, NULL, '[]', NULL, 42602041.00, 'PC', 1, 1, '2', '2022-09-01 14:11:42', '2022-09-01 14:11:42', NULL, NULL, NULL, 0),
(595, 'P000595', 'STORY TELLER', NULL, NULL, 10, NULL, 'MARKETING', '101.1.2', 1, 6, 28, NULL, '[]', NULL, 541680000.00, 'PC', 1, 1, '2', '2022-09-01 14:11:42', '2022-09-01 14:11:42', NULL, NULL, NULL, 0),
(596, 'P000596', 'FRONT WINDOW', NULL, NULL, 10, NULL, 'VM', '102.1.3', 1, 14, 42, NULL, '[]', NULL, NULL, 'PC', 1, 1, '2', '2022-09-01 14:11:42', '2022-09-01 14:11:42', NULL, NULL, NULL, 0),
(597, 'P000597', 'SIDE WINDOW', NULL, NULL, 10, NULL, 'VM', '102.1.3', 1, 14, 42, NULL, '[]', NULL, NULL, 'PC', 1, 1, '2', '2022-09-01 14:11:43', '2022-09-01 14:11:43', NULL, NULL, NULL, 0),
(598, 'P000598', 'WALL POSTER', NULL, NULL, 10, NULL, 'VM', '102.1.3', 1, 14, 42, NULL, '[]', NULL, NULL, 'PC', 1, 1, '2', '2022-09-01 14:11:43', '2022-09-01 14:11:43', NULL, NULL, NULL, 0),
(599, 'P000599', 'STICKER SHOWCASE', NULL, NULL, 10, NULL, 'VM', '102.1.3', 1, 14, 42, NULL, '[]', NULL, NULL, 'PC', 1, 1, '2', '2022-09-01 14:11:43', '2022-09-01 14:11:43', NULL, NULL, NULL, 0),
(600, 'P000600', 'COM', NULL, NULL, 10, NULL, 'VM', '102.1.3', 1, 14, 42, NULL, '[]', NULL, NULL, 'PC', 1, 1, '2', '2022-09-01 14:11:44', '2022-09-01 14:11:44', NULL, NULL, NULL, 0),
(601, 'P000601', 'DECO & PROPS', NULL, NULL, 10, NULL, 'VM', '102.1.3', 1, 14, 42, NULL, '[]', NULL, NULL, 'PC', 1, 1, '2', '2022-09-01 14:11:44', '2022-09-01 14:11:44', NULL, NULL, NULL, 0),
(602, 'P000602', 'THEMATIC WINDOW', NULL, NULL, 10, NULL, 'VM', '102.1.3', 1, 14, 42, NULL, '[]', NULL, NULL, 'PC', 1, 1, '2', '2022-09-01 14:11:45', '2022-09-01 14:11:45', NULL, NULL, NULL, 0),
(603, 'P000603', 'FUN & PG WALL', NULL, NULL, 10, NULL, 'VM', '102.1.3', 1, 14, 42, NULL, '[]', NULL, NULL, 'PC', 1, 1, '2', '2022-09-01 14:11:45', '2022-09-01 14:11:45', NULL, NULL, NULL, 0),
(604, 'P000604', 'BUNGA HIDUP', NULL, NULL, 10, NULL, 'MARKETING', '101.1.4', 1, 5, 29, NULL, '[]', NULL, 90000000.00, 'PC', 1, 1, '2', '2022-09-01 14:11:45', '2022-09-01 14:11:45', NULL, NULL, NULL, 0),
(605, 'P000605', 'BONGKAR PASANG MEDIA PROMOSI', NULL, NULL, 10, NULL, 'MARKETING', '101.1.3', 1, 1, 22, NULL, '[]', NULL, 540000.00, 'PC', 1, 1, '2', '2022-09-01 14:11:46', '2022-09-01 14:11:46', NULL, NULL, NULL, 0),
(606, 'P000606', 'DESIGN ILLUSTRATION CERPEN', NULL, NULL, 10, NULL, 'MARKETING', '101.1.2', 1, 6, 28, NULL, '[]', NULL, 30000000.00, 'PC', 1, 1, '2', '2022-09-01 14:11:46', '2022-09-01 14:11:46', NULL, NULL, NULL, 0),
(607, 'P000607', 'F&B EVENT', NULL, NULL, 10, NULL, 'MARKETING', '101.1.4', 1, 5, 29, NULL, '[]', NULL, 35774363.00, 'PC', 1, 1, '2', '2022-09-01 14:11:47', '2022-09-01 14:11:47', NULL, NULL, NULL, 0),
(608, 'P000608', 'GUEST BOOK FRANK & CO. - COVER HARDBOARD', NULL, NULL, 10, NULL, 'MARKETING', '101.1.4', 1, 5, 29, NULL, '[]', NULL, 16500000.00, 'PC', 1, 1, '2', '2022-09-01 14:11:47', '2022-09-01 14:11:47', NULL, NULL, NULL, 0),
(609, 'P000609', 'GUEST BOOK FRANK & CO. - ISI (INSERTION)', NULL, NULL, 10, NULL, 'MARKETING', '101.1.4', 1, 5, 29, NULL, '[]', NULL, 7084000.00, 'PC', 1, 1, '2', '2022-09-01 14:11:48', '2022-09-01 14:11:48', NULL, NULL, NULL, 0),
(610, 'P000610', 'IG REELS DAN IG STORIES', NULL, NULL, 10, NULL, 'MARKETING', '101.1.4', 1, 5, 29, NULL, '[]', NULL, 9045226.00, 'PC', 1, 1, '2', '2022-09-01 14:11:48', '2022-09-01 14:11:48', NULL, NULL, NULL, 0),
(611, 'P000611', 'JASA ILLUSTRASI', NULL, NULL, 10, NULL, 'MARKETING', '101.1.4', 1, 5, 9, NULL, '[]', NULL, 1153847.00, 'PC', 1, 1, '2', '2022-09-01 14:11:48', '2022-09-01 14:11:48', NULL, NULL, NULL, 0),
(612, 'P000612', 'INSTALASI SOUND SYSTEM', NULL, NULL, 10, NULL, 'MARKETING', '101.1.3', 1, 5, 29, NULL, '[]', NULL, 1000000.00, 'PC', 1, 1, '2', '2022-09-01 14:11:49', '2022-09-01 14:11:49', NULL, NULL, NULL, 0),
(613, 'P000613', 'KERTAS MINYAK', NULL, NULL, 10, NULL, 'MARKETING', '101.1.4', 1, 5, 29, NULL, '[]', NULL, 799200.00, 'PC', 1, 1, '2', '2022-09-01 14:11:49', '2022-09-01 14:11:49', NULL, NULL, NULL, 0),
(614, 'P000614', 'KOL', NULL, NULL, 10, NULL, 'MARKETING', '101.1.4', 1, 5, 29, NULL, '[]', NULL, 55500000.00, 'PC', 1, 1, '2', '2022-09-01 14:11:50', '2022-09-01 14:11:50', NULL, NULL, NULL, 0),
(615, 'P000615', 'KEY VISUAL CAMPAIGN', NULL, NULL, 10, NULL, 'MARKETING', '101.1.2', 1, 6, 28, NULL, '[]', NULL, 137085000.00, 'PC', 1, 1, '2', '2022-09-01 14:11:50', '2022-09-01 14:11:50', NULL, NULL, NULL, 0),
(616, 'P000616', 'MEDIA PLACEMENT', NULL, NULL, 10, NULL, 'MARKETING', '101.1.2', 1, 6, 11, NULL, '[]', NULL, 280206463.00, 'PC', 1, 1, '2', '2022-09-01 14:11:50', '2022-09-01 14:11:50', NULL, NULL, NULL, 0),
(617, 'P000617', 'NAPKIN / KERTAS TISSUE', NULL, NULL, 10, NULL, 'MARKETING', '101.1.4', 1, 5, 29, NULL, '[]', NULL, 2700000.00, 'PC', 1, 1, '2', '2022-09-01 14:11:51', '2022-09-01 14:11:51', NULL, NULL, NULL, 0),
(618, 'P000618', 'NEWSLETTER DESIGN (HTML)', NULL, NULL, 10, NULL, 'MARKETING', '101.1.2', 1, 6, 12, NULL, '[]', NULL, 37500000.00, 'PC', 1, 1, '2', '2022-09-01 14:11:51', '2022-09-01 14:11:51', NULL, NULL, NULL, 0),
(619, 'P000619', 'SEWA LOKASI BANNER ', NULL, NULL, 10, NULL, 'MARKETING', '101.1.3', 1, 5, 10, NULL, '[]', NULL, 3888000.00, 'PC', 1, 1, '2', '2022-09-01 14:11:51', '2022-09-01 14:11:51', NULL, NULL, NULL, 0),
(620, 'P000620', 'PASANG UMBUL UMBUL', NULL, NULL, 10, NULL, 'MARKETING', '101.1.4', 1, 5, 10, NULL, '[]', NULL, 600000.00, 'PC', 1, 1, '2', '2022-09-01 14:11:52', '2022-09-01 14:11:52', NULL, NULL, NULL, 0),
(621, 'P000621', 'PHOTOBOOTH', NULL, NULL, 10, NULL, 'MARKETING', '101.1.4', 1, 5, 29, NULL, '[]', NULL, 18050300.00, 'PC', 1, 1, '2', '2022-09-01 14:11:52', '2022-09-01 14:11:52', NULL, NULL, NULL, 0),
(622, 'P000622', 'PUBLISHER PARTNERSHIP', NULL, NULL, 10, NULL, 'MARKETING', '101.1.2', 1, 6, 12, NULL, '[]', NULL, 1261363636.00, 'PC', 1, 1, '2', '2022-09-01 14:11:52', '2022-09-01 14:11:52', NULL, NULL, NULL, 0),
(623, 'P000623', 'RAILING BANNER MEDIA PROMOSI', NULL, NULL, 10, NULL, 'MARKETING', '101.1.3', 1, 5, 30, NULL, '[]', NULL, 744000.00, 'PC', 1, 1, '2', '2022-09-01 14:11:53', '2022-09-01 14:11:53', NULL, NULL, NULL, 0),
(624, 'P000624', 'SAMPLE', NULL, NULL, 10, NULL, 'MARKETING', '102.1.1', 1, 1, 32, NULL, '[]', NULL, 17465945.00, 'PC', 1, 1, '2', '2022-09-01 14:11:53', '2022-09-01 14:11:53', NULL, NULL, NULL, 0),
(625, 'P000625', 'SEWA TV', NULL, NULL, 10, NULL, 'MARKETING', '101.1.3', 1, 5, 29, NULL, '[]', NULL, 900000.00, 'PC', 1, 1, '2', '2022-09-01 14:11:53', '2022-09-01 14:11:53', NULL, NULL, NULL, 0),
(626, 'P000626', 'SOUND SYSTEM', NULL, NULL, 10, NULL, 'MARKETING', '101.1.4', 1, 5, 29, NULL, '[]', NULL, 7653061.00, 'PC', 1, 1, '2', '2022-09-01 14:11:54', '2022-09-01 14:11:54', NULL, NULL, NULL, 0),
(627, 'P000627', 'SOUVENIR', NULL, NULL, 10, NULL, 'SOUVENIR', '117.1.1', 1, 5, 9, NULL, '[]', NULL, 52910000.00, 'PC', 1, 1, '2', '2022-09-01 14:11:54', '2022-09-01 14:11:54', NULL, NULL, NULL, 0),
(628, 'P000628', 'POUCH', NULL, NULL, 10, NULL, 'MARKETING', '101.1.4', 1, 5, 9, NULL, '[]', NULL, 36300000.00, 'PC', 1, 1, '2', '2022-09-01 14:11:54', '2022-09-01 14:11:54', NULL, NULL, NULL, 0),
(629, 'P000629', 'T-BANNER', NULL, NULL, 10, NULL, 'MARKETING', '101.1.3', 1, 5, 30, NULL, '[]', NULL, 465000.00, 'PC', 1, 1, '2', '2022-09-01 14:11:55', '2022-09-01 14:11:55', NULL, NULL, NULL, 0),
(630, 'P000630', 'SEWA AREA UMBUL ', NULL, NULL, 10, NULL, 'MARKETING', '101.1.4', 1, 5, 10, NULL, '[]', NULL, 840000.00, 'PC', 1, 1, '2', '2022-09-01 14:11:55', '2022-09-01 14:11:55', NULL, NULL, NULL, 0),
(631, 'P000631', 'AMPLOP ANGPAO', NULL, NULL, 12, NULL, 'MARKETING', '101.1.4', 1, 5, 9, NULL, '[]', NULL, 60000.00, 'PC', 1, 1, '2', '2022-09-01 14:11:55', '2022-09-01 14:11:55', NULL, NULL, NULL, 0),
(632, 'P000632', 'COPY WRITER (IG, WA BLAST, EMAIL ETC.)', NULL, NULL, 12, NULL, 'MARKETING', '101.1.2', 1, 6, 12, NULL, '[]', NULL, 53571434.00, 'PC', 1, 1, '2', '2022-09-01 14:11:56', '2022-09-01 14:11:56', NULL, NULL, NULL, 0),
(633, 'P000633', 'DESIGN FEE SOUVENIR', NULL, NULL, 12, NULL, 'MARKETING', '101.1.4', 1, 5, 9, NULL, '[]', NULL, 1000000.00, 'PC', 1, 1, '2', '2022-09-01 14:11:56', '2022-09-01 14:11:56', NULL, NULL, NULL, 0),
(634, 'P000634', 'DIGITAL IMAGING FOREVER MARK', NULL, NULL, 12, NULL, 'MARKETING', '101.1.1', 1, 6, 11, NULL, '[]', NULL, 75000000.00, 'PC', 1, 1, '2', '2022-09-01 14:11:57', '2022-09-01 14:11:57', NULL, NULL, NULL, 0),
(635, 'P000635', 'GROOMING CHECK APPLICATION', NULL, NULL, 12, NULL, 'SQ', '105.1.8', 2, 4, 101, NULL, '[]', NULL, 195000000.00, 'PC', 1, 1, '2', '2022-09-01 14:11:57', '2022-09-01 14:11:57', NULL, NULL, NULL, 0),
(636, 'P000636', 'IG FILTER & IG STORY', NULL, NULL, 12, NULL, 'MARKETING', '101.1.2', 1, 6, 11, NULL, '[]', NULL, 30612245.00, 'PC', 1, 1, '2', '2022-09-01 14:11:57', '2022-09-01 14:11:57', NULL, NULL, NULL, 0),
(637, 'P000637', 'MAHJONG', NULL, NULL, 12, NULL, 'MARKETING', '101.1.4', 1, 1, 32, NULL, '[]', NULL, 810.00, 'PC', 1, 1, '2', '2022-09-01 14:11:58', '2022-09-01 14:11:58', NULL, NULL, NULL, 0),
(638, 'P000638', 'MAKE UP ARTIST & HAIRDO', NULL, NULL, 12, NULL, 'MARKETING', '101.1.2', 1, 6, 28, NULL, '[]', NULL, 19487179.00, 'PC', 1, 1, '2', '2022-09-01 14:11:58', '2022-09-01 14:11:58', NULL, NULL, NULL, 0),
(639, 'P000639', 'MODEL/TALENT', NULL, NULL, 12, NULL, 'MARKETING', '101.1.2', 1, 6, 28, NULL, '[]', NULL, 76530612.00, 'PC', 1, 1, '2', '2022-09-01 14:11:58', '2022-09-01 14:11:58', NULL, NULL, NULL, 0),
(640, 'P000640', 'NAIL ART', NULL, NULL, 12, NULL, 'MARKETING', '101.1.2', 1, 6, 28, NULL, '[]', NULL, 876923.00, 'PC', 1, 1, '2', '2022-09-01 14:11:59', '2022-09-01 14:11:59', NULL, NULL, NULL, 0),
(641, 'P000641', 'PHOTOGRAPHER', NULL, NULL, 12, NULL, 'MARKETING', '101.1.2', 1, 6, 28, NULL, '[]', NULL, 18461539.00, 'PC', 1, 1, '2', '2022-09-01 14:12:00', '2022-09-01 14:12:00', NULL, NULL, NULL, 0),
(642, 'P000642', 'PROPERTY', NULL, NULL, 12, NULL, 'MARKETING', '101.1.4', 1, 5, 29, NULL, '[]', NULL, 8204082.00, 'PC', 1, 1, '2', '2022-09-01 14:12:00', '2022-09-01 14:12:00', NULL, NULL, NULL, 0),
(643, 'P000643', 'SEO/SEM', NULL, NULL, 12, NULL, 'MARKETING', '101.1.2', 1, 6, 11, NULL, '[]', NULL, 62500000.00, 'PC', 1, 1, '2', '2022-09-01 14:12:00', '2022-09-01 14:12:00', NULL, NULL, NULL, 0),
(644, 'P000644', 'SEWA LOKASI', NULL, NULL, 12, NULL, 'MARKETING', '101.1.2', 1, 6, 28, NULL, '[]', NULL, 60500000.00, 'PC', 1, 1, '2', '2022-09-01 14:12:00', '2022-09-01 14:12:00', NULL, NULL, NULL, 0),
(645, 'P000645', 'SOUVENIR', NULL, NULL, 12, NULL, 'MARKETING', '101.1.4', 1, 5, 9, NULL, '[]', NULL, 221000.00, 'PC', 1, 1, '2', '2022-09-01 14:12:01', '2022-09-01 14:12:01', NULL, NULL, NULL, 0),
(646, 'P000646', 'STYLIST', NULL, NULL, 12, NULL, 'MARKETING', '101.1.2', 1, 6, 28, NULL, '[]', NULL, 32820512.00, 'PC', 1, 1, '2', '2022-09-01 14:12:01', '2022-09-01 14:12:01', NULL, NULL, NULL, 0),
(647, 'P000647', 'VIDEOGRAPHER', NULL, NULL, 12, NULL, 'MARKETING', '101.1.2', 1, 6, 28, NULL, '[]', NULL, 56122449.00, 'PC', 1, 1, '2', '2022-09-01 14:12:01', '2022-09-01 14:12:01', NULL, NULL, NULL, 0),
(648, 'P000648', 'PRODUCTION CAMPAIGN/WEB SERIES', NULL, NULL, 13, NULL, 'MARKETING', '101.1.2', 1, 6, 12, NULL, '[]', NULL, 1310150000.00, 'PC', 1, 1, '2', '2022-09-01 14:12:02', '2022-09-01 14:12:02', NULL, NULL, NULL, 0),
(649, 'P000649', 'HAMPERS CNY', NULL, NULL, 13, NULL, 'MARKETING', '101.1.5', 1, 5, 9, NULL, '[]', NULL, 568088.00, 'PC', 1, 1, '2', '2022-09-01 14:12:02', '2022-09-01 14:12:02', NULL, NULL, NULL, 0),
(650, 'P000650', 'HAMPERS LEBARAN', NULL, NULL, 13, NULL, 'MARKETING', '101.1.5', 1, 5, 9, NULL, '[]', NULL, 535200.00, 'PC', 1, 1, '2', '2022-09-01 14:12:02', '2022-09-01 14:12:02', NULL, NULL, NULL, 0),
(651, 'P000651', 'HAMPERS NATAL', NULL, NULL, 13, NULL, 'MARKETING', '101.1.5', 1, 5, 9, NULL, '[]', NULL, NULL, 'PC', 1, 1, '2', '2022-09-01 14:12:03', '2022-09-01 14:12:03', NULL, NULL, NULL, 0),
(652, 'P000652', 'TOTE BAG', NULL, NULL, 13, NULL, 'MARKETING', '101.1.5', 1, 5, 9, NULL, '[]', NULL, 21000.00, 'PC', 1, 1, '2', '2022-09-01 14:12:03', '2022-09-01 14:12:03', NULL, NULL, NULL, 0),
(653, 'P000653', 'BLANK CARD (AMPLOP + INSERTION - SEASONAL)', NULL, NULL, 13, NULL, 'MARKETING', '101.1.4', 1, 5, 9, NULL, '[]', NULL, NULL, 'PC', 1, 1, '2', '2022-09-01 14:12:03', '2022-09-01 14:12:03', NULL, NULL, NULL, 0),
(654, 'P000654', 'KALENDER', NULL, NULL, 13, NULL, 'MARKETING', '101.1.4', 1, 5, 9, NULL, '[]', NULL, NULL, 'PC', 1, 1, '2', '2022-09-01 14:12:04', '2022-09-01 14:12:04', NULL, NULL, NULL, 0),
(655, 'P000655', 'JAMUAN PELANGGAN', NULL, NULL, 13, NULL, 'MARKETING', '101.1.4', 1, 5, 51, NULL, '[]', NULL, NULL, 'PC', 1, 1, '2', '2022-09-01 14:12:04', '2022-09-01 14:12:04', NULL, NULL, NULL, 0),
(656, 'P000656', 'BRAND AMBASSADOR', NULL, NULL, 14, NULL, 'MARKETING', '101.1.2', 1, 6, 28, NULL, '[]', NULL, 1020408163.00, 'PC', 1, 1, '2', '2022-09-01 14:12:05', '2022-09-01 14:12:05', NULL, NULL, NULL, 0),
(657, 'P000657', 'ARANSEMEN LAGU', NULL, NULL, 14, NULL, 'MARKETING', '101.1.2', 1, 6, 28, NULL, '[]', NULL, 30769231.00, 'PC', 1, 1, '2', '2022-09-01 14:12:05', '2022-09-01 14:12:05', NULL, NULL, NULL, 0),
(658, 'P000658', 'BIAYA ROYALTI LAGU', NULL, NULL, 14, NULL, 'MARKETING', '101.1.2', 1, 6, 28, NULL, '[]', NULL, 100000000.00, 'PC', 1, 1, '2', '2022-09-01 14:12:05', '2022-09-01 14:12:05', NULL, NULL, NULL, 0),
(659, 'P000659', 'BOX PRESS KIT', NULL, NULL, 14, NULL, 'MARKETING', '101.1.3', 1, 5, 30, NULL, '[]', NULL, 65000.00, 'PC', 1, 1, '2', '2022-09-01 14:12:06', '2022-09-01 14:12:06', NULL, NULL, NULL, 0),
(660, 'P000660', 'TEA SET', NULL, NULL, 14, NULL, 'MARKETING', '101.1.2', 1, 5, 9, NULL, '[]', NULL, 25000.00, 'PC', 1, 1, '2', '2022-09-01 14:12:06', '2022-09-01 14:12:06', NULL, NULL, NULL, 0),
(661, 'P000661', 'BUKU FORM HITUNGAN CUSTOMER THE PALACE', NULL, NULL, 14, NULL, 'MARKETING', '101.1.4', 1, 5, 9, NULL, '[]', NULL, 14000.00, 'PC', 1, 1, '2', '2022-09-01 14:12:06', '2022-09-01 14:12:06', NULL, NULL, NULL, 0),
(662, 'P000662', 'CENSORSHIP PAPER FOR CINEMA', NULL, NULL, 14, NULL, 'MARKETING', '101.1.2', 1, 6, 28, NULL, '[]', NULL, 15000000.00, 'PC', 1, 1, '2', '2022-09-01 14:12:07', '2022-09-01 14:12:07', NULL, NULL, NULL, 0),
(663, 'P000663', 'CETAK FLAGPOLE', NULL, NULL, 14, NULL, 'MARKETING', '101.1.4', 1, 5, 10, NULL, '[]', NULL, 184500.00, 'PC', 1, 1, '2', '2022-09-01 14:12:07', '2022-09-01 14:12:07', NULL, NULL, NULL, 0),
(664, 'P000664', 'CETAK UMBUL UMBUL', NULL, NULL, 14, NULL, 'MARKETING', '101.1.4', 1, 5, 10, NULL, '[]', NULL, 117000.00, 'PC', 1, 1, '2', '2022-09-01 14:12:07', '2022-09-01 14:12:07', NULL, NULL, NULL, 0),
(665, 'P000665', 'COOKIES', NULL, NULL, 14, NULL, 'MARKETING', '101.1.2', 1, 5, 10, NULL, '[]', NULL, 170000.00, 'PC', 1, 1, '2', '2022-09-01 14:12:08', '2022-09-01 14:12:08', NULL, NULL, NULL, 0),
(666, 'P000666', 'HAMPERS', NULL, NULL, 14, NULL, 'MARKETING', '101.1.4', 1, 5, 9, NULL, '[]', NULL, 385000000.00, 'PC', 1, 1, '2', '2022-09-01 14:12:08', '2022-09-01 14:12:08', NULL, NULL, NULL, 0),
(667, 'P000667', 'IKLAN KORAN', NULL, NULL, 14, NULL, 'MARKETING', '101.1.1', 1, 6, 34, NULL, '[]', NULL, 550000.00, 'PC', 1, 1, '2', '2022-09-01 14:12:08', '2022-09-01 14:12:08', NULL, NULL, NULL, 0),
(668, 'P000668', 'PRESS KIT', NULL, NULL, 14, NULL, 'MARKETING', '101.1.3', 1, 5, 9, NULL, '[]', NULL, 72600.00, 'PC', 1, 1, '2', '2022-09-01 14:12:09', '2022-09-01 14:12:09', NULL, NULL, NULL, 0),
(669, 'P000669', 'JASA KONSULTAN PERHIASAN', NULL, NULL, 14, NULL, 'MERCHANDISING', '116.1.1', 1, 6, 28, NULL, '[]', NULL, 439428571.00, 'PC', 1, 1, '2', '2022-09-01 14:12:09', '2022-09-01 14:12:09', NULL, NULL, NULL, 0),
(670, 'P000670', 'KATALOG', NULL, NULL, 14, NULL, 'MARKETING', '101.1.2', 1, 1, 8, NULL, '[]', NULL, 3750.00, 'PC', 1, 1, '2', '2022-09-01 14:12:09', '2022-09-01 14:12:09', NULL, NULL, NULL, 0),
(671, 'P000671', 'MEDIA PROMOSI', NULL, NULL, 14, NULL, 'MARKETING', '101.1.4', 1, 6, 12, NULL, '[]', NULL, 9991960.00, 'PC', 1, 1, '2', '2022-09-01 14:12:10', '2022-09-01 14:12:10', NULL, NULL, NULL, 0),
(672, 'P000672', 'ACTIVITY/EVENT/GATHERING MEDIA', NULL, NULL, 14, NULL, 'MARKETING', '101.1.5', 1, 5, 29, NULL, '[]', NULL, NULL, 'PC', 1, 1, '2', '2022-09-01 14:12:10', '2022-09-01 14:12:10', NULL, NULL, NULL, 0),
(673, 'P000673', 'MIKA PLASTIK', NULL, NULL, 14, NULL, 'MARKETING', '101.1.4', 1, 5, 9, NULL, '[]', NULL, 25000.00, 'PC', 1, 1, '2', '2022-09-01 14:12:11', '2022-09-01 14:12:11', NULL, NULL, NULL, 0),
(674, 'P000674', 'OUTER NUSANTARA', NULL, NULL, 14, NULL, 'MARKETING', '101.1.4', 1, 5, 9, NULL, '[]', NULL, 430000.00, 'PC', 1, 1, '2', '2022-09-01 14:12:11', '2022-09-01 14:12:11', NULL, NULL, NULL, 0),
(675, 'P000675', 'DOORS FOREVERMARK', NULL, NULL, 14, NULL, 'MARKETING', '101.1.4', 1, 5, 10, NULL, '[]', NULL, NULL, 'PC', 1, 1, '2', '2022-09-01 14:12:12', '2022-09-01 14:12:12', NULL, NULL, NULL, 0),
(676, 'P000676', 'PAJAK REKLAME', NULL, NULL, 14, NULL, 'GA RETAIL', '108.1.35', 1, 1, 31, NULL, '[]', NULL, 24674000.00, 'PC', 1, 1, '2', '2022-09-01 14:12:12', '2022-09-01 14:12:12', NULL, NULL, NULL, 0),
(677, 'P000677', 'PAJAK LED', NULL, NULL, 14, NULL, 'GA RETAIL', '108.1.35', 1, 1, 31, NULL, '[]', NULL, NULL, 'PC', 1, 1, '2', '2022-09-01 14:12:12', '2022-09-01 14:12:12', NULL, NULL, NULL, 0),
(678, 'P000678', 'POLOSHIRT MOELA', NULL, NULL, 14, NULL, 'MARKETING', '101.1.2', 1, 8, 35, NULL, '[]', NULL, 72000.00, 'PC', 1, 1, '2', '2022-09-01 14:12:13', '2022-09-01 14:12:13', NULL, NULL, NULL, 0),
(679, 'P000679', 'SLEEVES BOX', NULL, NULL, 14, NULL, 'MARKETING', '101.1.2', 1, 5, 9, NULL, '[]', NULL, 7500.00, 'PC', 1, 1, '2', '2022-09-01 14:12:13', '2022-09-01 14:12:13', NULL, NULL, NULL, 0),
(680, 'P000680', 'STAND DISPLAY', NULL, NULL, 14, NULL, 'VM', '102.1.5', 1, 1, 1, NULL, '[]', NULL, 32523750.00, 'PC', 1, 1, '2', '2022-09-01 14:12:13', '2022-09-01 14:12:13', NULL, NULL, NULL, 0),
(681, 'P000681', 'STANDING POSTER', NULL, NULL, 14, NULL, 'VM', '102.1.4', 1, 1, 102, NULL, '[]', NULL, 5873000.00, 'PC', 1, 1, '2', '2022-09-01 14:12:14', '2022-09-01 14:12:14', NULL, NULL, NULL, 0),
(682, 'P000682', 'TEA KIT & CANDLE', NULL, NULL, 14, NULL, 'MARKETING', '101.1.2', 1, 5, 9, NULL, '[]', NULL, 370000.00, 'PC', 1, 1, '2', '2022-09-01 14:12:14', '2022-09-01 14:12:14', NULL, NULL, NULL, 0),
(683, 'P000683', 'TIKTOK', NULL, NULL, 14, NULL, 'MARKETING', '101.1.2', 1, 6, 11, NULL, '[]', NULL, 297419445.00, 'PC', 1, 1, '2', '2022-09-01 14:12:14', '2022-09-01 14:12:14', NULL, NULL, NULL, 0),
(684, 'P000684', 'TSHIRT MOELA', NULL, NULL, 14, NULL, 'MARKETING', '101.1.2', 1, 8, 35, NULL, '[]', NULL, 47500.00, 'PC', 1, 1, '2', '2022-09-01 14:12:15', '2022-09-01 14:12:15', NULL, NULL, NULL, 0),
(685, 'P000685', 'TUMBLER', NULL, NULL, 14, NULL, 'MARKETING', '101.1.4', 1, 5, 9, NULL, '[]', NULL, 375000.00, 'PC', 1, 1, '2', '2022-09-01 14:12:15', '2022-09-01 14:12:15', NULL, NULL, NULL, 0),
(686, 'P000686', 'TVC & JINGLE', NULL, NULL, 14, NULL, 'MARKETING', '101.1.2', 1, 5, 9, NULL, '[]', NULL, 4102564.00, 'PC', 1, 1, '2', '2022-09-01 14:12:15', '2022-09-01 14:12:15', NULL, NULL, NULL, 0),
(687, 'P000687', 'UNDANGAN', NULL, NULL, 14, NULL, 'MARKETING', '101.1.3', 1, 5, 30, NULL, '[]', NULL, 1200.00, 'PC', 1, 1, '2', '2022-09-01 14:12:16', '2022-09-01 14:12:16', NULL, NULL, NULL, 0),
(688, 'P000688', 'JASA PENULISAN ARTIKEL', NULL, NULL, 13, NULL, 'MARKETING', '101.1.2', 1, 1, 6, NULL, '[]', NULL, 14000000.00, 'PC', 1, 1, '2', '2022-09-01 14:12:16', '2022-09-01 14:12:16', NULL, NULL, NULL, 0),
(689, 'P000689', 'MANAGEMENT FEE', NULL, NULL, 13, NULL, 'MARKETING', '101.1.2', 1, 5, 9, NULL, '[]', NULL, 360000000.00, 'PC', 1, 1, '2', '2022-09-01 14:12:16', '2022-09-01 14:12:16', NULL, NULL, NULL, 0),
(690, 'P000690', 'SPONSORSHIP', NULL, NULL, 13, NULL, 'MARKETING', '101.1.2', 1, 6, 37, NULL, '[]', NULL, 65000000.00, 'PC', 1, 1, '2', '2022-09-01 14:12:17', '2022-09-01 14:12:17', NULL, NULL, NULL, 0),
(691, 'P000691', 'BANK IMAGE', NULL, NULL, 13, NULL, 'MARKETING', '101.1.2', 1, 5, 103, NULL, '[]', NULL, NULL, 'PC', 1, 1, '2', '2022-09-01 14:12:17', '2022-09-01 14:12:17', NULL, NULL, NULL, 0),
(692, 'P000692', 'DIGITAL TOOLS', NULL, NULL, 13, NULL, 'MARKETING', '101.1.2', 1, 5, 103, NULL, '[]', NULL, NULL, 'PC', 1, 1, '2', '2022-09-01 14:12:17', '2022-09-01 14:12:17', NULL, NULL, NULL, 0),
(693, 'P000693', 'MOTION PRODUCT', NULL, NULL, 13, NULL, 'MARKETING', '101.1.2', 1, 5, 103, NULL, '[]', NULL, NULL, 'PC', 1, 1, '2', '2022-09-01 14:12:18', '2022-09-01 14:12:18', NULL, NULL, NULL, 0),
(694, 'P000694', 'AWARD', NULL, NULL, 13, NULL, 'MARKETING', '101.1.2', 1, 5, 103, NULL, '[]', NULL, NULL, 'PC', 1, 1, '2', '2022-09-01 14:12:18', '2022-09-01 14:12:18', NULL, NULL, NULL, 0),
(695, 'P000695', 'AIR MINERAL CUSTOM LABEL', NULL, NULL, 15, NULL, 'SQ', '105.1.5', 1, 1, 8, NULL, '[]', NULL, 1625.00, 'PC', 1, 1, '2', '2022-09-01 14:12:18', '2022-09-01 14:12:18', NULL, NULL, NULL, 0),
(696, 'P000696', 'BINGKAI SERTIFIKAT MYSTERY SHOPPER', NULL, NULL, 15, NULL, 'TRAINING', '114.1.5', 1, 12, 38, NULL, '[]', NULL, 183400.00, 'PC', 1, 1, '2', '2022-09-01 14:12:19', '2022-09-01 14:12:19', NULL, NULL, NULL, 0),
(697, 'P000697', 'BUBBLE WRAP', NULL, NULL, 15, NULL, 'SQ', '105.1.6', 1, 1, 4, NULL, '[]', NULL, 110000.00, 'PC', 1, 1, '2', '2022-09-01 14:12:19', '2022-09-01 14:12:19', NULL, NULL, NULL, 0),
(698, 'P000698', 'CATOKAN', NULL, NULL, 15, NULL, 'SQ', '105.1.3', 1, 1, 7, NULL, '[]', NULL, 712200.00, 'PC', 1, 1, '2', '2022-09-01 14:12:19', '2022-09-01 14:12:19', NULL, NULL, NULL, 0),
(699, 'P000699', 'CHARGER IPAD', NULL, NULL, 15, NULL, 'SQ', '108.1.11', 1, 1, 15, NULL, '[]', NULL, 180000.00, 'PC', 1, 1, '2', '2022-09-01 14:12:20', '2022-09-01 14:12:20', NULL, NULL, NULL, 0),
(700, 'P000700', 'DASI ABU-ABU', NULL, NULL, 15, NULL, 'SQ', '105.1.4', 1, 8, 21, NULL, '[]', NULL, 135000.00, 'PC', 1, 1, '2', '2022-09-01 14:12:20', '2022-09-01 14:12:20', NULL, NULL, NULL, 0),
(701, 'P000701', 'DASI HITAM', NULL, NULL, 15, NULL, 'SQ', '105.1.4', 1, 8, 21, NULL, '[]', NULL, 135000.00, 'PC', 1, 1, '2', '2022-09-01 14:12:20', '2022-09-01 14:12:20', NULL, NULL, NULL, 0),
(702, 'P000702', 'DIAMOND TESTER', NULL, NULL, 15, NULL, 'SQ', '105.1.1', 2, 4, 5, NULL, '[]', NULL, 760.00, 'PC', 1, 1, '2', '2022-09-01 14:12:21', '2022-09-01 14:12:21', NULL, NULL, NULL, 0),
(703, 'P000703', 'DISINFECTANT FURNITURE', NULL, NULL, 15, NULL, 'SQ', '105.1.6', 1, 1, 4, NULL, '[]', NULL, 31483636.00, 'PC', 1, 1, '2', '2022-09-01 14:12:21', '2022-09-01 14:12:21', NULL, NULL, NULL, 0),
(704, 'P000704', 'DISINFECTANT SPRAY', NULL, NULL, 15, NULL, 'SQ', '105.1.6', 1, 1, 4, NULL, '[]', NULL, 53000.00, 'PC', 1, 1, '2', '2022-09-01 14:12:21', '2022-09-01 14:12:21', NULL, NULL, NULL, 0),
(705, 'P000705', 'FIRE BAG', NULL, NULL, 15, NULL, 'GA RETAIL', '105.1.6', 1, 1, 4, NULL, '[]', NULL, 26000.00, 'PC', 1, 1, '2', '2022-09-01 14:12:22', '2022-09-01 14:12:22', NULL, NULL, NULL, 0),
(706, 'P000706', 'HAIRDRYER', NULL, NULL, 15, NULL, 'SQ', '105.1.1', 1, 1, 7, NULL, '[]', NULL, 176950.00, 'PC', 1, 1, '2', '2022-09-01 14:12:22', '2022-09-01 14:12:22', NULL, NULL, NULL, 0),
(707, 'P000707', 'HAND SANITIZER', NULL, NULL, 15, NULL, 'SQ', '105.1.6', 1, 1, 4, NULL, '[]', NULL, 109091.00, 'PC', 1, 1, '2', '2022-09-01 14:12:22', '2022-09-01 14:12:22', NULL, NULL, NULL, 0),
(708, 'P000708', 'HANDUK MINI DISPOSABLE - MONDIAL', NULL, NULL, 15, NULL, 'SQ', '105.1.6', 1, 1, 4, NULL, '[]', NULL, 3638100.00, 'PC', 1, 1, '2', '2022-09-01 14:12:23', '2022-09-01 14:12:23', NULL, NULL, NULL, 0),
(709, 'P000709', 'IPAD', NULL, NULL, 15, NULL, 'SQ', '105.1.3', 2, 4, 5, NULL, '[]', NULL, 5900000.00, 'PC', 1, 1, '2', '2022-09-01 14:12:23', '2022-09-01 14:12:23', NULL, NULL, NULL, 0),
(710, 'P000710', 'KARTU NAMA PT CENTRAL MEGA KENCANA', NULL, NULL, 15, NULL, 'GA', '108.1.32', 1, 8, 21, NULL, '[]', NULL, 285000.00, 'PC', 1, 1, '2', '2022-09-01 14:12:24', '2022-09-01 14:12:24', NULL, NULL, NULL, 0),
(711, 'P000711', 'LANYARD (ID CARDHOLDER )', NULL, NULL, 15, NULL, 'SQ', '105.1.4', 1, 8, 21, NULL, '[]', NULL, 88000.00, 'PC', 1, 1, '2', '2022-09-01 14:12:24', '2022-09-01 14:12:24', NULL, NULL, NULL, 0),
(712, 'P000712', 'MASKER KAIN', NULL, NULL, 15, NULL, 'SQ', '105.1.4', 1, 8, 21, NULL, '[]', NULL, 10000.00, 'PC', 1, 1, '2', '2022-09-01 14:12:25', '2022-09-01 14:12:25', NULL, NULL, NULL, 0),
(713, 'P000713', 'MESIN GETAR', NULL, NULL, 15, NULL, 'SQ', '105.1.2', 2, 4, 5, NULL, '[]', NULL, 1800000.00, 'PC', 1, 1, '2', '2022-09-01 14:12:25', '2022-09-01 14:12:25', NULL, NULL, NULL, 0),
(714, 'P000714', 'MESIN KOPI', NULL, NULL, 15, 'BD-FC 00', 'BUSDEV', '103.1.6', 2, 4, 5, NULL, '[]', NULL, 7800000.00, 'PC', 1, 1, '2', '2022-09-01 14:12:25', '2022-09-01 14:12:25', NULL, NULL, NULL, 0),
(715, 'P000715', 'MUSIC PLAYER', NULL, NULL, 15, NULL, 'SQ', '105.1.3', 2, 4, 5, NULL, '[]', NULL, 2004000.00, 'PC', 1, 1, '2', '2022-09-01 14:12:26', '2022-09-01 14:12:26', NULL, NULL, NULL, 0),
(716, 'P000716', 'NAME CARD', NULL, NULL, 15, NULL, 'SQ', '105.1.4', 1, 8, 21, NULL, '[]', NULL, 300000.00, 'PC', 1, 1, '2', '2022-09-01 14:12:26', '2022-09-01 14:12:26', NULL, NULL, NULL, 0),
(717, 'P000717', 'NAME TAG FRANK & CO', NULL, NULL, 15, NULL, 'SQ', '105.1.4', 1, 8, 21, NULL, '[]', NULL, 75000.00, 'PC', 1, 1, '2', '2022-09-01 14:12:26', '2022-09-01 14:12:26', NULL, NULL, NULL, 0),
(718, 'P000718', 'NAME TAG MONDIAL', NULL, NULL, 15, NULL, 'SQ', '105.1.4', 1, 8, 21, NULL, '[]', NULL, 75000.00, 'PC', 1, 1, '2', '2022-09-01 14:12:27', '2022-09-01 14:12:27', NULL, NULL, NULL, 0),
(719, 'P000719', 'NAME TAG PT CENTRAL MEGA KENCANA', NULL, NULL, 15, NULL, 'SQ', '105.1.4', 1, 8, 21, NULL, '[]', NULL, 110000.00, 'PC', 1, 1, '2', '2022-09-01 14:12:27', '2022-09-01 14:12:27', NULL, NULL, NULL, 0),
(720, 'P000720', 'NAME TAG THE PALACE', NULL, NULL, 15, NULL, 'SQ', '105.1.4', 1, 8, 21, NULL, '[]', NULL, 75000.00, 'PC', 1, 1, '2', '2022-09-01 14:12:28', '2022-09-01 14:12:28', NULL, NULL, NULL, 0);
INSERT INTO `products` (`id`, `kode_barang`, `name`, `sku`, `description`, `group_id`, `bc`, `bc_name`, `ba`, `category_id`, `subcategory_id`, `sub_subcategory_id`, `cmk_spec`, `vendor_spec`, `cmk2_spec`, `price`, `unit`, `status`, `type`, `created_by`, `created_at`, `updated_at`, `deleted_at`, `url`, `vendor_id`, `is_service`) VALUES
(721, 'P000721', 'PENGHARUM RUANGAN', NULL, NULL, 15, NULL, 'SQ', '105.1.6', 1, 1, 4, NULL, '[]', NULL, 1500000.00, 'PC', 1, 1, '2', '2022-09-01 14:12:28', '2022-09-01 14:12:28', NULL, NULL, NULL, 0),
(722, 'P000722', 'PERMEN CORPORATE (CMK) - ALL BRAND', NULL, NULL, 15, NULL, 'SQ', '105.1.5', 1, 1, 39, NULL, '[]', NULL, 220.00, 'PC', 1, 1, '2', '2022-09-01 14:12:28', '2022-09-01 14:12:28', NULL, NULL, NULL, 0),
(723, 'P000723', 'PLASTIK BENING 30X40', NULL, NULL, 15, NULL, 'SQ', '105.1.6', 1, 1, 4, NULL, '[]', NULL, 45000.00, 'PC', 1, 1, '2', '2022-09-01 14:12:29', '2022-09-01 14:12:29', NULL, NULL, NULL, 0),
(724, 'P000724', 'PLASTIK POLYMAILER', NULL, NULL, 15, NULL, 'SQ', '105.1.6', 1, 1, 4, NULL, '[]', NULL, 38420.00, 'PC', 1, 1, '2', '2022-09-01 14:12:29', '2022-09-01 14:12:29', NULL, NULL, NULL, 0),
(725, 'P000725', 'PULPEN', NULL, NULL, 15, NULL, 'RECRUITMENT', '106.1.2', 1, 12, 40, NULL, '[]', NULL, 21000.00, 'PC', 1, 1, '2', '2022-09-01 14:12:30', '2022-09-01 14:12:30', NULL, NULL, NULL, 0),
(726, 'P000726', 'QR CARD SURVEY KEPUASAN PELANGGAN', NULL, NULL, 15, NULL, 'SQ', '105.1.4', 1, 1, 8, NULL, '[]', NULL, 10000.00, 'PC', 1, 1, '2', '2022-09-01 14:12:30', '2022-09-01 14:12:30', NULL, NULL, NULL, 0),
(727, 'P000727', 'SEPATU JR PRIA MONDIAL', NULL, NULL, 15, NULL, 'SQ', '105.1.4', 1, 8, 21, NULL, '[]', NULL, 549000.00, 'PC', 1, 1, '2', '2022-09-01 14:12:30', '2022-09-01 14:12:30', NULL, NULL, NULL, 0),
(728, 'P000728', 'SEPATU JR WANITA MONDIAL', NULL, NULL, 15, NULL, 'SQ', '105.1.4', 1, 8, 21, NULL, '[]', NULL, 621000.00, 'PC', 1, 1, '2', '2022-09-01 14:12:31', '2022-09-01 14:12:31', NULL, NULL, NULL, 0),
(729, 'P000729', 'SERAGAM REGULAR', NULL, NULL, 15, NULL, 'SQ', '105.1.4', 1, 8, 21, NULL, '[]', NULL, 6600000.00, 'PC', 1, 1, '2', '2022-09-01 14:12:31', '2022-09-01 14:12:31', NULL, NULL, NULL, 0),
(730, 'P000730', 'SERAGAM BALI', NULL, NULL, 15, NULL, 'SQ', '105.1.4', 1, 8, 21, NULL, '[]', NULL, 11209500.00, 'PC', 1, 1, '2', '2022-09-01 14:12:31', '2022-09-01 14:12:31', NULL, NULL, NULL, 0),
(731, 'P000731', 'SERAGAM HAMIL', NULL, NULL, 15, NULL, 'SQ', '105.1.4', 1, 8, 21, NULL, '[]', NULL, 800000.00, 'PC', 1, 1, '2', '2022-09-01 14:12:32', '2022-09-01 14:12:32', NULL, NULL, NULL, 0),
(732, 'P000732', 'SERAGAM SK TV', NULL, NULL, 15, NULL, 'SQ', '105.1.4', 1, 8, 21, NULL, '[]', NULL, 1000000.00, 'PC', 1, 1, '2', '2022-09-01 14:12:32', '2022-09-01 14:12:32', NULL, NULL, NULL, 0),
(733, 'P000733', 'SERAGAM GSO/SA/DRIVER (INTERNAL)', NULL, NULL, 15, NULL, 'SQ', '105.1.4', 1, 17, 104, NULL, '[]', NULL, NULL, 'PC', 1, 1, '2', '2022-09-01 14:12:32', '2022-09-01 14:12:32', NULL, NULL, NULL, 0),
(734, 'P000734', 'SEPATU GSO/SA/DRIVER (INTERNAL)', NULL, NULL, 15, NULL, 'SQ', '105.1.4', 1, 17, 104, NULL, '[]', NULL, NULL, 'PC', 1, 1, '2', '2022-09-01 14:12:33', '2022-09-01 14:12:33', NULL, NULL, NULL, 0),
(735, 'P000735', 'SERAGAM AE KORDINATOR', NULL, NULL, 15, NULL, 'SQ', '105.1.4', 1, 17, 104, NULL, '[]', NULL, NULL, 'PC', 1, 1, '2', '2022-09-01 14:12:33', '2022-09-01 14:12:33', NULL, NULL, NULL, 0),
(736, 'P000736', 'GLOVES', NULL, NULL, 15, NULL, 'SQ', '105.1.4', 1, 17, 104, NULL, '[]', NULL, NULL, 'PC', 1, 1, '2', '2022-09-01 14:12:34', '2022-09-01 14:12:34', NULL, NULL, NULL, 0),
(737, 'P000737', 'MAKE UP AM/SM', NULL, NULL, 15, NULL, 'SQ', '105.1.4', 1, 17, 104, NULL, '[]', NULL, NULL, 'PC', 1, 1, '2', '2022-09-01 14:12:34', '2022-09-01 14:12:34', NULL, NULL, NULL, 0),
(738, 'P000738', 'MAKE UP JR/AE', NULL, NULL, 15, NULL, 'SQ', '105.1.4', 1, 17, 104, NULL, '[]', NULL, NULL, 'PC', 1, 1, '2', '2022-09-01 14:12:34', '2022-09-01 14:12:34', NULL, NULL, NULL, 0),
(739, 'P000739', 'MAKE UP JP - MONDIAL', NULL, NULL, 15, NULL, 'SQ', '105.1.4', 1, 17, 104, NULL, '[]', NULL, NULL, 'PC', 1, 1, '2', '2022-09-01 14:12:35', '2022-09-01 14:12:35', NULL, NULL, NULL, 0),
(740, 'P000740', 'MAKE UP AE CORDINATOR ', NULL, NULL, 15, NULL, 'SQ', '105.1.4', 1, 17, 104, NULL, '[]', NULL, NULL, 'PC', 1, 1, '2', '2022-09-01 14:12:35', '2022-09-01 14:12:35', NULL, NULL, NULL, 0),
(741, 'P000741', 'MAKE UP SK TV', NULL, NULL, 15, NULL, 'SQ', '105.1.4', 1, 17, 104, NULL, '[]', NULL, NULL, 'PC', 1, 1, '2', '2022-09-01 14:12:36', '2022-09-01 14:12:36', NULL, NULL, NULL, 0),
(742, 'P000742', 'SERVICE GUIDE BOOK', NULL, NULL, 15, NULL, 'SQ', '105.1.4', 1, 17, 104, NULL, '[]', NULL, NULL, 'PC', 1, 1, '2', '2022-09-01 14:12:36', '2022-09-01 14:12:36', NULL, NULL, NULL, 0),
(743, 'P000743', 'PAPER STRAW', NULL, NULL, 15, NULL, 'SQ', '105.1.5', 1, 17, 104, NULL, '[]', NULL, NULL, 'PC', 1, 1, '2', '2022-09-01 14:12:36', '2022-09-01 14:12:36', NULL, NULL, NULL, 0),
(744, 'P000744', 'KAOS KAKI', NULL, NULL, 15, NULL, 'SQ', '105.1.4', 1, 17, 104, NULL, '[]', NULL, NULL, 'PC', 1, 1, '2', '2022-09-01 14:12:37', '2022-09-01 14:12:37', NULL, NULL, NULL, 0),
(745, 'P000745', 'STOCKING', NULL, NULL, 15, NULL, 'SQ', '105.1.4', 1, 17, 104, NULL, '[]', NULL, NULL, 'PC', 1, 1, '2', '2022-09-01 14:12:37', '2022-09-01 14:12:37', NULL, NULL, NULL, 0),
(746, 'P000746', 'SERTIFIKAT PEMENANG MYSTERY SHOPPER', NULL, NULL, 15, NULL, 'TRAINING', '114.1.5', 1, 12, 38, NULL, '[]', NULL, 20000.00, 'PC', 1, 1, '2', '2022-09-01 14:12:38', '2022-09-01 14:12:38', NULL, NULL, NULL, 0),
(747, 'P000747', 'MYSTERY SHOPPER JABODETABEK', NULL, NULL, 15, NULL, 'TRAINING', '114.1.5', 1, 12, 38, NULL, '[]', NULL, NULL, 'PC', 1, 1, '2', '2022-09-01 14:12:38', '2022-09-01 14:12:38', NULL, NULL, NULL, 0),
(748, 'P000748', 'MYSTERY SHOPPER LUAR KOTA', NULL, NULL, 15, NULL, 'TRAINING', '114.1.5', 1, 12, 38, NULL, '[]', NULL, NULL, 'PC', 1, 1, '2', '2022-09-01 14:12:39', '2022-09-01 14:12:39', NULL, NULL, NULL, 0),
(749, 'P000749', 'HADIAH MYSTERY SHOPPER SM', NULL, NULL, 15, NULL, 'TRAINING', '114.1.5', 1, 12, 38, NULL, '[]', NULL, NULL, 'PC', 1, 1, '2', '2022-09-01 14:12:39', '2022-09-01 14:12:39', NULL, NULL, NULL, 0),
(750, 'P000750', 'HADIAH MYSTERY SHOPPER JR/AE/GSO', NULL, NULL, 15, NULL, 'TRAINING', '114.1.5', 1, 12, 38, NULL, '[]', NULL, NULL, 'PC', 1, 1, '2', '2022-09-01 14:12:39', '2022-09-01 14:12:39', NULL, NULL, NULL, 0),
(751, 'P000751', 'TANG PIPIH', NULL, NULL, 15, NULL, 'SQ', '105.1.1', 1, 1, 7, NULL, '[]', NULL, NULL, 'PC', 1, 1, '2', '2022-09-01 14:12:40', '2022-09-01 14:12:40', NULL, NULL, NULL, 0),
(752, 'P000752', 'TANG LANCIP', NULL, NULL, 15, NULL, 'SQ', '105.1.1', 1, 1, 7, NULL, '[]', NULL, NULL, 'PC', 1, 1, '2', '2022-09-01 14:12:40', '2022-09-01 14:12:40', NULL, NULL, NULL, 0),
(753, 'P000753', 'TANG SET', NULL, NULL, 15, NULL, 'SQ', '105.1.1', 1, 1, 7, NULL, '[]', NULL, NULL, 'PC', 1, 1, '2', '2022-09-01 14:12:40', '2022-09-01 14:12:40', NULL, NULL, NULL, 0),
(754, 'P000754', 'PINSET KECIL', NULL, NULL, 15, NULL, 'SQ', '105.1.1', 1, 1, 7, NULL, '[]', NULL, NULL, 'PC', 1, 1, '2', '2022-09-01 14:12:41', '2022-09-01 14:12:41', NULL, NULL, NULL, 0),
(755, 'P000755', 'PINSET PENJEPIT BERLIAN', NULL, NULL, 15, NULL, 'SQ', '105.1.1', 1, 1, 7, NULL, '[]', NULL, NULL, 'PC', 1, 1, '2', '2022-09-01 14:12:41', '2022-09-01 14:12:41', NULL, NULL, NULL, 0),
(756, 'P000756', 'PRONG PENCUCI BERLIAN', NULL, NULL, 15, NULL, 'SQ', '105.1.1', 1, 1, 7, NULL, '[]', NULL, NULL, 'PC', 1, 1, '2', '2022-09-01 14:12:42', '2022-09-01 14:12:42', NULL, NULL, NULL, 0),
(757, 'P000757', 'KALENDER 4C GIA', NULL, NULL, 15, NULL, 'SQ', '105.1.1', 1, 1, 7, NULL, '[]', NULL, NULL, 'PC', 1, 1, '2', '2022-09-01 14:12:42', '2022-09-01 14:12:42', NULL, NULL, NULL, 0),
(758, 'P000758', 'CALIPER/ZIGMAT/JANGKA SORONG', NULL, NULL, 15, NULL, 'SQ', '105.1.1', 1, 1, 7, NULL, '[]', NULL, NULL, 'PC', 1, 1, '2', '2022-09-01 14:12:42', '2022-09-01 14:12:42', NULL, NULL, NULL, 0),
(759, 'P000759', 'RING SIZE SOTONG', NULL, NULL, 15, NULL, 'SQ', '105.1.1', 1, 1, 7, NULL, '[]', NULL, NULL, 'PC', 1, 1, '2', '2022-09-01 14:12:43', '2022-09-01 14:12:43', NULL, NULL, NULL, 0),
(760, 'P000760', 'RING SIZE HK', NULL, NULL, 15, NULL, 'SQ', '105.1.1', 1, 1, 7, NULL, '[]', NULL, NULL, 'PC', 1, 1, '2', '2022-09-01 14:12:43', '2022-09-01 14:12:43', NULL, NULL, NULL, 0),
(761, 'P000761', 'CUT LOUPE / CUPID LOUPE', NULL, NULL, 15, NULL, 'SQ', '105.1.1', 1, 1, 7, NULL, '[]', NULL, NULL, 'PC', 1, 1, '2', '2022-09-01 14:12:43', '2022-09-01 14:12:43', NULL, NULL, NULL, 0),
(762, 'P000762', 'GIRDLE LOUPE', NULL, NULL, 15, NULL, 'SQ', '105.1.1', 1, 1, 7, NULL, '[]', NULL, NULL, 'PC', 1, 1, '2', '2022-09-01 14:12:44', '2022-09-01 14:12:44', NULL, NULL, NULL, 0),
(763, 'P000763', 'MINI FRAME TROLLEY F&B', NULL, NULL, 15, NULL, 'SQ', '105.1.1', 1, 1, 7, NULL, '[]', NULL, NULL, 'PC', 1, 1, '2', '2022-09-01 14:12:44', '2022-09-01 14:12:44', NULL, NULL, NULL, 0),
(764, 'P000764', 'THERMO GUN', NULL, NULL, 15, NULL, 'SQ', '105.1.1', 1, 1, 7, NULL, '[]', NULL, NULL, 'PC', 1, 1, '2', '2022-09-01 14:12:44', '2022-09-01 14:12:44', NULL, NULL, NULL, 0),
(765, 'P000765', 'MOISANNITE TESTER', NULL, NULL, 15, NULL, 'SQ', '105.1.1', 1, 1, 7, NULL, '[]', NULL, NULL, 'PC', 1, 1, '2', '2022-09-01 14:12:45', '2022-09-01 14:12:45', NULL, NULL, NULL, 0),
(766, 'P000766', 'DIAMOND GAUGE', NULL, NULL, 15, NULL, 'SQ', '105.1.1', 1, 1, 7, NULL, '[]', NULL, NULL, 'PC', 1, 1, '2', '2022-09-01 14:12:45', '2022-09-01 14:12:45', NULL, NULL, NULL, 0),
(767, 'P000767', 'LAMPU BERLIAN', NULL, NULL, 15, NULL, 'SQ', '105.1.1', 1, 1, 7, NULL, '[]', NULL, NULL, 'PC', 1, 1, '2', '2022-09-01 14:12:45', '2022-09-01 14:12:45', NULL, NULL, NULL, 0),
(768, 'P000768', 'TABLEWARE (SET)', NULL, NULL, 15, NULL, 'SQ', '105.1.3', 2, 4, 5, NULL, '[]', NULL, NULL, 'PC', 1, 1, '2', '2022-09-01 14:12:46', '2022-09-01 14:12:46', NULL, NULL, NULL, 0),
(769, 'P000769', 'HANDPHONE', NULL, NULL, 15, NULL, 'SQ', '105.1.3', 2, 4, 5, NULL, '[]', NULL, NULL, 'PC', 1, 1, '2', '2022-09-01 14:12:46', '2022-09-01 14:12:46', NULL, NULL, NULL, 0),
(770, 'P000770', 'OBAT/VITAMIN', NULL, NULL, 15, NULL, 'SQ', '105.1.7', 1, 1, 16, NULL, '[]', NULL, NULL, 'PC', 1, 1, '2', '2022-09-01 14:12:46', '2022-09-01 14:12:46', NULL, NULL, NULL, 0),
(771, 'P000771', 'PCR/ANTIGEN', NULL, NULL, 15, NULL, 'SQ', '105.1.7', 1, 1, 16, NULL, '[]', NULL, NULL, 'PC', 1, 1, '2', '2022-09-01 14:12:47', '2022-09-01 14:12:47', NULL, NULL, NULL, 0),
(772, 'P000772', 'P3K STORE', NULL, NULL, 15, NULL, 'SQ', '105.1.7', 1, 1, 16, NULL, '[]', NULL, NULL, 'PC', 1, 1, '2', '2022-09-01 14:12:47', '2022-09-01 14:12:47', NULL, NULL, NULL, 0),
(773, 'P000773', 'INDUCTION TRAINING', NULL, NULL, 44, NULL, 'TRAINING', '114.1.1', 1, 12, 38, NULL, '[]', NULL, NULL, 'PC', 1, 1, '2', '2022-09-01 14:12:47', '2022-09-01 14:12:47', NULL, NULL, NULL, 0),
(774, 'P000774', 'SHARING KNOWLEDGE & INTERNAL TRAINING DIVISION', NULL, NULL, 44, NULL, 'TRAINING', '114.1.1', 1, 12, 38, NULL, '[]', NULL, NULL, 'PC', 1, 1, '2', '2022-09-01 14:12:48', '2022-09-01 14:12:48', NULL, NULL, NULL, 0),
(775, 'P000775', 'PROGRAM MULTISKILL PERAJIN', NULL, NULL, 44, NULL, 'TRAINING', '114.1.1', 1, 12, 38, NULL, '[]', NULL, NULL, 'PC', 1, 1, '2', '2022-09-01 14:12:48', '2022-09-01 14:12:48', NULL, NULL, NULL, 0),
(776, 'P000776', 'BASIC DEVELOPMENT PROGRAM (BDP) - OFFLINE', NULL, NULL, 44, NULL, 'TRAINING', '114.1.1', 1, 12, 38, NULL, '[]', NULL, NULL, 'PC', 1, 1, '2', '2022-09-01 14:12:48', '2022-09-01 14:12:48', NULL, NULL, NULL, 0),
(777, 'P000777', 'BASIC DEVELOPMENT PROGRAM (BDP) - ONLINE', NULL, NULL, 44, NULL, 'TRAINING', '114.1.1', 1, 12, 38, NULL, '[]', NULL, NULL, 'PC', 1, 1, '2', '2022-09-01 14:12:49', '2022-09-01 14:12:49', NULL, NULL, NULL, 0),
(778, 'P000778', 'ENRICHMENT DEVELOPMENT PROGRAM (EDP) - ONLINE', NULL, NULL, 44, NULL, 'TRAINING', '114.1.1', 1, 12, 38, NULL, '[]', NULL, NULL, 'PC', 1, 1, '2', '2022-09-01 14:12:49', '2022-09-01 14:12:49', NULL, NULL, NULL, 0),
(779, 'P000779', 'INTERMEDIATE DEVELOPMENT PROGRAM (EDP) - ONLINE', NULL, NULL, 44, NULL, 'TRAINING', '114.1.1', 1, 12, 38, NULL, '[]', NULL, NULL, 'PC', 1, 1, '2', '2022-09-01 14:12:49', '2022-09-01 14:12:49', NULL, NULL, NULL, 0),
(780, 'P000780', 'TALENTPOOL PROGRAM FOR JR/CALON JC/NEW MT: HARD SKILL TRAINING - OFFLINE', NULL, NULL, 44, NULL, 'TRAINING', '114.1.1', 1, 12, 38, NULL, '[]', NULL, NULL, 'PC', 1, 1, '2', '2022-09-01 14:12:50', '2022-09-01 14:12:50', NULL, NULL, NULL, 0),
(781, 'P000781', 'TRAINING DIAMOND GRADING FOR SM (JABODETABEK)', NULL, NULL, 44, NULL, 'TRAINING', '114.1.1', 1, 12, 38, NULL, '[]', NULL, NULL, 'PC', 1, 1, '2', '2022-09-01 14:12:50', '2022-09-01 14:12:50', NULL, NULL, NULL, 0),
(782, 'P000782', 'TRAINING DIAMOND GRADING FOR SM (LUAR JABODETABEK)', NULL, NULL, 44, NULL, 'TRAINING', '114.1.1', 1, 12, 38, NULL, '[]', NULL, NULL, 'PC', 1, 1, '2', '2022-09-01 14:12:50', '2022-09-01 14:12:50', NULL, NULL, NULL, 0),
(783, 'P000783', 'OPERATION RETAIL TRAINING', NULL, NULL, 44, NULL, 'TRAINING', '114.1.2', 1, 12, 38, NULL, '[]', NULL, NULL, 'PC', 1, 1, '2', '2022-09-01 14:12:51', '2022-09-01 14:12:51', NULL, NULL, NULL, 0),
(784, 'P000784', 'MERCHANDISE TRAINING', NULL, NULL, 44, NULL, 'TRAINING', '114.1.2', 1, 12, 38, NULL, '[]', NULL, NULL, 'PC', 1, 1, '2', '2022-09-01 14:12:51', '2022-09-01 14:12:51', NULL, NULL, NULL, 0),
(785, 'P000785', 'CORPORATE SUPPORT SERVICE TRAINING', NULL, NULL, 44, NULL, 'TRAINING', '114.1.2', 1, 12, 38, NULL, '[]', NULL, NULL, 'PC', 1, 1, '2', '2022-09-01 14:12:51', '2022-09-01 14:12:51', NULL, NULL, NULL, 0),
(786, 'P000786', 'CORPORATE FINANCE & ACCOUNTING TRAINING', NULL, NULL, 44, NULL, 'TRAINING', '114.1.2', 1, 12, 38, NULL, '[]', NULL, NULL, 'PC', 1, 1, '2', '2022-09-01 14:12:52', '2022-09-01 14:12:52', NULL, NULL, NULL, 0),
(787, 'P000787', 'SOFT SKILL TRAINING', NULL, NULL, 44, NULL, 'TRAINING', '114.1.2', 1, 12, 38, NULL, '[]', NULL, NULL, 'PC', 1, 1, '2', '2022-09-01 14:12:52', '2022-09-01 14:12:52', NULL, NULL, NULL, 0),
(788, 'P000788', 'TRAINING LAINNYA (UNPLANNING)', NULL, NULL, 44, NULL, 'TRAINING', '114.1.2', 1, 12, 38, NULL, '[]', NULL, NULL, 'PC', 1, 1, '2', '2022-09-01 14:12:52', '2022-09-01 14:12:52', NULL, NULL, NULL, 0),
(789, 'P000789', 'TALENTPOOL PROGRAM FOR JR/CALON JC/NEW MT: SOFT SKILL TRAINING - OFFLINE', NULL, NULL, 44, NULL, 'TRAINING', '114.1.2', 1, 12, 38, NULL, '[]', NULL, NULL, 'PC', 1, 1, '2', '2022-09-01 14:12:53', '2022-09-01 14:12:53', NULL, NULL, NULL, 0),
(790, 'P000790', 'EXECUTIVE PROGRAM - BLENDED LEARNING', NULL, NULL, 44, NULL, 'TRAINING', '114.1.2', 1, 12, 38, NULL, '[]', NULL, NULL, 'PC', 1, 1, '2', '2022-09-01 14:12:53', '2022-09-01 14:12:53', NULL, NULL, NULL, 0),
(791, 'P000791', 'MOTIVATIONAL SESSION', NULL, NULL, 44, NULL, 'TRAINING', '114.1.2', 1, 12, 38, NULL, '[]', NULL, NULL, 'PC', 1, 1, '2', '2022-09-01 14:12:53', '2022-09-01 14:12:53', NULL, NULL, NULL, 0),
(792, 'P000792', 'GRADUATE GEMOLOGIST (GG)', NULL, NULL, 44, NULL, 'TRAINING', '114.1.2', 1, 12, 38, NULL, '[]', NULL, NULL, 'PC', 1, 1, '2', '2022-09-01 14:12:54', '2022-09-01 14:12:54', NULL, NULL, NULL, 0),
(793, 'P000793', 'REWARDS OF LEADER GET LEADER', NULL, NULL, 44, NULL, 'TRAINING', '114.1.2', 1, 12, 38, NULL, '[]', NULL, NULL, 'PC', 1, 1, '2', '2022-09-01 14:12:54', '2022-09-01 14:12:54', NULL, NULL, NULL, 0),
(794, 'P000794', 'BEST ABSENTEEISM VOUCHER', NULL, NULL, 44, NULL, 'TRAINING', '114.1.2', 1, 12, 38, NULL, '[]', NULL, NULL, 'PC', 1, 1, '2', '2022-09-01 14:12:54', '2022-09-01 14:12:54', NULL, NULL, NULL, 0),
(795, 'P000795', 'EXTERNAL TRAINING MANUFACTURE (TERLAMPIR)', NULL, NULL, 44, NULL, 'TRAINING', '114.1.2', 1, 12, 38, NULL, '[]', NULL, NULL, 'PC', 1, 1, '2', '2022-09-01 14:12:55', '2022-09-01 14:12:55', NULL, NULL, NULL, 0),
(796, 'P000796', 'IDEALOGY', NULL, NULL, 44, NULL, 'TRAINING', '114.1.3', 1, 12, 38, NULL, '[]', NULL, NULL, 'PC', 1, 1, '2', '2022-09-01 14:12:55', '2022-09-01 14:12:55', NULL, NULL, NULL, 0),
(797, 'P000797', 'REWARDS IDEALOGY', NULL, NULL, 44, NULL, 'TRAINING', '114.1.3', 1, 12, 38, NULL, '[]', NULL, NULL, 'PC', 1, 1, '2', '2022-09-01 14:12:55', '2022-09-01 14:12:55', NULL, NULL, NULL, 0),
(798, 'P000798', 'REWARD KOMPETISI LAINNYA : VOUCHER DLL', NULL, NULL, 44, NULL, 'TRAINING', '114.1.3', 1, 12, 38, NULL, '[]', NULL, NULL, 'PC', 1, 1, '2', '2022-09-01 14:12:56', '2022-09-01 14:12:56', NULL, NULL, NULL, 0),
(799, 'P000799', 'BIAYA ASSESSMENT PSIKOLOGI & KOMPETENSI', NULL, NULL, 44, NULL, 'TRAINING', '114.1.3', 1, 12, 38, NULL, '[]', NULL, NULL, 'PC', 1, 1, '2', '2022-09-01 14:12:56', '2022-09-01 14:12:56', NULL, NULL, NULL, 0),
(800, 'P000800', 'OLAHRAGA', NULL, NULL, 44, NULL, 'TRAINING', '114.1.4', 1, 12, 105, NULL, '[]', NULL, NULL, 'PC', 1, 1, '2', '2022-09-01 14:12:56', '2022-09-01 14:12:56', NULL, NULL, NULL, 0),
(801, 'P000801', 'SOSIAL & ROHANI', NULL, NULL, 44, NULL, 'TRAINING', '114.1.4', 1, 12, 105, NULL, '[]', NULL, NULL, 'PC', 1, 1, '2', '2022-09-01 14:12:56', '2022-09-01 14:12:56', NULL, NULL, NULL, 0),
(802, 'P000802', 'BIAYA GATHERING', NULL, NULL, 44, NULL, 'TRAINING', '114.1.4', 1, 12, 105, NULL, '[]', NULL, NULL, 'PC', 1, 1, '2', '2022-09-01 14:12:57', '2022-09-01 14:12:57', NULL, NULL, NULL, 0),
(803, 'P000803', 'RAPAT KERJA', NULL, NULL, 44, NULL, 'TRAINING', '114.1.4', 1, 12, 105, NULL, '[]', NULL, NULL, 'PC', 1, 1, '2', '2022-09-01 14:12:57', '2022-09-01 14:12:57', NULL, NULL, NULL, 0),
(804, 'P000804', 'STICKER HAND SANITIZER LOGO CMK', NULL, NULL, 15, NULL, 'SQ', '105.1.6', 1, 1, 8, NULL, '[]', NULL, 2500.00, 'PC', 1, 1, '2', '2022-09-01 14:12:57', '2022-09-01 14:12:57', NULL, NULL, NULL, 0),
(805, 'P000805', 'THERMOMETER', NULL, NULL, 15, NULL, 'SQ', '105.1.1', 1, 1, 7, NULL, '[]', NULL, 599000.00, 'PC', 1, 1, '2', '2022-09-01 14:12:58', '2022-09-01 14:12:58', NULL, NULL, NULL, 0),
(806, 'P000806', 'MESIN TIMBANGAN', NULL, NULL, 15, NULL, 'SQ', '105.1.2', 2, 4, 5, NULL, '[]', NULL, 25575000.00, 'PC', 1, 1, '2', '2022-09-01 14:12:58', '2022-09-01 14:12:58', NULL, NULL, NULL, 0),
(807, 'P000807', 'UVC STERILIZER', NULL, NULL, 15, NULL, 'SQ', '105.1.1', 1, 1, 7, NULL, '[]', NULL, 199900.00, 'PC', 1, 1, '2', '2022-09-01 14:12:59', '2022-09-01 14:12:59', NULL, NULL, NULL, 0),
(808, 'P000808', 'AKRILIK', NULL, NULL, 17, NULL, 'VM', '102.1.5', 1, 1, 1, NULL, '[]', NULL, 2810000.00, 'PC', 1, 1, '2', '2022-09-01 14:12:59', '2022-09-01 14:12:59', NULL, NULL, NULL, 0),
(809, 'P000809', 'AMBALAN', NULL, NULL, 17, NULL, 'VM', '102.1.5', 1, 1, 1, NULL, '[]', NULL, 262500.00, 'PC', 1, 1, '2', '2022-09-01 14:12:59', '2022-09-01 14:12:59', NULL, NULL, NULL, 0),
(810, 'P000810', 'PRICE BEADS ( NUMBER)', NULL, NULL, 17, NULL, 'VM', '102.1.4', 1, 1, 102, NULL, '[]', NULL, NULL, 'PC', 1, 1, '2', '2022-09-01 14:13:00', '2022-09-01 14:13:00', NULL, NULL, NULL, 0),
(811, 'P000811', 'PRICE BEADS (RUPIAH)', NULL, NULL, 17, NULL, 'VM', '102.1.4', 1, 1, 102, NULL, '[]', NULL, NULL, 'PC', 1, 1, '2', '2022-09-01 14:13:00', '2022-09-01 14:13:00', NULL, NULL, NULL, 0),
(812, 'P000812', 'BACKDROP', NULL, NULL, 17, NULL, 'VM', '102.1.3', 1, 14, 42, NULL, '[]', NULL, 22500000.00, 'PC', 1, 1, '2', '2022-09-01 14:13:00', '2022-09-01 14:13:00', NULL, NULL, NULL, 0),
(813, 'P000813', 'BACKDROP DISPLAY', NULL, NULL, 17, NULL, 'VM', '102.1.3', 1, 14, 42, NULL, '[]', NULL, 1500000.00, 'PC', 1, 1, '2', '2022-09-01 14:13:01', '2022-09-01 14:13:01', NULL, NULL, NULL, 0),
(814, 'P000814', 'BANGLE - L', NULL, NULL, 17, NULL, 'VM', '102.1.5', 1, 1, 1, NULL, '[]', NULL, 39375.00, 'PC', 1, 1, '2', '2022-09-01 14:13:01', '2022-09-01 14:13:01', NULL, NULL, NULL, 0),
(815, 'P000815', 'BANGLE - M', NULL, NULL, 17, NULL, 'VM', '102.1.5', 1, 1, 1, NULL, '[]', NULL, 39375.00, 'PC', 1, 1, '2', '2022-09-01 14:13:01', '2022-09-01 14:13:01', NULL, NULL, NULL, 0),
(816, 'P000816', 'BOX PACKAGING FOREVERMARK', NULL, NULL, 17, NULL, 'VM', '102.1.1', 1, 17, 104, NULL, '[]', NULL, NULL, 'PC', 1, 1, '2', '2022-09-01 14:13:02', '2022-09-01 14:13:02', NULL, NULL, NULL, 0),
(817, 'P000817', 'BILL HOLDER REAL SUEDE RED WINE', NULL, NULL, 17, NULL, 'VM', '102.1.4', 2, 18, 106, NULL, '[]', NULL, 95000.00, 'PC', 1, 1, '2', '2022-09-01 14:13:02', '2022-09-01 14:13:02', NULL, NULL, NULL, 0),
(818, 'P000818', 'BOX MULTIFUNCTION S EARRINGS/PDT', NULL, NULL, 17, NULL, 'VM', '102.1.1', 2, 9, 25, NULL, '[]', NULL, 3.50, 'PC', 1, 1, '2', '2022-09-01 14:13:02', '2022-09-01 14:13:02', NULL, NULL, NULL, 0),
(819, 'P000819', 'LADIES RING INSERT (R 39) FOR BRANDED BOX', NULL, NULL, 17, NULL, 'VM', '102.1.1', 2, 9, 25, NULL, '[]', NULL, NULL, 'PC', 1, 1, '2', '2022-09-01 14:13:03', '2022-09-01 14:13:03', NULL, NULL, NULL, 0),
(820, 'P000820', 'BOX EARRING (X353) ', NULL, NULL, 17, NULL, 'VM', '102.1.1', 2, 9, 25, NULL, '[]', NULL, NULL, 'PC', 1, 1, '2', '2022-09-01 14:13:03', '2022-09-01 14:13:03', NULL, NULL, NULL, 0),
(821, 'P000821', 'BOX EAR/PENDANT (X354) ', NULL, NULL, 17, NULL, 'VM', '102.1.1', 2, 9, 25, NULL, '[]', NULL, NULL, 'PC', 1, 1, '2', '2022-09-01 14:13:03', '2022-09-01 14:13:03', NULL, NULL, NULL, 0),
(822, 'P000822', 'BOX BANGLE ', NULL, NULL, 17, NULL, 'VM', '102.1.1', 2, 9, 25, NULL, '[]', NULL, NULL, 'PC', 1, 1, '2', '2022-09-01 14:13:03', '2022-09-01 14:13:03', NULL, NULL, NULL, 0),
(823, 'P000823', 'BOX LADIES RING/SNI', NULL, NULL, 17, NULL, 'VM', '102.1.1', 2, 9, 25, NULL, '[]', NULL, NULL, 'PC', 1, 1, '2', '2022-09-01 14:13:04', '2022-09-01 14:13:04', NULL, NULL, NULL, 0),
(824, 'P000824', 'BOX LADIES RING FOR FASHION', NULL, NULL, 17, NULL, 'VM', '102.1.1', 2, 9, 25, NULL, '[]', NULL, NULL, 'PC', 1, 1, '2', '2022-09-01 14:13:04', '2022-09-01 14:13:04', NULL, NULL, NULL, 0),
(825, 'P000825', 'BOX EARRING / PENDANT', NULL, NULL, 17, NULL, 'VM', '102.1.1', 2, 9, 25, NULL, '[]', NULL, NULL, 'PC', 1, 1, '2', '2022-09-01 14:13:04', '2022-09-01 14:13:04', NULL, NULL, NULL, 0),
(826, 'P000826', 'PILLOW BANGLE ', NULL, NULL, 17, NULL, 'VM', '102.1.1', 2, 9, 25, NULL, '[]', NULL, NULL, 'PC', 1, 1, '2', '2022-09-01 14:13:05', '2022-09-01 14:13:05', NULL, NULL, NULL, 0),
(827, 'P000827', 'NECKLACE SET BOX', NULL, NULL, 17, NULL, 'VM', '102.1.1', 2, 9, 25, NULL, '[]', NULL, NULL, 'PC', 1, 1, '2', '2022-09-01 14:13:05', '2022-09-01 14:13:05', NULL, NULL, NULL, 0),
(828, 'P000828', 'INSERION PR-40', NULL, NULL, 17, NULL, 'VM', '102.1.1', 2, 9, 25, NULL, '[]', NULL, NULL, 'PC', 1, 1, '2', '2022-09-01 14:13:05', '2022-09-01 14:13:05', NULL, NULL, NULL, 0),
(829, 'P000829', 'LOVE BOX (WR)', NULL, NULL, 17, NULL, 'VM', '102.1.1', 2, 9, 25, NULL, '[]', NULL, NULL, 'PC', 1, 1, '2', '2022-09-01 14:13:06', '2022-09-01 14:13:06', NULL, NULL, NULL, 0),
(830, 'P000830', 'LOVE BOX SEBASTIAN GUNAWAN', NULL, NULL, 17, NULL, 'VM', '102.1.1', 2, 9, 25, NULL, '[]', NULL, NULL, 'PC', 1, 1, '2', '2022-09-01 14:13:06', '2022-09-01 14:13:06', NULL, NULL, NULL, 0),
(831, 'P000831', 'SHOPPING BAG SIZE SMALL', NULL, NULL, 17, NULL, 'VM', '102.1.1', 2, 9, 25, NULL, '[]', NULL, NULL, 'PC', 1, 1, '2', '2022-09-01 14:13:07', '2022-09-01 14:13:07', NULL, NULL, NULL, 0),
(832, 'P000832', 'SHOPPING BAG SIZE MEDIUM', NULL, NULL, 17, NULL, 'VM', '102.1.1', 2, 9, 25, NULL, '[]', NULL, NULL, 'PC', 1, 1, '2', '2022-09-01 14:13:07', '2022-09-01 14:13:07', NULL, NULL, NULL, 0),
(833, 'P000833', 'DIAMOND CLOTH', NULL, NULL, 17, NULL, 'VM', '102.1.1', 2, 9, 25, NULL, '[]', NULL, NULL, 'PC', 1, 1, '2', '2022-09-01 14:13:08', '2022-09-01 14:13:08', NULL, NULL, NULL, 0),
(834, 'P000834', 'BOX BRANKAS', NULL, NULL, 17, NULL, 'VM', '102.1.5', 2, 9, 25, NULL, '[]', NULL, 131250.00, 'PC', 1, 1, '2', '2022-09-01 14:13:09', '2022-09-01 14:13:09', NULL, NULL, NULL, 0),
(835, 'P000835', 'CETAK POSTER', NULL, NULL, 17, NULL, 'VM', '102.1.3', 1, 14, 42, NULL, '[]', NULL, 4466000.00, 'PC', 1, 1, '2', '2022-09-01 14:13:10', '2022-09-01 14:13:10', NULL, NULL, NULL, 0),
(836, 'P000836', 'CHAIN/PDT-L', NULL, NULL, 17, NULL, 'VM', '102.1.5', 1, 1, 1, NULL, '[]', NULL, 24063.00, 'PC', 1, 1, '2', '2022-09-01 14:13:10', '2022-09-01 14:13:10', NULL, NULL, NULL, 0),
(837, 'P000837', 'CHAIN/PDT-M', NULL, NULL, 17, NULL, 'VM', '102.1.5', 1, 1, 1, NULL, '[]', NULL, 26250.00, 'PC', 1, 1, '2', '2022-09-01 14:13:11', '2022-09-01 14:13:11', NULL, NULL, NULL, 0),
(838, 'P000838', 'CM2-CHN', NULL, NULL, 17, NULL, 'VM', '102.1.5', 1, 1, 1, NULL, '[]', NULL, 218750.00, 'PC', 1, 1, '2', '2022-09-01 14:13:11', '2022-09-01 14:13:11', NULL, NULL, NULL, 0),
(839, 'P000839', 'CMP2-BGL-4540-2245', NULL, NULL, 17, NULL, 'VM', '102.1.5', 1, 1, 1, NULL, '[]', NULL, 218750.00, 'PC', 1, 1, '2', '2022-09-01 14:13:12', '2022-09-01 14:13:12', NULL, NULL, NULL, 0),
(840, 'P000840', 'CMP2-EAR/PDT-4540-2245', NULL, NULL, 17, NULL, 'VM', '102.1.5', 1, 1, 1, NULL, '[]', NULL, 218750.00, 'PC', 1, 1, '2', '2022-09-01 14:13:13', '2022-09-01 14:13:13', NULL, NULL, NULL, 0),
(841, 'P000841', 'CMP2-PDT-4540-2245', NULL, NULL, 17, NULL, 'VM', '102.1.5', 1, 1, 1, NULL, '[]', NULL, 218750.00, 'PC', 1, 1, '2', '2022-09-01 14:13:14', '2022-09-01 14:13:14', NULL, NULL, NULL, 0),
(842, 'P000842', 'CMP2-RING-4540-2245', NULL, NULL, 17, NULL, 'VM', '102.1.5', 1, 1, 1, NULL, '[]', NULL, 218750.00, 'PC', 1, 1, '2', '2022-09-01 14:13:14', '2022-09-01 14:13:14', NULL, NULL, NULL, 0),
(843, 'P000843', 'CMP2-WR-4540-2245', NULL, NULL, 17, NULL, 'VM', '102.1.5', 1, 1, 1, NULL, '[]', NULL, 218750.00, 'PC', 1, 1, '2', '2022-09-01 14:13:15', '2022-09-01 14:13:15', NULL, NULL, NULL, 0),
(844, 'P000844', 'CMP-EAR/PDT', NULL, NULL, 17, NULL, 'VM', '102.1.5', 1, 1, 1, NULL, '[]', NULL, 218750.00, 'PC', 1, 1, '2', '2022-09-01 14:13:15', '2022-09-01 14:13:15', NULL, NULL, NULL, 0),
(845, 'P000845', 'CMP-RING', NULL, NULL, 17, NULL, 'VM', '102.1.5', 1, 1, 1, NULL, '[]', NULL, 218750.00, 'PC', 1, 1, '2', '2022-09-01 14:13:15', '2022-09-01 14:13:15', NULL, NULL, NULL, 0),
(846, 'P000846', 'CMP-WR', NULL, NULL, 17, NULL, 'VM', '102.1.5', 1, 1, 1, NULL, '[]', NULL, 218750.00, 'PC', 1, 1, '2', '2022-09-01 14:13:16', '2022-09-01 14:13:16', NULL, NULL, NULL, 0),
(847, 'P000847', 'FRANK GOLD DISPLAY', NULL, NULL, 17, NULL, 'VM', '102.1.5', 1, 1, 1, NULL, '[]', NULL, 325200000.00, 'PC', 1, 1, '2', '2022-09-01 14:13:16', '2022-09-01 14:13:16', NULL, NULL, NULL, 0),
(848, 'P000848', 'TISSUE PAPER WRAPPING', NULL, NULL, 17, NULL, 'VM', '102.1.5', 1, 1, 1, NULL, '[]', NULL, NULL, 'PC', 1, 1, '2', '2022-09-01 14:13:17', '2022-09-01 14:13:17', NULL, NULL, NULL, 0),
(849, 'P000849', 'FSH1-INLAY-BGL-L-2450-6490', NULL, NULL, 17, NULL, 'VM', '102.1.5', 2, 9, 25, NULL, '[]', NULL, 39375.00, 'PC', 1, 1, '2', '2022-09-01 14:13:17', '2022-09-01 14:13:17', NULL, NULL, NULL, 0),
(850, 'P000850', 'FSH1-INLAY-BGL-M-2450-6490', NULL, NULL, 17, NULL, 'VM', '102.1.5', 2, 9, 25, NULL, '[]', NULL, 39375.00, 'PC', 1, 1, '2', '2022-09-01 14:13:17', '2022-09-01 14:13:17', NULL, NULL, NULL, 0),
(851, 'P000851', 'FSH1-INLAY-EARPDT-S-2450-6490', NULL, NULL, 17, NULL, 'VM', '102.1.5', 2, 9, 25, NULL, '[]', NULL, 26250.00, 'PC', 1, 1, '2', '2022-09-01 14:13:18', '2022-09-01 14:13:18', NULL, NULL, NULL, 0),
(852, 'P000852', 'FSH1-INLAY-LR-L-2450-6490', NULL, NULL, 17, NULL, 'VM', '102.1.5', 2, 9, 25, NULL, '[]', NULL, 35000.00, 'PC', 1, 1, '2', '2022-09-01 14:13:18', '2022-09-01 14:13:18', NULL, NULL, NULL, 0),
(853, 'P000853', 'FSH1-INLAY-LR-M-2450-6490', NULL, NULL, 17, NULL, 'VM', '102.1.5', 2, 9, 25, NULL, '[]', NULL, 30625.00, 'PC', 1, 1, '2', '2022-09-01 14:13:18', '2022-09-01 14:13:18', NULL, NULL, NULL, 0),
(854, 'P000854', 'FSH1-INLAY-LR-S-2450-6490', NULL, NULL, 17, NULL, 'VM', '102.1.5', 2, 9, 25, NULL, '[]', NULL, 24063.00, 'PC', 1, 1, '2', '2022-09-01 14:13:19', '2022-09-01 14:13:19', NULL, NULL, NULL, 0),
(855, 'P000855', 'FSH1-PDT-L-2450-6490', NULL, NULL, 17, NULL, 'VM', '102.1.5', 2, 9, 25, NULL, '[]', NULL, 26250.00, 'PC', 1, 1, '2', '2022-09-01 14:13:19', '2022-09-01 14:13:19', NULL, NULL, NULL, 0),
(856, 'P000856', 'FSH1-PDT-M-2450-6490', NULL, NULL, 17, NULL, 'VM', '102.1.5', 2, 9, 25, NULL, '[]', NULL, 26250.00, 'PC', 1, 1, '2', '2022-09-01 14:13:19', '2022-09-01 14:13:19', NULL, NULL, NULL, 0),
(857, 'P000857', 'FSH1-PDT-S-2450-6490', NULL, NULL, 17, NULL, 'VM', '102.1.5', 2, 9, 25, NULL, '[]', NULL, 26250.00, 'PC', 1, 1, '2', '2022-09-01 14:13:20', '2022-09-01 14:13:20', NULL, NULL, NULL, 0),
(858, 'P000858', 'FSH2-LRGW-L-4540-2245', NULL, NULL, 17, NULL, 'VM', '102.1.5', 2, 9, 25, NULL, '[]', NULL, 39375.00, 'PC', 1, 1, '2', '2022-09-01 14:13:20', '2022-09-01 14:13:20', NULL, NULL, NULL, 0),
(859, 'P000859', 'FSH2-LRGW-M-4540-2245', NULL, NULL, 17, NULL, 'VM', '102.1.5', 2, 9, 25, NULL, '[]', NULL, 35000.00, 'PC', 1, 1, '2', '2022-09-01 14:13:21', '2022-09-01 14:13:21', NULL, NULL, NULL, 0),
(860, 'P000860', 'FSH2-LRGW-S-4540-2245', NULL, NULL, 17, NULL, 'VM', '102.1.5', 2, 9, 25, NULL, '[]', NULL, 35000.00, 'PC', 1, 1, '2', '2022-09-01 14:13:21', '2022-09-01 14:13:21', NULL, NULL, NULL, 0),
(861, 'P000861', 'FSH-BRC-L', NULL, NULL, 17, NULL, 'VM', '102.1.5', 2, 9, 25, NULL, '[]', NULL, 100625.00, 'PC', 1, 1, '2', '2022-09-01 14:13:21', '2022-09-01 14:13:21', NULL, NULL, NULL, 0),
(862, 'P000862', 'FSH-BRC-M', NULL, NULL, 17, NULL, 'VM', '102.1.5', 2, 9, 25, NULL, '[]', NULL, 78750.00, 'PC', 1, 1, '2', '2022-09-01 14:13:22', '2022-09-01 14:13:22', NULL, NULL, NULL, 0),
(863, 'P000863', 'FUN-CHN', NULL, NULL, 17, NULL, 'VM', '102.1.5', 2, 9, 25, NULL, '[]', NULL, 105000.00, 'PC', 1, 1, '2', '2022-09-01 14:13:22', '2022-09-01 14:13:22', NULL, NULL, NULL, 0),
(864, 'P000864', 'FUN-CHN-SK', NULL, NULL, 17, NULL, 'VM', '102.1.5', 2, 9, 25, NULL, '[]', NULL, 105000.00, 'PC', 1, 1, '2', '2022-09-01 14:13:22', '2022-09-01 14:13:22', NULL, NULL, NULL, 0),
(865, 'P000865', 'FUN-EAR T-L', NULL, NULL, 17, NULL, 'VM', '102.1.5', 2, 9, 25, NULL, '[]', NULL, 35000.00, 'PC', 1, 1, '2', '2022-09-01 14:13:23', '2022-09-01 14:13:23', NULL, NULL, NULL, 0),
(866, 'P000866', 'FUN-EAR T-M', NULL, NULL, 17, NULL, 'VM', '102.1.5', 2, 9, 25, NULL, '[]', NULL, 35000.00, 'PC', 1, 1, '2', '2022-09-01 14:13:23', '2022-09-01 14:13:23', NULL, NULL, NULL, 0),
(867, 'P000867', 'FUN-INLAY-PDT-L-TRAY', NULL, NULL, 17, NULL, 'VM', '102.1.5', 2, 9, 25, NULL, '[]', NULL, 39375.00, 'PC', 1, 1, '2', '2022-09-01 14:13:23', '2022-09-01 14:13:23', NULL, NULL, NULL, 0),
(868, 'P000868', 'FUN-NCK', NULL, NULL, 17, NULL, 'VM', '102.1.5', 2, 9, 25, NULL, '[]', NULL, 109375.00, 'PC', 1, 1, '2', '2022-09-01 14:13:24', '2022-09-01 14:13:24', NULL, NULL, NULL, 0),
(869, 'P000869', 'FUN-SLOT', NULL, NULL, 17, NULL, 'VM', '102.1.5', 2, 9, 25, NULL, '[]', NULL, 118125.00, 'PC', 1, 1, '2', '2022-09-01 14:13:24', '2022-09-01 14:13:24', NULL, NULL, NULL, 0),
(870, 'P000870', 'FUN-TRAY-8', NULL, NULL, 17, NULL, 'VM', '102.1.5', 2, 9, 25, NULL, '[]', NULL, 218750.00, 'PC', 1, 1, '2', '2022-09-01 14:13:24', '2022-09-01 14:13:24', NULL, NULL, NULL, 0),
(871, 'P000871', 'FUN-TRAY-TRAY4', NULL, NULL, 17, NULL, 'VM', '102.1.5', 2, 9, 25, NULL, '[]', NULL, 131250.00, 'PC', 1, 1, '2', '2022-09-01 14:13:25', '2022-09-01 14:13:25', NULL, NULL, NULL, 0),
(872, 'P000872', 'GIFT TAGS WRAPPING CORNER', NULL, NULL, 17, NULL, 'VM', '102.1.5', 1, 1, 1, NULL, '[]', NULL, 3000.00, 'PC', 1, 1, '2', '2022-09-01 14:13:25', '2022-09-01 14:13:25', NULL, NULL, NULL, 0),
(873, 'P000873', 'RIBBON HOLDER WRAPPING CORNER', NULL, NULL, 17, NULL, 'VM', '102.1.5', 1, 1, 1, NULL, '[]', NULL, NULL, 'PC', 1, 1, '2', '2022-09-01 14:13:25', '2022-09-01 14:13:25', NULL, NULL, NULL, 0),
(874, 'P000874', 'TRAY WRAPPING CORNER', NULL, NULL, 17, NULL, 'VM', '102.1.5', 1, 1, 1, NULL, '[]', NULL, NULL, 'PC', 1, 1, '2', '2022-09-01 14:13:26', '2022-09-01 14:13:26', NULL, NULL, NULL, 0),
(875, 'P000875', 'GLASS WRAPPING CORNER', NULL, NULL, 17, NULL, 'VM', '102.1.5', 1, 1, 1, NULL, '[]', NULL, NULL, 'PC', 1, 1, '2', '2022-09-01 14:13:26', '2022-09-01 14:13:26', NULL, NULL, NULL, 0),
(876, 'P000876', 'CORK BOARD WRAPPING CORNER', NULL, NULL, 17, NULL, 'VM', '102.1.5', 1, 1, 1, NULL, '[]', NULL, NULL, 'PC', 1, 1, '2', '2022-09-01 14:13:26', '2022-09-01 14:13:26', NULL, NULL, NULL, 0),
(877, 'P000877', 'GUNTING WRAPPING CORNER', NULL, NULL, 17, NULL, 'VM', '102.1.5', 1, 1, 1, NULL, '[]', NULL, NULL, 'PC', 1, 1, '2', '2022-09-01 14:13:27', '2022-09-01 14:13:27', NULL, NULL, NULL, 0),
(878, 'P000878', 'HOARDING', NULL, NULL, 17, 'BD-FC 00', 'BUSDEV', '103.1.2', 1, 14, 42, NULL, '[]', NULL, 7250000.00, 'PC', 1, 1, '2', '2022-09-01 14:13:27', '2022-09-01 14:13:27', NULL, NULL, NULL, 0),
(879, 'P000879', 'INSERT LOCKER ATAS (A&B) EAR/PDT', NULL, NULL, 17, NULL, 'VM', '102.1.5', 1, 1, 1, NULL, '[]', NULL, 26250.00, 'PC', 1, 1, '2', '2022-09-01 14:13:28', '2022-09-01 14:13:28', NULL, NULL, NULL, 0),
(880, 'P000880', 'INSERT LOCKER ATAS (A&B) LR', NULL, NULL, 17, NULL, 'VM', '102.1.5', 1, 1, 1, NULL, '[]', NULL, 24063.00, 'PC', 1, 1, '2', '2022-09-01 14:13:28', '2022-09-01 14:13:28', NULL, NULL, NULL, 0),
(881, 'P000881', 'INSERT LOCKER ATAS (A) BGL', NULL, NULL, 17, NULL, 'VM', '102.1.5', 1, 1, 1, NULL, '[]', NULL, 39375.00, 'PC', 1, 1, '2', '2022-09-01 14:13:28', '2022-09-01 14:13:28', NULL, NULL, NULL, 0),
(882, 'P000882', 'INSERT LOCKER ATAS (B) BGL', NULL, NULL, 17, NULL, 'VM', '102.1.5', 1, 1, 1, NULL, '[]', NULL, 39375.00, 'PC', 1, 1, '2', '2022-09-01 14:13:29', '2022-09-01 14:13:29', NULL, NULL, NULL, 0),
(883, 'P000883', 'INSERT LOCKER ATAS (B) EAR/PDT', NULL, NULL, 17, NULL, 'VM', '102.1.5', 1, 1, 1, NULL, '[]', NULL, 26250.00, 'PC', 1, 1, '2', '2022-09-01 14:13:29', '2022-09-01 14:13:29', NULL, NULL, NULL, 0),
(884, 'P000884', 'INSERT LOCKER ATAS (B) LR', NULL, NULL, 17, NULL, 'VM', '102.1.5', 1, 1, 1, NULL, '[]', NULL, 30625.00, 'PC', 1, 1, '2', '2022-09-01 14:13:30', '2022-09-01 14:13:30', NULL, NULL, NULL, 0),
(885, 'P000885', 'INSERT LOCKER BAWAH EAR/PDT', NULL, NULL, 17, NULL, 'VM', '102.1.5', 1, 1, 1, NULL, '[]', NULL, 39375.00, 'PC', 1, 1, '2', '2022-09-01 14:13:31', '2022-09-01 14:13:31', NULL, NULL, NULL, 0),
(886, 'P000886', 'INSERT LOCKER BAWAH LR', NULL, NULL, 17, NULL, 'VM', '102.1.5', 1, 1, 1, NULL, '[]', NULL, 35000.00, 'PC', 1, 1, '2', '2022-09-01 14:13:31', '2022-09-01 14:13:31', NULL, NULL, NULL, 0),
(887, 'P000887', 'INSERT PILAR WR', NULL, NULL, 17, NULL, 'VM', '102.1.5', 1, 1, 1, NULL, '[]', NULL, 35000.00, 'PC', 1, 1, '2', '2022-09-01 14:13:32', '2022-09-01 14:13:32', NULL, NULL, NULL, 0),
(888, 'P000888', 'INSERT WR', NULL, NULL, 17, NULL, 'VM', '102.1.5', 1, 1, 1, NULL, '[]', NULL, 39375.00, 'PC', 1, 1, '2', '2022-09-01 14:13:33', '2022-09-01 14:13:33', NULL, NULL, NULL, 0),
(889, 'P000889', 'INSERT WR DESIGNER', NULL, NULL, 17, NULL, 'VM', '102.1.5', 1, 1, 1, NULL, '[]', NULL, 48125.00, 'PC', 1, 1, '2', '2022-09-01 14:13:34', '2022-09-01 14:13:34', NULL, NULL, NULL, 0),
(890, 'P000890', 'INSERTION PR40', NULL, NULL, 17, NULL, 'VM', '102.1.5', 1, 1, 1, NULL, '[]', NULL, 5.00, 'PC', 1, 1, '2', '2022-09-01 14:13:34', '2022-09-01 14:13:34', NULL, NULL, NULL, 0),
(891, 'P000891', 'ISLAND - FASHION', NULL, NULL, 17, NULL, 'VM', '102.1.5', 1, 1, 1, NULL, '[]', NULL, 818.25, 'PC', 1, 1, '2', '2022-09-01 14:13:35', '2022-09-01 14:13:35', NULL, NULL, NULL, 0),
(892, 'P000892', 'ISLAND - FASHION MENS', NULL, NULL, 17, NULL, 'VM', '102.1.5', 1, 1, 1, NULL, '[]', NULL, 699.00, 'PC', 1, 1, '2', '2022-09-01 14:13:35', '2022-09-01 14:13:35', NULL, NULL, NULL, 0),
(893, 'P000893', 'ISLAND DISPLAY 1 (ID1)', NULL, NULL, 17, NULL, 'VM', '102.1.5', 1, 1, 1, NULL, '[]', NULL, 3400000.00, 'PC', 1, 1, '2', '2022-09-01 14:13:35', '2022-09-01 14:13:35', NULL, NULL, NULL, 0),
(894, 'P000894', 'ISLAND DISPLAY 2 (ID2)', NULL, NULL, 17, NULL, 'VM', '102.1.5', 1, 1, 1, NULL, '[]', NULL, 500000.00, 'PC', 1, 1, '2', '2022-09-01 14:13:36', '2022-09-01 14:13:36', NULL, NULL, NULL, 0),
(895, 'P000895', 'JASA PEMASANGAN', NULL, NULL, 17, NULL, 'VM', '102.1.3', 1, 1, 1, NULL, '[]', NULL, 5000000.00, 'PC', 1, 1, '2', '2022-09-01 14:13:37', '2022-09-01 14:13:37', NULL, NULL, NULL, 0),
(896, 'P000896', 'KARDUS', NULL, NULL, 17, NULL, 'VM', '102.1.5', 1, 1, 1, NULL, '[]', NULL, 10000.00, 'PC', 1, 1, '2', '2022-09-01 14:13:37', '2022-09-01 14:13:37', NULL, NULL, NULL, 0),
(897, 'P000897', 'KERTAS KADO', NULL, NULL, 17, NULL, 'VM', '102.1.5', 1, 1, 1, NULL, '[]', NULL, 9900.00, 'PC', 1, 1, '2', '2022-09-01 14:13:38', '2022-09-01 14:13:38', NULL, NULL, NULL, 0),
(898, 'P000898', 'KUBUS MANDALA ', NULL, NULL, 17, NULL, 'VM', '102.1.4', 1, 1, 102, NULL, '[]', NULL, 75000.00, 'PC', 1, 1, '2', '2022-09-01 14:13:38', '2022-09-01 14:13:38', NULL, NULL, NULL, 0),
(899, 'P000899', 'LIGHTED POSTER', NULL, NULL, 17, NULL, 'VM', '102.1.3', 1, 1, 1, NULL, '[]', NULL, 4157000.00, 'PC', 1, 1, '2', '2022-09-01 14:13:39', '2022-09-01 14:13:39', NULL, NULL, NULL, 0),
(900, 'P000900', 'LOADING IN & OUT', NULL, NULL, 17, NULL, 'VM', '102.1.5', 1, 1, 1, NULL, '[]', NULL, 3500000.00, 'PC', 1, 1, '2', '2022-09-01 14:13:39', '2022-09-01 14:13:39', NULL, NULL, NULL, 0),
(901, 'P000901', 'LOCKER ATAS (A)', NULL, NULL, 17, NULL, 'VM', '102.1.5', 1, 1, 1, NULL, '[]', NULL, 262500.00, 'PC', 1, 1, '2', '2022-09-01 14:13:40', '2022-09-01 14:13:40', NULL, NULL, NULL, 0),
(902, 'P000902', 'LOCKER ATAS (B)', NULL, NULL, 17, NULL, 'VM', '102.1.5', 1, 1, 1, NULL, '[]', NULL, 175000.00, 'PC', 1, 1, '2', '2022-09-01 14:13:40', '2022-09-01 14:13:40', NULL, NULL, NULL, 0),
(903, 'P000903', 'LOCKER BAWAH (A)', NULL, NULL, 17, NULL, 'VM', '102.1.5', 1, 1, 1, NULL, '[]', NULL, 175000.00, 'PC', 1, 1, '2', '2022-09-01 14:13:40', '2022-09-01 14:13:40', NULL, NULL, NULL, 0),
(904, 'P000904', 'LOCKER BAWAH (B)', NULL, NULL, 17, NULL, 'VM', '102.1.5', 1, 1, 1, NULL, '[]', NULL, 161875.00, 'PC', 1, 1, '2', '2022-09-01 14:13:41', '2022-09-01 14:13:41', NULL, NULL, NULL, 0),
(905, 'P000905', 'LOVE BOX FRANK & CO', NULL, NULL, 17, NULL, 'VM', '102.1.1', 1, 1, 1, NULL, '[]', NULL, 26.85, 'PC', 1, 1, '2', '2022-09-01 14:13:41', '2022-09-01 14:13:41', NULL, NULL, NULL, 0),
(906, 'P000906', 'LR TELUNJUK - L', NULL, NULL, 17, NULL, 'VM', '102.1.5', 1, 1, 1, NULL, '[]', NULL, 32813.00, 'PC', 1, 1, '2', '2022-09-01 14:13:42', '2022-09-01 14:13:42', NULL, NULL, NULL, 0),
(907, 'P000907', 'LR TELUNJUK - M', NULL, NULL, 17, NULL, 'VM', '102.1.5', 1, 1, 1, NULL, '[]', NULL, 39375.00, 'PC', 1, 1, '2', '2022-09-01 14:13:42', '2022-09-01 14:13:42', NULL, NULL, NULL, 0),
(908, 'P000908', 'LR TELUNJUK - S', NULL, NULL, 17, NULL, 'VM', '102.1.5', 1, 1, 1, NULL, '[]', NULL, 32812.00, 'PC', 1, 1, '2', '2022-09-01 14:13:43', '2022-09-01 14:13:43', NULL, NULL, NULL, 0),
(909, 'P000909', 'MJ1-LR-KTK-L-4540-2245', NULL, NULL, 17, NULL, 'VM', '102.1.5', 1, 1, 1, NULL, '[]', NULL, 43750.00, 'PC', 1, 1, '2', '2022-09-01 14:13:43', '2022-09-01 14:13:43', NULL, NULL, NULL, 0),
(910, 'P000910', 'MJ1-LR-KTK-M-4540-2245', NULL, NULL, 17, NULL, 'VM', '102.1.5', 1, 1, 1, NULL, '[]', NULL, 43750.00, 'PC', 1, 1, '2', '2022-09-01 14:13:44', '2022-09-01 14:13:44', NULL, NULL, NULL, 0),
(911, 'P000911', 'MJ1-PLTFM2-4540-2170', NULL, NULL, 17, NULL, 'VM', '102.1.5', 1, 1, 1, NULL, '[]', NULL, 74375.00, 'PC', 1, 1, '2', '2022-09-01 14:13:44', '2022-09-01 14:13:44', NULL, NULL, NULL, 0),
(912, 'P000912', 'MJ-BCKL', NULL, NULL, 17, NULL, 'VM', '102.1.5', 1, 1, 1, NULL, '[]', NULL, 30625.00, 'PC', 1, 1, '2', '2022-09-01 14:13:45', '2022-09-01 14:13:45', NULL, NULL, NULL, 0),
(913, 'P000913', 'MJ-LR-KTK-L', NULL, NULL, 17, NULL, 'VM', '102.1.5', 1, 1, 1, NULL, '[]', NULL, 43750.00, 'PC', 1, 1, '2', '2022-09-01 14:13:45', '2022-09-01 14:13:45', NULL, NULL, NULL, 0),
(914, 'P000914', 'MJ-LR-KTK-M', NULL, NULL, 17, NULL, 'VM', '102.1.5', 1, 1, 1, NULL, '[]', NULL, 43750.00, 'PC', 1, 1, '2', '2022-09-01 14:13:46', '2022-09-01 14:13:46', NULL, NULL, NULL, 0),
(915, 'P000915', 'MJ-PDT-L', NULL, NULL, 17, NULL, 'VM', '102.1.5', 1, 1, 1, NULL, '[]', NULL, 30625.00, 'PC', 1, 1, '2', '2022-09-01 14:13:47', '2022-09-01 14:13:47', NULL, NULL, NULL, 0),
(916, 'P000916', 'MJ-PLTFM', NULL, NULL, 17, NULL, 'VM', '102.1.5', 1, 1, 1, NULL, '[]', NULL, 78750.00, 'PC', 1, 1, '2', '2022-09-01 14:13:47', '2022-09-01 14:13:47', NULL, NULL, NULL, 0),
(917, 'P000917', 'NAMPAN CC SLOT', NULL, NULL, 17, NULL, 'VM', '102.1.5', 1, 1, 1, NULL, '[]', NULL, 481250.00, 'PC', 1, 1, '2', '2022-09-01 14:13:48', '2022-09-01 14:13:48', NULL, NULL, NULL, 0),
(918, 'P000918', 'NAMPAN EAR/PDT', NULL, NULL, 17, NULL, 'VM', '102.1.5', 1, 1, 1, NULL, '[]', NULL, 481250.00, 'PC', 1, 1, '2', '2022-09-01 14:13:48', '2022-09-01 14:13:48', NULL, NULL, NULL, 0),
(919, 'P000919', 'NAMPAN POLOS', NULL, NULL, 17, NULL, 'VM', '102.1.5', 1, 1, 1, NULL, '[]', NULL, 218750.00, 'PC', 1, 1, '2', '2022-09-01 14:13:48', '2022-09-01 14:13:48', NULL, NULL, NULL, 0),
(920, 'P000920', 'NCK-GIANT', NULL, NULL, 17, NULL, 'VM', '102.1.5', 1, 1, 1, NULL, '[]', NULL, 218750.00, 'PC', 1, 1, '2', '2022-09-01 14:13:49', '2022-09-01 14:13:49', NULL, NULL, NULL, 0),
(921, 'P000921', 'NCK-SIKU', NULL, NULL, 17, NULL, 'VM', '102.1.5', 1, 1, 1, NULL, '[]', NULL, 131250.00, 'PC', 1, 1, '2', '2022-09-01 14:13:49', '2022-09-01 14:13:49', NULL, NULL, NULL, 0),
(922, 'P000922', 'NCK-STANDING-L', NULL, NULL, 17, NULL, 'VM', '102.1.5', 1, 1, 1, NULL, '[]', NULL, 175000.00, 'PC', 1, 1, '2', '2022-09-01 14:13:49', '2022-09-01 14:13:49', NULL, NULL, NULL, 0),
(923, 'P000923', 'NCK-STANDING-M', NULL, NULL, 17, NULL, 'VM', '102.1.5', 1, 1, 1, NULL, '[]', NULL, 240625.00, 'PC', 1, 1, '2', '2022-09-01 14:13:50', '2022-09-01 14:13:50', NULL, NULL, NULL, 0),
(924, 'P000924', 'NCK-STANDING-S', NULL, NULL, 17, NULL, 'VM', '102.1.5', 1, 1, 1, NULL, '[]', NULL, 170625.00, 'PC', 1, 1, '2', '2022-09-01 14:13:50', '2022-09-01 14:13:50', NULL, NULL, NULL, 0),
(925, 'P000925', 'PAPER BAG', NULL, NULL, 17, NULL, 'VM', '102.1.1', 1, 1, 1, NULL, '[]', NULL, 1.58, 'PC', 1, 1, '2', '2022-09-01 14:13:50', '2022-09-01 14:13:50', NULL, NULL, NULL, 0),
(926, 'P000926', 'PENGGANTIAN LAMPU NEON BOX', NULL, NULL, 17, 'BD-FC 00', 'BUSDEV', '103.1.8', 1, 1, 1, NULL, '[]', NULL, 2500000.00, 'PC', 1, 1, '2', '2022-09-01 14:13:51', '2022-09-01 14:13:51', NULL, NULL, NULL, 0),
(927, 'P000927', 'PILAR WR (L)', NULL, NULL, 17, NULL, 'VM', '102.1.5', 1, 1, 1, NULL, '[]', NULL, 61250.00, 'PC', 1, 1, '2', '2022-09-01 14:13:51', '2022-09-01 14:13:51', NULL, NULL, NULL, 0),
(928, 'P000928', 'PILAR WR (M)', NULL, NULL, 17, NULL, 'VM', '102.1.5', 1, 1, 1, NULL, '[]', NULL, 56875.00, 'PC', 1, 1, '2', '2022-09-01 14:13:52', '2022-09-01 14:13:52', NULL, NULL, NULL, 0),
(929, 'P000929', 'PILAR WR (S)', NULL, NULL, 17, NULL, 'VM', '102.1.5', 1, 1, 1, NULL, '[]', NULL, 56875.00, 'PC', 1, 1, '2', '2022-09-01 14:13:52', '2022-09-01 14:13:52', NULL, NULL, NULL, 0),
(930, 'P000930', 'PLAT 3 DESIGNER', NULL, NULL, 17, NULL, 'VM', '102.1.5', 1, 1, 1, NULL, '[]', NULL, 300000.00, 'PC', 1, 1, '2', '2022-09-01 14:13:53', '2022-09-01 14:13:53', NULL, NULL, NULL, 0),
(931, 'P000931', 'PLAT ETCHING GOLD UK. 5CMX2CM KETEBALAN 0.5MM', NULL, NULL, 17, NULL, 'VM', '102.1.5', 1, 1, 1, NULL, '[]', NULL, 28000.00, 'PC', 1, 1, '2', '2022-09-01 14:13:53', '2022-09-01 14:13:53', NULL, NULL, NULL, 0),
(932, 'P000932', 'PLAT LOGO UNTUK BILL HOLDER REAL SUEDE RED WINE', NULL, NULL, 17, NULL, 'VM', '102.1.5', 1, 1, 1, NULL, '[]', NULL, 3000.00, 'PC', 1, 1, '2', '2022-09-01 14:13:54', '2022-09-01 14:13:54', NULL, NULL, NULL, 0),
(933, 'P000933', 'PLAT SHOWCASE CMK CLUB', NULL, NULL, 17, NULL, 'VM', '102.1.5', 1, 1, 1, NULL, '[]', NULL, 40000.00, 'PC', 1, 1, '2', '2022-09-01 14:13:54', '2022-09-01 14:13:54', NULL, NULL, NULL, 0),
(934, 'P000934', 'PLATFORM PERSEGI', NULL, NULL, 17, NULL, 'VM', '102.1.5', 1, 1, 1, NULL, '[]', NULL, 5967500.00, 'PC', 1, 1, '2', '2022-09-01 14:13:54', '2022-09-01 14:13:54', NULL, NULL, NULL, 0),
(935, 'P000935', 'PLATFORM TRAPESIUM', NULL, NULL, 17, NULL, 'VM', '102.1.5', 1, 1, 1, NULL, '[]', NULL, 7459375.00, 'PC', 1, 1, '2', '2022-09-01 14:13:55', '2022-09-01 14:13:55', NULL, NULL, NULL, 0),
(936, 'P000936', 'POP 3 DESIGNER + AKRILIK', NULL, NULL, 17, NULL, 'VM', '102.1.5', 1, 1, 1, NULL, '[]', NULL, 60000.00, 'PC', 1, 1, '2', '2022-09-01 14:13:55', '2022-09-01 14:13:55', NULL, NULL, NULL, 0),
(937, 'P000937', 'POSTER', NULL, NULL, 17, NULL, 'VM', '102.1.3', 1, 1, 1, NULL, '[]', NULL, 2312630.00, 'PC', 1, 1, '2', '2022-09-01 14:13:56', '2022-09-01 14:13:56', NULL, NULL, NULL, 0),
(938, 'P000938', 'CETAKAN', NULL, NULL, 17, NULL, 'VM', '102.1.3', 1, 1, 1, NULL, '[]', NULL, 110000.00, 'PC', 1, 1, '2', '2022-09-01 14:13:56', '2022-09-01 14:13:56', NULL, NULL, NULL, 0),
(939, 'P000939', 'STICKER CLAW MACHINE', NULL, NULL, 17, NULL, 'MARKETING', '101.1.4', 1, 1, 1, NULL, '[]', NULL, 2570000.00, 'PC', 1, 1, '2', '2022-09-01 14:13:57', '2022-09-01 14:13:57', NULL, NULL, NULL, 0),
(940, 'P000940', 'RIBBON PACKAGING', NULL, NULL, 17, NULL, 'VM', '102.1.1', 1, 17, 104, NULL, '[]', NULL, 15.00, 'PC', 1, 1, '2', '2022-09-01 14:13:57', '2022-09-01 14:13:57', NULL, NULL, NULL, 0),
(941, 'P000941', 'PACKAGING - FRANK GOLD', NULL, NULL, 17, NULL, 'VM', '102.1.2', 1, 17, 104, NULL, '[]', NULL, NULL, 'PC', 1, 1, '2', '2022-09-01 14:13:57', '2022-09-01 14:13:57', NULL, NULL, NULL, 0),
(942, 'P000942', 'PACKAGING - TINY TAN', NULL, NULL, 17, NULL, 'VM', '102.1.2', 1, 17, 104, NULL, '[]', NULL, NULL, 'PC', 1, 1, '2', '2022-09-01 14:13:58', '2022-09-01 14:13:58', NULL, NULL, NULL, 0),
(943, 'P000943', 'RISER', NULL, NULL, 17, NULL, 'VM', '102.1.3', 1, 1, 1, NULL, '[]', NULL, 1500000.00, 'PC', 1, 1, '2', '2022-09-01 14:13:58', '2022-09-01 14:13:58', NULL, NULL, NULL, 0),
(944, 'P000944', 'SCOOP LETTER BOARD GOLD 26 X 26 CM', NULL, NULL, 17, NULL, 'VM', '102.1.5', 1, 1, 1, NULL, '[]', NULL, 1109100.00, 'PC', 1, 1, '2', '2022-09-01 14:13:58', '2022-09-01 14:13:58', NULL, NULL, NULL, 0),
(945, 'P000945', 'SETENGAH TRAPESIUM', NULL, NULL, 17, NULL, 'VM', '102.1.5', 1, 1, 1, NULL, '[]', NULL, 262500.00, 'PC', 1, 1, '2', '2022-09-01 14:13:59', '2022-09-01 14:13:59', NULL, NULL, NULL, 0),
(946, 'P000946', 'SETENGAH TRAPESIUM + EMBOSE LOGO', NULL, NULL, 17, NULL, 'VM', '102.1.5', 1, 1, 1, NULL, '[]', NULL, 262500.00, 'PC', 1, 1, '2', '2022-09-01 14:13:59', '2022-09-01 14:13:59', NULL, NULL, NULL, 0),
(947, 'P000947', 'BOX SNI BANGLE', NULL, NULL, 17, NULL, 'VM', '102.1.5', 1, 1, 1, NULL, '[]', NULL, 11.00, 'PC', 1, 1, '2', '2022-09-01 14:13:59', '2022-09-01 14:13:59', NULL, NULL, NULL, 0),
(948, 'P000948', 'BOX SNI PENDANT', NULL, NULL, 17, NULL, 'VM', '102.1.5', 1, 1, 1, NULL, '[]', NULL, 9.10, 'PC', 1, 1, '2', '2022-09-01 14:14:00', '2022-09-01 14:14:00', NULL, NULL, NULL, 0),
(949, 'P000949', 'BOX SNI RING', NULL, NULL, 17, NULL, 'VM', '102.1.5', 1, 1, 1, NULL, '[]', NULL, 9.10, 'PC', 1, 1, '2', '2022-09-01 14:14:00', '2022-09-01 14:14:00', NULL, NULL, NULL, 0),
(950, 'P000950', 'BOX SNI TRAY LR', NULL, NULL, 17, NULL, 'VM', '102.1.5', 1, 1, 1, NULL, '[]', NULL, 99.80, 'PC', 1, 1, '2', '2022-09-01 14:14:01', '2022-09-01 14:14:01', NULL, NULL, NULL, 0),
(951, 'P000951', 'BOX SNI-EAR', NULL, NULL, 17, NULL, 'VM', '102.1.5', 1, 1, 1, NULL, '[]', NULL, 35000.00, 'PC', 1, 1, '2', '2022-09-01 14:14:01', '2022-09-01 14:14:01', NULL, NULL, NULL, 0),
(952, 'P000952', 'STAND SHOWCASE SNI-DJ', NULL, NULL, 17, NULL, 'VM', '102.1.5', 1, 1, 1, NULL, '[]', NULL, 670.20, 'PC', 1, 1, '2', '2022-09-01 14:14:01', '2022-09-01 14:14:01', NULL, NULL, NULL, 0),
(953, 'P000953', 'TABLE DISPLAY', NULL, NULL, 17, NULL, 'VM', '102.1.3', 1, 14, 42, NULL, '[]', NULL, 47580000.00, 'PC', 1, 1, '2', '2022-09-01 14:14:02', '2022-09-01 14:14:02', NULL, NULL, NULL, 0),
(954, 'P000954', 'TABLE WINDOW DISPLAY', NULL, NULL, 17, NULL, 'VM', '102.1.3', 1, 14, 42, NULL, '[]', NULL, 262500.00, 'PC', 1, 1, '2', '2022-09-01 14:14:02', '2022-09-01 14:14:02', NULL, NULL, NULL, 0),
(955, 'P000955', 'TATAKAN AKRILIK', NULL, NULL, 17, NULL, 'VM', '102.1.5', 1, 14, 42, NULL, '[]', NULL, 74375.00, 'PC', 1, 1, '2', '2022-09-01 14:14:03', '2022-09-01 14:14:03', NULL, NULL, NULL, 0),
(956, 'P000956', 'TATAKAN STAND', NULL, NULL, 17, NULL, 'VM', '102.1.5', 1, 14, 42, NULL, '[]', NULL, 175000.00, 'PC', 1, 1, '2', '2022-09-01 14:14:03', '2022-09-01 14:14:03', NULL, NULL, NULL, 0),
(957, 'P000957', 'TRANSPORTASI', NULL, NULL, 17, NULL, 'MARKETING', '101.1.4', 1, 14, 42, NULL, '[]', NULL, 3300000.00, 'PC', 1, 1, '2', '2022-09-01 14:14:04', '2022-09-01 14:14:04', NULL, NULL, NULL, 0),
(958, 'P000958', 'TRAY BRANKAS', NULL, NULL, 17, NULL, 'VM', '102.1.4', 1, 1, 102, NULL, '[]', NULL, 218750.00, 'PC', 1, 1, '2', '2022-09-01 14:14:04', '2022-09-01 14:14:04', NULL, NULL, NULL, 0),
(959, 'P000959', 'TRAY WR DESIGNER', NULL, NULL, 17, NULL, 'VM', '102.1.5', 1, 14, 42, NULL, '[]', NULL, 354375.00, 'PC', 1, 1, '2', '2022-09-01 14:14:05', '2022-09-01 14:14:05', NULL, NULL, NULL, 0),
(960, 'P000960', 'TRAY WR5', NULL, NULL, 17, NULL, 'VM', '102.1.5', 1, 14, 42, NULL, '[]', NULL, 91875.00, 'PC', 1, 1, '2', '2022-09-01 14:14:05', '2022-09-01 14:14:05', NULL, NULL, NULL, 0),
(961, 'P000961', 'TRAY WR6', NULL, NULL, 17, NULL, 'VM', '102.1.5', 1, 14, 42, NULL, '[]', NULL, 91875.00, 'PC', 1, 1, '2', '2022-09-01 14:14:05', '2022-09-01 14:14:05', NULL, NULL, NULL, 0),
(962, 'P000962', 'WD1-LV-L', NULL, NULL, 17, NULL, 'VM', '102.1.5', 1, 14, 42, NULL, '[]', NULL, 122500.00, 'PC', 1, 1, '2', '2022-09-01 14:14:06', '2022-09-01 14:14:06', NULL, NULL, NULL, 0),
(963, 'P000963', 'WD1-LV-M', NULL, NULL, 17, NULL, 'VM', '102.1.5', 1, 14, 42, NULL, '[]', NULL, 105000.00, 'PC', 1, 1, '2', '2022-09-01 14:14:06', '2022-09-01 14:14:06', NULL, NULL, NULL, 0),
(964, 'P000964', 'WD2-LV-L', NULL, NULL, 17, NULL, 'VM', '102.1.5', 1, 14, 42, NULL, '[]', NULL, 87500.00, 'PC', 1, 1, '2', '2022-09-01 14:14:06', '2022-09-01 14:14:06', NULL, NULL, NULL, 0),
(965, 'P000965', 'WD2-LV-M', NULL, NULL, 17, NULL, 'VM', '102.1.5', 1, 14, 42, NULL, '[]', NULL, 87500.00, 'PC', 1, 1, '2', '2022-09-01 14:14:07', '2022-09-01 14:14:07', NULL, NULL, NULL, 0),
(966, 'P000966', 'WD-BGL', NULL, NULL, 17, NULL, 'VM', '102.1.5', 1, 14, 42, NULL, '[]', NULL, 61250.00, 'PC', 1, 1, '2', '2022-09-01 14:14:07', '2022-09-01 14:14:07', NULL, NULL, NULL, 0),
(967, 'P000967', 'WD-BR', NULL, NULL, 17, NULL, 'VM', '102.1.5', 1, 14, 42, NULL, '[]', NULL, 56875.00, 'PC', 1, 1, '2', '2022-09-01 14:14:07', '2022-09-01 14:14:07', NULL, NULL, NULL, 0),
(968, 'P000968', 'WD-EAR/PDT-BR', NULL, NULL, 17, NULL, 'VM', '102.1.5', 1, 14, 42, NULL, '[]', NULL, 48125.00, 'PC', 1, 1, '2', '2022-09-01 14:14:08', '2022-09-01 14:14:08', NULL, NULL, NULL, 0);
INSERT INTO `products` (`id`, `kode_barang`, `name`, `sku`, `description`, `group_id`, `bc`, `bc_name`, `ba`, `category_id`, `subcategory_id`, `sub_subcategory_id`, `cmk_spec`, `vendor_spec`, `cmk2_spec`, `price`, `unit`, `status`, `type`, `created_by`, `created_at`, `updated_at`, `deleted_at`, `url`, `vendor_id`, `is_service`) VALUES
(969, 'P000969', 'WD-EAR-T-L', NULL, NULL, 17, NULL, 'VM', '102.1.5', 1, 14, 42, NULL, '[]', NULL, 39375.00, 'PC', 1, 1, '2', '2022-09-01 14:14:08', '2022-09-01 14:14:08', NULL, NULL, NULL, 0),
(970, 'P000970', 'WD-EAR-T-M', NULL, NULL, 17, NULL, 'VM', '102.1.5', 1, 14, 42, NULL, '[]', NULL, 39375.00, 'PC', 1, 1, '2', '2022-09-01 14:14:09', '2022-09-01 14:14:09', NULL, NULL, NULL, 0),
(971, 'P000971', 'WD-LR-L', NULL, NULL, 17, NULL, 'VM', '102.1.5', 1, 14, 42, NULL, '[]', NULL, 48125.00, 'PC', 1, 1, '2', '2022-09-01 14:14:09', '2022-09-01 14:14:09', NULL, NULL, NULL, 0),
(972, 'P000972', 'WD-LR-M', NULL, NULL, 17, NULL, 'VM', '102.1.5', 1, 14, 42, NULL, '[]', NULL, 43750.00, 'PC', 1, 1, '2', '2022-09-01 14:14:10', '2022-09-01 14:14:10', NULL, NULL, NULL, 0),
(973, 'P000973', 'WD-LR-S', NULL, NULL, 17, NULL, 'VM', '102.1.5', 1, 14, 42, NULL, '[]', NULL, 39375.00, 'PC', 1, 1, '2', '2022-09-01 14:14:10', '2022-09-01 14:14:10', NULL, NULL, NULL, 0),
(974, 'P000974', 'WD-WR-L', NULL, NULL, 17, NULL, 'VM', '102.1.5', 1, 14, 42, NULL, '[]', NULL, 52500.00, 'PC', 1, 1, '2', '2022-09-01 14:14:10', '2022-09-01 14:14:10', NULL, NULL, NULL, 0),
(975, 'P000975', 'WD-WR-M', NULL, NULL, 17, NULL, 'VM', '102.1.5', 1, 14, 42, NULL, '[]', NULL, 48125.00, 'PC', 1, 1, '2', '2022-09-01 14:14:11', '2022-09-01 14:14:11', NULL, NULL, NULL, 0),
(976, 'P000976', 'PITA CEREMONY/OPENING', NULL, NULL, 17, NULL, 'VM', '102.1.4', 1, 1, 102, NULL, '[]', NULL, NULL, 'PC', 1, 1, '2', '2022-09-01 14:14:11', '2022-09-01 14:14:11', NULL, NULL, NULL, 0),
(977, 'P000977', 'BANGLE', NULL, NULL, 18, NULL, 'VM', '102.1.1', 1, 1, 1, NULL, '[]', NULL, 52062.00, 'PC', 1, 1, '2', '2022-09-01 14:14:12', '2022-09-01 14:14:12', NULL, NULL, NULL, 0),
(978, 'P000978', 'BOX CHAIN/BRACELET', NULL, NULL, 18, NULL, 'VM', '102.1.1', 2, 9, 25, NULL, '[]', NULL, 336875.00, 'PC', 1, 1, '2', '2022-09-01 14:14:14', '2022-09-01 14:14:14', NULL, NULL, NULL, 0),
(979, 'P000979', 'DISPLAY PENDANT', NULL, NULL, 18, NULL, 'VM', '102.1.5', 1, 1, 1, NULL, '[]', NULL, 74375.00, 'PC', 1, 1, '2', '2022-09-01 14:14:16', '2022-09-01 14:14:16', NULL, NULL, NULL, 0),
(980, 'P000980', 'M-EARDANGLING-4530-4798', NULL, NULL, 18, NULL, 'VM', '102.1.5', 1, 1, 1, NULL, '[]', NULL, 30625.00, 'PC', 1, 1, '2', '2022-09-01 14:14:16', '2022-09-01 14:14:16', NULL, NULL, NULL, 0),
(981, 'P000981', 'MM-BGL-4530-4798', NULL, NULL, 18, NULL, 'VM', '102.1.5', 1, 1, 1, NULL, '[]', NULL, 26250.00, 'PC', 1, 1, '2', '2022-09-01 14:14:17', '2022-09-01 14:14:17', NULL, NULL, NULL, 0),
(982, 'P000982', 'M-PDT-M-4530-4798', NULL, NULL, 18, NULL, 'VM', '102.1.5', 1, 1, 1, NULL, '[]', NULL, 35000.00, 'PC', 1, 1, '2', '2022-09-01 14:14:17', '2022-09-01 14:14:17', NULL, NULL, NULL, 0),
(983, 'P000983', 'S-EARDANGLING-4530-4798', NULL, NULL, 18, NULL, 'VM', '102.1.5', 1, 1, 1, NULL, '[]', NULL, 30625.00, 'PC', 1, 1, '2', '2022-09-01 14:14:18', '2022-09-01 14:14:18', NULL, NULL, NULL, 0),
(984, 'P000984', 'POUCH PG', NULL, NULL, 19, NULL, 'VM', '102.1.1', 1, 17, 104, NULL, '[]', NULL, NULL, 'PC', 1, 1, '2', '2022-09-01 14:14:18', '2022-09-01 14:14:18', NULL, NULL, NULL, 0),
(985, 'P000985', 'POUCH BRANDED (MEC)', NULL, NULL, 19, NULL, 'VM', '102.1.1', 1, 17, 104, NULL, '[]', NULL, NULL, 'PC', 1, 1, '2', '2022-09-01 14:14:18', '2022-09-01 14:14:18', NULL, NULL, NULL, 0),
(986, 'P000986', 'MEC BOX', NULL, NULL, 19, NULL, 'VM', '102.1.1', 1, 17, 104, NULL, '[]', NULL, NULL, 'PC', 1, 1, '2', '2022-09-01 14:14:19', '2022-09-01 14:14:19', NULL, NULL, NULL, 0),
(987, 'P000987', 'CERTIFICATE FOLDER MEC', NULL, NULL, 19, NULL, 'VM', '102.1.1', 1, 17, 104, NULL, '[]', NULL, NULL, 'PC', 1, 1, '2', '2022-09-01 14:14:20', '2022-09-01 14:14:20', NULL, NULL, NULL, 0),
(988, 'P000988', 'REGULAR SMALL BOX - RING SMALL', NULL, NULL, 19, NULL, 'VM', '102.1.1', 1, 17, 104, NULL, '[]', NULL, NULL, 'PC', 1, 1, '2', '2022-09-01 14:14:20', '2022-09-01 14:14:20', NULL, NULL, NULL, 0),
(989, 'P000989', 'REGULAR SMALL BOX - PENDANT SMALL', NULL, NULL, 19, NULL, 'VM', '102.1.1', 1, 17, 104, NULL, '[]', NULL, NULL, 'PC', 1, 1, '2', '2022-09-01 14:14:20', '2022-09-01 14:14:20', NULL, NULL, NULL, 0),
(990, 'P000990', 'REGULAR SMALL BOX - EARRING SMALL', NULL, NULL, 19, NULL, 'VM', '102.1.1', 1, 17, 104, NULL, '[]', NULL, NULL, 'PC', 1, 1, '2', '2022-09-01 14:14:21', '2022-09-01 14:14:21', NULL, NULL, NULL, 0),
(991, 'P000991', 'REGULAR MEDIUM BOX - RING MEDIUM', NULL, NULL, 19, NULL, 'VM', '102.1.1', 1, 17, 104, NULL, '[]', NULL, NULL, 'PC', 1, 1, '2', '2022-09-01 14:14:22', '2022-09-01 14:14:22', NULL, NULL, NULL, 0),
(992, 'P000992', 'REGULAR MEDIUM BOX - PENDANT MEDIUM', NULL, NULL, 19, NULL, 'VM', '102.1.1', 1, 17, 104, NULL, '[]', NULL, NULL, 'PC', 1, 1, '2', '2022-09-01 14:14:22', '2022-09-01 14:14:22', NULL, NULL, NULL, 0),
(993, 'P000993', 'REGULAR MEDIUM BOX - EARRING MEDIUM', NULL, NULL, 19, NULL, 'VM', '102.1.1', 1, 17, 104, NULL, '[]', NULL, NULL, 'PC', 1, 1, '2', '2022-09-01 14:14:23', '2022-09-01 14:14:23', NULL, NULL, NULL, 0),
(994, 'P000994', 'REGULAR MEDIUM BOX - BANGLE', NULL, NULL, 19, NULL, 'VM', '102.1.1', 1, 17, 104, NULL, '[]', NULL, NULL, 'PC', 1, 1, '2', '2022-09-01 14:14:23', '2022-09-01 14:14:23', NULL, NULL, NULL, 0),
(995, 'P000995', 'SMALL NECKLACE BOX', NULL, NULL, 19, NULL, 'VM', '102.1.1', 1, 17, 104, NULL, '[]', NULL, NULL, 'PC', 1, 1, '2', '2022-09-01 14:14:23', '2022-09-01 14:14:23', NULL, NULL, NULL, 0),
(996, 'P000996', 'SMALL SET BOX', NULL, NULL, 19, NULL, 'VM', '102.1.1', 1, 17, 104, NULL, '[]', NULL, NULL, 'PC', 1, 1, '2', '2022-09-01 14:14:24', '2022-09-01 14:14:24', NULL, NULL, NULL, 0),
(997, 'P000997', 'LARGE NECKLACE BOX', NULL, NULL, 19, NULL, 'VM', '102.1.1', 1, 17, 104, NULL, '[]', NULL, NULL, 'PC', 1, 1, '2', '2022-09-01 14:14:24', '2022-09-01 14:14:24', NULL, NULL, NULL, 0),
(998, 'P000998', 'LARGE SET BOX', NULL, NULL, 19, NULL, 'VM', '102.1.1', 1, 17, 104, NULL, '[]', NULL, NULL, 'PC', 1, 1, '2', '2022-09-01 14:14:24', '2022-09-01 14:14:24', NULL, NULL, NULL, 0),
(999, 'P000999', 'WEDDING WHITE BOX', NULL, NULL, 19, NULL, 'VM', '102.1.1', 1, 17, 104, NULL, '[]', NULL, NULL, 'PC', 1, 1, '2', '2022-09-01 14:14:25', '2022-09-01 14:14:25', NULL, NULL, NULL, 0),
(1000, 'P001000', 'WEDDING RED BOX', NULL, NULL, 19, NULL, 'VM', '102.1.1', 1, 17, 104, NULL, '[]', NULL, NULL, 'PC', 1, 1, '2', '2022-09-01 14:14:25', '2022-09-01 14:14:25', NULL, NULL, NULL, 0),
(1001, 'P001001', 'INSERTION WHITE PILLOW - WEDDING RING', NULL, NULL, 19, NULL, 'VM', '102.1.1', 1, 17, 104, NULL, '[]', NULL, NULL, 'PC', 1, 1, '2', '2022-09-01 14:14:25', '2022-09-01 14:14:25', NULL, NULL, NULL, 0),
(1002, 'P001002', 'INSERTION RED PILLOW - WEDDING RING', NULL, NULL, 19, NULL, 'VM', '102.1.1', 1, 17, 104, NULL, '[]', NULL, NULL, 'PC', 1, 1, '2', '2022-09-01 14:14:26', '2022-09-01 14:14:26', NULL, NULL, NULL, 0),
(1003, 'P001003', 'INSERTION METAL TRAY - WEDDING RING', NULL, NULL, 19, NULL, 'VM', '102.1.1', 1, 17, 104, NULL, '[]', NULL, NULL, 'PC', 1, 1, '2', '2022-09-01 14:14:26', '2022-09-01 14:14:26', NULL, NULL, NULL, 0),
(1004, 'P001004', 'EARRING SMALL - LED BOX', NULL, NULL, 19, NULL, 'VM', '102.1.1', 1, 16, 100, NULL, '[]', NULL, NULL, 'PC', 1, 1, '2', '2022-09-01 14:14:26', '2022-09-01 14:14:26', NULL, NULL, NULL, 0),
(1005, 'P001005', 'EARRING MEDIUM - LED BOX', NULL, NULL, 19, NULL, 'VM', '102.1.1', 1, 17, 104, NULL, '[]', NULL, NULL, 'PC', 1, 1, '2', '2022-09-01 14:14:27', '2022-09-01 14:14:27', NULL, NULL, NULL, 0),
(1006, 'P001006', 'BANGLE - LED BOX', NULL, NULL, 19, NULL, 'VM', '102.1.1', 1, 17, 104, NULL, '[]', NULL, NULL, 'PC', 1, 1, '2', '2022-09-01 14:14:27', '2022-09-01 14:14:27', NULL, NULL, NULL, 0),
(1007, 'P001007', 'PAPERBAG BLUE SILK S', NULL, NULL, 19, NULL, 'VM', '102.1.1', 1, 17, 104, NULL, '[]', NULL, NULL, 'PC', 1, 1, '2', '2022-09-01 14:14:28', '2022-09-01 14:14:28', NULL, NULL, NULL, 0),
(1008, 'P001008', 'PAPERBAG BLUE SILK L', NULL, NULL, 19, NULL, 'VM', '102.1.1', 1, 17, 104, NULL, '[]', NULL, NULL, 'PC', 1, 1, '2', '2022-09-01 14:14:28', '2022-09-01 14:14:28', NULL, NULL, NULL, 0),
(1009, 'P001009', 'PACKAGING CORPORATE', NULL, NULL, 19, NULL, 'VM', '102.1.1', 1, 17, 104, NULL, '[]', NULL, NULL, 'PC', 1, 1, '2', '2022-09-01 14:14:28', '2022-09-01 14:14:28', NULL, NULL, NULL, 0),
(1010, 'P001010', 'NAMING COM', NULL, NULL, 17, NULL, 'VM', '102.1.4', 1, 1, 102, NULL, '[]', NULL, NULL, 'PC', 1, 1, '2', '2022-09-01 14:14:28', '2022-09-01 14:14:28', NULL, NULL, NULL, 0),
(1011, 'P001011', 'AKRILIK BEA CUKAI', NULL, NULL, 17, NULL, 'VM', '102.1.4', 1, 1, 102, NULL, '[]', NULL, NULL, 'PC', 1, 1, '2', '2022-09-01 14:14:29', '2022-09-01 14:14:29', NULL, NULL, NULL, 0),
(1012, 'P001012', 'AKRILIK PROMO VM', NULL, NULL, 17, NULL, 'VM', '102.1.4', 1, 1, 102, NULL, '[]', NULL, NULL, 'PC', 1, 1, '2', '2022-09-01 14:14:29', '2022-09-01 14:14:29', NULL, NULL, NULL, 0),
(1013, 'P001013', 'AKRILIK JNA AWARD', NULL, NULL, 17, NULL, 'VM', '102.1.4', 1, 1, 102, NULL, '[]', NULL, NULL, 'PC', 1, 1, '2', '2022-09-01 14:14:29', '2022-09-01 14:14:29', NULL, NULL, NULL, 0),
(1014, 'P001014', 'VISUAL NAMING 1 SET ', NULL, NULL, 17, NULL, 'VM', '102.1.4', 1, 1, 102, NULL, '[]', NULL, NULL, 'PC', 1, 1, '2', '2022-09-01 14:14:30', '2022-09-01 14:14:30', NULL, NULL, NULL, 0),
(1015, 'P001015', 'PLAT & AKRILIK NAMING COLLABS', NULL, NULL, 17, NULL, 'VM', '102.1.4', 1, 1, 102, NULL, '[]', NULL, NULL, 'PC', 1, 1, '2', '2022-09-01 14:14:30', '2022-09-01 14:14:30', NULL, NULL, NULL, 0),
(1016, 'P001016', 'PLAT WEDDING RING', NULL, NULL, 17, NULL, 'VM', '102.1.4', 1, 1, 102, NULL, '[]', NULL, NULL, 'PC', 1, 1, '2', '2022-09-01 14:14:30', '2022-09-01 14:14:30', NULL, NULL, NULL, 0),
(1017, 'P001017', 'TRAY & TISSUE', NULL, NULL, 17, NULL, 'VM', '102.1.4', 1, 1, 102, NULL, '[]', NULL, NULL, 'PC', 1, 1, '2', '2022-09-01 14:14:31', '2022-09-01 14:14:31', NULL, NULL, NULL, 0),
(1018, 'P001018', 'AKRILIK BENING', NULL, NULL, 19, NULL, 'VM', '102.1.5', 1, 1, 1, NULL, '[]', NULL, 19000.00, 'PC', 1, 1, '2', '2022-09-01 14:14:31', '2022-09-01 14:14:31', NULL, NULL, NULL, 0),
(1019, 'P001019', 'AMBALAN (TRAY)', NULL, NULL, 19, NULL, 'VM', '102.1.5', 1, 1, 1, NULL, '[]', NULL, 455000.00, 'PC', 1, 1, '2', '2022-09-01 14:14:31', '2022-09-01 14:14:31', NULL, NULL, NULL, 0),
(1020, 'P001020', 'AMBALAN B1', NULL, NULL, 19, NULL, 'VM', '102.1.5', 1, 1, 1, NULL, '[]', NULL, 175000.00, 'PC', 1, 1, '2', '2022-09-01 14:14:32', '2022-09-01 14:14:32', NULL, NULL, NULL, 0),
(1021, 'P001021', 'AMBALAN B2', NULL, NULL, 19, NULL, 'VM', '102.1.5', 1, 1, 1, NULL, '[]', NULL, 236250.00, 'PC', 1, 1, '2', '2022-09-01 14:14:32', '2022-09-01 14:14:32', NULL, NULL, NULL, 0),
(1022, 'P001022', 'AMBALAN FOREVER', NULL, NULL, 19, NULL, 'VM', '102.1.5', 1, 1, 1, NULL, '[]', NULL, 262500.00, 'PC', 1, 1, '2', '2022-09-01 14:14:33', '2022-09-01 14:14:33', NULL, NULL, NULL, 0),
(1023, 'P001023', 'AMBALAN POLA', NULL, NULL, 19, NULL, 'VM', '102.1.5', 1, 1, 1, NULL, '[]', NULL, 249375.00, 'PC', 1, 1, '2', '2022-09-01 14:14:33', '2022-09-01 14:14:33', NULL, NULL, NULL, 0),
(1024, 'P001024', 'ART PAPER / PHOTO PAPER', NULL, NULL, 19, NULL, 'VM', '102.1.3', 1, 14, 42, NULL, '[]', NULL, 426250.00, 'PC', 1, 1, '2', '2022-09-01 14:14:34', '2022-09-01 14:14:34', NULL, NULL, NULL, 0),
(1025, 'P001025', 'BACKLIGHT POSTER', NULL, NULL, 19, NULL, 'VM', '102.1.3', 1, 14, 42, NULL, '[]', NULL, 3005000.00, 'PC', 1, 1, '2', '2022-09-01 14:14:34', '2022-09-01 14:14:34', NULL, NULL, NULL, 0),
(1026, 'P001026', 'BASE ALT 1', NULL, NULL, 19, NULL, 'VM', '102.1.5', 1, 1, 1, NULL, '[]', NULL, 463750.00, 'PC', 1, 1, '2', '2022-09-01 14:14:34', '2022-09-01 14:14:34', NULL, NULL, NULL, 0),
(1027, 'P001027', 'BASE ALT 2', NULL, NULL, 19, NULL, 'VM', '102.1.5', 1, 1, 22, NULL, '[]', NULL, 463750.00, 'PC', 1, 1, '2', '2022-09-01 14:14:34', '2022-09-01 14:14:34', NULL, NULL, NULL, 0),
(1028, 'P001028', 'BOX TUMBLER', NULL, NULL, 19, NULL, 'VM', '102.1.1', 2, 9, 25, NULL, '[]', NULL, 80000.00, 'PC', 1, 1, '2', '2022-09-01 14:14:35', '2022-09-01 14:14:35', NULL, NULL, NULL, 0),
(1029, 'P001029', 'DEKORASI EVENT', NULL, NULL, 19, NULL, 'MARKETING', '101.1.4', 1, 14, 42, NULL, '[]', NULL, 14724490.00, 'PC', 1, 1, '2', '2022-09-01 14:14:35', '2022-09-01 14:14:35', NULL, NULL, NULL, 0),
(1030, 'P001030', 'M-EARDANGLING-4530-4798', NULL, NULL, 19, NULL, 'VM', '102.1.5', 1, 1, 1, NULL, '[]', NULL, 35000.00, 'PC', 1, 1, '2', '2022-09-01 14:14:35', '2022-09-01 14:14:35', NULL, NULL, NULL, 0),
(1031, 'P001031', 'MM-BGL-4530-4798', NULL, NULL, 19, NULL, 'VM', '102.1.5', 1, 1, 1, NULL, '[]', NULL, 32812.00, 'PC', 1, 1, '2', '2022-09-01 14:14:36', '2022-09-01 14:14:36', NULL, NULL, NULL, 0),
(1032, 'P001032', 'MM-BRAC-4530-4798', NULL, NULL, 19, NULL, 'VM', '102.1.5', 1, 1, 1, NULL, '[]', NULL, 52500.00, 'PC', 1, 1, '2', '2022-09-01 14:14:36', '2022-09-01 14:14:36', NULL, NULL, NULL, 0),
(1033, 'P001033', 'MM-NECKFLAT-M-4530-4798', NULL, NULL, 19, NULL, 'VM', '102.1.5', 1, 1, 1, NULL, '[]', NULL, 157500.00, 'PC', 1, 1, '2', '2022-09-01 14:14:36', '2022-09-01 14:14:36', NULL, NULL, NULL, 0),
(1034, 'P001034', 'MM-NECKFLAT-S-4530-4798', NULL, NULL, 19, NULL, 'VM', '102.1.5', 1, 1, 1, NULL, '[]', NULL, 153125.00, 'PC', 1, 1, '2', '2022-09-01 14:14:37', '2022-09-01 14:14:37', NULL, NULL, NULL, 0),
(1035, 'P001035', 'MM-RISER-S-4530-6450', NULL, NULL, 19, NULL, 'VM', '102.1.5', 1, 1, 1, NULL, '[]', NULL, 87500.00, 'PC', 1, 1, '2', '2022-09-01 14:14:37', '2022-09-01 14:14:37', NULL, NULL, NULL, 0),
(1036, 'P001036', 'MM-TRAY-L-4530-1730', NULL, NULL, 19, NULL, 'VM', '102.1.5', 1, 1, 1, NULL, '[]', NULL, 236250.00, 'PC', 1, 1, '2', '2022-09-01 14:14:37', '2022-09-01 14:14:37', NULL, NULL, NULL, 0),
(1037, 'P001037', 'MONDIAL LED BOX WITH BANGLE', NULL, NULL, 19, NULL, 'VM', '102.1.1', 1, 1, 1, NULL, '[]', NULL, 6.80, 'PC', 1, 1, '2', '2022-09-01 14:14:38', '2022-09-01 14:14:38', NULL, NULL, NULL, 0),
(1038, 'P001038', 'MONDIAL LED BOX WITH EARRING', NULL, NULL, 19, NULL, 'VM', '102.1.1', 1, 1, 1, NULL, '[]', NULL, 7.20, 'PC', 1, 1, '2', '2022-09-01 14:14:38', '2022-09-01 14:14:38', NULL, NULL, NULL, 0),
(1039, 'P001039', 'MONDIAL LED BOX WITH EARRINGS PAD', NULL, NULL, 19, NULL, 'VM', '102.1.1', 1, 1, 1, NULL, '[]', NULL, 5.90, 'PC', 1, 1, '2', '2022-09-01 14:14:38', '2022-09-01 14:14:38', NULL, NULL, NULL, 0),
(1040, 'P001040', 'M-PDT-L-4530-4798', NULL, NULL, 19, NULL, 'VM', '102.1.5', 1, 1, 1, NULL, '[]', NULL, 43750.00, 'PC', 1, 1, '2', '2022-09-01 14:14:39', '2022-09-01 14:14:39', NULL, NULL, NULL, 0),
(1041, 'P001041', 'M-PDT-M-4530-4798', NULL, NULL, 19, NULL, 'VM', '102.1.5', 1, 1, 1, NULL, '[]', NULL, 43750.00, 'PC', 1, 1, '2', '2022-09-01 14:14:39', '2022-09-01 14:14:39', NULL, NULL, NULL, 0),
(1042, 'P001042', 'M-TRAY-S-4530-1730', NULL, NULL, 19, NULL, 'VM', '102.1.5', 1, 1, 1, NULL, '[]', NULL, 188125.00, 'PC', 1, 1, '2', '2022-09-01 14:14:40', '2022-09-01 14:14:40', NULL, NULL, NULL, 0),
(1043, 'P001043', 'PLAT ETCHING', NULL, NULL, 19, NULL, 'VM', '102.1.5', 1, 1, 1, NULL, '[]', NULL, 6768000.00, 'PC', 1, 1, '2', '2022-09-01 14:14:40', '2022-09-01 14:14:40', NULL, NULL, NULL, 0),
(1044, 'P001044', 'PLAT ETCHING TEBAL 0,8 MM', NULL, NULL, 19, NULL, 'VM', '102.1.5', 1, 1, 1, NULL, '[]', NULL, 248000.00, 'PC', 1, 1, '2', '2022-09-01 14:14:40', '2022-09-01 14:14:40', NULL, NULL, NULL, 0),
(1045, 'P001045', 'RISER-L', NULL, NULL, 19, NULL, 'VM', '102.1.5', 1, 1, 1, NULL, '[]', NULL, 87500.00, 'PC', 1, 1, '2', '2022-09-01 14:14:41', '2022-09-01 14:14:41', NULL, NULL, NULL, 0),
(1046, 'P001046', 'RISER-M', NULL, NULL, 19, NULL, 'VM', '102.1.5', 1, 1, 1, NULL, '[]', NULL, 87500.00, 'PC', 1, 1, '2', '2022-09-01 14:14:41', '2022-09-01 14:14:41', NULL, NULL, NULL, 0),
(1047, 'P001047', 'RISER-S', NULL, NULL, 19, NULL, 'VM', '102.1.5', 1, 1, 1, NULL, '[]', NULL, 87500.00, 'PC', 1, 1, '2', '2022-09-01 14:14:41', '2022-09-01 14:14:41', NULL, NULL, NULL, 0),
(1048, 'P001048', 'RUBY COLLECTION DISPLAY FRANK & CO.', NULL, NULL, 19, NULL, 'VM', '102.1.5', 1, 1, 1, NULL, '[]', NULL, 120385204.00, 'PC', 1, 1, '2', '2022-09-01 14:14:42', '2022-09-01 14:14:42', NULL, NULL, NULL, 0),
(1049, 'P001049', 'RUBY COLLECTION DISPLAY MONDIAL', NULL, NULL, 19, NULL, 'VM', '102.1.5', 1, 1, 1, NULL, '[]', NULL, 51732143.00, 'PC', 1, 1, '2', '2022-09-01 14:14:42', '2022-09-01 14:14:42', NULL, NULL, NULL, 0),
(1050, 'P001050', 'RUBY COLLECTION DISPLAY THE PALACE', NULL, NULL, 19, NULL, 'VM', '102.1.5', 1, 1, 1, NULL, '[]', NULL, 113086735.00, 'PC', 1, 1, '2', '2022-09-01 14:14:42', '2022-09-01 14:14:42', NULL, NULL, NULL, 0),
(1051, 'P001051', 'S-EARDANGLING-4530-4798', NULL, NULL, 19, NULL, 'VM', '102.1.5', 1, 1, 1, NULL, '[]', NULL, 35000.00, 'PC', 1, 1, '2', '2022-09-01 14:14:43', '2022-09-01 14:14:43', NULL, NULL, NULL, 0),
(1052, 'P001052', 'SHOWCASE DISPLAY', NULL, NULL, 19, NULL, 'MARKETING', '101.1.4', 1, 1, 1, NULL, '[]', NULL, 66698980.00, 'PC', 1, 1, '2', '2022-09-01 14:14:43', '2022-09-01 14:14:43', NULL, NULL, NULL, 0),
(1053, 'P001053', 'SIGNAGE NAMING', NULL, NULL, 19, NULL, 'VM', '102.1.5', 1, 1, 1, NULL, '[]', NULL, 150000.00, 'PC', 1, 1, '2', '2022-09-01 14:14:44', '2022-09-01 14:14:44', NULL, NULL, NULL, 0),
(1054, 'P001054', 'TATAKAN AMBALAN', NULL, NULL, 19, NULL, 'VM', '102.1.5', 1, 14, 42, NULL, '[]', NULL, 306250.00, 'PC', 1, 1, '2', '2022-09-01 14:14:45', '2022-09-01 14:14:45', NULL, NULL, NULL, 0),
(1055, 'P001055', 'TATAKAN AMBALAN B1 \"L\"', NULL, NULL, 19, NULL, 'VM', '102.1.5', 1, 14, 42, NULL, '[]', NULL, 91875.00, 'PC', 1, 1, '2', '2022-09-01 14:14:45', '2022-09-01 14:14:45', NULL, NULL, NULL, 0),
(1056, 'P001056', 'TATAKAN AMBALAN B1 \"M\"', NULL, NULL, 19, NULL, 'VM', '102.1.5', 1, 14, 42, NULL, '[]', NULL, 78750.00, 'PC', 1, 1, '2', '2022-09-01 14:14:46', '2022-09-01 14:14:46', NULL, NULL, NULL, 0),
(1057, 'P001057', 'TATAKAN AMBALAN B1 \"S\"', NULL, NULL, 19, NULL, 'VM', '102.1.5', 1, 14, 42, NULL, '[]', NULL, 65625.00, 'PC', 1, 1, '2', '2022-09-01 14:14:47', '2022-09-01 14:14:47', NULL, NULL, NULL, 0),
(1058, 'P001058', 'TATAKAN AMBALAN B2', NULL, NULL, 19, NULL, 'VM', '102.1.5', 1, 14, 42, NULL, '[]', NULL, 87500.00, 'PC', 1, 1, '2', '2022-09-01 14:14:50', '2022-09-01 14:14:50', NULL, NULL, NULL, 0),
(1059, 'P001059', 'TATAKAN AMBALAN B3', NULL, NULL, 19, NULL, 'VM', '102.1.5', 1, 14, 42, NULL, '[]', NULL, 105000.00, 'PC', 1, 1, '2', '2022-09-01 14:14:53', '2022-09-01 14:14:53', NULL, NULL, NULL, 0),
(1060, 'P001060', 'TUTUP TRAY BRANKAS', NULL, NULL, 19, NULL, 'VM', '102.1.4', 1, 1, 102, NULL, '[]', NULL, 78750.00, 'PC', 1, 1, '2', '2022-09-01 14:14:54', '2022-09-01 14:14:54', NULL, NULL, NULL, 0),
(1061, 'P001061', 'WINDOW DISPLAY', NULL, NULL, 19, NULL, 'VM', '102.1.3', 1, 14, 42, NULL, '[]', NULL, NULL, 'PC', 1, 1, '2', '2022-09-01 14:14:55', '2022-09-01 14:14:55', NULL, NULL, NULL, 0),
(1062, 'P001062', 'SPECIAL DISPLAY', NULL, NULL, 19, NULL, 'VM', '102.1.3', 1, 14, 42, NULL, '[]', NULL, NULL, 'PC', 1, 1, '2', '2022-09-01 14:14:56', '2022-09-01 14:14:56', NULL, NULL, NULL, 0),
(1063, 'P001063', 'STICKER VISUAL/WINDOW', NULL, NULL, 19, NULL, 'VM', '102.1.3', 1, 14, 42, NULL, '[]', NULL, NULL, 'PC', 1, 1, '2', '2022-09-01 14:14:56', '2022-09-01 14:14:56', NULL, NULL, NULL, 0),
(1064, 'P001064', 'STORE POSTER', NULL, NULL, 19, NULL, 'VM', '102.1.3', 1, 14, 42, NULL, '[]', NULL, NULL, 'PC', 1, 1, '2', '2022-09-01 14:14:56', '2022-09-01 14:14:56', NULL, NULL, NULL, 0),
(1065, 'P001065', 'VIDEO LED TRANSPARAN', NULL, NULL, 19, NULL, 'VM', '102.1.3', 1, 14, 42, NULL, '[]', NULL, NULL, 'PC', 1, 1, '2', '2022-09-01 14:14:57', '2022-09-01 14:14:57', NULL, NULL, NULL, 0),
(1066, 'P001066', 'NAMING SHOWCASE', NULL, NULL, 19, NULL, 'VM', '102.1.3', 1, 14, 42, NULL, '[]', NULL, NULL, 'PC', 1, 1, '2', '2022-09-01 14:14:58', '2022-09-01 14:14:58', NULL, NULL, NULL, 0),
(1067, 'P001067', 'STATIONERY DESK', NULL, NULL, 19, NULL, 'VM', '102.1.3', 1, 14, 42, NULL, '[]', NULL, NULL, 'PC', 1, 1, '2', '2022-09-01 14:14:59', '2022-09-01 14:14:59', NULL, NULL, NULL, 0),
(1068, 'P001068', 'AKRILIK GRADING CHART', NULL, NULL, 19, NULL, 'VM', '102.1.4', 1, 1, 102, NULL, '[]', NULL, NULL, 'PC', 1, 1, '2', '2022-09-01 14:15:00', '2022-09-01 14:15:00', NULL, NULL, NULL, 0),
(1069, 'P001069', 'AKRILIK DESK POSTER', NULL, NULL, 19, NULL, 'VM', '102.1.4', 1, 1, 102, NULL, '[]', NULL, NULL, 'PC', 1, 1, '2', '2022-09-01 14:15:00', '2022-09-01 14:15:00', NULL, NULL, NULL, 0),
(1070, 'P001070', 'AKRILIK 49 PARAMETER', NULL, NULL, 19, NULL, 'VM', '102.1.4', 1, 1, 102, NULL, '[]', NULL, NULL, 'PC', 1, 1, '2', '2022-09-01 14:15:01', '2022-09-01 14:15:01', NULL, NULL, NULL, 0),
(1071, 'P001071', 'TRAY KUE', NULL, NULL, 19, NULL, 'VM', '102.1.4', 1, 1, 102, NULL, '[]', NULL, NULL, 'PC', 1, 1, '2', '2022-09-01 14:15:01', '2022-09-01 14:15:01', NULL, NULL, NULL, 0),
(1072, 'P001072', 'TEMPAT TISSUE BASAH', NULL, NULL, 19, NULL, 'VM', '102.1.4', 1, 1, 102, NULL, '[]', NULL, NULL, 'PC', 1, 1, '2', '2022-09-01 14:15:01', '2022-09-01 14:15:01', NULL, NULL, NULL, 0),
(1073, 'P001073', 'TROLLEY F&B', NULL, NULL, 19, NULL, 'VM', '102.1.4', 2, 3, 3, NULL, '[]', NULL, NULL, 'PC', 1, 1, '2', '2022-09-01 14:15:02', '2022-09-01 14:15:02', NULL, NULL, NULL, 0),
(1074, 'P001074', 'STORAGE LIPAT', NULL, NULL, 19, NULL, 'VM', '102.1.4', 1, 1, 102, NULL, '[]', NULL, NULL, 'PC', 1, 1, '2', '2022-09-01 14:15:02', '2022-09-01 14:15:02', NULL, NULL, NULL, 0),
(1075, 'P001075', 'BOX TOOLS', NULL, NULL, 19, NULL, 'VM', '102.1.4', 1, 1, 102, NULL, '[]', NULL, NULL, 'PC', 1, 1, '2', '2022-09-01 14:15:03', '2022-09-01 14:15:03', NULL, NULL, NULL, 0),
(1076, 'P001076', 'PIN', NULL, NULL, 19, NULL, 'VM', '102.1.4', 1, 1, 102, NULL, '[]', NULL, NULL, 'PC', 1, 1, '2', '2022-09-01 14:15:03', '2022-09-01 14:15:03', NULL, NULL, NULL, 0),
(1077, 'P001077', 'PITA', NULL, NULL, 19, NULL, 'VM', '102.1.4', 1, 1, 102, NULL, '[]', NULL, NULL, 'PC', 1, 1, '2', '2022-09-01 14:15:04', '2022-09-01 14:15:04', NULL, NULL, NULL, 0),
(1078, 'P001078', 'CERMIN', NULL, NULL, 20, NULL, 'VM', '102.1.4', 1, 1, 102, NULL, '[]', NULL, NULL, 'PC', 1, 1, '2', '2022-09-01 14:15:05', '2022-09-01 14:15:05', NULL, NULL, NULL, 0),
(1079, 'P001079', 'TRAY PRESENTATION ', NULL, NULL, 20, NULL, 'VM', '102.1.4', 1, 1, 102, NULL, '[]', NULL, NULL, 'PC', 1, 1, '2', '2022-09-01 14:15:05', '2022-09-01 14:15:05', NULL, NULL, NULL, 0),
(1080, 'P001080', 'AKRILIK DESKPOSTER', NULL, NULL, 20, NULL, 'VM', '102.1.5', 1, 1, 1, NULL, '[]', NULL, 550000.00, 'PC', 1, 1, '2', '2022-09-01 14:15:06', '2022-09-01 14:15:06', NULL, NULL, NULL, 0),
(1081, 'P001081', 'AKRILIK SERTIFIKAT SNI', NULL, NULL, 20, NULL, 'VM', '102.1.5', 1, 1, 1, NULL, '[]', NULL, 450000.00, 'PC', 1, 1, '2', '2022-09-01 14:15:06', '2022-09-01 14:15:06', NULL, NULL, NULL, 0),
(1082, 'P001082', 'AKOMODASI & TRANSPORT', NULL, NULL, 20, 'BD-MD 00', 'BUSDEV', '103.1.7', 1, 1, 43, NULL, '[]', NULL, 2950000.00, 'PC', 1, 1, '2', '2022-09-01 14:15:07', '2022-09-01 14:15:07', NULL, NULL, NULL, 0),
(1083, 'P001083', 'AMBALAN SET', NULL, NULL, 20, NULL, 'VM', '102.1.5', 1, 1, 1, NULL, '[]', NULL, 105000.00, 'PC', 1, 1, '2', '2022-09-01 14:15:07', '2022-09-01 14:15:07', NULL, NULL, NULL, 0),
(1084, 'P001084', 'AMBALAN PERSEGI', NULL, NULL, 20, NULL, 'VM', '102.1.5', 1, 1, 1, NULL, '[]', NULL, 481250.00, 'PC', 1, 1, '2', '2022-09-01 14:15:07', '2022-09-01 14:15:07', NULL, NULL, NULL, 0),
(1085, 'P001085', 'BACKDROP PHOTOBOOTH', NULL, NULL, 20, NULL, 'VM', '102.1.3', 1, 14, 42, NULL, '[]', NULL, 10000000.00, 'PC', 1, 1, '2', '2022-09-01 14:15:08', '2022-09-01 14:15:08', NULL, NULL, NULL, 0),
(1086, 'P001086', 'BIAYA LAIN-LAIN', NULL, NULL, 20, NULL, 'MARKETING', '101.1.4', 1, 1, 22, NULL, '[]', NULL, 650000.00, 'PC', 1, 1, '2', '2022-09-01 14:15:08', '2022-09-01 14:15:08', NULL, NULL, NULL, 0),
(1087, 'P001087', 'BINDER/ORGANIZER', NULL, NULL, 20, NULL, 'VM', '102.1.5', 2, 9, 25, NULL, '[]', NULL, 87000.00, 'PC', 1, 1, '2', '2022-09-01 14:15:09', '2022-09-01 14:15:09', NULL, NULL, NULL, 0),
(1088, 'P001088', 'BOARD DINDING', NULL, NULL, 20, NULL, 'VM', '102.1.5', 2, 9, 25, NULL, '[]', NULL, 45000.00, 'PC', 1, 1, '2', '2022-09-01 14:15:09', '2022-09-01 14:15:09', NULL, NULL, NULL, 0),
(1089, 'P001089', 'BORDIR LOGO', NULL, NULL, 20, NULL, 'VM', '102.1.5', 2, 9, 25, NULL, '[]', NULL, 5000.00, 'PC', 1, 1, '2', '2022-09-01 14:15:10', '2022-09-01 14:15:10', NULL, NULL, NULL, 0),
(1090, 'P001090', 'BOX BANGLE -(MEDIUM) THE PALACE', NULL, NULL, 20, NULL, 'VM', '102.1.1', 2, 9, 25, NULL, '[]', NULL, 3.20, 'PC', 1, 1, '2', '2022-09-01 14:15:10', '2022-09-01 14:15:10', NULL, NULL, NULL, 0),
(1091, 'P001091', 'BOX EAR/PDT - (MEDIUM) THE PALACE', NULL, NULL, 20, NULL, 'VM', '102.1.1', 2, 9, 25, NULL, '[]', NULL, 3.40, 'PC', 1, 1, '2', '2022-09-01 14:15:10', '2022-09-01 14:15:10', NULL, NULL, NULL, 0),
(1092, 'P001092', 'BOX EAR/PDT GOLD S (SMALL) THE PALACE', NULL, NULL, 20, NULL, 'VM', '102.1.1', 2, 9, 25, NULL, '[]', NULL, 3.20, 'PC', 1, 1, '2', '2022-09-01 14:15:11', '2022-09-01 14:15:11', NULL, NULL, NULL, 0),
(1093, 'P001093', 'BOX EAR/PDT RED S (SMALL) THE PALACE', NULL, NULL, 20, NULL, 'VM', '102.1.1', 2, 9, 25, NULL, '[]', NULL, 2.85, 'PC', 1, 1, '2', '2022-09-01 14:15:11', '2022-09-01 14:15:11', NULL, NULL, NULL, 0),
(1094, 'P001094', 'BOX GUNTING', NULL, NULL, 20, NULL, 'VM', '102.1.4', 2, 18, 106, NULL, '[]', NULL, 650000.00, 'PC', 1, 1, '2', '2022-09-01 14:15:11', '2022-09-01 14:15:11', NULL, NULL, NULL, 0),
(1095, 'P001095', 'BOX LR GOLD S (SMALL) THE PALACE', NULL, NULL, 20, NULL, 'VM', '102.1.1', 2, 9, 25, NULL, '[]', NULL, 2.55, 'PC', 1, 1, '2', '2022-09-01 14:15:12', '2022-09-01 14:15:12', NULL, NULL, NULL, 0),
(1096, 'P001096', 'BOX LR RED S (SMALL) THE PALACE', NULL, NULL, 20, NULL, 'VM', '102.1.1', 2, 9, 25, NULL, '[]', NULL, 2.55, 'PC', 1, 1, '2', '2022-09-01 14:15:12', '2022-09-01 14:15:12', NULL, NULL, NULL, 0),
(1097, 'P001097', 'BOX NUSANTARA THE PALACE', NULL, NULL, 20, NULL, 'VM', '102.1.1', 2, 9, 25, NULL, '[]', NULL, 11.75, 'PC', 1, 1, '2', '2022-09-01 14:15:12', '2022-09-01 14:15:12', NULL, NULL, NULL, 0),
(1098, 'P001098', 'BOX PG BANGLE M', NULL, NULL, 20, NULL, 'VM', '102.1.1', 2, 9, 25, NULL, '[]', NULL, 2.35, 'PC', 1, 1, '2', '2022-09-01 14:15:13', '2022-09-01 14:15:13', NULL, NULL, NULL, 0),
(1099, 'P001099', 'BOX PG EAR/PDT M', NULL, NULL, 20, NULL, 'VM', '102.1.1', 2, 9, 25, NULL, '[]', NULL, 2.35, 'PC', 1, 1, '2', '2022-09-01 14:15:13', '2022-09-01 14:15:13', NULL, NULL, NULL, 0),
(1100, 'P001100', 'BOX PG S', NULL, NULL, 20, NULL, 'VM', '102.1.1', 2, 9, 25, NULL, '[]', NULL, 1.00, 'PC', 1, 1, '2', '2022-09-01 14:15:13', '2022-09-01 14:15:13', NULL, NULL, NULL, 0),
(1101, 'P001101', 'BOX WEDDING THE PALACE', NULL, NULL, 20, NULL, 'VM', '102.1.1', 2, 9, 25, NULL, '[]', NULL, 18.50, 'PC', 1, 1, '2', '2022-09-01 14:15:14', '2022-09-01 14:15:14', NULL, NULL, NULL, 0),
(1102, 'P001102', 'BOX WRAPING THE PALACE', NULL, NULL, 20, NULL, 'VM', '102.1.1', 2, 9, 25, NULL, '[]', NULL, 1380000.00, 'PC', 1, 1, '2', '2022-09-01 14:15:14', '2022-09-01 14:15:14', NULL, NULL, NULL, 0),
(1103, 'P001103', 'BUKU TANDA TERIMA THE PALACE', NULL, NULL, 20, NULL, 'VM', '102.1.4', 1, 1, 102, NULL, '[]', NULL, 60000.00, 'PC', 1, 1, '2', '2022-09-01 14:15:15', '2022-09-01 14:15:15', NULL, NULL, NULL, 0),
(1104, 'P001104', 'BROCHURE COMPARTMENT', NULL, NULL, 20, NULL, 'VM', '102.1.4', 1, 1, 102, NULL, '[]', NULL, NULL, 'PC', 1, 1, '2', '2022-09-01 14:15:15', '2022-09-01 14:15:15', NULL, NULL, NULL, 0),
(1105, 'P001105', 'SANITIZER COMPARTMENT', NULL, NULL, 20, NULL, 'VM', '102.1.4', 1, 1, 102, NULL, '[]', NULL, NULL, 'PC', 1, 1, '2', '2022-09-01 14:15:16', '2022-09-01 14:15:16', NULL, NULL, NULL, 0),
(1106, 'P001106', 'GIA\"S CERTIFICATE', NULL, NULL, 20, NULL, 'VM', '102.1.4', 1, 1, 102, NULL, '[]', NULL, NULL, 'PC', 1, 1, '2', '2022-09-01 14:15:16', '2022-09-01 14:15:16', NULL, NULL, NULL, 0),
(1107, 'P001107', 'TRAVEL JEWELLERY', NULL, NULL, 20, NULL, 'VM', '102.1.4', 1, 1, 102, NULL, '[]', NULL, NULL, 'PC', 1, 1, '2', '2022-09-01 14:15:17', '2022-09-01 14:15:17', NULL, NULL, NULL, 0),
(1108, 'P001108', 'TRAVEL BOX JEWELLERY', NULL, NULL, 20, NULL, 'VM', '102.1.4', 1, 1, 102, NULL, '[]', NULL, NULL, 'PC', 1, 1, '2', '2022-09-01 14:15:17', '2022-09-01 14:15:17', NULL, NULL, NULL, 0),
(1109, 'P001109', 'COVER KURSI', NULL, NULL, 20, NULL, 'VM', '102.1.4', 1, 1, 102, NULL, '[]', NULL, 100000.00, 'PC', 1, 1, '2', '2022-09-01 14:15:18', '2022-09-01 14:15:18', NULL, NULL, NULL, 0),
(1110, 'P001110', 'COVER MEJA', NULL, NULL, 20, NULL, 'VM', '102.1.4', 1, 1, 102, NULL, '[]', NULL, 350000.00, 'PC', 1, 1, '2', '2022-09-01 14:15:18', '2022-09-01 14:15:18', NULL, NULL, NULL, 0),
(1111, 'P001111', 'EAR-PDT', NULL, NULL, 20, NULL, 'VM', '102.1.1', 1, 1, 1, NULL, '[]', NULL, 43750.00, 'PC', 1, 1, '2', '2022-09-01 14:15:18', '2022-09-01 14:15:18', NULL, NULL, NULL, 0),
(1112, 'P001112', 'EARRING', NULL, NULL, 20, NULL, 'VM', '102.1.1', 1, 1, 1, NULL, '[]', NULL, 30625.00, 'PC', 1, 1, '2', '2022-09-01 14:15:19', '2022-09-01 14:15:19', NULL, NULL, NULL, 0),
(1113, 'P001113', 'GUNTING GAGANG EMAS', NULL, NULL, 20, NULL, 'VM', '102.1.4', 1, 1, 102, NULL, '[]', NULL, 95000.00, 'PC', 1, 1, '2', '2022-09-01 14:15:19', '2022-09-01 14:15:19', NULL, NULL, NULL, 0),
(1114, 'P001114', 'LABEL IT', NULL, NULL, 20, NULL, 'VM', '102.1.4', 1, 1, 102, NULL, '[]', NULL, NULL, 'PC', 1, 1, '2', '2022-09-01 14:15:20', '2022-09-01 14:15:20', NULL, NULL, NULL, 0),
(1115, 'P001115', 'KABEL VGA', NULL, NULL, 20, 'IT-OPX-FC', 'IT', '104.1.5', 1, 1, 15, NULL, '[]', NULL, 140800.00, 'PC', 1, 1, '2', '2022-09-01 14:15:20', '2022-09-01 14:15:20', NULL, NULL, NULL, 0),
(1116, 'P001116', 'KARTU UCAPAN', NULL, NULL, 20, NULL, 'MARKETING', '101.1.4', 1, 1, 1, NULL, '[]', NULL, 7750.00, 'PC', 1, 1, '2', '2022-09-01 14:15:21', '2022-09-01 14:15:21', NULL, NULL, NULL, 0),
(1117, 'P001117', 'KIDS COLLECTION SHOWCASE', NULL, NULL, 20, NULL, 'VM', '102.1.5', 1, 1, 1, NULL, '[]', NULL, 2550000.00, 'PC', 1, 1, '2', '2022-09-01 14:15:21', '2022-09-01 14:15:21', NULL, NULL, NULL, 0),
(1118, 'P001118', 'KONTAINER CB 195', NULL, NULL, 20, NULL, 'GA', '108.1.32', 1, 1, 1, NULL, '[]', NULL, 230000.00, 'PC', 1, 1, '2', '2022-09-01 14:15:21', '2022-09-01 14:15:21', NULL, NULL, NULL, 0),
(1119, 'P001119', 'LR', NULL, NULL, 20, NULL, 'VM', '102.1.1', 1, 1, 1, NULL, '[]', NULL, 30625.00, 'PC', 1, 1, '2', '2022-09-01 14:15:22', '2022-09-01 14:15:22', NULL, NULL, NULL, 0),
(1120, 'P001120', 'BILL FOLDER THE PALACE', NULL, NULL, 20, NULL, 'VM', '102.1.4', 1, 1, 102, NULL, '[]', NULL, 180000.00, 'PC', 1, 1, '2', '2022-09-01 14:15:22', '2022-09-01 14:15:22', NULL, NULL, NULL, 0),
(1121, 'P001121', 'MATERAI', NULL, NULL, 20, NULL, 'GA', '108.1.16', 1, 1, 1, NULL, '[]', NULL, 10000.00, 'PC', 1, 1, '2', '2022-09-01 14:15:23', '2022-09-01 14:15:23', NULL, NULL, NULL, 0),
(1122, 'P001122', 'MEJA LIPAT', NULL, NULL, 20, NULL, 'VM', '102.1.4', 1, 1, 102, NULL, '[]', NULL, 949000.00, 'PC', 1, 1, '2', '2022-09-01 14:15:24', '2022-09-01 14:15:24', NULL, NULL, NULL, 0),
(1123, 'P001123', 'MM-BGL-4530-4798', NULL, NULL, 20, NULL, 'VM', '102.1.5', 1, 1, 1, NULL, '[]', NULL, 32813.00, 'PC', 1, 1, '2', '2022-09-01 14:15:24', '2022-09-01 14:15:24', NULL, NULL, NULL, 0),
(1124, 'P001124', 'BIG POSTER', NULL, NULL, 20, NULL, 'VM', '102.1.3', 1, 14, 42, NULL, '[]', NULL, NULL, 'PC', 1, 1, '2', '2022-09-01 14:15:25', '2022-09-01 14:15:25', NULL, NULL, NULL, 0),
(1125, 'P001125', 'EDITING MATERI VIDEOTRON', NULL, NULL, 20, NULL, 'VM', '102.1.3', 1, 14, 42, NULL, '[]', NULL, NULL, 'PC', 1, 1, '2', '2022-09-01 14:15:25', '2022-09-01 14:15:25', NULL, NULL, NULL, 0),
(1126, 'P001126', 'NAMPAN SMALL WR', NULL, NULL, 20, NULL, 'VM', '102.1.4', 1, 1, 102, NULL, '[]', NULL, 70000.00, 'PC', 1, 1, '2', '2022-09-01 14:15:25', '2022-09-01 14:15:25', NULL, NULL, NULL, 0),
(1127, 'P001127', 'NEONBOX', NULL, NULL, 20, 'BD-NS-FC 49', 'BUSDEV', '103.1.4', 1, 1, 1, NULL, '[]', NULL, 2600000.00, 'PC', 1, 1, '2', '2022-09-01 14:15:26', '2022-09-01 14:15:26', NULL, NULL, NULL, 0),
(1128, 'P001128', 'PAPER BAG M THE PALACE', NULL, NULL, 20, NULL, 'VM', '102.1.1', 1, 17, 104, NULL, '[]', NULL, 2.55, 'PC', 1, 1, '2', '2022-09-01 14:15:26', '2022-09-01 14:15:26', NULL, NULL, NULL, 0),
(1129, 'P001129', 'PAPER BAG TRIANGLE THE PALACE', NULL, NULL, 20, NULL, 'VM', '102.1.1', 1, 17, 104, NULL, '[]', NULL, 0.55, 'PC', 1, 1, '2', '2022-09-01 14:15:26', '2022-09-01 14:15:26', NULL, NULL, NULL, 0),
(1130, 'P001130', 'BOX SET FASHION', NULL, NULL, 20, NULL, 'VM', '102.1.1', 1, 17, 104, NULL, '[]', NULL, NULL, 'PC', 1, 1, '2', '2022-09-01 14:15:26', '2022-09-01 14:15:26', NULL, NULL, NULL, 0),
(1131, 'P001131', 'BOX KEKASEH', NULL, NULL, 20, NULL, 'VM', '102.1.1', 1, 17, 104, NULL, '[]', NULL, NULL, 'PC', 1, 1, '2', '2022-09-01 14:15:27', '2022-09-01 14:15:27', NULL, NULL, NULL, 0),
(1132, 'P001132', 'INSERTION BOX KEKASEH', NULL, NULL, 20, NULL, 'VM', '102.1.1', 1, 17, 104, NULL, '[]', NULL, NULL, 'PC', 1, 1, '2', '2022-09-01 14:15:27', '2022-09-01 14:15:27', NULL, NULL, NULL, 0),
(1133, 'P001133', 'GREEN BAG S', NULL, NULL, 20, NULL, 'VM', '102.1.1', 1, 17, 104, NULL, '[]', NULL, NULL, 'PC', 1, 1, '2', '2022-09-01 14:15:27', '2022-09-01 14:15:27', NULL, NULL, NULL, 0),
(1134, 'P001134', 'GREEN BAG M', NULL, NULL, 20, NULL, 'VM', '102.1.1', 1, 17, 104, NULL, '[]', NULL, NULL, 'PC', 1, 1, '2', '2022-09-01 14:15:28', '2022-09-01 14:15:28', NULL, NULL, NULL, 0),
(1135, 'P001135', 'LIGHT BOX', NULL, NULL, 20, 'BD-FC 00', 'BUSDEV', '103.1.2', 1, 1, 1, NULL, '[]', NULL, 400000.00, 'PC', 1, 1, '2', '2022-09-01 14:15:28', '2022-09-01 14:15:28', NULL, NULL, NULL, 0),
(1136, 'P001136', 'PITA', NULL, NULL, 20, NULL, 'VM', '102.1.1', 1, 1, 1, NULL, '[]', NULL, 15022000.00, 'PC', 1, 1, '2', '2022-09-01 14:15:28', '2022-09-01 14:15:28', NULL, NULL, NULL, 0),
(1137, 'P001137', 'PROPERTIES FOR NUSANTARA SHOWCASE', NULL, NULL, 20, NULL, 'VM', '102.1.4', 1, 1, 1, NULL, '[]', NULL, 2100000.00, 'PC', 1, 1, '2', '2022-09-01 14:15:29', '2022-09-01 14:15:29', NULL, NULL, NULL, 0),
(1138, 'P001138', 'PROPERTIES FOR THE PALACE SDW SHOWCASE D', NULL, NULL, 20, NULL, 'VM', '102.1.4', 1, 1, 102, NULL, '[]', NULL, 2850000.00, 'PC', 1, 1, '2', '2022-09-01 14:15:30', '2022-09-01 14:15:30', NULL, NULL, NULL, 0),
(1139, 'P001139', 'PROPERTIES FOR GIFT IDEAS SHOWCASE', NULL, NULL, 20, NULL, 'VM', '102.1.4', 1, 1, 102, NULL, '[]', NULL, NULL, 'PC', 1, 1, '2', '2022-09-01 14:15:30', '2022-09-01 14:15:30', NULL, NULL, NULL, 0),
(1140, 'P001140', 'RIMBAYU COLLECTION SHOWCASE', NULL, NULL, 20, NULL, 'VM', '102.1.5', 1, 1, 1, NULL, '[]', NULL, 2550000.00, 'PC', 1, 1, '2', '2022-09-01 14:15:30', '2022-09-01 14:15:30', NULL, NULL, NULL, 0),
(1141, 'P001141', 'SHOWCASE MOELA', NULL, NULL, 20, NULL, 'VM', '102.1.5', 1, 1, 1, NULL, '[]', NULL, 7650000.00, 'PC', 1, 1, '2', '2022-09-01 14:15:31', '2022-09-01 14:15:31', NULL, NULL, NULL, 0),
(1142, 'P001142', 'TATAKAN AMBALAN MEJA', NULL, NULL, 20, NULL, 'VM', '102.1.5', 1, 14, 42, NULL, '[]', NULL, 1400000.00, 'PC', 1, 1, '2', '2022-09-01 14:15:31', '2022-09-01 14:15:31', NULL, NULL, NULL, 0),
(1143, 'P001143', 'WEDDING RING SHOWCASE', NULL, NULL, 20, NULL, 'VM', '102.1.5', 1, 14, 42, NULL, '[]', NULL, 885000.00, 'PC', 1, 1, '2', '2022-09-01 14:15:31', '2022-09-01 14:15:31', NULL, NULL, NULL, 0),
(1144, 'P001144', 'TP-BG-01-89', NULL, NULL, 20, NULL, 'VM', '102.1.5', 1, 14, 42, NULL, '[]', NULL, 43750.00, 'PC', 1, 1, '2', '2022-09-01 14:15:32', '2022-09-01 14:15:32', NULL, NULL, NULL, 0),
(1145, 'P001145', 'TP-BG-02-176', NULL, NULL, 20, NULL, 'VM', '102.1.5', 1, 14, 42, NULL, '[]', NULL, 70000.00, 'PC', 1, 1, '2', '2022-09-01 14:15:32', '2022-09-01 14:15:32', NULL, NULL, NULL, 0),
(1146, 'P001146', 'TP-BG-03-236', NULL, NULL, 20, NULL, 'VM', '102.1.5', 1, 14, 42, NULL, '[]', NULL, 43750.00, 'PC', 1, 1, '2', '2022-09-01 14:15:33', '2022-09-01 14:15:33', NULL, NULL, NULL, 0),
(1147, 'P001147', 'TP-BG-04-176', NULL, NULL, 20, NULL, 'VM', '102.1.5', 1, 14, 42, NULL, '[]', NULL, 105000.00, 'PC', 1, 1, '2', '2022-09-01 14:15:34', '2022-09-01 14:15:34', NULL, NULL, NULL, 0),
(1148, 'P001148', 'TP-BR-01-40', NULL, NULL, 20, NULL, 'VM', '102.1.5', 1, 14, 42, NULL, '[]', NULL, 126875.00, 'PC', 1, 1, '2', '2022-09-01 14:15:34', '2022-09-01 14:15:34', NULL, NULL, NULL, 0),
(1149, 'P001149', 'TP-BR-01-70', NULL, NULL, 20, NULL, 'VM', '102.1.5', 1, 14, 42, NULL, '[]', NULL, 157500.00, 'PC', 1, 1, '2', '2022-09-01 14:15:35', '2022-09-01 14:15:35', NULL, NULL, NULL, 0),
(1150, 'P001150', 'TP-BS-07-366', NULL, NULL, 20, NULL, 'VM', '102.1.5', 1, 14, 42, NULL, '[]', NULL, 205625.00, 'PC', 1, 1, '2', '2022-09-01 14:15:35', '2022-09-01 14:15:35', NULL, NULL, NULL, 0),
(1151, 'P001151', 'TP-BS-07-400', NULL, NULL, 20, NULL, 'VM', '102.1.5', 1, 14, 42, NULL, '[]', NULL, 205625.00, 'PC', 1, 1, '2', '2022-09-01 14:15:36', '2022-09-01 14:15:36', NULL, NULL, NULL, 0),
(1152, 'P001152', 'TP-BS-08-392', NULL, NULL, 20, NULL, 'VM', '102.1.5', 1, 14, 42, NULL, '[]', NULL, 240625.00, 'PC', 1, 1, '2', '2022-09-01 14:15:36', '2022-09-01 14:15:36', NULL, NULL, NULL, 0),
(1153, 'P001153', 'TP-BS-08-527', NULL, NULL, 20, NULL, 'VM', '102.1.5', 1, 14, 42, NULL, '[]', NULL, 240625.00, 'PC', 1, 1, '2', '2022-09-01 14:15:37', '2022-09-01 14:15:37', NULL, NULL, NULL, 0),
(1154, 'P001154', 'TP-BS-210-01', NULL, NULL, 20, NULL, 'VM', '102.1.5', 1, 14, 42, NULL, '[]', NULL, 175000.00, 'PC', 1, 1, '2', '2022-09-01 14:15:37', '2022-09-01 14:15:37', NULL, NULL, NULL, 0),
(1155, 'P001155', 'TP-BS-210-02', NULL, NULL, 20, NULL, 'VM', '102.1.5', 1, 14, 42, NULL, '[]', NULL, 131250.00, 'PC', 1, 1, '2', '2022-09-01 14:15:37', '2022-09-01 14:15:37', NULL, NULL, NULL, 0),
(1156, 'P001156', 'TP-BS-210-03', NULL, NULL, 20, NULL, 'VM', '102.1.5', 1, 14, 42, NULL, '[]', NULL, 249375.00, 'PC', 1, 1, '2', '2022-09-01 14:15:38', '2022-09-01 14:15:38', NULL, NULL, NULL, 0),
(1157, 'P001157', 'TP-BS-210-04', NULL, NULL, 20, NULL, 'VM', '102.1.5', 1, 14, 42, NULL, '[]', NULL, 161875.00, 'PC', 1, 1, '2', '2022-09-01 14:15:38', '2022-09-01 14:15:38', NULL, NULL, NULL, 0),
(1158, 'P001158', 'TP-BS-270-01', NULL, NULL, 20, NULL, 'VM', '102.1.5', 1, 14, 42, NULL, '[]', NULL, 175000.00, 'PC', 1, 1, '2', '2022-09-01 14:15:38', '2022-09-01 14:15:38', NULL, NULL, NULL, 0),
(1159, 'P001159', 'TP-BS-270-02', NULL, NULL, 20, NULL, 'VM', '102.1.5', 1, 14, 42, NULL, '[]', NULL, 131250.00, 'PC', 1, 1, '2', '2022-09-01 14:15:39', '2022-09-01 14:15:39', NULL, NULL, NULL, 0),
(1160, 'P001160', 'TP-BS-270-03', NULL, NULL, 20, NULL, 'VM', '102.1.5', 1, 14, 42, NULL, '[]', NULL, 249375.00, 'PC', 1, 1, '2', '2022-09-01 14:15:39', '2022-09-01 14:15:39', NULL, NULL, NULL, 0),
(1161, 'P001161', 'TP-BS-270-04', NULL, NULL, 20, NULL, 'VM', '102.1.5', 1, 14, 42, NULL, '[]', NULL, 161875.00, 'PC', 1, 1, '2', '2022-09-01 14:15:40', '2022-09-01 14:15:40', NULL, NULL, NULL, 0),
(1162, 'P001162', 'TP-BS-520-01', NULL, NULL, 20, NULL, 'VM', '102.1.5', 1, 14, 42, NULL, '[]', NULL, 288750.00, 'PC', 1, 1, '2', '2022-09-01 14:15:40', '2022-09-01 14:15:40', NULL, NULL, NULL, 0),
(1163, 'P001163', 'TP-BS-520-02', NULL, NULL, 20, NULL, 'VM', '102.1.5', 1, 14, 42, NULL, '[]', NULL, 280000.00, 'PC', 1, 1, '2', '2022-09-01 14:15:41', '2022-09-01 14:15:41', NULL, NULL, NULL, 0),
(1164, 'P001164', 'TP-BS-520-03', NULL, NULL, 20, NULL, 'VM', '102.1.5', 1, 14, 42, NULL, '[]', NULL, 262500.00, 'PC', 1, 1, '2', '2022-09-01 14:15:41', '2022-09-01 14:15:41', NULL, NULL, NULL, 0),
(1165, 'P001165', 'TP-BS-730-02', NULL, NULL, 20, NULL, 'VM', '102.1.5', 1, 14, 42, NULL, '[]', NULL, 393750.00, 'PC', 1, 1, '2', '2022-09-01 14:15:41', '2022-09-01 14:15:41', NULL, NULL, NULL, 0),
(1166, 'P001166', 'TP-BS-730-03', NULL, NULL, 20, NULL, 'VM', '102.1.5', 1, 14, 42, NULL, '[]', NULL, 350000.00, 'PC', 1, 1, '2', '2022-09-01 14:15:42', '2022-09-01 14:15:42', NULL, NULL, NULL, 0),
(1167, 'P001167', 'TP-BS-730-04', NULL, NULL, 20, NULL, 'VM', '102.1.5', 1, 14, 42, NULL, '[]', NULL, 350000.00, 'PC', 1, 1, '2', '2022-09-01 14:15:42', '2022-09-01 14:15:42', NULL, NULL, NULL, 0),
(1168, 'P001168', 'TP-CH-01-477', NULL, NULL, 20, NULL, 'VM', '102.1.5', 1, 14, 42, NULL, '[]', NULL, 161875.00, 'PC', 1, 1, '2', '2022-09-01 14:15:42', '2022-09-01 14:15:42', NULL, NULL, NULL, 0),
(1169, 'P001169', 'TP-CH-02-208', NULL, NULL, 20, NULL, 'VM', '102.1.5', 1, 14, 42, NULL, '[]', NULL, 144375.00, 'PC', 1, 1, '2', '2022-09-01 14:15:43', '2022-09-01 14:15:43', NULL, NULL, NULL, 0),
(1170, 'P001170', 'TP-CH-02-306', NULL, NULL, 20, NULL, 'VM', '102.1.5', 1, 14, 42, NULL, '[]', NULL, 118125.00, 'PC', 1, 1, '2', '2022-09-01 14:15:43', '2022-09-01 14:15:43', NULL, NULL, NULL, 0),
(1171, 'P001171', 'TP-CH-02-479', NULL, NULL, 20, NULL, 'VM', '102.1.5', 1, 14, 42, NULL, '[]', NULL, 188125.00, 'PC', 1, 1, '2', '2022-09-01 14:15:44', '2022-09-01 14:15:44', NULL, NULL, NULL, 0),
(1172, 'P001172', 'TP-CH-03-238', NULL, NULL, 20, NULL, 'VM', '102.1.5', 1, 14, 42, NULL, '[]', NULL, 126875.00, 'PC', 1, 1, '2', '2022-09-01 14:15:44', '2022-09-01 14:15:44', NULL, NULL, NULL, 0),
(1173, 'P001173', 'TP-CH-03-306', NULL, NULL, 20, NULL, 'VM', '102.1.5', 1, 14, 42, NULL, '[]', NULL, 118125.00, 'PC', 1, 1, '2', '2022-09-01 14:15:45', '2022-09-01 14:15:45', NULL, NULL, NULL, 0),
(1174, 'P001174', 'TP-CH-03-356', NULL, NULL, 20, NULL, 'VM', '102.1.5', 1, 14, 42, NULL, '[]', NULL, 188125.00, 'PC', 1, 1, '2', '2022-09-01 14:15:45', '2022-09-01 14:15:45', NULL, NULL, NULL, 0),
(1175, 'P001175', 'TP-CH-04-238', NULL, NULL, 20, NULL, 'VM', '102.1.5', 1, 14, 42, NULL, '[]', NULL, 109375.00, 'PC', 1, 1, '2', '2022-09-01 14:15:46', '2022-09-01 14:15:46', NULL, NULL, NULL, 0),
(1176, 'P001176', 'TP-DC-ACR-110', NULL, NULL, 20, NULL, 'VM', '102.1.5', 1, 14, 42, NULL, '[]', NULL, 306250.00, 'PC', 1, 1, '2', '2022-09-01 14:15:46', '2022-09-01 14:15:46', NULL, NULL, NULL, 0),
(1177, 'P001177', 'TP-DC-BSF-250', NULL, NULL, 20, NULL, 'VM', '102.1.5', 1, 14, 42, NULL, '[]', NULL, 463750.00, 'PC', 1, 1, '2', '2022-09-01 14:15:47', '2022-09-01 14:15:47', NULL, NULL, NULL, 0),
(1178, 'P001178', 'TP-DC-BSM-250', NULL, NULL, 20, NULL, 'VM', '102.1.5', 1, 14, 42, NULL, '[]', NULL, 463750.00, 'PC', 1, 1, '2', '2022-09-01 14:15:47', '2022-09-01 14:15:47', NULL, NULL, NULL, 0),
(1179, 'P001179', 'TP-DC-WR-60', NULL, NULL, 20, NULL, 'VM', '102.1.5', 1, 14, 42, NULL, '[]', NULL, 43750.00, 'PC', 1, 1, '2', '2022-09-01 14:15:47', '2022-09-01 14:15:47', NULL, NULL, NULL, 0),
(1180, 'P001180', 'TP-EAR-01-59', NULL, NULL, 20, NULL, 'VM', '102.1.5', 1, 14, 42, NULL, '[]', NULL, 30625.00, 'PC', 1, 1, '2', '2022-09-01 14:15:48', '2022-09-01 14:15:48', NULL, NULL, NULL, 0),
(1181, 'P001181', 'TP-EAR-02', NULL, NULL, 20, NULL, 'VM', '102.1.5', 1, 14, 42, NULL, '[]', NULL, 35000.00, 'PC', 1, 1, '2', '2022-09-01 14:15:48', '2022-09-01 14:15:48', NULL, NULL, NULL, 0),
(1182, 'P001182', 'TP-EAR-02-59', NULL, NULL, 20, NULL, 'VM', '102.1.5', 1, 14, 42, NULL, '[]', NULL, 30625.00, 'PC', 1, 1, '2', '2022-09-01 14:15:48', '2022-09-01 14:15:48', NULL, NULL, NULL, 0),
(1183, 'P001183', 'TP-EAR-03-418', NULL, NULL, 20, NULL, 'VM', '102.1.5', 1, 14, 42, NULL, '[]', NULL, 350000.00, 'PC', 1, 1, '2', '2022-09-01 14:15:49', '2022-09-01 14:15:49', NULL, NULL, NULL, 0),
(1184, 'P001184', 'TP-FBG-01-70', NULL, NULL, 20, NULL, 'VM', '102.1.5', 1, 14, 42, NULL, '[]', NULL, 56875.00, 'PC', 1, 1, '2', '2022-09-01 14:15:49', '2022-09-01 14:15:49', NULL, NULL, NULL, 0),
(1185, 'P001185', 'TP-FBG-02-220', NULL, NULL, 20, NULL, 'VM', '102.1.5', 1, 14, 42, NULL, '[]', NULL, 78750.00, 'PC', 1, 1, '2', '2022-09-01 14:15:50', '2022-09-01 14:15:50', NULL, NULL, NULL, 0),
(1186, 'P001186', 'TP-FBL-01-60', NULL, NULL, 20, NULL, 'VM', '102.1.5', 1, 14, 42, NULL, '[]', NULL, 131250.00, 'PC', 1, 1, '2', '2022-09-01 14:15:50', '2022-09-01 14:15:50', NULL, NULL, NULL, 0),
(1187, 'P001187', 'TP-FBL-02-80', NULL, NULL, 20, NULL, 'VM', '102.1.5', 1, 14, 42, NULL, '[]', NULL, 210000.00, 'PC', 1, 1, '2', '2022-09-01 14:15:50', '2022-09-01 14:15:50', NULL, NULL, NULL, 0),
(1188, 'P001188', 'TP-FEA-01-140', NULL, NULL, 20, NULL, 'VM', '102.1.5', 1, 14, 42, NULL, '[]', NULL, 70000.00, 'PC', 1, 1, '2', '2022-09-01 14:15:51', '2022-09-01 14:15:51', NULL, NULL, NULL, 0),
(1189, 'P001189', 'TP-FEA-02-90', NULL, NULL, 20, NULL, 'VM', '102.1.5', 1, 14, 42, NULL, '[]', NULL, 70000.00, 'PC', 1, 1, '2', '2022-09-01 14:15:51', '2022-09-01 14:15:51', NULL, NULL, NULL, 0),
(1190, 'P001190', 'TP-FEA-03-45', NULL, NULL, 20, NULL, 'VM', '102.1.5', 1, 14, 42, NULL, '[]', NULL, 56875.00, 'PC', 1, 1, '2', '2022-09-01 14:15:52', '2022-09-01 14:15:52', NULL, NULL, NULL, 0),
(1191, 'P001191', 'TP-FLR-01-40', NULL, NULL, 20, NULL, 'VM', '102.1.5', 1, 14, 42, NULL, '[]', NULL, 105000.00, 'PC', 1, 1, '2', '2022-09-01 14:15:52', '2022-09-01 14:15:52', NULL, NULL, NULL, 0),
(1192, 'P001192', 'TP-FLR-01-5', NULL, NULL, 20, NULL, 'VM', '102.1.5', 1, 14, 42, NULL, '[]', NULL, 52500.00, 'PC', 1, 1, '2', '2022-09-01 14:15:53', '2022-09-01 14:15:53', NULL, NULL, NULL, 0),
(1193, 'P001193', 'TP-KKS-BS-520', NULL, NULL, 20, NULL, 'VM', '102.1.5', 1, 14, 42, NULL, '[]', NULL, 437500.00, 'PC', 1, 1, '2', '2022-09-01 14:15:53', '2022-09-01 14:15:53', NULL, NULL, NULL, 0),
(1194, 'P001194', 'TP-KKS-SET-142', NULL, NULL, 20, NULL, 'VM', '102.1.5', 1, 14, 42, NULL, '[]', NULL, 96250.00, 'PC', 1, 1, '2', '2022-09-01 14:15:53', '2022-09-01 14:15:53', NULL, NULL, NULL, 0),
(1195, 'P001195', 'TP-KKS-WR-69', NULL, NULL, 20, NULL, 'VM', '102.1.5', 1, 14, 42, NULL, '[]', NULL, 87500.00, 'PC', 1, 1, '2', '2022-09-01 14:15:54', '2022-09-01 14:15:54', NULL, NULL, NULL, 0),
(1196, 'P001196', 'TP-LR-01-59', NULL, NULL, 20, NULL, 'VM', '102.1.5', 1, 14, 42, NULL, '[]', NULL, 30625.00, 'PC', 1, 1, '2', '2022-09-01 14:15:54', '2022-09-01 14:15:54', NULL, NULL, NULL, 0),
(1197, 'P001197', 'TP-NC-01-237', NULL, NULL, 20, NULL, 'VM', '102.1.5', 1, 14, 42, NULL, '[]', NULL, 105000.00, 'PC', 1, 1, '2', '2022-09-01 14:15:54', '2022-09-01 14:15:54', NULL, NULL, NULL, 0),
(1198, 'P001198', 'TP-NC-02-177', NULL, NULL, 20, NULL, 'VM', '102.1.5', 1, 14, 42, NULL, '[]', NULL, 100625.00, 'PC', 1, 1, '2', '2022-09-01 14:15:55', '2022-09-01 14:15:55', NULL, NULL, NULL, 0),
(1199, 'P001199', 'TP-NC-04-117', NULL, NULL, 20, NULL, 'VM', '102.1.5', 1, 14, 42, NULL, '[]', NULL, 87500.00, 'PC', 1, 1, '2', '2022-09-01 14:15:55', '2022-09-01 14:15:55', NULL, NULL, NULL, 0),
(1200, 'P001200', 'TP-NECK-FL-177', NULL, NULL, 20, NULL, 'VM', '102.1.5', 1, 14, 42, NULL, '[]', NULL, 100625.00, 'PC', 1, 1, '2', '2022-09-01 14:15:55', '2022-09-01 14:15:55', NULL, NULL, NULL, 0),
(1201, 'P001201', 'TP-NECK-FL-237', NULL, NULL, 20, NULL, 'VM', '102.1.5', 1, 14, 42, NULL, '[]', NULL, 105000.00, 'PC', 1, 1, '2', '2022-09-01 14:15:56', '2022-09-01 14:15:56', NULL, NULL, NULL, 0),
(1202, 'P001202', 'TP-NM-01-69', NULL, NULL, 20, NULL, 'VM', '102.1.5', 1, 14, 42, NULL, '[]', NULL, 87500.00, 'PC', 1, 1, '2', '2022-09-01 14:15:56', '2022-09-01 14:15:56', NULL, NULL, NULL, 0),
(1203, 'P001203', 'TP-NM-02-232', NULL, NULL, 20, NULL, 'VM', '102.1.5', 1, 14, 42, NULL, '[]', NULL, 280000.00, 'PC', 1, 1, '2', '2022-09-01 14:15:56', '2022-09-01 14:15:56', NULL, NULL, NULL, 0),
(1204, 'P001204', 'TP-NUS-ACR-180', NULL, NULL, 20, NULL, 'VM', '102.1.5', 1, 14, 42, NULL, '[]', NULL, 306250.00, 'PC', 1, 1, '2', '2022-09-01 14:15:57', '2022-09-01 14:15:57', NULL, NULL, NULL, 0),
(1205, 'P001205', 'TP-NUS-ACR-78', NULL, NULL, 20, NULL, 'VM', '102.1.5', 1, 14, 42, NULL, '[]', NULL, 306250.00, 'PC', 1, 1, '2', '2022-09-01 14:15:57', '2022-09-01 14:15:57', NULL, NULL, NULL, 0),
(1206, 'P001206', 'TP-NUS-BS-460', NULL, NULL, 20, NULL, 'VM', '102.1.5', 1, 14, 42, NULL, '[]', NULL, 503125.00, 'PC', 1, 1, '2', '2022-09-01 14:15:57', '2022-09-01 14:15:57', NULL, NULL, NULL, 0),
(1207, 'P001207', 'TP-PDT-01-59', NULL, NULL, 20, NULL, 'VM', '102.1.5', 1, 14, 42, NULL, '[]', NULL, 30625.00, 'PC', 1, 1, '2', '2022-09-01 14:15:57', '2022-09-01 14:15:57', NULL, NULL, NULL, 0),
(1208, 'P001208', 'TP-PDT-02-88', NULL, NULL, 20, NULL, 'VM', '102.1.5', 1, 14, 42, NULL, '[]', NULL, 52500.00, 'PC', 1, 1, '2', '2022-09-01 14:15:58', '2022-09-01 14:15:58', NULL, NULL, NULL, 0),
(1209, 'P001209', 'TP-PGJ-01-160', NULL, NULL, 20, NULL, 'VM', '102.1.5', 1, 14, 42, NULL, '[]', NULL, 65625.00, 'PC', 1, 1, '2', '2022-09-01 14:15:58', '2022-09-01 14:15:58', NULL, NULL, NULL, 0),
(1210, 'P001210', 'TP-SL-ST-90', NULL, NULL, 20, NULL, 'VM', '102.1.5', 1, 14, 42, NULL, '[]', NULL, 306250.00, 'PC', 1, 1, '2', '2022-09-01 14:15:58', '2022-09-01 14:15:58', NULL, NULL, NULL, 0),
(1211, 'P001211', 'TP-ST-01-237', NULL, NULL, 20, NULL, 'VM', '102.1.5', 1, 14, 42, NULL, '[]', NULL, 105000.00, 'PC', 1, 1, '2', '2022-09-01 14:15:59', '2022-09-01 14:15:59', NULL, NULL, NULL, 0),
(1212, 'P001212', 'TP-ST-02-177', NULL, NULL, 20, NULL, 'VM', '102.1.5', 1, 14, 42, NULL, '[]', NULL, 100625.00, 'PC', 1, 1, '2', '2022-09-01 14:15:59', '2022-09-01 14:15:59', NULL, NULL, NULL, 0),
(1213, 'P001213', 'TP-WR-01-59', NULL, NULL, 20, NULL, 'VM', '102.1.5', 1, 14, 42, NULL, '[]', NULL, 30625.00, 'PC', 1, 1, '2', '2022-09-01 14:15:59', '2022-09-01 14:15:59', NULL, NULL, NULL, 0),
(1214, 'P001214', 'TP-WR-02-478', NULL, NULL, 20, NULL, 'VM', '102.1.5', 1, 14, 42, NULL, '[]', NULL, 367500.00, 'PC', 1, 1, '2', '2022-09-01 14:16:00', '2022-09-01 14:16:00', NULL, NULL, NULL, 0),
(1215, 'P001215', 'TP-WR-03-418', NULL, NULL, 20, NULL, 'VM', '102.1.5', 1, 14, 42, NULL, '[]', NULL, 350000.00, 'PC', 1, 1, '2', '2022-09-01 14:16:00', '2022-09-01 14:16:00', NULL, NULL, NULL, 0),
(1216, 'P001216', 'TP-ZOD-ACR-120', NULL, NULL, 20, NULL, 'VM', '102.1.5', 1, 14, 42, NULL, '[]', NULL, 21875.00, 'PC', 1, 1, '2', '2022-09-01 14:16:00', '2022-09-01 14:16:00', NULL, NULL, NULL, 0),
(1217, 'P001217', 'TP-ZOD-ACR-230', NULL, NULL, 20, NULL, 'VM', '102.1.5', 1, 14, 42, NULL, '[]', NULL, 35000.00, 'PC', 1, 1, '2', '2022-09-01 14:16:01', '2022-09-01 14:16:01', NULL, NULL, NULL, 0),
(1218, 'P001218', 'TP-ZOD-BS-150', NULL, NULL, 20, NULL, 'VM', '102.1.5', 1, 14, 42, NULL, '[]', NULL, 122500.00, 'PC', 1, 1, '2', '2022-09-01 14:16:01', '2022-09-01 14:16:01', NULL, NULL, NULL, 0);
INSERT INTO `products` (`id`, `kode_barang`, `name`, `sku`, `description`, `group_id`, `bc`, `bc_name`, `ba`, `category_id`, `subcategory_id`, `sub_subcategory_id`, `cmk_spec`, `vendor_spec`, `cmk2_spec`, `price`, `unit`, `status`, `type`, `created_by`, `created_at`, `updated_at`, `deleted_at`, `url`, `vendor_id`, `is_service`) VALUES
(1219, 'P001219', 'TP-ZOD-BS-270', NULL, NULL, 20, NULL, 'VM', '102.1.5', 1, 14, 42, NULL, '[]', NULL, 131250.00, 'PC', 1, 1, '2', '2022-09-01 14:16:01', '2022-09-01 14:16:01', NULL, NULL, NULL, 0),
(1220, 'P001220', 'TP-ZOD-BS-460', NULL, NULL, 20, NULL, 'VM', '102.1.5', 1, 14, 42, NULL, '[]', NULL, 503125.00, 'PC', 1, 1, '2', '2022-09-01 14:16:02', '2022-09-01 14:16:02', NULL, NULL, NULL, 0),
(1221, 'P001221', 'TP-ZOD-PDT-150', NULL, NULL, 20, NULL, 'VM', '102.1.5', 1, 14, 42, NULL, '[]', NULL, 39375.00, 'PC', 1, 1, '2', '2022-09-01 14:16:02', '2022-09-01 14:16:02', NULL, NULL, NULL, 0),
(1222, 'P001222', 'TP-ZOD-PDT-45', NULL, NULL, 20, NULL, 'VM', '102.1.5', 1, 14, 42, NULL, '[]', NULL, 39375.00, 'PC', 1, 1, '2', '2022-09-01 14:16:02', '2022-09-01 14:16:02', NULL, NULL, NULL, 0),
(1223, 'P001223', 'TRAY JUAL', NULL, NULL, 20, NULL, 'VM', '102.1.5', 1, 14, 42, NULL, '[]', NULL, 131250.00, 'PC', 1, 1, '2', '2022-09-01 14:16:03', '2022-09-01 14:16:03', NULL, NULL, NULL, 0),
(1224, 'P001224', 'VIDEO EDITING', NULL, NULL, 20, NULL, 'VM', '102.1.3', 1, 14, 42, NULL, '[]', NULL, 8500000.00, 'PC', 1, 1, '2', '2022-09-01 14:16:03', '2022-09-01 14:16:03', NULL, NULL, NULL, 0),
(1225, 'P001225', 'WOODEN BOX', NULL, NULL, 20, NULL, 'VM', '102.1.5', 1, 14, 42, NULL, '[]', NULL, 280.00, 'PC', 1, 1, '2', '2022-09-01 14:16:04', '2022-09-01 14:16:04', NULL, NULL, NULL, 0),
(1226, 'P001226', 'BINDER JR', NULL, NULL, 20, NULL, 'VM', '102.1.4', 1, 1, 102, NULL, '[]', NULL, NULL, 'PC', 1, 1, '2', '2022-09-01 14:16:04', '2022-09-01 14:16:04', NULL, NULL, NULL, 0),
(1227, 'P001227', 'BUKU RAPORT JR', NULL, NULL, 20, NULL, 'VM', '102.1.4', 1, 1, 102, NULL, '[]', NULL, NULL, 'PC', 1, 1, '2', '2022-09-01 14:16:05', '2022-09-01 14:16:05', NULL, NULL, NULL, 0),
(1228, 'P001228', 'BUKU MASTERPIECE', NULL, NULL, 20, NULL, 'VM', '102.1.4', 1, 1, 102, NULL, '[]', NULL, NULL, 'PC', 1, 1, '2', '2022-09-01 14:16:05', '2022-09-01 14:16:05', NULL, NULL, NULL, 0),
(1229, 'P001229', 'BUKU LUXURY BRAND', NULL, NULL, 20, NULL, 'VM', '102.1.4', 1, 1, 102, NULL, '[]', NULL, NULL, 'PC', 1, 1, '2', '2022-09-01 14:16:05', '2022-09-01 14:16:05', NULL, NULL, NULL, 0),
(1230, 'P001230', 'DOA HARIAN', NULL, NULL, 20, NULL, 'VM', '102.1.4', 1, 1, 102, NULL, '[]', NULL, NULL, 'PC', 1, 1, '2', '2022-09-01 14:16:06', '2022-09-01 14:16:06', NULL, NULL, NULL, 0),
(1231, 'P001231', 'AKRILIK KATALOG', NULL, NULL, 20, NULL, 'VM', '102.1.4', 1, 1, 102, NULL, '[]', NULL, NULL, 'PC', 1, 1, '2', '2022-09-01 14:16:06', '2022-09-01 14:16:06', NULL, NULL, NULL, 0),
(1232, 'P001232', 'AKRILIK 4C DAN KADAR EMAS', NULL, NULL, 20, NULL, 'VM', '102.1.4', 1, 1, 102, NULL, '[]', NULL, NULL, 'PC', 1, 1, '2', '2022-09-01 14:16:06', '2022-09-01 14:16:06', NULL, NULL, NULL, 0),
(1233, 'P001233', 'DISPENSER F&B', NULL, NULL, 20, NULL, 'VM', '102.1.4', 1, 1, 102, NULL, '[]', NULL, NULL, 'PC', 1, 1, '2', '2022-09-01 14:16:07', '2022-09-01 14:16:07', NULL, NULL, NULL, 0),
(1234, 'P001234', 'F&B PROPS', NULL, NULL, 20, NULL, 'VM', '102.1.4', 1, 1, 102, NULL, '[]', NULL, NULL, 'PC', 1, 1, '2', '2022-09-01 14:16:07', '2022-09-01 14:16:07', NULL, NULL, NULL, 0),
(1235, 'P001235', 'CHAFFING HIDROLIC', NULL, NULL, 20, NULL, 'VM', '102.1.4', 1, 1, 102, NULL, '[]', NULL, NULL, 'PC', 1, 1, '2', '2022-09-01 14:16:08', '2022-09-01 14:16:08', NULL, NULL, NULL, 0),
(1236, 'P001236', 'PAPERCUP BRANDING', NULL, NULL, 20, NULL, 'VM', '102.1.4', 1, 1, 102, NULL, '[]', NULL, NULL, 'PC', 1, 1, '2', '2022-09-01 14:16:08', '2022-09-01 14:16:08', NULL, NULL, NULL, 0),
(1237, 'P001237', 'BAJU SPB', NULL, NULL, 20, NULL, 'VM', '102.1.4', 1, 1, 102, NULL, '[]', NULL, NULL, 'PC', 1, 1, '2', '2022-09-01 14:16:08', '2022-09-01 14:16:08', NULL, NULL, NULL, 0),
(1238, 'P001238', 'SELENDANG SPG', NULL, NULL, 20, NULL, 'VM', '102.1.4', 1, 1, 102, NULL, '[]', NULL, NULL, 'PC', 1, 1, '2', '2022-09-01 14:16:09', '2022-09-01 14:16:09', NULL, NULL, NULL, 0),
(1239, 'P001239', 'EMPLOYEE GET EMPLOYEE', NULL, NULL, 45, NULL, 'RECRUITMENT', '106.1.1', 1, 1, 107, NULL, '[]', NULL, NULL, 'PC', 1, 1, '2', '2022-09-01 14:16:09', '2022-09-01 14:16:09', NULL, NULL, NULL, 0),
(1240, 'P001240', 'REKRUITMEN : QR CODE', NULL, NULL, 45, NULL, 'RECRUITMENT', '106.1.2', 1, 1, 107, NULL, '[]', NULL, NULL, 'PC', 1, 1, '2', '2022-09-01 14:16:09', '2022-09-01 14:16:09', NULL, NULL, NULL, 0),
(1241, 'P001241', 'REKRUITMEN : PLATFORM FOR CANDIDATE VERIFICATION', NULL, NULL, 45, NULL, 'RECRUITMENT', '106.1.2', 1, 1, 107, NULL, '[]', NULL, NULL, 'PC', 1, 1, '2', '2022-09-01 14:16:09', '2022-09-01 14:16:09', NULL, NULL, NULL, 0),
(1242, 'P001242', 'REKRUITMEN : ALAT TEST', NULL, NULL, 45, NULL, 'RECRUITMENT', '106.1.2', 1, 1, 107, NULL, '[]', NULL, NULL, 'PC', 1, 1, '2', '2022-09-01 14:16:10', '2022-09-01 14:16:10', NULL, NULL, NULL, 0),
(1243, 'P001243', 'IKLAN REKRUITMEN (INSTAGRAM/LOKER)', NULL, NULL, 45, NULL, 'RECRUITMENT', '106.1.3', 1, 1, 107, NULL, '[]', NULL, NULL, 'PC', 1, 1, '2', '2022-09-01 14:16:10', '2022-09-01 14:16:10', NULL, NULL, NULL, 0),
(1244, 'P001244', 'IKLAN CAMPUS ONLINE', NULL, NULL, 45, NULL, 'RECRUITMENT', '106.1.3', 1, 1, 107, NULL, '[]', NULL, NULL, 'PC', 1, 1, '2', '2022-09-01 14:16:10', '2022-09-01 14:16:10', NULL, NULL, NULL, 0),
(1245, 'P001245', 'LINKEDIN', NULL, NULL, 45, NULL, 'RECRUITMENT', '106.1.3', 1, 1, 107, NULL, '[]', NULL, NULL, 'PC', 1, 1, '2', '2022-09-01 14:16:11', '2022-09-01 14:16:11', NULL, NULL, NULL, 0),
(1246, 'P001246', 'JOB FAIR JOBSTREET', NULL, NULL, 45, NULL, 'RECRUITMENT', '106.1.3', 1, 1, 107, NULL, '[]', NULL, NULL, 'PC', 1, 1, '2', '2022-09-01 14:16:11', '2022-09-01 14:16:11', NULL, NULL, NULL, 0),
(1247, 'P001247', 'BIAYA MEDICAL CHECKUP', NULL, NULL, 45, NULL, 'RECRUITMENT', '106.1.4', 1, 1, 107, NULL, '[]', NULL, NULL, 'PC', 1, 1, '2', '2022-09-01 14:16:11', '2022-09-01 14:16:11', NULL, NULL, NULL, 0),
(1248, 'P001248', 'WALK IN INTERVIEW ', NULL, NULL, 45, NULL, 'RECRUITMENT', '106.1.5', 1, 1, 107, NULL, '[]', NULL, NULL, 'PC', 1, 1, '2', '2022-09-01 14:16:12', '2022-09-01 14:16:12', NULL, NULL, NULL, 0),
(1249, 'P001249', 'WELCOME KIT', NULL, NULL, 45, NULL, 'RECRUITMENT', '106.1.6', 1, 1, 107, NULL, '[]', NULL, NULL, 'PC', 1, 1, '2', '2022-09-01 14:16:12', '2022-09-01 14:16:12', NULL, NULL, NULL, 0),
(1250, 'P001250', 'BIAYA EMPLOYEE STARTER KIT ', NULL, NULL, 45, NULL, 'RECRUITMENT', '106.1.7', 1, 1, 107, NULL, '[]', NULL, NULL, 'PC', 1, 1, '2', '2022-09-01 14:16:12', '2022-09-01 14:16:12', NULL, NULL, NULL, 0),
(1251, 'P001251', 'EXTERNAL RELATION RECRUITMENT ACTIVITY (KAMPUS, DLL)', NULL, NULL, 45, NULL, 'RECRUITMENT', '106.1.8', 1, 1, 107, NULL, '[]', NULL, NULL, 'PC', 1, 1, '2', '2022-09-01 14:16:13', '2022-09-01 14:16:13', NULL, NULL, NULL, 0),
(1252, 'P001252', 'KARTU ID CARD', NULL, NULL, 46, NULL, 'GA', '108.1.1', 1, 8, 21, NULL, '[]', NULL, NULL, 'PC', 1, 1, '2', '2022-09-01 14:16:13', '2022-09-01 14:16:13', NULL, NULL, NULL, 0),
(1253, 'P001253', 'KARTU AKSES GEDUNG SYNTHESIS', NULL, NULL, 46, NULL, 'GA', '108.1.1', 1, 8, 21, NULL, '[]', NULL, NULL, 'PC', 1, 1, '2', '2022-09-01 14:16:14', '2022-09-01 14:16:14', NULL, NULL, NULL, 0),
(1254, 'P001254', 'KARTU PARKIR MOBIL DAN MOTOR', NULL, NULL, 46, NULL, 'GA', '108.1.1', 1, 8, 21, NULL, '[]', NULL, NULL, 'PC', 1, 1, '2', '2022-09-01 14:16:14', '2022-09-01 14:16:14', NULL, NULL, NULL, 0),
(1255, 'P001255', 'SERAGAM SUPPORTING', NULL, NULL, 46, NULL, 'GA', '108.1.1', 1, 8, 21, NULL, '[]', NULL, NULL, 'PC', 1, 1, '2', '2022-09-01 14:16:15', '2022-09-01 14:16:15', NULL, NULL, NULL, 0),
(1256, 'P001256', 'SERAGAM OB DAN OG (2 SETEL/ORG)', NULL, NULL, 46, NULL, 'GA', '108.1.1', 1, 8, 21, NULL, '[]', NULL, NULL, 'PC', 1, 1, '2', '2022-09-01 14:16:16', '2022-09-01 14:16:16', NULL, NULL, NULL, 0),
(1257, 'P001257', 'SERVICE CHARGE', NULL, NULL, 46, NULL, 'GA', '108.1.2', 1, 8, 108, NULL, '[]', NULL, NULL, 'PC', 1, 1, '2', '2022-09-01 14:16:16', '2022-09-01 14:16:16', NULL, NULL, NULL, 0),
(1258, 'P001258', 'SEWA GEDUNG ', NULL, NULL, 46, NULL, 'GA', '108.1.3', 1, 8, 109, NULL, '[]', NULL, NULL, 'PC', 1, 1, '2', '2022-09-01 14:16:16', '2022-09-01 14:16:16', NULL, NULL, NULL, 0),
(1259, 'P001259', 'AIR MINERAL GALON', NULL, NULL, 46, NULL, 'GA', '108.1.4', 1, 8, 110, NULL, '[]', NULL, NULL, 'PC', 1, 1, '2', '2022-09-01 14:16:17', '2022-09-01 14:16:17', NULL, NULL, NULL, 0),
(1260, 'P001260', 'AIR MINERAL GELAS', NULL, NULL, 46, NULL, 'GA', '108.1.4', 1, 8, 110, NULL, '[]', NULL, NULL, 'PC', 1, 1, '2', '2022-09-01 14:16:17', '2022-09-01 14:16:17', NULL, NULL, NULL, 0),
(1261, 'P001261', 'TEA', NULL, NULL, 46, NULL, 'GA', '108.1.4', 1, 8, 110, NULL, '[]', NULL, NULL, 'PC', 1, 1, '2', '2022-09-01 14:16:17', '2022-09-01 14:16:17', NULL, NULL, NULL, 0),
(1262, 'P001262', 'GRAB CORPORATE', NULL, NULL, 46, NULL, 'GA', '108.1.5', 1, 8, 111, NULL, '[]', NULL, NULL, 'PC', 1, 1, '2', '2022-09-01 14:16:18', '2022-09-01 14:16:18', NULL, NULL, NULL, 0),
(1263, 'P001263', 'PARKIR SYNTHESIS', NULL, NULL, 5, NULL, 'GA', '108.1.5', 1, 8, 21, NULL, '[]', NULL, NULL, 'PC', 1, 1, '2', '2022-09-01 14:16:18', '2022-10-05 15:12:37', NULL, NULL, NULL, 0),
(1264, 'P001264', 'BBM, TOL, PARKIR MOBIL OPERASIONAL', NULL, NULL, 5, NULL, 'GA', '108.1.5', 1, 8, 21, NULL, '[]', NULL, NULL, 'PC', 1, 1, '2', '2022-09-01 14:16:18', '2022-10-05 15:14:15', NULL, NULL, NULL, 0),
(1265, 'P001265', 'ASURANSI KENDARAAN', NULL, NULL, 46, NULL, 'GA', '108.1.6', 1, 1, 113, NULL, '[]', NULL, NULL, 'PC', 1, 1, '2', '2022-09-01 14:16:19', '2022-09-01 14:16:19', NULL, NULL, NULL, 0),
(1266, 'P001266', 'ASURANSI JIWA & KECELAKAAN', NULL, NULL, 46, NULL, 'GA', '108.1.9', 1, 1, 114, NULL, '[]', NULL, NULL, 'PC', 1, 1, '2', '2022-09-01 14:16:19', '2022-09-01 14:16:19', NULL, NULL, NULL, 0),
(1267, 'P001267', 'PERBAIKAN & PEMELIHARAAN KENDARAAN', NULL, NULL, 46, NULL, 'GA', '108.1.10', 1, 1, 53, NULL, '[]', NULL, NULL, 'PC', 1, 1, '2', '2022-09-01 14:16:19', '2022-09-01 14:16:19', NULL, NULL, NULL, 0),
(1268, 'P001268', 'TERA TIMBANGAN', NULL, NULL, 46, NULL, 'GA RETAIL', '108.1.11', 1, 1, 15, NULL, '[]', NULL, NULL, 'PC', 1, 1, '2', '2022-09-01 14:16:20', '2022-09-01 14:16:20', NULL, NULL, NULL, 0),
(1269, 'P001269', 'RENOVASI/PERBAIKAN & PEMELIHARAAN GEDUNG', NULL, NULL, 46, NULL, 'GA', '108.1.12', 1, 1, 20, NULL, '[]', NULL, NULL, 'PC', 1, 1, '2', '2022-09-01 14:16:20', '2022-09-01 14:16:20', NULL, NULL, NULL, 0),
(1270, 'P001270', 'PEMBAHARUAN STNK', NULL, NULL, 46, NULL, 'GA', '108.1.14', 1, 1, 56, NULL, '[]', NULL, NULL, 'PC', 1, 1, '2', '2022-09-01 14:16:20', '2022-09-01 14:16:20', NULL, NULL, NULL, 0),
(1271, 'P001271', 'PENGIRIMAN PAKET & DOKUMEN', NULL, NULL, 46, NULL, 'GA', '108.1.15', 1, 1, 6, NULL, '[]', NULL, NULL, 'PC', 1, 1, '2', '2022-09-01 14:16:21', '2022-09-01 14:16:21', NULL, NULL, NULL, 0),
(1272, 'P001272', 'SEWA MESIN FOTOCOPY', NULL, NULL, 46, NULL, 'GA', '108.1.17', 1, 1, 67, NULL, '[]', NULL, NULL, 'PC', 1, 1, '2', '2022-09-01 14:16:21', '2022-09-01 14:16:21', NULL, NULL, NULL, 0),
(1273, 'P001273', 'JILID', NULL, NULL, 46, NULL, 'GA', '108.1.17', 1, 1, 67, NULL, '[]', NULL, NULL, 'PC', 1, 1, '2', '2022-09-01 14:16:21', '2022-09-01 14:16:21', NULL, NULL, NULL, 0),
(1274, 'P001274', 'LAMINATING', NULL, NULL, 46, NULL, 'GA', '108.1.17', 1, 1, 67, NULL, '[]', NULL, NULL, 'PC', 1, 1, '2', '2022-09-01 14:16:21', '2022-09-01 14:16:21', NULL, NULL, NULL, 0),
(1275, 'P001275', 'KORAN', NULL, NULL, 46, NULL, 'GA', '108.1.18', 1, 1, 68, NULL, '[]', NULL, NULL, 'PC', 1, 1, '2', '2022-09-01 14:16:22', '2022-09-01 14:16:22', NULL, NULL, NULL, 0),
(1276, 'P001276', 'MAJALAH', NULL, NULL, 46, NULL, 'GA', '108.1.18', 1, 1, 68, NULL, '[]', NULL, NULL, 'PC', 1, 1, '2', '2022-09-01 14:16:22', '2022-09-01 14:16:22', NULL, NULL, NULL, 0),
(1277, 'P001277', 'BUKU SNI', NULL, NULL, 46, NULL, 'GA', '108.1.18', 1, 1, 68, NULL, '[]', NULL, NULL, 'PC', 1, 1, '2', '2022-09-01 14:16:22', '2022-09-01 14:16:22', NULL, NULL, NULL, 0),
(1278, 'P001278', 'PULSA ALARM', NULL, NULL, 46, NULL, 'GA RETAIL', '108.1.36', 1, 1, 72, NULL, '[]', NULL, NULL, 'PC', 1, 1, '2', '2022-09-01 14:16:23', '2022-09-01 14:16:23', NULL, NULL, NULL, 0),
(1279, 'P001279', 'APEPI', NULL, NULL, 46, NULL, 'GA RETAIL', '108.1.37', 1, 1, 62, NULL, '[]', NULL, NULL, 'PC', 1, 1, '2', '2022-09-01 14:16:24', '2022-09-01 14:16:24', NULL, NULL, NULL, 0),
(1280, 'P001280', 'HIPPINDO', NULL, NULL, 46, NULL, 'GA RETAIL', '108.1.37', 1, 1, 62, NULL, '[]', NULL, NULL, 'PC', 1, 1, '2', '2022-09-01 14:16:25', '2022-09-01 14:16:25', NULL, NULL, NULL, 0),
(1281, 'P001281', 'APINDO', NULL, NULL, 46, NULL, 'GA RETAIL', '108.1.37', 1, 1, 62, NULL, '[]', NULL, NULL, 'PC', 1, 1, '2', '2022-09-01 14:16:25', '2022-09-01 14:16:25', NULL, NULL, NULL, 0),
(1282, 'P001282', 'RENTAL ', NULL, NULL, 47, NULL, 'PAMERAN', '118.1.1', 1, 1, 115, NULL, '[]', NULL, NULL, 'PC', 1, 1, '2', '2022-09-01 14:16:26', '2022-09-01 14:16:26', NULL, NULL, NULL, 0),
(1283, 'P001283', 'SERVER APPS', NULL, NULL, 6, NULL, NULL, '104.1.4', 2, 3, 3, NULL, '[]', NULL, 0.00, 'PC', 1, 1, '6621', '2022-10-05 11:29:06', '2022-10-05 11:29:06', NULL, NULL, NULL, 0);

-- --------------------------------------------------------

--
-- Структура таблицы `product_images`
--

