INSERT INTO `objective_logs` (`id`, `objectives_id`, `parent_objective_id`, `organization_id_fk`, `pms_lifecycle_id`, `objectives_title`, `objective_description`, `objectives_order`, `level`, `target_date`, `approved`, `planned`, `is_active`, `is_delete`, `created_date`, `modified_date`, `action`, `user_id`, `log_created_date`) VALUES
(5051, 3325, 3172, 3, 9, 'Team', 'Adapt to Favro for the new 12 projects ', NULL, 2, 1628625600, 1, 0, 1, 0, 1614513489, 1634104910, 'update', 265, 1634104911),
(5052, 3321, 3187, 3, 9, 'Training', 'Within the next 6 months, team members to register in online seminars and webinars to sharpens their skills in related topics, and by mid of  December, to submit the list of employees who will enroll in major courses and PMP in 2022', NULL, 2, 1630440000, 1, 0, 1, 0, 1614211881, 1634104982, 'update', 265, 1634104982),
(5053, 3635, 3629, 3, 9, '', 'Brand revamping still under process for a new concept and new products to launch. Finalizing All Stock count.\n\n', NULL, 2, 1640894400, 1, 0, 1, 0, 1627802829, 1634725436, 'update', 269, 1634725436),
(5054, 3113, 382, 3, 9, 'Feasible ', '12 new projects to have a solid initiation plan with 12 signed off project charters and  working team assigned for each ', NULL, 1, 1638216000, 1, 0, 1, 0, 1612251911, 1635663433, 'update', 265, 1635663433),
(5055, 3113, 382, 3, 9, 'Feasible ', '12 new projects to have a solid initiation plan with 12 signed off project charters and  working team assigned for each ', NULL, 1, 1638216000, 1, 0, 1, 0, 1612251911, 1635663519, 'update', 265, 1635663519),
(5056, 3168, 382, 3, 9, 'PM', 'Manage projects throughout all phases by monitoring cost, timelines and changes of 12 new projects and create weekly progress reports for documentation ', NULL, 1, 1640894400, 1, 0, 1, 0, 1613038465, 1635663789, 'update', 265, 1635663789),
(5057, 3311, 3168, 3, 9, 'Monitor', 'Monitor cost and timeline of the new projects in initiation/design phase', NULL, 2, 1640894400, 1, 0, 1, 0, 1614185020, 1635664043, 'update', 265, 1635664043),
(5058, 3185, 390, 3, 9, 'Team', 'Every Quarter of the year, a team building activity to be conducted including all the team members to strengthen the team spirit and raise the loyalty and satisfactory levels  ', NULL, 1, 1640894400, 1, 0, 1, 0, 1613288294, 1635664261, 'update', 265, 1635664261),
(5059, 3172, 384, 3, 9, '', 'Within this year, communication between team members to be enhanced by regulating a bi-weekly internal meeting for sharing updates, preparing weekly progress reports, and adopting Favro for 2 projects at least', NULL, 1, 1640894400, 1, 0, 1, 0, 1613041671, 1635664287, 'update', 265, 1635664287),
(5060, 3679, 383, 3, 9, '', 'To provide hosting and protocol services to Shurooq departments and Invest in Sharjah', NULL, 1, 1638216000, 1, 0, 1, 0, 1630304447, 1635745274, 'update', 283, 1635745274),
(5061, 3680, 3679, 3, 9, '', 'Engage with Shurooq Departments and Invest in Sharjah in inviting VIP Guests for their events/ round tables/ ceremonies/ meetings/ MOU etc.', NULL, 2, 1638216000, 1, 0, 1, 0, 1630304653, 1635745308, 'update', 283, 1635745308),
(5062, 1831, 382, 3, 8, '', 'Reducing operation costs and Increasing profitability ', NULL, 1, 1609358400, 1, 0, 1, 0, 1568629523, 1635923662, 'update', 253, 1635923662),
(5063, 3736, 382, 3, 9, '', 'Reducing operation costs and Increasing profitability', NULL, 1, 1640894400, 0, 0, 1, 0, 1635925268, 1635932162, 'update', 253, 1635932162),
(5064, 3736, 382, 3, 9, '', 'Reducing operation costs and Increasing profitability', NULL, 1, 1640894400, 0, 0, 1, 0, 1635925268, 1635932367, 'update', 253, 1635932367),
(5065, 3736, 382, 3, 9, '', 'Reducing operation costs and Increasing profitability', NULL, 1, 1640894400, 0, 0, 1, 0, 1635925268, 1635932487, 'update', 253, 1635932487),
(5066, 3746, 390, 3, 9, '', 'Support the Emiratization and nationals'' development of the destination as well as Expatriate employee workforce', NULL, 1, 1640894400, 0, 0, 1, 0, 1635936924, 1635937047, 'update', 253, 1635937047),
(5067, 3748, 3746, 3, 9, '', 'Retain existing talent', NULL, 2, 1640894400, 0, 0, 1, 0, 1635937222, 1635937497, 'update', 253, 1635937497),
(5068, 3343, 382, 3, 9, 'Savings', 'Ensure cost savings on the purchase of food & beverage in all outlets by 5% of total food & beverage procurement throughout the year.', NULL, 1, 1640894400, 1, 0, 1, 0, 1615546257, 1635950374, 'update', 260, 1635950374),
(5069, 3387, 3386, 3, 9, 'Act', 'We are firm about our hiring process to be potential and employee-friendly to select the best candidate.  During the hiring process, we have broken and implemented the workforce planning.', NULL, 2, 1635624000, 1, 0, 1, 0, 1616764666, 1635951868, 'update', 260, 1635951868),
(5070, 3388, 384, 3, 9, 'Process', 'Procurement is an essential component of any business. In order to operate effectively and produce its own goods and services, every organization must procure various goods and services from third-party vendors. Streamline the ordering processes for food and beverage daily ordering through PACT. We will work with the PACT team to check on the integration of the food and beverage ordering platform into their systems. \n\nEffective procurement processes save costs, aid compliance, ensure you work with reputable suppliers and eliminate delays and mistakes. Procurement also helps modern organizations attain non-financial goals such as sustainability, reduce their environmental footprint and burnish their green credentials.\n\nDigital procurement processes can be measured through mutually agreed upon metrics. The resulting alignment with corporate priorities elevates procurement into a strategic function within the organization.', NULL, 1, 1617134400, 1, 0, 1, 0, 1616768135, 1635952195, 'update', 260, 1635952195),
(5071, 3388, 384, 3, 9, 'Process', 'Procurement is an essential component of any business. In order to operate effectively and produce its own goods and services, every organization must procure various goods and services from third-party vendors. Streamline the ordering processes for food and beverage daily ordering through PACT. We will work with the PACT team to check on the integration of the food and beverage ordering platform into their systems. \n\nEffective procurement processes save costs, aid compliance, ensure you work with reputable suppliers and eliminate delays and mistakes. Procurement also helps modern organizations attain non-financial goals such as sustainability, reduce their environmental footprint and burnish their green credentials.\n\nDigital procurement processes can be measured through mutually agreed upon metrics. The resulting alignment with corporate priorities elevates procurement into a strategic function within the organization.', NULL, 1, 1617134400, 1, 0, 1, 0, 1616768135, 1635952308, 'update', 260, 1635952308),
(5072, 3386, 384, 3, 9, 'Forming ', 'Structuring of the food and Beverage department to ensure effective functionality. ', NULL, 1, 1635624000, 1, 0, 1, 0, 1616763590, 1635952351, 'update', 260, 1635952351),
(5073, 3736, 382, 3, 9, '', 'Reducing operation costs and Increasing profitability', NULL, 1, 1640894400, 0, 0, 1, 0, 1635925268, 1636012022, 'update', 253, 1636012022),
(5074, 3741, 3740, 3, 9, '', 'Quality content creation of experiences', NULL, 2, 1640894400, 0, 0, 1, 0, 1635934220, 1636012250, 'update', 253, 1636012250),
(5075, 3142, 3141, 3, 9, '', 'Sending out review requests to customers and ensuring we maintain or improve our service levels.', NULL, 2, 1640894400, 1, 0, 1, 0, 1612339514, 1636012393, 'update', 253, 1636012393),
(5076, 3742, 384, 3, 9, '', 'Achieving high ratings and maintain or improve existing standards', NULL, 1, 1640894400, 0, 0, 1, 0, 1635934998, 1636012433, 'update', 253, 1636012433),
(5077, 3382, 383, 3, 9, 'New Menu', 'In a process of introducing a new menu in all the outlets bringing in current trends prevalent in the food and beverage industry by the last quarter of 2021.', NULL, 1, 1640894400, 1, 0, 1, 0, 1616758934, 1636104022, 'update', 260, 1636104022),
(5078, 3387, 3386, 3, 9, 'Act', 'We are firm about our hiring process to be potential and employee-friendly to select the best candidate.  During the hiring process, we have broken and implemented the workforce planning.', NULL, 2, 1635624000, 1, 0, 1, 0, 1616764666, 1636104724, 'update', 260, 1636104724),
(5079, 3753, 392, 3, 9, '', 'Create B2B partnerships to lock in recurring business.', NULL, 1, 1640894400, 0, 0, 1, 0, 1636012741, 1636356040, 'update', 253, 1636356040),
(5080, 3277, 3276, 3, 9, '', 'Perform audit activities on high-risk areas as per RBIA and submit report.', NULL, 2, 1640894400, 1, 0, 1, 0, 1613630467, 1636527587, 'update', 244, 1636527587),
(5081, 2630, 382, 3, 9, '', 'SDG-Reduce water and electricity cost by 35% from 2019 and 5 % from 2020 - support with departments and destination''s along with Greener''s committee by 2021\n0% paper waste through Shurooq and destinations by 2021, reduce paper consumption by 50% from 2020', NULL, 1, 1640808000, 1, 0, 1, 0, 1599635046, 1637572323, 'update', 174, 1637572323),
(5082, 2631, 2630, 3, 9, '', 'SDG - check baseline of actual figures and numbers of consumption of 2021 (water, electricity, paper) and breakdown for all destinations\nconduct internal promotions, changes to reduce this figure by 35% for water and electricity and to use of waste paper and responsible consumption in general practices related tp SDG 12\n \n', NULL, 2, 1640808000, 1, 0, 1, 0, 1599635832, 1637572386, 'update', 174, 1637572386),
(5083, 2630, 382, 3, 9, '', 'SDG-Reduce water and electricity cost by 35% from 2019 and 5 % from 2020 - support with departments and destination''s along with Greener''s committee by 2021\n0% paper waste through Shurooq and destinations by 2021, reduce paper consumption by 50% from 2020', NULL, 1, 1640808000, 1, 0, 1, 0, 1599635046, 1637572452, 'update', 174, 1637572452),
(5084, 2631, 2630, 3, 9, '', 'SDG - check baseline of actual figures and numbers of consumption of 2021 (water, electricity, paper) and breakdown for all destinations\nconduct internal promotions, changes to reduce this figure by 35% for water and electricity and to use of waste paper and responsible consumption in general practices related tp SDG 12\n \n', NULL, 2, 1640808000, 1, 0, 1, 0, 1599635832, 1637572473, 'update', 174, 1637572473),
(5085, 2758, 392, 3, 9, '', 'SDG - Improve partnership relationship with 1 partner through year of 2021 - FASC\n', NULL, 1, 1640808000, 1, 0, 1, 0, 1606714135, 1637572531, 'update', 174, 1637572531),
(5086, 2758, 392, 3, 9, '', 'SDG - Improve partnership relationship with 1 partner through year of 2021 - FASC\n', NULL, 1, 1640808000, 1, 0, 1, 0, 1606714135, 1637572535, 'update', 174, 1637572535),
(5087, 2758, 392, 3, 9, '', 'SDG - Improve partnership relationship with 1 partner through year of 2021 - FASC\n', NULL, 1, 1640808000, 1, 0, 1, 0, 1606714135, 1637572552, 'update', 174, 1637572552),
(5088, 2758, 392, 3, 9, '', 'SDG - Improve partnership relationship with 1 partner through year of 2021 - FASC\n', NULL, 1, 1640808000, 1, 0, 1, 0, 1606714135, 1637572560, 'update', 174, 1637572560),
(5089, 2758, 392, 3, 9, '', 'SDG - Improve partnership relationship with 1 partner through year of 2021 - FASC\n', NULL, 1, 1640808000, 1, 0, 1, 0, 1606714135, 1637572645, 'update', 174, 1637572645),
(5090, 2759, 2758, 3, 9, '', 'Attend 4  meeting with FASC and write up information on goals and compiling one for the annual report\n', NULL, 2, 1640808000, 1, 0, 1, 0, 1606714619, 1637572695, 'update', 174, 1637572695),
(5091, 3125, 3114, 3, 9, '', 'Annual exhibitions at Maraya Art Centre, 1971 – Design Space and House of Wisdom, Jedariya Street Art Initiatives and new public artwork installations in Shurooq destinations', NULL, 2, 1627502400, 1, 0, 1, 0, 1612255485, 1638702962, 'update', 115, 1638702962),
(5092, 3762, 3756, 3, 10, 'WTM', 'To participate in the WTM exhibition in November 2022 and highlight the achievements of Shurooq with a focus on QUE and the hospitality projects', NULL, 2, 1668024000, 0, 0, 1, 0, 1639372255, 1639372452, 'update', 133, 1639372452),
(5093, 3761, 3756, 3, 10, 'ATM', 'To participate in the Arabian travel marketing exhibition in April 2022 and highlight the achievements of Shurooq with a focus on Experience Sharjah, the new beaches and the hospitality projects', NULL, 2, 1652385600, 0, 0, 1, 0, 1639371329, 1639372508, 'update', 133, 1639372508),
(5094, 3129, 3116, 3, 9, '', 'To send team member on an online trainings, based on their training targets this year', NULL, 2, 1627502400, 1, 0, 1, 0, 1612255911, 1639465834, 'update', 115, 1639465834),
(5095, 3763, 3756, 3, 10, 'ITB', 'To participate in the exhibition/sponsored events during the year and highlight Shurooq and its destinations through having a stand and/or activations on site with promotions \n', NULL, 2, 1672430400, 0, 0, 1, 0, 1639372402, 1639973125, 'update', 133, 1639973125),
(5096, 3102, 382, 3, 9, 'General', 'Increase the sales generated at Shurooq destinations'' tenants by 15% through running promotional campaigns on seasonal basis (Spring, Ramadan, Summer, Winter)', NULL, 1, 1640894400, 0, 0, 1, 0, 1612175531, 1640080677, 'update', 276, 1640080677),
(5097, 3771, 3102, 3, 9, 'Campaigns', 'Initiate campaign during the holy month of Ramadan to attract people to destinations and have their iftar and suhoor at Shurooq outlets through exciting offers and promotions, especially that the pleasant weather is still ongoing', NULL, 2, 1640894400, 0, 0, 1, 0, 1640076133, 1640081547, 'update', 276, 1640081547),
(5098, 3303, 383, 3, 9, 'Calls', 'CE- To study the level of service provided by the customer service/call centre throughout the year', NULL, 1, 1640894400, 1, 0, 1, 0, 1614064249, 1640164279, 'update', 173, 1640164279),
(5099, 3345, 3303, 3, 9, 'Recording', 'Start testing the call recoding system ', NULL, 2, 1640894400, 1, 0, 1, 0, 1616320715, 1640164356, 'update', 173, 1640164356),
(5100, 2564, 2563, 3, 9, 'Employee', 'CE  - Conduct employee survey and compare the satisfaction rate with the previous year', NULL, 2, 1640894400, 1, 0, 1, 0, 1596708741, 1640164469, 'update', 173, 1640164469),
(5101, 2567, 2563, 3, 9, 'Events', 'CE - Prepare survey for the events based on the calendar shared by the events team', NULL, 2, 1640894400, 1, 0, 1, 0, 1596709341, 1640164500, 'update', 173, 1640164500),
(5102, 2569, 2563, 3, 9, 'Tenants', 'CE - Conduct survey for the tenants annually to capture their feedback on the service', NULL, 2, 1640894400, 1, 0, 1, 0, 1596710066, 1640164527, 'update', 173, 1640164527),
(5103, 2632, 384, 3, 9, '', 'SDG - To measure awareness of sustainability practices throughout the entity for at least 300 employees through 2021', NULL, 1, 1634155200, 1, 0, 1, 0, 1599636337, 1640589321, 'update', 174, 1640589321),
(5104, 2633, 2632, 3, 9, '', 'SDG - Gathering employee feedback regards the awareness campaign conducted within Shurooq by end of 2021 ', NULL, 2, 1630353600, 1, 0, 1, 0, 1599636572, 1640589993, 'update', 174, 1640589993),
(5105, 2633, 2632, 3, 9, '', 'SDG - Gathering employee feedback regards the awareness campaign conducted within Shurooq by end of 2021 ', NULL, 2, 1630353600, 1, 0, 1, 0, 1599636572, 1640590102, 'update', 174, 1640590102),
(5106, 2633, 2632, 3, 9, '', 'SDG - Gathering employee feedback regards the awareness campaign conducted within Shurooq by end of 2021 ', NULL, 2, 1630353600, 1, 0, 1, 0, 1599636572, 1640590195, 'update', 174, 1640590195),
(5107, 2632, 384, 3, 9, '', 'SDG - To measure awareness of sustainability practices throughout the entity for at least 200 employees through 2021', NULL, 1, 1634155200, 1, 0, 1, 0, 1599636337, 1640590229, 'update', 174, 1640590229),
(5108, 2633, 2632, 3, 9, '', 'SDG - Gathering employee feedback regards the awareness campaign conducted within Shurooq by end of 2021 ', NULL, 2, 1630353600, 1, 0, 1, 0, 1599636572, 1640590267, 'update', 174, 1640590267),
(5109, 2758, 392, 3, 9, '', 'SDG - Improve partnership relationship with 1 partner through year of 2021 - FASC\n', NULL, 1, 1640808000, 1, 0, 1, 0, 1606714135, 1640590488, 'update', 174, 1640590488),
(5110, 2758, 392, 3, 9, '', 'SDG - Improve partnership relationship with 1 partner through year of 2021 - FASC\n', NULL, 1, 1640808000, 1, 0, 1, 0, 1606714135, 1640590676, 'update', 174, 1640590676),
(5111, 2758, 392, 3, 9, '', 'SDG - Improve partnership relationship with 1 partner through year of 2021 - FASC\n', NULL, 1, 1640808000, 1, 0, 1, 0, 1606714135, 1640590808, 'update', 174, 1640590808),
(5112, 2758, 392, 3, 9, '', 'SDG - Improve partnership relationship with 1 partner through year of 2021 - FASC\n', NULL, 1, 1640808000, 1, 0, 1, 0, 1606714135, 1640597035, 'update', 174, 1640597035),
(5113, 2758, 392, 3, 9, '', 'SDG - Improve partnership relationship with 1 partner through year of 2021 - FASC\n', NULL, 1, 1640808000, 1, 0, 1, 0, 1606714135, 1640668265, 'update', 174, 1640668265),
(5114, 2631, 2630, 3, 9, '', 'SDG - check baseline of actual figures and numbers of consumption of 2021 (water, electricity, paper) and breakdown for all destinations\nconduct internal promotions, changes to reduce this figure by 35% for water and electricity and to use of waste paper and responsible consumption in general practices related tp SDG 12\n \n', NULL, 2, 1640808000, 1, 0, 1, 0, 1599635832, 1640668297, 'update', 174, 1640668297),
(5115, 2862, 2729, 3, 9, '', 'QMS internal Audit & Management Review', NULL, 2, 1622404800, 1, 0, 1, 0, 1609749274, 1640760444, 'update', 173, 1640760444),
(5116, 2727, 2725, 3, 9, '', 'CE-Conduct ISO awareness ', NULL, 2, 1640894400, 1, 0, 1, 0, 1605676529, 1640760481, 'update', 173, 1640760481),
(5117, 2631, 2630, 3, 9, '', 'SDG - check baseline of actual figures and numbers of consumption of 2021 (water, electricity, paper) and breakdown for all destinations\nconduct internal promotions, changes to reduce this figure by 35% for water and electricity and to use of waste paper and responsible consumption in general practices related tp SDG 12\n \n', NULL, 2, 1640808000, 1, 0, 1, 0, 1599635832, 1641273612, 'update', 174, 1641273612),
(5118, 2843, 2842, 3, 9, 'F and B ', 'F and B - Food safety Support team from each destination - Food safety Awareness and training to act quickly during emergency', NULL, 2, 1640894400, 1, 0, 1, 0, 1609744408, 1641283667, 'update', 174, 1641283667),
(5119, 3306, 382, 3, 9, 'RG', 'Revenue generation', NULL, 1, 1640894400, 1, 0, 1, 0, 1614158541, 1642059647, 'update', 280, 1642059647),
(5120, 3307, 3306, 3, 9, '', 'Package Creation', NULL, 2, 1640894400, 1, 0, 1, 0, 1614158995, 1642059728, 'update', 280, 1642059728),
(5121, 3114, 383, 3, 9, '', 'To deliver annual exhibitions in three venues Maraya Art Centre, 1971-Design Space and House of Wisdom and develop focused educational programmes (online activation for all exhibitions )', NULL, 1, 1627502400, 1, 0, 1, 0, 1612252020, 1643008026, 'update', 115, 1643008026),
(5122, 3133, 2935, 3, 9, '', 'Making commissions by selling design products at Dubai Expo 2021', NULL, 2, 1638216000, 1, 0, 1, 0, 1612261024, 1643008073, 'update', 115, 1643008073),
(5123, 3128, 3115, 3, 9, '', 'To schedule a review of documents and reports that will serve as in-house audit ', NULL, 2, 1627502400, 1, 0, 1, 0, 1612255864, 1643011951, 'update', 115, 1643011951),
(5124, 3379, 382, 3, 9, 'Revenue', 'Target to increase the revenues in all outlets in 2021 by 10% compared to revenues in 2020.', NULL, 1, 1640894400, 1, 0, 1, 0, 1616750071, 1643973701, 'update', 260, 1643973701),
(5125, 3834, 383, 3, 10, '', 'CSP - Work to receive and analyse opinions in order to develop the program’s features and facilitate the way information is presented and entered while keeping abreast of the latest developed strategic programs by the end of the year 2022. \n', NULL, 1, 1672430400, 0, 0, 1, 0, 1645693686, 1645693718, 'update', 173, 1645693718),
(5126, 3835, 384, 3, 10, '', 'CSP - Ensure that all users understand how to use the system and enter data in an integrated and correct per 2 times weekly. \n', NULL, 1, 1653681600, 0, 0, 1, 0, 1645693995, 1645694159, 'update', 173, 1645694159),
(5127, 3837, 382, 3, 9, '', 'To  reduce shurooq outsource Graphic design services for its projects by 2% through our designs, by Q4,2021.\n', NULL, 1, 1640894400, 1, 0, 1, 0, 1646810161, 1646814734, 'update', 297, 1646814734),
(5128, 3838, 3837, 3, 9, '', 'To insource the graphic design services by allocating dedicated staff and freelancers to support the cost reduction of the service.\n', NULL, 2, 1640894400, 1, 0, 1, 0, 1646810389, 1646814748, 'update', 297, 1646814748),
(5129, 3847, 383, 3, 10, 'Quality control', 'QC- To ensure Shurooq existing and upcoming projects comply with quality standards annually\n', NULL, 1, 1672430400, 0, 0, 1, 0, 1647337135, 1647337215, 'update', 174, 1647337215),
(5130, 3847, 383, 3, 10, 'Quality control', 'QC- To ensure Shurooq existing and upcoming projects comply with quality standards annually\n', NULL, 1, 1672430400, 0, 0, 1, 0, 1647337135, 1647337244, 'update', 174, 1647337244),
(5131, 3849, 3847, 3, 10, 'Quality control', 'To conduct periodic inspections at all Shurooq destinations to ensure their compliance with MOR, Baby friendly, Age Friendly and people with disabilities standards annually\n', NULL, 2, 1672430400, 0, 0, 1, 0, 1647337509, 1647337875, 'update', 174, 1647337875),
(5132, 3880, 383, 3, 10, 'Strategy System ', 'CSP-Continuous development of the Strategy Management System to fulfil business necessities throughout 2022', NULL, 1, 1661889600, 0, 0, 1, 0, 1649053640, 1649053878, 'update', 173, 1649053878),
(5133, 3880, 383, 3, 10, 'Strategy System ', 'CSP-Continuous development of the Strategy Management System to fulfil business necessities throughout 2022', NULL, 1, 1661889600, 0, 0, 1, 0, 1649053640, 1649054015, 'update', 173, 1649054015),
(5134, 3835, 384, 3, 10, 'SMS Workshops', 'Ensure that all users understand how to use the system and enter data in an integrated and correct per 2 times weekly. \n', NULL, 1, 1653681600, 0, 0, 1, 0, 1645693995, 1649056050, 'update', 173, 1649056050),
(5135, 3835, 384, 3, 10, 'SMS Workshops', 'CSP - Ensure that all users understand how to use the system and enter data in an integrated and correct per 2 times weekly. \n', NULL, 1, 1653681600, 0, 0, 1, 0, 1645693995, 1649056107, 'update', 173, 1649056107),
(5136, 3886, 390, 3, 10, 'Annual Strategy plan 2022', 'Comducts Annual Strategy Plan 2022 for represntive staff\n', NULL, 1, 1645992000, 0, 0, 1, 0, 1649056686, 1649057991, 'update', 173, 1649057991),
(5137, 3886, 390, 3, 10, 'Annual Strategy plan 2022', 'Comducts two Annual Strategy Plan 2022 for represntive staff\n', NULL, 1, 1645992000, 0, 0, 1, 0, 1649056686, 1649058031, 'update', 173, 1649058031),
(5138, 3897, 3875, 3, 10, 'PROCESS', 'Streamline the ordering processes for Food and Beverage daily ordering through PACT ', NULL, 2, 1672430400, 0, 0, 1, 0, 1649321787, 1649321992, 'update', 298, 1649321992),
(5139, 3899, 3877, 3, 10, 'TRAINING & DEVELOPMENT', 'Ongoing On The Job training in the department as well as outsourced      trainings  to keep the team abreast with latest trends in the industry and bring consistency to the service, ongoing for 2022\n', NULL, 2, 1672430400, 0, 0, 1, 0, 1649322272, 1649322352, 'update', 298, 1649322352),
(5140, 3900, 3878, 3, 10, 'PARTNERSHIPS', 'Work closer with Shurooq destinations and enhance food and beverage experience as well as reveneue generation.  Established the goals for the fiscal year 2022, e.g., monthly or annual revenue targets.\n', NULL, 2, 1672430400, 0, 0, 1, 0, 1649322675, 1649323144, 'update', 298, 1649323144),
(5141, 3899, 3877, 3, 10, 'TRAINING & DEVELOPMENT', 'Implement effective training programmes to uplift the guest expereince. Conduct daily, weekly or monthly trianing to enhance the food and beverage expereince and empower the employees. \n', NULL, 2, 1672430400, 0, 0, 1, 0, 1649322272, 1649323779, 'update', 298, 1649323779),
(5142, 3898, 3876, 3, 10, 'REWARDS & RECOGNITION', 'team motivation is a mandatory process to achieve better results. Rewards and recognitions is very important to uplift the moral of the employees and keep them in a great career pace. \n', NULL, 2, 1672430400, 0, 0, 1, 0, 1649322167, 1649323914, 'update', 298, 1649323914),
(5143, 3898, 3876, 3, 10, 'REWARDS & RECOGNITION', 'Team motivation is a mandatory process to achieve better results. Rewards and recognitions is very important to uplift the moral of the employees and keep them in a great career pace. \n', NULL, 2, 1672430400, 0, 0, 1, 0, 1649322167, 1649323948, 'update', 298, 1649323948),
(5144, 3897, 3875, 3, 10, 'PROCESS', 'Systematic approach on the supply chain management i s a top priority to ensure there is no compromise on food and beverage expereince. Streamlining the path of procuremnt is mandatory for sourcing the right product through right software. ', NULL, 2, 1672430400, 0, 0, 1, 0, 1649321787, 1649324168, 'update', 298, 1649324168),
(5145, 3897, 3875, 3, 10, 'PROCESS', 'Systematic approach on the supply chain management i s a top priority to ensure there is no compromise on food and beverage expereince. Streamlining the path of procuremnt is mandatory for sourcing the right product through right ERP.', NULL, 2, 1672430400, 0, 0, 1, 0, 1649321787, 1649324227, 'update', 298, 1649324227),
(5146, 3896, 3874, 3, 10, 'FORMING', 'Structuring our hierarchy is our key to ensure a smooth operations and administration. Manning the best potential will be our priority. \n', NULL, 2, 1672430400, 0, 0, 1, 0, 1649321532, 1649324512, 'update', 298, 1649324512),
(5147, 3896, 3874, 3, 10, 'FORMING', 'Structuring the hierarchy is our key to ensure a smooth operations and administration. Manning the best potential will be our priority. \n', NULL, 2, 1672430400, 0, 0, 1, 0, 1649321532, 1649324549, 'update', 298, 1649324549),
(5148, 3888, 382, 3, 10, 'Partner & Sponsors', 'To find more partners for sponsorship support and team up with other\nentities to reduce cost', NULL, 1, 1672257600, 0, 0, 1, 0, 1649238732, 1649660248, 'update', 115, 1649660248),
(5149, 3903, 382, 3, 10, 'Consumptions', 'SDG- Reduce the water and electricity consumptions by 5 % from 2021\n\n', NULL, 1, 1672430400, 0, 0, 1, 0, 1649747090, 1649747300, 'update', 174, 1649747300),
(5150, 3903, 382, 3, 10, 'Consumptions', 'SDG- Reduce the water and electricity consumptions by 5 % from 2021\n\n', NULL, 1, 1672430400, 0, 0, 1, 0, 1649747090, 1649747553, 'update', 174, 1649747553),
(5151, 3903, 382, 3, 10, 'Consumptions', 'SDG- Reduce the water and electricity consumption by 5 % from 2021 and 95%  reduction in paper waste by 2022\n\n \n\n', NULL, 1, 1672430400, 0, 0, 1, 0, 1649747090, 1649747639, 'update', 174, 1649747639),
(5152, 3908, 383, 3, 10, 'Sustainability Awards', 'SDG-To ensure Shurooq Existing Destinations comply and participate with at least 2 awards related to sustainability within Sharjah Government', NULL, 1, 1672430400, 0, 0, 1, 0, 1649749022, 1649749220, 'update', 174, 1649749220),
(5153, 3910, 3903, 3, 10, 'Cousumptions', 'SDG- Compare with the baseline of 2021 consumption (water, electricity, paper) and breakdown for all destinations and departments', NULL, 2, 1672430400, 0, 0, 1, 0, 1649749657, 1649749720, 'update', 174, 1649749720),
(5154, 3910, 3903, 3, 10, 'Cousumptions', 'SDG- Compare with the baseline of 2021 consumption (water, electricity, paper) and breakdown for all destinations and departments\nSDG- Collect the consumption data from Finance, IT, and Procurement for each month in 2022\nSDG- Coordinate on internal flow for reducing paper waste for the departments', NULL, 2, 1672430400, 0, 0, 1, 0, 1649749657, 1649750502, 'update', 174, 1649750502),
(5155, 3910, 3903, 3, 10, 'Cousumptions', 'SDG- Compare with the baseline of 2021 consumption (water, electricity, paper) and breakdown for all destinations and departments\n', NULL, 2, 1672430400, 0, 0, 1, 0, 1649749657, 1649750788, 'update', 174, 1649750788),
(5156, 3910, 3903, 3, 10, 'Comparison ', 'SDG- Compare with the baseline of 2021 consumption (water, electricity, paper) and breakdown for all destinations and departments\n', NULL, 2, 1672430400, 0, 0, 1, 0, 1649749657, 1649753317, 'update', 174, 1649753317),
(5157, 3820, 383, 3, 10, 'Surveys', 'CE - Ensure that employee, vendor, events, tenants and any other surveys are conducted annually through the concerned departments and completed by end of 2022', NULL, 1, 1672430400, 0, 0, 1, 0, 1645680554, 1649830708, 'update', 173, 1649830708),
(5158, 3916, 383, 3, 10, 'HSE-INSPECTION REPORT', 'HSE - To ensure Shurooq existing and upcoming destination (Including tenants) are compliance with HSE Standards', NULL, 1, 1672430400, 0, 0, 1, 0, 1649831149, 1649832041, 'update', 174, 1649832041),
(5159, 3911, 3903, 3, 10, 'Collect the Data', 'SDG- Collect the consumption data from Finance, IT, and Procurement for each month in 2022', NULL, 2, 1672430400, 0, 0, 1, 0, 1649749814, 1649832190, 'update', 174, 1649832190),
(5160, 3921, 383, 3, 10, 'HSE- RISK ASSESSMENT', 'HSE - To conduct Risk Assessment at Shurooq destinations in advance for critical activities compliance to HSE standards', NULL, 1, 1672430400, 0, 0, 1, 0, 1649832381, 1649833308, 'update', 174, 1649833308),
(5161, 3925, 3923, 3, 10, 'Sustainability Requests', 'SDG- Open channel with departments\n', NULL, 2, 1672430400, 0, 0, 1, 0, 1649834183, 1649834784, 'update', 174, 1649834784),
(5162, 3927, 3926, 3, 10, 'Bee''ah Workshop', 'SDG- Coordinate with Bee’ah to conduct a workshop to present and clarify information on sustainability by the mid of 2022\n\n', NULL, 2, 1672430400, 0, 0, 1, 0, 1649835908, 1649836033, 'update', 174, 1649836033),
(5163, 3893, 3871, 3, 10, 'SAVINGS', 'Consolidate suppliers across all F&B outlets to get higher volumes.\nGet F&B buyer to negotiate rates and freeze the rates to ensure cost saving.\nEmploy effective utilization of Shurooq assets by first checking availability in Shajah warehouse before purchasing any operating equipment.\nMonthly report to be generated to track savings\n\n\n', NULL, 2, 1672430400, 0, 0, 1, 0, 1649320255, 1649846010, 'update', 298, 1649846010),
(5164, 3894, 3872, 3, 10, 'REVENUE', 'we have a well-structured marketing plan that specifies our target markets, marketing objectives, programs and activities to achieve them, timescales and the resources to be utilized, according to defined budgets.', NULL, 2, 1672430400, 0, 0, 1, 0, 1649320442, 1649846093, 'update', 298, 1649846093),
(5165, 3894, 3872, 3, 10, 'REVENUE', 'we have a well-structured marketing plan that specifies our target markets, marketing objectives, programs and activities to achieve them, timescales and the resources to be utilized, according to defined budgets.', NULL, 2, 1672430400, 0, 0, 1, 0, 1649320442, 1649847348, 'update', 298, 1649847348),
(5166, 3895, 3873, 3, 10, 'NEW MENU', 'We have well-planned and developed our individual outlet''s menus. While the listed dishes are the most prominent, many other elements impact our guests. From the general style down to very small details, everything we have put on our menu is essential for our sales. To create the best design possible, we have performed multiple levels of analysis and engage in restaurant menu engineering.', NULL, 2, 1672430400, 0, 0, 1, 0, 1649321100, 1649847453, 'update', 298, 1649847453),
(5167, 3874, 384, 3, 10, 'SCULPTURE', 'Structuring of the Food and Beverage department to ensure effective functionality', NULL, 1, 1672430400, 0, 0, 1, 0, 1648277360, 1649852108, 'update', 298, 1649852108),
(5168, 3875, 384, 3, 10, 'TRANSACT', 'Streamline the ordering processes for Food and Beverage daily ordering through PACT ', NULL, 1, 1672430400, 0, 0, 1, 0, 1648277514, 1649853161, 'update', 298, 1649853161),
(5169, 3898, 3876, 3, 10, 'REWARDS & RECOGNITION', 'Team motivation is a mandatory process to achieve better results. Rewards and recognitions is very important to uplift the moral of the employees and keep them in a great career pace. \n', NULL, 2, 1672430400, 0, 0, 1, 0, 1649322167, 1649853540, 'update', 298, 1649853540),
(5170, 3878, 392, 3, 10, 'COLLABORATION', 'Continue to develop partnerships with key Shurooq destinations and establish mechanisms to foster enhanced guest experience and increase in revenues in catering. \n', NULL, 1, 1672430400, 0, 0, 1, 0, 1648278079, 1649855293, 'update', 298, 1649855293),
(5171, 3879, 392, 3, 10, 'LOCAL SUPPLY CHAIN', 'Introduce Food and Beverage products supporting local SMEs and  Sharjah based suppliers ongoing through 2022.\n', NULL, 1, 1672430400, 0, 0, 1, 0, 1648278219, 1649855983, 'update', 298, 1649855983),
(5172, 3937, 3936, 3, 10, 'Ideas', 'CE- To share one idea monthly ', NULL, 2, 1672430400, 0, 0, 1, 0, 1649915814, 1649916261, 'update', 173, 1649916261),
(5173, 3905, 384, 3, 10, 'ISO 9001', 'CE-To decrease non conformity and corrective action by 100% in department processes maintaining ISO 9001 certificate ', NULL, 1, 1659211200, 0, 0, 1, 0, 1649747718, 1650260849, 'update', 173, 1650260849),
(5174, 3907, 384, 3, 10, 'Process Automation', 'CE-Automate 5% of Shurooq processes ', NULL, 1, 1672430400, 0, 0, 1, 0, 1649748514, 1650260869, 'update', 173, 1650260869),
(5175, 3913, 384, 3, 10, 'QC Committee ', 'CE-To review and evaluate the services for customers as a member of Quality control Committee', NULL, 1, 1672430400, 0, 0, 1, 0, 1649750542, 1650260885, 'update', 173, 1650260885),
(5176, 3914, 384, 3, 10, 'Innovative Ideas', 'CE-12 ideas to improve process flow for corporate excellence and corporate strategy processes', NULL, 1, 1672430400, 0, 0, 1, 0, 1649751076, 1650260901, 'update', 173, 1650260901),
(5177, 3915, 384, 3, 10, 'ISO 45001 Certificate', 'CE-To get an ISO 45001 certificate  for shurooq Corporate & destinations', NULL, 1, 1672430400, 0, 0, 1, 0, 1649751240, 1650260925, 'update', 173, 1650260925),
(5178, 3943, 3914, 3, 10, 'Innovative Ideas', 'Share my Idea with innovation team every month', NULL, 2, 1672430400, 0, 0, 1, 0, 1650262810, 1650262897, 'update', 173, 1650262897),
(5179, 3945, 3924, 3, 10, 'Ideas ', 'SDG- To share one innovative idea every month ', NULL, 2, 1672430400, 0, 0, 1, 0, 1650263959, 1650264154, 'update', 174, 1650264155),
(5180, 3946, 383, 3, 10, 'Strategy System', 'CSP-Strategy management system development with our consultant to make sure users requirements for 2022\n', NULL, 1, 1672430400, 0, 0, 1, 0, 1650264240, 1650264322, 'update', 173, 1650264322),
(5181, 3947, 383, 3, 10, 'SLA', 'CSP-List and analyze all SLA’s submitted for approximately 36 departments in collaboration with Sharjah Executive Council \n', NULL, 1, 1651262400, 0, 0, 1, 0, 1650264461, 1650264525, 'update', 173, 1650264525),
(5182, 3886, 390, 3, 10, 'Annual Strategy plan 2022', 'CSP-Comducts two Annual Strategy Plan 2022 for represntive staff\n', NULL, 1, 1645992000, 0, 0, 1, 0, 1649056686, 1650266165, 'update', 173, 1650266165),
(5183, 3886, 390, 3, 10, 'Annual Strategy plan 2022', 'CSP-Comducts two Annual Strategy Plan 2022 for represntive staff\n', NULL, 1, 1645992000, 0, 0, 1, 0, 1649056686, 1650266557, 'update', 173, 1650266557),
(5184, 3954, 390, 3, 10, 'Writing smart plan', 'CSP-Learning based workshops to improve writing  of smart objective and initiative  by 3rd quarter \n', NULL, 1, 1653940800, 0, 0, 1, 0, 1650266283, 1650266604, 'update', 173, 1650266604),
(5185, 3886, 390, 3, 10, 'Annual Strategy plan 2022', 'CSP-Conducts two Annual Strategy Plan 2022 for represntive staff\n', NULL, 1, 1645992000, 0, 0, 1, 0, 1649056686, 1650449539, 'update', 173, 1650449539),
(5186, 3889, 383, 3, 10, 'Exhibition & Programme', 'To deliver annual exhibitions at  Maraya Art Centre, 1971-\nDesign Space and at Al Hira Beach and develop focused educational programmes\n(online activation for all exhibitions )', NULL, 1, 1672257600, 0, 0, 1, 0, 1649240283, 1650529895, 'update', 115, 1650529895),
(5187, 3950, 384, 3, 10, 'Process flow', 'CSP- Influence timely submission through reviewing the process flow for year 2022\n', NULL, 1, 1664481600, 0, 0, 1, 0, 1650265733, 1651047596, 'update', 173, 1651047596),
(5188, 3984, 3976, 3, 10, 'Internal/External Audit', 'Closing all NCs during internal and external audit', NULL, 2, 1672430400, 0, 0, 1, 0, 1651503954, 1651504002, 'update', 215, 1651504002),
(5189, 3818, 3817, 3, 10, 'F and B', ' F &B-Conduct periodic inspections to ensure the tenants are following Food safety and hygiene standards', NULL, 2, 1672430400, 0, 0, 1, 0, 1645680256, 1652867503, 'update', 174, 1652867503),
(5190, 3926, 390, 3, 10, 'Sustainability Practices', 'SDG- To improve awareness on sustainability practices throughout the entity for employees through 2022\n', NULL, 1, 1672430400, 0, 0, 1, 0, 1649835013, 1655194256, 'update', 174, 1655194256);

-- --------------------------------------------------------

--
-- Структура таблицы `objective_reviews`
--

CREATE TABLE IF NOT EXISTS `objective_reviews` (
  `review_id` bigint(22) NOT NULL AUTO_INCREMENT,
  `objective_id` bigint(22) DEFAULT NULL,
  `user_id` int(11) DEFAULT NULL,
  `review` enum('reviewed','comments','reject') DEFAULT NULL,
  `comment_suggestion` text,
  `state_objective` enum('updated','not_yet','reviewed') DEFAULT 'not_yet',
  `is_delete` tinyint(4) DEFAULT '0',
  `is_active` tinyint(4) DEFAULT '1',
  `created_date` int(11) DEFAULT NULL,
  `modified_date` int(11) DEFAULT '0',
  PRIMARY KEY (`review_id`)
) ENGINE=MyISAM  DEFAULT CHARSET=utf8 AUTO_INCREMENT=56 ;

--
-- Дамп данных таблицы `objective_reviews`
--

INSERT INTO `objective_reviews` (`review_id`, `objective_id`, `user_id`, `review`, `comment_suggestion`, `state_objective`, `is_delete`, `is_active`, `created_date`, `modified_date`) VALUES
(1, 531, 87, 'comments', 'the target need to be more challenging ', 'not_yet', 1, 0, 1529914015, 0),
(2, 549, 35, 'comments', 'need to be more challenge', 'not_yet', 1, 0, 1529914324, 0),
(12, 531, 35, 'reviewed', '', 'reviewed', 1, 0, 1531161820, 0),
(13, 639, 143, 'comments', 'This objective needs to be more specific with list of training matching the training needs identified.', 'not_yet', 1, 0, 1536659270, 0),
(14, 639, 143, 'comments', 'This objective needs to be more specific with list of training matching the training needs identified. - Test', 'not_yet', 1, 0, 1536659276, 0),
(15, 639, 143, 'reviewed', NULL, 'reviewed', 1, 0, 1536659296, 0),
(16, 648, 143, 'comments', 'please review again based on needs. - Test', 'updated', 1, 0, 1536659488, 0),
(17, 648, 141, 'reviewed', NULL, 'reviewed', 1, 0, 1536660065, 0),
(18, 1097, 143, 'comments', 'added recommendation', 'updated', 0, 1, 1537772993, 0),
(19, 1097, 143, 'comments', 'added recommendation', 'updated', 0, 1, 1537773000, 0),
(20, 1093, 143, 'comments', 'added recommendation', 'updated', 0, 1, 1537773030, 0),
(21, 1093, 143, 'reviewed', NULL, 'reviewed', 0, 1, 1537773381, 0),
(22, 1097, 143, 'reviewed', NULL, 'reviewed', 0, 1, 1537773400, 0),
(23, 1227, 143, 'comments', 'adjust it accordingly to be yearly for 2019 as per the transformation.\nFor 2020 put it for - bi yearly', 'updated', 0, 1, 1565859001, 0),
(24, 1227, 143, 'comments', 'adjust it accordingly to be yearly for 2019 as per the transformation.\nFor 2020 put it for - bi yearly', 'updated', 0, 1, 1565859004, 0),
(25, 1227, 143, 'comments', 'adjust it accordingly to be yearly for 2019 as per the transformation.\nFor 2020 put it for - bi yearly', 'updated', 0, 1, 1565859006, 0),
(26, 1227, 143, 'comments', 'adjust it accordingly to be yearly for 2019 as per the transformation.\nFor 2020 put it for - bi yearly', 'updated', 0, 1, 1565859006, 0),
(27, 1227, 143, 'comments', 'adjust it accordingly to be yearly for 2019 as per the transformation.\nFor 2020 put it for - bi yearly', 'updated', 0, 1, 1565859033, 0),
(28, 1227, 143, 'comments', 'adjust it accordingly to be yearly for 2019 as per the transformation.\nFor 2020 put it for - bi yearly', 'updated', 0, 1, 1565859033, 0),
(32, 1475, 143, 'comments', 'Testing again', 'updated', 0, 1, 1565870975, 0),
(33, 1475, 143, 'comments', 'Testing...', 'updated', 0, 1, 1565871626, 0),
(34, 1475, 143, 'comments', 'Testing for initiative heading...', 'updated', 0, 1, 1565871961, 0),
(35, 1706, 143, 'comments', 'Testing only.', 'updated', 0, 1, 1565872344, 0),
(36, 1475, 143, 'reviewed', NULL, 'updated', 0, 1, 1565873839, 0),
(37, 1706, 143, 'reviewed', NULL, 'reviewed', 0, 1, 1565873885, 0),
(38, 1477, 143, 'comments', 'Yes For', 'updated', 0, 1, 1565877683, 0),
(39, 1477, 143, 'reviewed', NULL, 'reviewed', 0, 1, 1565877864, 0),
(40, 2225, 143, 'comments', 'Please update objective to be SMART ( specific, measurable, attainable, realistic and time bound)', 'not_yet', 1, 0, 1604478370, 0),
(41, 2309, 143, 'comments', 'Please update objective to be SMART ( specific, measurable, attainable, realistic and time bound)', 'updated', 1, 0, 1604478387, 0),
(42, 2691, 143, 'comments', 'Please update objective to be SMART ( specific, measurable, attainable, realistic and time bound)\n\nplease check weight - should be a total of 100 -  50+80+20 = ', 'not_yet', 1, 0, 1604478527, 0),
(43, 2686, 143, 'comments', 'Please update objective to be SMART ( specific, measurable, attainable, realistic and time bound)\nplease elaborate more, as i didn''t understand how design sustainability \nweight to be a total of 100 the weight now is 80.', 'updated', 1, 0, 1604478577, 0),
(44, 2688, 143, 'comments', 'Please update objective to be SMART ( specific, measurable, attainable, realistic and time bound)\n\ntotal weight to 100 ', 'updated', 1, 0, 1604478598, 0),
(45, 2248, 143, 'comments', 'Please update objective to be SMART ( specific, measurable, attainable, realistic and time bound)\n\nTotal weight to be 100', 'updated', 1, 0, 1604478621, 0),
(46, 2707, 143, 'comments', 'Please update objective to be SMART ( specific, measurable, attainable, realistic and time bound)\n\ntotal KPI weight to be 100', 'updated', 1, 0, 1604478640, 0),
(47, 2267, 143, 'comments', 'Please update objective to be SMART ( specific, measurable, attainable, realistic and time bound)\n\ni would suggest to increase internal meeting and also check KPI weight to be a total of 100', 'updated', 1, 0, 1604478680, 0),
(48, 2694, 143, 'comments', 'Please update objective to be SMART ( specific, measurable, attainable, realistic and time bound)\n\nKPI weight to be amended to 100', 'updated', 1, 0, 1604478705, 0),
(49, 2709, 143, 'comments', 'amend of objective. and we have done this and its completed.\n\nProjects process have been reduced and combined ', 'updated', 1, 0, 1604479103, 0),
(50, 2698, 143, 'comments', 'elaborate more on objective please', 'updated', 1, 0, 1604479136, 0),
(51, 2700, 143, 'comments', 'what does a target of 3 mean?', 'updated', 1, 0, 1604479168, 0),
(52, 2702, 143, 'comments', 'elaborate on the objective', 'updated', 1, 0, 1604479194, 0),
(53, 2704, 143, 'comments', 'just a slight elaboration on the objectives please.', 'updated', 1, 0, 1604479235, 0),
(54, 2225, 143, 'reviewed', NULL, 'not_yet', 1, 0, 1604565035, 0),
(55, 2040, 251, 'reviewed', NULL, 'reviewed', 0, 1, 1611210819, 0);

-- --------------------------------------------------------

--
-- Структура таблицы `organizations`
--

CREATE TABLE IF NOT EXISTS `organizations` (
  `organization_id` bigint(20) unsigned NOT NULL AUTO_INCREMENT,
  `user_id_fk` bigint(20) DEFAULT NULL,
  `client_id_fk` int(11) DEFAULT NULL,
  `name` varchar(255) NOT NULL,
  `description` text,
  `logo` varchar(500) DEFAULT NULL,
  `domain` varchar(255) NOT NULL,
  `language` enum('ar','en') NOT NULL,
  `is_active` int(11) NOT NULL DEFAULT '1',
  `is_delete` int(11) NOT NULL DEFAULT '0',
  `created_date` bigint(20) NOT NULL,
  `modified_date` bigint(20) DEFAULT NULL,
  PRIMARY KEY (`organization_id`)
) ENGINE=InnoDB  DEFAULT CHARSET=utf8 ROW_FORMAT=COMPACT AUTO_INCREMENT=5 ;

--
-- Дамп данных таблицы `organizations`
--

INSERT INTO `organizations` (`organization_id`, `user_id_fk`, `client_id_fk`, `name`, `description`, `logo`, `domain`, `language`, `is_active`, `is_delete`, `created_date`, `modified_date`) VALUES
(1, NULL, NULL, 'المجلس التنفيذي عجمان', 'المجلس التنفيذي عجمان', '48022882.png', 'ajc', 'ar', 1, 0, 1502799444, 1505393224),
(2, NULL, NULL, 'Sharjah Commerce & Tourism Development Authority', 'Sharjah Commerce and Tourism Development Authority (SCTDA) was established in 1996. Through various events and activities, SCTDA aims to promote the Emirate of Sharjah as an Ideal Family Tourism Destination at local, regional and international levels in line with the Sharjah Tourism Vision 2021, which aims to attract 10 million tourists by 2021.', '86627376.png', 'sctda', 'en', 1, 0, 1505627261, 1505627806),
(3, NULL, NULL, 'SHUROOQ', 'Over the years, Sharjah has grown into a centre for arts and culture as well as a leading industrial hub. The emirate takes a holistic and balanced approach to economic and social development by creating human-centric experiences in conjunction with the development of physical assets and infrastructure.', '12949893.png', 'shurooq', 'en', 1, 0, 1506936035, 1532894740),
(4, NULL, NULL, 'Depart of Trade and Industry', NULL, NULL, 'dotc', 'en', 1, 0, 1515322852, NULL);

-- --------------------------------------------------------

--
-- Структура таблицы `plan_status`
--

CREATE TABLE IF NOT EXISTS `plan_status` (
  `id` int(11) NOT NULL AUTO_INCREMENT,
  `pms_lifecycle_id` int(11) NOT NULL,
  `user_type_id` int(11) NOT NULL,
  `plan_status` enum('draft','submit','release') NOT NULL,
  `allow_to_change` enum('no','yes') DEFAULT 'no',
  `is_delete` tinyint(4) NOT NULL,
  `created_date` int(11) NOT NULL,
  `modified_date` int(11) NOT NULL,
  PRIMARY KEY (`id`)
) ENGINE=MyISAM  DEFAULT CHARSET=utf8 AUTO_INCREMENT=241 ;

--
-- Дамп данных таблицы `plan_status`
--

INSERT INTO `plan_status` (`id`, `pms_lifecycle_id`, `user_type_id`, `plan_status`, `allow_to_change`, `is_delete`, `created_date`, `modified_date`) VALUES
(1, 3, 14, 'draft', 'no', 0, 1532852902, 1532852902),
(2, 3, 15, 'submit', 'no', 0, 1532861312, 1532861312),
(3, 3, 16, 'draft', 'no', 0, 1532861316, 1532861316),
(4, 3, 17, 'draft', 'no', 0, 1532861317, 1532861317),
(5, 3, 18, 'submit', 'no', 0, 1532861318, 1532861318),
(6, 3, 19, 'draft', 'no', 0, 1532861318, 1532861318),
(7, 3, 20, 'draft', 'no', 0, 1532861318, 1532861318),
(8, 3, 21, 'draft', 'no', 0, 1532861318, 1532861318),
(9, 3, 22, 'draft', 'no', 0, 1532861318, 1532861318),
(10, 3, 23, 'draft', 'no', 0, 1532861318, 1532861318),
(11, 3, 24, 'submit', 'no', 0, 1532861319, 1532861319),
(12, 3, 25, 'submit', 'no', 0, 1532861319, 1532861319),
(13, 3, 26, 'submit', 'no', 0, 1532861319, 1532861319),
(14, 3, 27, 'draft', 'no', 0, 1532861319, 1532861319),
(15, 3, 28, 'draft', 'no', 0, 1532861329, 1532861329),
(16, 3, 29, 'draft', 'no', 0, 1532865001, 1532865001),
(17, 3, 30, 'draft', 'no', 0, 1532865027, 1532865027),
(18, 3, 31, 'draft', 'no', 0, 1532865052, 1532865052),
(19, 3, 32, 'draft', 'no', 0, 1532865074, 1532865074),
(20, 3, 33, 'draft', 'no', 0, 1532865101, 1532865101),
(21, 3, 34, 'draft', 'no', 0, 1532865121, 1532865121),
(22, 3, 35, 'draft', 'no', 0, 1532865150, 1532865150),
(23, 3, 36, 'draft', 'no', 0, 1532865186, 1532865186),
(24, 3, 37, 'draft', 'no', 0, 1532865205, 1532865205),
(25, 3, 38, 'draft', 'no', 0, 1532865227, 1532865227),
(26, 3, 39, 'draft', 'no', 0, 1532865243, 1532865243),
(27, 3, 40, 'draft', 'no', 0, 1532865261, 1532865261),
(28, 3, 41, 'draft', 'no', 0, 1532865319, 1532865319),
(29, 3, 42, 'draft', 'no', 0, 1532865340, 1532865340),
(30, 3, 43, 'draft', 'no', 0, 1532865340, 1532865340),
(31, 3, 44, 'draft', 'no', 0, 1532865360, 1532865360),
(32, 3, 45, 'draft', 'no', 0, 1532865363, 1532865363),
(33, 3, 46, 'draft', 'no', 0, 1532865364, 1532865364),
(34, 3, 64, 'release', 'no', 0, 1536324329, 1536324329),
(35, 7, 14, 'draft', 'no', 0, 1539764897, 0),
(36, 7, 15, 'release', 'no', 0, 1539764897, 1568791498),
(37, 7, 16, 'release', 'yes', 0, 1539764897, 0),
(38, 7, 17, 'release', 'yes', 0, 1539764897, 0),
(39, 7, 18, 'release', 'no', 0, 1539764897, 1570426750),
(40, 7, 19, 'release', 'no', 0, 1539764897, 0),
(41, 7, 20, 'submit', 'yes', 0, 1539764897, 0),
(42, 7, 21, 'release', 'no', 0, 1539764897, 1571810464),
(43, 7, 22, 'draft', 'no', 0, 1539764897, 0),
(44, 7, 23, 'draft', 'no', 0, 1539764897, 0),
(45, 7, 24, 'release', 'yes', 0, 1539764897, 0),
(46, 7, 25, 'release', 'no', 0, 1539764897, 1571567648),
(47, 7, 26, 'release', 'no', 0, 1539764897, 1572336323),
(48, 7, 27, 'draft', 'no', 0, 1539764897, 0),
(49, 7, 28, 'release', 'no', 0, 1539764897, 1572844484),
(50, 7, 29, 'release', 'no', 0, 1539764897, 1573378605),
(51, 7, 30, 'release', 'yes', 0, 1539764897, 1568113434),
(52, 7, 31, 'release', 'yes', 0, 1539764897, 1576749706),
(53, 7, 32, 'release', 'no', 0, 1539764897, 1570512458),
(54, 7, 33, 'release', 'no', 0, 1539764897, 1572955324),
(55, 7, 34, 'release', 'no', 0, 1539764897, 0),
(56, 7, 35, 'release', 'no', 0, 1539764897, 1570619463),
(57, 7, 36, 'release', 'no', 0, 1539764897, 0),
(58, 7, 37, 'release', 'no', 0, 1539764897, 1573028739),
(59, 7, 38, 'draft', 'no', 0, 1539764897, 0),
(60, 7, 39, 'release', 'yes', 0, 1539764897, 1569304905),
(61, 7, 40, 'release', 'yes', 0, 1539764897, 1576487406),
(62, 7, 41, 'release', 'yes', 0, 1539764897, 1569923293),
(63, 7, 42, 'release', 'no', 0, 1539764897, 1572264485),
(64, 7, 43, 'release', 'no', 0, 1539764897, 1571897930),
(65, 7, 44, 'release', 'yes', 0, 1539764897, 1577949789),
(66, 7, 45, 'release', 'no', 0, 1539764897, 1573979597),
(67, 7, 46, 'release', 'no', 0, 1539764897, 1570445272),
(68, 7, 64, 'release', 'yes', 0, 1539764897, 1563806014),
(69, 8, 14, 'draft', 'no', 0, 1539764924, 0),
(70, 8, 15, 'release', 'no', 0, 1539764924, 1583998986),
(71, 8, 16, 'release', 'yes', 0, 1539764924, 1612251653),
(72, 8, 17, 'release', 'yes', 0, 1539764924, 1594113392),
(73, 8, 18, 'release', 'yes', 0, 1539764924, 1610255471),
(74, 8, 19, 'release', 'no', 0, 1539764924, 1595497976),
(75, 8, 20, 'draft', 'no', 0, 1539764924, 0),
(76, 8, 21, 'release', 'yes', 0, 1539764924, 1609058278),
(77, 8, 22, 'draft', 'no', 0, 1539764924, 0),
(78, 8, 23, 'draft', 'no', 0, 1539764924, 0),
(79, 8, 24, 'release', 'no', 0, 1539764924, 1611216929),
(80, 8, 25, 'release', 'no', 0, 1539764924, 1615958871),
(81, 8, 26, 'release', 'yes', 0, 1539764924, 1611214351),
(82, 8, 27, 'draft', 'no', 0, 1539764924, 0),
(83, 8, 28, 'release', 'yes', 0, 1539764924, 1607584361),
(84, 8, 29, 'release', 'yes', 0, 1539764924, 1606118905),
(85, 8, 30, 'release', 'yes', 0, 1539764924, 1613547585),
(86, 8, 31, 'release', 'yes', 0, 1539764924, 1611214079),
(87, 8, 32, 'release', 'yes', 0, 1539764924, 1610872131),
(88, 8, 33, 'release', 'yes', 0, 1539764924, 1607584412),
(89, 8, 34, 'release', 'yes', 0, 1539764924, 1611140823),
(90, 8, 35, 'draft', 'no', 0, 1539764924, 0),
(91, 8, 36, 'release', 'yes', 0, 1539764924, 1609057444),
(92, 8, 37, 'release', 'yes', 0, 1539764924, 1611223358),
(93, 8, 38, 'release', 'yes', 0, 1539764924, 1609751884),
(94, 8, 39, 'release', 'yes', 0, 1539764924, 1594203755),
(95, 8, 40, 'release', 'no', 0, 1539764924, 1612256301),
(96, 8, 41, 'release', 'yes', 0, 1539764924, 1609663682),
(97, 8, 42, 'release', 'yes', 0, 1539764924, 1611215282),
(98, 8, 43, 'release', 'yes', 0, 1539764924, 1615267508),
(99, 8, 44, 'draft', 'no', 0, 1539764924, 0),
(100, 8, 45, 'release', 'no', 0, 1539764924, 1583999216),
(101, 8, 46, 'release', 'yes', 0, 1539764924, 0),
(102, 8, 64, 'draft', 'no', 0, 1539764924, 1581839539),
(103, 9, 14, 'draft', 'no', 0, 1539764937, 0),
(104, 9, 15, 'release', 'yes', 0, 1539764937, 1633508867),
(105, 9, 16, 'release', 'yes', 0, 1539764937, 1627384409),
(106, 9, 17, 'release', 'yes', 0, 1539764937, 1621406267),
(107, 9, 18, 'release', 'yes', 0, 1539764937, 1629877559),
(108, 9, 19, 'release', 'yes', 0, 1539764937, 1619685778),
(109, 9, 20, 'draft', 'no', 0, 1539764937, 0),
(110, 9, 21, 'release', 'yes', 0, 1539764937, 1627382509),
(111, 9, 22, 'draft', 'no', 0, 1539764937, 0),
(112, 9, 23, 'draft', 'no', 0, 1539764937, 0),
(113, 9, 24, 'release', 'yes', 0, 1539764937, 1627976501),
(114, 9, 25, 'release', 'yes', 0, 1539764937, 1620641953),
(115, 9, 26, 'release', 'yes', 0, 1539764937, 1632896937),
(116, 9, 78, 'draft', 'no', 0, 1539764937, 0),
(117, 9, 28, 'release', 'yes', 0, 1539764937, 1631087517),
(118, 9, 29, 'release', 'yes', 0, 1539764937, 1626594304),
(119, 9, 30, 'release', 'yes', 0, 1539764937, 1627808460),
(120, 9, 31, 'release', 'yes', 0, 1539764937, 1643010984),
(121, 9, 32, 'release', 'yes', 0, 1539764937, 1630315691),
(122, 9, 33, 'release', 'yes', 0, 1539764937, 1631087587),
(123, 9, 34, 'release', 'yes', 0, 1539764937, 1621935944),
(124, 9, 35, 'draft', 'no', 0, 1539764937, 0),
(125, 9, 36, 'release', 'yes', 0, 1539764937, 1613636113),
(126, 9, 37, 'release', 'yes', 0, 1539764937, 1632903538),
(127, 9, 38, 'release', 'yes', 0, 1539764937, 1646807454),
(128, 9, 39, 'release', 'yes', 0, 1539764937, 1625035855),
(129, 9, 40, 'release', 'yes', 0, 1539764937, 1638958619),
(130, 9, 41, 'release', 'yes', 0, 1539764937, 1630319593),
(131, 9, 42, 'release', 'yes', 0, 1539764937, 1629694758),
(132, 9, 43, 'release', 'yes', 0, 1539764937, 1623560144),
(133, 9, 44, 'release', 'yes', 0, 1539764937, 1642059058),
(134, 9, 45, 'release', 'yes', 0, 1539764937, 1629182690),
(135, 9, 46, 'release', 'yes', 0, 1539764937, 1621763721),
(136, 9, 64, 'draft', 'no', 0, 1539764937, 0),
(137, 3, 66, 'draft', 'no', 0, 1532865205, 1532865205),
(138, 7, 66, 'release', 'yes', 0, 1539764897, 1573381242),
(139, 8, 66, 'draft', 'no', 0, 1539764924, 0),
(140, 9, 66, 'draft', 'no', 0, 1539764937, 0),
(141, 3, 67, 'draft', 'no', 0, 1532852902, 0),
(142, 7, 67, 'release', 'no', 0, 1539764897, 1575786572),
(143, 8, 67, 'release', 'yes', 0, 1539764924, 1609750337),
(144, 9, 67, 'draft', 'no', 0, 1539764937, 0),
(145, 7, 68, 'release', 'no', 0, 1539764897, 1569920549),
(146, 3, 68, 'draft', 'no', 0, 1532852902, 0),
(147, 8, 68, 'draft', 'no', 0, 1539764924, 0),
(148, 9, 68, 'draft', 'no', 0, 1539764937, 0),
(149, 3, 69, 'draft', 'no', 0, 1539764937, 0),
(150, 7, 69, 'draft', 'no', 0, 1539764937, 0),
(151, 8, 69, 'draft', 'no', 0, 1539764937, 0),
(152, 9, 69, 'draft', 'no', 0, 1539764937, 0),
(153, 3, 70, 'draft', 'no', 0, 1539764937, 0),
(154, 7, 70, 'release', 'no', 0, 1539764937, 1570451770),
(155, 8, 70, 'release', 'yes', 0, 1539764937, 1607930816),
(156, 9, 70, 'release', 'yes', 0, 1539764937, 1643011697),
(157, 3, 71, 'draft', 'no', 0, 1573369099, 0),
(158, 7, 71, 'release', 'no', 0, 1573369099, 1591703897),
(159, 8, 71, 'release', 'yes', 0, 1573369099, 1610617692),
(160, 9, 71, 'draft', 'no', 0, 1573369099, 0),
(161, 3, 72, 'draft', 'no', 0, 1579422700, 0),
(162, 7, 72, 'release', 'yes', 0, 1579422700, 1586346684),
(163, 8, 72, 'release', 'yes', 0, 1579422700, 1611209813),
(164, 9, 72, 'release', 'yes', 0, 1579422700, 1630912219),
(165, 3, 73, 'draft', 'no', 0, 1597214542, 0),
(166, 7, 73, 'draft', 'no', 0, 1597214542, 0),
(167, 8, 73, 'release', 'yes', 0, 1597214542, 1611136004),
(168, 9, 73, 'release', 'yes', 0, 1597214542, 1623829876),
(169, 3, 74, 'draft', 'no', 0, 1597214542, 0),
(170, 7, 74, 'draft', 'no', 0, 1597214542, 0),
(171, 8, 74, 'release', 'yes', 0, 1597214542, 1617266287),
(172, 9, 74, 'release', 'yes', 0, 1597214542, 1640100046),
(173, 3, 75, 'draft', 'no', 0, 1597214542, 0),
(174, 7, 75, 'draft', 'no', 0, 1597214542, 0),
(175, 8, 75, 'submit', 'no', 0, 1597214542, 1619939386),
(176, 9, 75, 'release', 'yes', 0, 1597214542, 1645704254),
(177, 3, 76, 'draft', 'no', 0, 1597214542, 0),
(178, 7, 76, 'draft', 'no', 0, 1597214542, 0),
(179, 8, 76, 'draft', 'no', 0, 1597214542, 1611136004),
(180, 9, 76, 'release', 'yes', 0, 1597214542, 1646813086),
(181, 3, 77, 'draft', 'no', 0, 1597214542, 0),
(182, 7, 77, 'draft', 'no', 0, 1597214542, 0),
(183, 8, 77, 'draft', 'no', 0, 1597214542, 1611136004),
(184, 9, 77, 'draft', 'no', 0, 1597214542, 0),
(185, 3, 79, 'draft', 'no', 0, 1597214542, 0),
(186, 7, 79, 'draft', 'no', 0, 1597214542, 0),
(187, 8, 79, 'draft', 'no', 0, 1597214542, 0),
(188, 9, 27, 'draft', 'no', 0, 1597214542, 0),
(189, 9, 79, 'release', 'yes', 0, 1539764937, 1630306339),
(190, 3, 78, 'draft', 'no', 0, 1597214542, 0),
(191, 7, 78, 'draft', 'no', 0, 1597214542, 0),
(192, 8, 78, 'draft', 'no', 0, 1597214542, 0),
(193, 10, 14, 'draft', 'no', 0, 1630568111, 1630568111),
(194, 10, 15, 'draft', 'no', 0, 1630568111, 1630568111),
(195, 10, 16, 'draft', 'no', 0, 1630568111, 1630568111),
(196, 10, 17, 'draft', 'no', 0, 1630568111, 1630568111),
(197, 10, 18, 'draft', 'no', 0, 1630568111, 1630568111),
(198, 10, 19, 'draft', 'no', 0, 1630568111, 1630568111),
(199, 10, 20, 'draft', 'no', 0, 1630568111, 1630568111),
(200, 10, 21, 'draft', 'no', 0, 1630568111, 1630568111),
(201, 10, 22, 'draft', 'no', 0, 1630568111, 1630568111),
(202, 10, 23, 'draft', 'no', 0, 1630568111, 1630568111),
(203, 10, 24, 'draft', 'no', 0, 1630568111, 1630568111),
(204, 10, 25, 'draft', 'no', 0, 1630568111, 1630568111),
(205, 10, 26, 'draft', 'no', 0, 1630568111, 1630568111),
(206, 10, 27, 'draft', 'no', 0, 1630568111, 1630568111),
(207, 10, 28, 'draft', 'no', 0, 1630568111, 1630568111),
(208, 10, 29, 'draft', 'no', 0, 1630568111, 1630568111),
(209, 10, 30, 'draft', 'no', 0, 1630568111, 1630568111),
(210, 10, 31, 'draft', 'no', 0, 1630568111, 1630568111),
(211, 10, 32, 'draft', 'no', 0, 1630568111, 1630568111),
(212, 10, 33, 'draft', 'no', 0, 1630568111, 1630568111),
(213, 10, 34, 'draft', 'no', 0, 1630568111, 1630568111),
(214, 10, 35, 'draft', 'no', 0, 1630568111, 1630568111),
(215, 10, 36, 'draft', 'no', 0, 1630568111, 1630568111),
(216, 10, 37, 'draft', 'no', 0, 1630568111, 1630568111),
(217, 10, 38, 'draft', 'no', 0, 1630568111, 1630568111),
(218, 10, 39, 'draft', 'no', 0, 1630568111, 1630568111),
(219, 10, 40, 'draft', 'no', 0, 1630568111, 1630568111),
(220, 10, 41, 'draft', 'no', 0, 1630568111, 1630568111),
(221, 10, 42, 'draft', 'no', 0, 1630568111, 1630568111),
(222, 10, 43, 'draft', 'no', 0, 1630568111, 1630568111),
(223, 10, 44, 'draft', 'no', 0, 1630568111, 1630568111),
(224, 10, 45, 'draft', 'no', 0, 1630568111, 1630568111),
(225, 10, 46, 'draft', 'no', 0, 1630568111, 1630568111),
(226, 10, 64, 'draft', 'no', 0, 1630568111, 1630568111),
(227, 10, 78, 'draft', 'no', 0, 1630568111, 1630568111),
(228, 10, 66, 'draft', 'no', 0, 1630568111, 1630568111),
(229, 10, 67, 'draft', 'no', 0, 1630568111, 1630568111),
(230, 10, 68, 'draft', 'no', 0, 1630568111, 1630568111),
(231, 10, 69, 'draft', 'no', 0, 1630568111, 1630568111),
(232, 10, 70, 'draft', 'no', 0, 1630568111, 1630568111),
(233, 10, 71, 'draft', 'no', 0, 1630568111, 1630568111),
(234, 10, 72, 'draft', 'no', 0, 1630568111, 1630568111),
(235, 10, 73, 'draft', 'no', 0, 1630568111, 1630568111),
(236, 10, 74, 'draft', 'no', 0, 1630568111, 1630568111),
(237, 10, 75, 'draft', 'no', 0, 1630568111, 1630568111),
(238, 10, 76, 'draft', 'no', 0, 1630568111, 1630568111),
(239, 10, 77, 'draft', 'no', 0, 1630568111, 1630568111),
(240, 10, 79, 'draft', 'no', 0, 1630568111, 1630568111);

-- --------------------------------------------------------

--
-- Структура таблицы `plan_status_history`
--

CREATE TABLE IF NOT EXISTS `plan_status_history` (
  `id` int(11) NOT NULL AUTO_INCREMENT,
  `pms_lifecycle_id` int(11) DEFAULT NULL,
  `user_id` int(11) DEFAULT NULL,
  `user_type_id` int(11) DEFAULT NULL,
  `plan_status` enum('draft','submitted','released','for_update','capproved','approved','reviewed','allowtochange','changesdone') DEFAULT NULL,
  `created_date` int(11) DEFAULT NULL,
  PRIMARY KEY (`id`)
) ENGINE=MyISAM  DEFAULT CHARSET=utf8 AUTO_INCREMENT=2 ;

--
-- Дамп данных таблицы `plan_status_history`
--

INSERT INTO `plan_status_history` (`id`, `pms_lifecycle_id`, `user_id`, `user_type_id`, `plan_status`, `created_date`) VALUES
(1, 10, 215, 26, 'draft', 1651487861);

-- --------------------------------------------------------

--
-- Структура таблицы `pms_feature`
--

CREATE TABLE IF NOT EXISTS `pms_feature` (
  `id` int(11) NOT NULL AUTO_INCREMENT,
  `title` varchar(500) NOT NULL,
  `title_ar` varchar(255) NOT NULL,
  `status` enum('Enable','Disable') DEFAULT 'Enable',
  `ordered` int(11) NOT NULL,
  `created_by` int(11) NOT NULL,
  `modified_by` int(11) NOT NULL,
  `created_date` datetime NOT NULL,
  `modified_date` timestamp NOT NULL DEFAULT CURRENT_TIMESTAMP,
  PRIMARY KEY (`id`)
) ENGINE=MyISAM  DEFAULT CHARSET=utf8 AUTO_INCREMENT=362 ;

--
-- Дамп данных таблицы `pms_feature`
--

INSERT INTO `pms_feature` (`id`, `title`, `title_ar`, `status`, `ordered`, `created_by`, `modified_by`, `created_date`, `modified_date`) VALUES
(1, 'Plan Cycles', 'Plan Cycles', 'Enable', 1, 3, 3, '2018-03-12 09:00:00', '0000-00-00 00:00:00'),
(2, 'Create System Roles', 'Create System Roles', 'Enable', 2, 3, 3, '2018-03-12 09:00:00', '0000-00-00 00:00:00'),
(3, 'Assign System Roles', 'Assign System Roles', 'Enable', 3, 3, 3, '2018-03-12 09:00:00', '0000-00-00 00:00:00'),
(4, 'Create Org. Units', 'Create Org. Units', 'Enable', 4, 3, 3, '2018-03-12 09:00:00', '0000-00-00 00:00:00'),
(5, 'Create Org. Services', 'Create Org. Services', 'Enable', 5, 3, 3, '2018-03-12 09:00:00', '0000-00-00 00:00:00'),
(6, 'Create User/Disable', 'Create User/Disable', 'Enable', 6, 3, 3, '2018-03-12 09:00:00', '0000-00-00 00:00:00'),
(7, 'Edit Strategic Direction', 'Edit Strategic Direction', 'Enable', 7, 3, 3, '2018-03-12 09:00:00', '0000-00-00 00:00:00'),
(8, 'View Strategic Direction', 'View Strategic Direction', 'Enable', 8, 3, 3, '2018-03-12 09:00:00', '0000-00-00 00:00:00'),
(9, 'View Logs', 'View Logs', 'Enable', 9, 3, 3, '2018-03-12 09:00:00', '0000-00-00 00:00:00'),
(10, 'Approve Plan', 'Approve Plan', 'Enable', 10, 3, 3, '2018-03-12 09:00:00', '0000-00-00 00:00:00'),
(12, 'Allow to Change Plan', 'Allow to Change Plan', 'Enable', 12, 3, 3, '2018-03-12 09:00:00', '0000-00-00 00:00:00'),
(13, 'Add, Edit and Submit Plan', 'Add, Edit and Submit Plan', 'Enable', 13, 3, 3, '2018-03-12 09:00:00', '0000-00-00 00:00:00'),
(14, 'Review /Recommend Plan', 'Review /Recommend Plan', 'Enable', 14, 3, 3, '2018-03-12 09:00:00', '0000-00-00 00:00:00'),
(15, 'View Plan / Progress', 'View Plan / Progress', 'Enable', 15, 3, 3, '2018-03-12 09:00:00', '0000-00-00 00:00:00'),
(16, 'Add and Edit Indicators (KPIs)', 'Add and Edit Indicators (KPIs)', 'Enable', 16, 3, 3, '2018-03-12 09:00:00', '0000-00-00 00:00:00'),
(17, 'View Indicators (KPIs)\r\n', 'View Indicators (KPIs)\r\n', 'Enable', 17, 3, 3, '2018-03-12 09:00:00', '0000-00-00 00:00:00'),
(18, 'Add and Edit Risks\r\n', 'Add and Edit Risks\r\n', 'Enable', 18, 3, 3, '2018-03-12 09:00:00', '0000-00-00 00:00:00'),
(19, 'View Risks\r\n', 'View Risks', 'Enable', 19, 3, 3, '2018-03-12 09:00:00', '0000-00-00 00:00:00'),
(20, 'View Finance Summary', 'View Finance Summary', 'Enable', 20, 3, 3, '2018-03-12 09:00:00', '0000-00-00 00:00:00'),
(21, 'View/download VTA\r\n', 'View/download VTA\r\n', 'Enable', 21, 3, 3, '2018-03-12 09:00:00', '0000-00-00 00:00:00'),
(22, 'History of VTA\r\n', 'History of VTA\r\n', 'Enable', 22, 3, 3, '2018-03-12 09:00:00', '0000-00-00 00:00:00'),
(24, 'Review Action Plan', 'Review Action Plan', 'Enable', 24, 3, 3, '2018-03-12 09:00:00', '0000-00-00 00:00:00'),
(23, 'View/download VTA Actions', 'View/download VTA Actions', 'Enable', 23, 3, 3, '2018-03-12 09:00:00', '0000-00-00 00:00:00'),
(25, 'Mark as Complete Action/Plan', 'Mark as Complete Action/Plan', 'Enable', 25, 3, 3, '2018-03-12 09:00:00', '0000-00-00 00:00:00'),
(26, 'View/download Monthly achievement', 'View/download Monthly achievement', 'Enable', 26, 3, 3, '2018-03-12 09:00:00', '0000-00-00 00:00:00'),
(27, 'View Monthly Action/Plan', 'View Monthly Action/Plan', 'Enable', 27, 3, 3, '2018-03-12 09:00:00', '0000-00-00 00:00:00'),
(28, 'Delivered Service Report\r\n', 'Delivered Service Report\r\n', 'Enable', 28, 3, 3, '2018-03-12 09:00:00', '0000-00-00 00:00:00'),
(29, 'Add stat of Indicators (KPIs)\r\n', 'Add stat of Indicators (KPIs)\r\n', 'Enable', 29, 3, 3, '2018-03-12 09:00:00', '0000-00-00 00:00:00'),
(30, 'View stat and result of KPIs', 'View stat and result of KPIs', 'Enable', 30, 3, 3, '2018-03-12 09:00:00', '0000-00-00 00:00:00'),
(31, 'Dashboard', 'Dashboard', 'Enable', 31, 3, 3, '2018-03-12 09:00:00', '0000-00-00 00:00:00'),
(32, 'Interdependency ', 'Interdependency', 'Enable', 32, 3, 3, '2018-03-12 09:00:00', '0000-00-00 00:00:00'),
(33, 'Monthly Chart', 'Monthly Chart', 'Enable', 33, 3, 3, '2018-03-12 09:00:00', '0000-00-00 00:00:00'),
(34, 'Overall', 'Overall Strategic Performance', 'Enable', 34, 3, 3, '2018-03-12 09:00:00', '0000-00-00 00:00:00'),
(35, 'Achievement', 'Achievement', 'Enable', 35, 3, 3, '2018-03-12 09:00:00', '0000-00-00 00:00:00'),
(36, 'Progress', 'Progress', 'Enable', 36, 3, 3, '2018-03-12 09:00:00', '0000-00-00 00:00:00'),
(37, 'Commitment', 'Commitment', 'Enable', 37, 3, 3, '2018-03-12 09:00:00', '0000-00-00 00:00:00');

-- --------------------------------------------------------

--
-- Структура таблицы `pms_lifecycle`
--

CREATE TABLE IF NOT EXISTS `pms_lifecycle` (
  `pms_lifecycle_id` int(11) NOT NULL AUTO_INCREMENT,
  `entity_id` bigint(20) NOT NULL,
  `total_strategic_objective` int(11) NOT NULL,
  `total_main_objective` int(11) NOT NULL,
  `total_sub_objective` int(11) NOT NULL,
  `main_operation` enum('auto','custom') NOT NULL,
  `sub_operation` enum('auto','custom') NOT NULL,
  `start_date` int(11) NOT NULL,
  `end_date` int(11) NOT NULL,
  `title` varchar(255) NOT NULL,
  `description` text NOT NULL,
  `cycle_type` enum('awards','company') NOT NULL,
  `is_active` tinyint(4) NOT NULL DEFAULT '1',
  `is_delete` tinyint(4) NOT NULL DEFAULT '0',
  `created_date` int(11) NOT NULL,
  `modified_date` int(11) NOT NULL,
  PRIMARY KEY (`pms_lifecycle_id`)
) ENGINE=MyISAM  DEFAULT CHARSET=utf8 AUTO_INCREMENT=4 ;

--
-- Дамп данных таблицы `pms_lifecycle`
--

INSERT INTO `pms_lifecycle` (`pms_lifecycle_id`, `entity_id`, `total_strategic_objective`, `total_main_objective`, `total_sub_objective`, `main_operation`, `sub_operation`, `start_date`, `end_date`, `title`, `description`, `cycle_type`, `is_active`, `is_delete`, `created_date`, `modified_date`) VALUES
(1, 1, 8, 1, 4, 'auto', 'auto', 1483214400, 1514750400, 'Cycle 2017', 'Life cycle 2017', 'awards', 1, 0, 1502799400, 0),
(2, 2, 0, 0, 0, 'custom', 'custom', 1505937600, 1536609600, 'SCTDA Cycle 2017', 'SCTDA Cycle 2017', 'company', 1, 0, 1505627377, 1505627624),
(3, 3, 0, 0, 0, 'custom', 'custom', 1506801600, 1538337600, 'Shurooq Cycle 2017', 'Shurooq Cycle 2017', 'company', 1, 0, 1506936142, 0);

-- --------------------------------------------------------

--
-- Структура таблицы `pms_sub_features`
--

CREATE TABLE IF NOT EXISTS `pms_sub_features` (
  `id` int(11) NOT NULL AUTO_INCREMENT,
  `name` varchar(100) NOT NULL,
  `name_ar` varchar(255) NOT NULL,
  `feature_id` int(11) NOT NULL,
  PRIMARY KEY (`id`)
) ENGINE=InnoDB DEFAULT CHARSET=utf8 AUTO_INCREMENT=1 ;

-- --------------------------------------------------------

--
-- Структура таблицы `product_monthly`
--

CREATE TABLE IF NOT EXISTS `product_monthly` (
  `id` int(11) NOT NULL AUTO_INCREMENT,
  `user_type_id` int(11) NOT NULL,
  `prod_type` enum('forecast','actual','variance') NOT NULL,
  `prod_id` int(11) NOT NULL,
  `month` int(11) NOT NULL,
  `value` int(11) NOT NULL,
  PRIMARY KEY (`id`)
) ENGINE=InnoDB  DEFAULT CHARSET=latin1 AUTO_INCREMENT=50 ;

--
-- Дамп данных таблицы `product_monthly`
--

INSERT INTO `product_monthly` (`id`, `user_type_id`, `prod_type`, `prod_id`, `month`, `value`) VALUES
(1, 1, 'actual', 1, 2, 25),
(2, 1, 'actual', 8, 2, 2),
(3, 1, 'actual', 8, 1, 5),
(4, 1, 'actual', 8, 12, 123123),
(5, 1, 'actual', 8, 4, 3),
(6, 1, 'actual', 8, 3, 3),
(7, 1, 'forecast', 9, 3, 1234),
(8, 1, 'forecast', 9, 7, 21412414),
(9, 1, 'forecast', 9, 4, 1111),
(10, 1, 'forecast', 10, 2, 12),
(11, 1, 'forecast', 10, 1, 55),
(12, 1, 'forecast', 10, 3, 123),
(13, 1, 'forecast', 10, 5, 123123),
(14, 1, 'forecast', 10, 6, 12),
(15, 1, 'forecast', 10, 4, 1),
(16, 1, 'forecast', 10, 7, 1),
(17, 1, 'forecast', 10, 8, 111),
(18, 1, 'forecast', 10, 9, 1),
(19, 1, 'forecast', 10, 10, 1),
(20, 1, 'forecast', 10, 11, 1),
(21, 1, 'forecast', 11, 5, 1),
(22, 1, 'forecast', 11, 1, 1),
(23, 1, 'forecast', 11, 3, 2),
(24, 1, 'forecast', 11, 6, 2),
(25, 1, 'actual', 11, 1, 1),
(26, 1, 'forecast', 11, 8, 2),
(27, 1, 'actual', 11, 3, 2),
(28, 1, 'actual', 11, 5, 1),
(29, 1, 'actual', 11, 6, 2),
(30, 1, 'actual', 11, 8, 2),
(31, 1, 'forecast', 12, 2, 111),
(32, 1, 'forecast', 12, 3, 22),
(33, 1, 'forecast', 12, 4, 3),
(34, 1, 'forecast', 12, 6, 541),
(35, 1, 'forecast', 12, 1, 123),
(36, 1, 'forecast', 12, 5, 8),
(37, 1, 'forecast', 12, 7, 123),
(38, 1, 'forecast', 12, 8, 12),
(39, 1, 'forecast', 12, 9, 888),
(40, 1, 'actual', 12, 2, 1),
(41, 1, 'actual', 12, 1, 1),
(42, 1, 'actual', 12, 3, 1),
(43, 1, 'actual', 12, 4, 1),
(44, 1, 'actual', 12, 6, 22),
(45, 1, 'actual', 12, 5, 123),
(46, 1, 'actual', 12, 7, 33),
(47, 1, 'actual', 12, 9, 1),
(48, 1, 'actual', 12, 10, -11),
(49, 1, 'actual', 12, 8, 1);

-- --------------------------------------------------------

--
-- Структура таблицы `product_services`
--

CREATE TABLE IF NOT EXISTS `product_services` (
  `id` int(11) NOT NULL AUTO_INCREMENT,
  `user_type_id` int(11) NOT NULL,
  `product` varchar(500) NOT NULL,
  `description` varchar(500) NOT NULL,
  `datasource` varchar(500) NOT NULL,
  `frequency` int(11) NOT NULL,
  `type` varchar(500) NOT NULL,
  PRIMARY KEY (`id`)
) ENGINE=InnoDB  DEFAULT CHARSET=latin1 AUTO_INCREMENT=13 ;

--
-- Дамп данных таблицы `product_services`
--

INSERT INTO `product_services` (`id`, `user_type_id`, `product`, `description`, `datasource`, `frequency`, `type`) VALUES
(1, 1, 'test product', 'testing description product', 'source', 2, 'type test'),
(8, 1, 'test iwth month', 'with month', 'with actual', 2, '2'),
(9, 1, 'sd', 'dgsdfhdf', 'with forecast', 2, '1'),
(12, 1, 'test with forecast', 'test with actual', 'test with variance computation', 3, '2');

-- --------------------------------------------------------

--
-- Структура таблицы `risks`
--

CREATE TABLE IF NOT EXISTS `risks` (
  `risks_id` int(11) NOT NULL AUTO_INCREMENT,
  `riskstitle` text CHARACTER SET utf8,
  `risksprobabilty` int(11) DEFAULT NULL,
  `risksconsequence` int(11) DEFAULT NULL,
  `riskslevel` int(11) DEFAULT NULL,
  `associated` text CHARACTER SET utf8,
  `riskmitigants` text CHARACTER SET utf8,
  `residual` int(11) NOT NULL,
  `objective_id` int(11) NOT NULL,
  `user_id` int(11) DEFAULT NULL,
  `user_type_id` int(11) DEFAULT NULL,
  `pms_lifecycle_id` int(1) NOT NULL DEFAULT '0',
  `user_type` int(11) DEFAULT NULL,
  `created_date` int(11) DEFAULT NULL,
  PRIMARY KEY (`risks_id`)
) ENGINE=InnoDB  DEFAULT CHARSET=latin1 AUTO_INCREMENT=21 ;

--
-- Дамп данных таблицы `risks`
--

INSERT INTO `risks` (`risks_id`, `riskstitle`, `risksprobabilty`, `risksconsequence`, `riskslevel`, `associated`, `riskmitigants`, `residual`, `objective_id`, `user_id`, `user_type_id`, `pms_lifecycle_id`, `user_type`, `created_date`) VALUES
(1, 'asdasd', 3, 2, 0, 'asdasd', 'adgadgasdfg', 0, 0, 0, 1, 0, 0, 1531653354),
(2, 'asdasd', 1, 4, 0, 'asdasd', 'asf', 0, 0, 75, 1, 0, 4, 1531653445),
(3, 'asdasd', 2, 2, 2, 'asdasd', 'asdasd', 0, 0, 75, 1, 0, 4, 1531654404),
(4, 'asfag', 5, 5, 25, 'asfag', 'gfh', 0, 0, 75, 1, 0, 4, 1531654888),
(5, 'test', 5, 1, 5, 'test', 'test', 0, 0, 75, 1, 0, 4, 1531660004),
(6, 'agawevncriwgiue', 2, 2, 4, 'agawevncriwgiue', '11', 0, 0, 75, 1, 0, 4, 1531662719),
(7, 'testing with department', 4, 5, 20, 'testing with department', '12', 0, 0, 75, 1, 0, 4, 1531662940),
(8, 'asdasd', 2, 5, 10, 'asdasd', '7', 0, 0, 75, 1, 0, 4, 1531663312),
(13, '(2.147.193)  build database ', 4, 3, 12, 'Just Testing on live', 'Just Testing', 4, 1475, 187, 64, 7, 5, 1553680147),
(14, '(3.148.194)  faf', 3, 2, 6, ' fa faf', 'fa fafafa', 2, 1479, 187, 64, 7, 5, 1554114346),
(15, '(3.148.194)  faf', 4, 3, 12, 'fa fa1', 'fafr', 1, 1479, 187, 64, 7, 5, 1554114375),
(16, '(2.147.193)  build database ', 4, 4, 16, 'Testing again', 'f afaf', 3, 1475, 187, 64, 7, 5, 1554116247),
(17, '(3.148.194)  faf', 1, 1, 1, 'faf ae 4', 'f afe efe', 3, 1479, 187, 64, 7, 5, 1554116440),
(18, '(1.181.317)  Will do an event for kids in schools', 3, 4, 12, 'vzffa', 'fa faf', 3, 1095, 187, 64, 3, 5, 1554116488),
(19, '(3.148.194)  faf', 4, 4, 16, 'service outage', 'hotswap', 1, 1479, 187, 64, 7, 5, 1554187586),
(20, '(3.148.194)  faf', 3, 1, 3, 'tESTING ', 'Again testing', 5, 1479, 187, 64, 7, 5, 1554276589);

-- --------------------------------------------------------

--
-- Структура таблицы `roles`
--

CREATE TABLE IF NOT EXISTS `roles` (
  `id` int(11) NOT NULL AUTO_INCREMENT,
  `role` varchar(255) DEFAULT NULL,
  `entity_id` int(11) DEFAULT NULL,
  `orders` int(11) NOT NULL,
  `is_active` tinyint(4) DEFAULT '1',
  `is_delete` tinyint(4) DEFAULT '0',
  `modified_date` int(11) DEFAULT '0',
  `created_date` int(11) DEFAULT NULL,
  PRIMARY KEY (`id`)
) ENGINE=MyISAM  DEFAULT CHARSET=utf8 ROW_FORMAT=DYNAMIC COMMENT='This table is for Group Roles(Levels)' AUTO_INCREMENT=19 ;

--
-- Дамп данных таблицы `roles`
--

INSERT INTO `roles` (`id`, `role`, `entity_id`, `orders`, `is_active`, `is_delete`, `modified_date`, `created_date`) VALUES
(12, 'Executive Chairman', 3, 1, 1, 0, 1538575813, NULL),
(13, 'COO', 3, 2, 1, 0, 1584598517, NULL),
(14, 'CSO', 3, 4, 1, 0, 0, NULL),
(15, 'IISO-CEO', 3, 7, 1, 0, 1625395619, NULL),
(16, 'CMO', 3, 3, 1, 0, 1625395625, NULL),
(17, 'CFO', 3, 5, 1, 0, 0, NULL),
(18, 'Director', 3, 6, 1, 1, 0, NULL);

-- --------------------------------------------------------

--
-- Структура таблицы `roles_privileges`
--

CREATE TABLE IF NOT EXISTS `roles_privileges` (
  `id` int(11) NOT NULL AUTO_INCREMENT,
  `role_id` int(11) NOT NULL,
  `pms_feature_id` int(11) NOT NULL,
  `created_date` int(11) NOT NULL,
  `modified_date` timestamp NOT NULL DEFAULT '0000-00-00 00:00:00' ON UPDATE CURRENT_TIMESTAMP,
  `user_id` int(11) NOT NULL,
  PRIMARY KEY (`id`)
) ENGINE=MyISAM  DEFAULT CHARSET=utf8 ROW_FORMAT=FIXED COMMENT='User Roles and PMS features' AUTO_INCREMENT=38 ;

--
-- Дамп данных таблицы `roles_privileges`
--

INSERT INTO `roles_privileges` (`id`, `role_id`, `pms_feature_id`, `created_date`, `modified_date`, `user_id`) VALUES
(2, 3, 1, 1630416058, '0000-00-00 00:00:00', 143),
(3, 3, 2, 1630416062, '0000-00-00 00:00:00', 143),
(4, 3, 3, 1630416064, '0000-00-00 00:00:00', 143),
(5, 3, 4, 1630416067, '0000-00-00 00:00:00', 143),
(6, 3, 5, 1630416078, '0000-00-00 00:00:00', 143),
(7, 3, 6, 1630416097, '0000-00-00 00:00:00', 143),
(8, 3, 7, 1630416100, '0000-00-00 00:00:00', 143),
(9, 3, 9, 1630416106, '0000-00-00 00:00:00', 143),
(10, 3, 10, 1630416113, '0000-00-00 00:00:00', 143),
(11, 3, 11, 1630416117, '0000-00-00 00:00:00', 143),
(12, 3, 12, 1630416119, '0000-00-00 00:00:00', 143),
(13, 5, 13, 1630416146, '0000-00-00 00:00:00', 143),
(26, 5, 25, 1646039865, '0000-00-00 00:00:00', 143),
(15, 5, 15, 1630416261, '0000-00-00 00:00:00', 143),
(16, 5, 8, 1630565199, '0000-00-00 00:00:00', 143),
(17, 4, 8, 1630565201, '0000-00-00 00:00:00', 143),
(18, 4, 21, 1631535572, '0000-00-00 00:00:00', 143),
(19, 5, 21, 1631535575, '0000-00-00 00:00:00', 143),
(20, 4, 22, 1631535590, '0000-00-00 00:00:00', 143),
(21, 5, 22, 1631535593, '0000-00-00 00:00:00', 143),
(22, 4, 16, 1632552008, '0000-00-00 00:00:00', 143),
(23, 5, 16, 1632552010, '0000-00-00 00:00:00', 143),
(24, 4, 15, 1630416261, '0000-00-00 00:00:00', 143),
(25, 4, 13, 1630416146, '0000-00-00 00:00:00', 143),
(27, 4, 25, 1646039867, '0000-00-00 00:00:00', 143),
(28, 5, 29, 1646039892, '0000-00-00 00:00:00', 143),
(29, 4, 29, 1646039894, '0000-00-00 00:00:00', 143),
(30, 4, 34, 1646040603, '0000-00-00 00:00:00', 143),
(31, 5, 34, 1646040605, '0000-00-00 00:00:00', 143),
(32, 4, 35, 1646040607, '0000-00-00 00:00:00', 143),
(33, 5, 35, 1646040610, '0000-00-00 00:00:00', 143),
(34, 4, 37, 1646040612, '0000-00-00 00:00:00', 143),
(35, 5, 37, 1646040614, '0000-00-00 00:00:00', 143),
(36, 4, 36, 1646041596, '0000-00-00 00:00:00', 143),
(37, 5, 36, 1646041599, '0000-00-00 00:00:00', 143);

-- --------------------------------------------------------

--
-- Структура таблицы `services`
--

CREATE TABLE IF NOT EXISTS `services` (
  `service_id` int(11) NOT NULL AUTO_INCREMENT,
  `user_type_id` int(11) DEFAULT NULL,
  `role_id` int(11) DEFAULT NULL,
  `key_service_id` int(11) DEFAULT '0',
  `title` varchar(1000) DEFAULT NULL,
  `created_date` int(11) DEFAULT NULL,
  `modified_date` timestamp NULL DEFAULT '0000-00-00 00:00:00' ON UPDATE CURRENT_TIMESTAMP,
  `user_id` int(11) DEFAULT NULL,
  `is_active` tinyint(4) DEFAULT '1',
  `is_delete` tinyint(4) DEFAULT '0',
  PRIMARY KEY (`service_id`)
) ENGINE=MyISAM  DEFAULT CHARSET=utf8 AUTO_INCREMENT=529 ;

--
-- Дамп данных таблицы `services`
--

INSERT INTO `services` (`service_id`, `user_type_id`, `role_id`, `key_service_id`, `title`, `created_date`, `modified_date`, `user_id`, `is_active`, `is_delete`) VALUES
(1, 64, 12, 0, 'SMS', 1554881080, '2019-06-17 12:43:23', 143, 1, 1),
(2, 64, 12, 1, 'support', 1554881098, '2019-06-17 12:43:32', 143, 1, 1),
(3, 64, 12, 1, 'Add New Feature', 1554881266, '2019-06-17 12:43:36', 143, 1, 1),
(4, 64, 12, 1, 'yyiui', 1554884812, '2019-04-11 08:24:29', 143, 1, 1),
(5, 64, 12, 1, 'yiuiuo', 1554884860, '2019-04-11 08:24:24', 143, 1, 1),
(6, 40, 14, 0, 'Recruitment', 1555304958, '2019-06-17 12:43:39', 175, 1, 1),
(7, 40, 14, 6, 'Manpower Planning', 1555305022, '2019-06-17 12:43:42', 175, 1, 1),
(8, 64, 12, 1, 'Training', 1555942540, '2019-06-17 12:43:44', 143, 1, 1),
(9, 15, 12, 0, 'Just Testing', 1556200719, '2019-04-25 15:31:47', 143, 1, 1),
(10, 15, 12, 0, 'Good Testing', 1556206254, '2019-04-25 15:31:43', 143, 1, 1),
(11, 15, 12, 10, 'Nice', 1556206265, '2019-04-25 15:31:37', 143, 1, 1),
(12, 21, 12, 0, 'Meeting', 1560680597, '2019-06-17 12:43:51', 143, 1, 1),
(13, 20, 13, 0, 'kjjj', 1560683450, '2019-06-16 11:11:14', 175, 1, 1),
(14, 21, 12, 0, 'Scheduling', 1560775372, '0000-00-00 00:00:00', 175, 1, 0),
(15, 21, 12, 14, 'Calendar Management', 1560775393, '0000-00-00 00:00:00', 175, 1, 0),
(16, 21, 12, 0, 'Meeting Management', 1560775477, '2019-06-18 08:00:30', 175, 1, 0),
(17, 21, 12, 16, 'Internal Meeting', 1560775493, '0000-00-00 00:00:00', 175, 1, 0),
(18, 21, 12, 16, 'External Meeting', 1560775515, '0000-00-00 00:00:00', 175, 1, 0),
(19, 21, 12, 16, 'VIP Meeting', 1560775535, '0000-00-00 00:00:00', 175, 1, 0),
(20, 21, 12, 0, 'Letter Management', 1560775567, '2019-06-18 08:00:03', 175, 1, 0),
(21, 21, 12, 20, 'Incoming Letter Management ', 1560775592, '0000-00-00 00:00:00', 175, 1, 0),
(22, 21, 12, 20, 'Outgoing Letter Management ', 1560775614, '0000-00-00 00:00:00', 175, 1, 0),
(23, 21, 12, 0, 'Follow-up', 1560775636, '2019-06-18 07:59:42', 175, 1, 0),
(24, 21, 12, 23, 'Direct follow up on CEO direction', 1560775642, '0000-00-00 00:00:00', 175, 1, 0),
(25, 21, 12, 23, 'General Follow-up ', 1560775686, '0000-00-00 00:00:00', 175, 1, 0),
(26, 21, 12, 23, 'Meeting Follow-up ', 1560775712, '0000-00-00 00:00:00', 175, 1, 0),
(27, 21, 12, 0, 'Business and Participation Trips ', 1560775736, '2019-06-18 07:59:34', 175, 1, 0),
(28, 21, 12, 27, 'Local business visit and participation ', 1560775754, '0000-00-00 00:00:00', 175, 1, 0),
(29, 21, 12, 27, 'International business visit and participation ', 1560775851, '0000-00-00 00:00:00', 175, 1, 0),
(30, 21, 12, 0, 'Coordination and follow up ', 1560775882, '2019-06-18 07:59:29', 175, 1, 0),
(31, 21, 12, 30, 'Request Management ', 1560775903, '0000-00-00 00:00:00', 175, 1, 0),
(32, 21, 12, 30, 'Partnerships', 1560775924, '0000-00-00 00:00:00', 175, 1, 0),
(33, 21, 12, 0, 'Central Archive ', 1560775942, '2019-06-18 07:59:24', 175, 1, 0),
(34, 21, 12, 33, 'Inbound', 1560775961, '0000-00-00 00:00:00', 175, 1, 0),
(35, 21, 12, 33, 'Outbound', 1560775973, '0000-00-00 00:00:00', 175, 1, 0),
(36, 21, 12, 33, 'Database', 1560775984, '0000-00-00 00:00:00', 175, 1, 0),
(37, 21, 12, 0, 'Support Services', 1560776013, '2019-06-17 12:53:56', 175, 1, 1),
(38, 21, 12, 37, 'Item Delivery', 1560776031, '0000-00-00 00:00:00', 175, 1, 0),
(39, 21, 12, 37, 'Greetings', 1560776049, '0000-00-00 00:00:00', 175, 1, 0),
(40, 21, 12, 0, 'Support Services', 1560776063, '2019-06-18 07:58:41', 175, 1, 0),
(41, 21, 12, 40, 'Government Services', 1560776080, '0000-00-00 00:00:00', 175, 1, 0),
(42, 25, 12, 0, 'CRM', 1560776136, '2019-06-18 07:58:36', 175, 1, 0),
(43, 25, 12, 42, 'CRM', 1560776147, '0000-00-00 00:00:00', 175, 1, 0),
(44, 25, 12, 0, 'Lease Admin', 1560776197, '2019-06-18 07:58:30', 175, 1, 0),
(45, 25, 12, 44, 'Creation of deal ', 1560776255, '0000-00-00 00:00:00', 175, 1, 0),
(46, 25, 12, 44, 'Lease Maintenance ', 1560776292, '0000-00-00 00:00:00', 175, 1, 0),
(47, 25, 12, 44, 'Renewal/Termination', 1560776334, '2019-06-20 07:12:52', 175, 1, 0),
(48, 18, 12, 0, 'Corporate Contract Advisory ', 1560776409, '2019-06-18 07:58:26', 175, 1, 0),
(49, 18, 12, 48, 'Contract Creation', 1560776465, '0000-00-00 00:00:00', 175, 1, 0),
(50, 18, 12, 48, 'Contract Review ', 1560776487, '0000-00-00 00:00:00', 175, 1, 0),
(51, 18, 12, 48, 'Memo Creation ', 1560776510, '0000-00-00 00:00:00', 175, 1, 0),
(52, 18, 12, 0, 'Legal Administration', 1560776526, '2019-06-18 07:58:22', 175, 1, 0),
(53, 18, 12, 52, 'File Management ', 1560776543, '0000-00-00 00:00:00', 175, 1, 0),
(54, 18, 12, 52, 'Reports', 1560776557, '0000-00-00 00:00:00', 175, 1, 0),
(55, 18, 12, 0, 'Legal Representations ', 1560776583, '2019-06-18 07:58:18', 175, 1, 0),
(56, 18, 12, 55, 'Joint Venture', 1560776591, '0000-00-00 00:00:00', 175, 1, 0),
(57, 18, 12, 55, 'Case Management ', 1560776606, '0000-00-00 00:00:00', 175, 1, 0),
(58, 15, 12, 0, 'Investment Relations', 1560776687, '2019-06-18 07:58:15', 175, 1, 0),
(59, 15, 12, 58, 'Lead Management', 1560776705, '0000-00-00 00:00:00', 175, 1, 0),
(60, 15, 12, 0, 'Investment Analysis', 1560776739, '2019-06-18 07:58:04', 175, 1, 0),
(61, 15, 12, 60, 'Verification of Investor Profile - NDA/MOU', 1560777177, '0000-00-00 00:00:00', 175, 1, 0),
(62, 15, 12, 60, 'Verification of Investor Profile - Dur Diligence', 1560777216, '0000-00-00 00:00:00', 175, 1, 0),
(63, 15, 12, 60, 'Verification of Investor Profile - Market & Financial Feasibility Study', 1560777243, '0000-00-00 00:00:00', 175, 1, 0),
(64, 15, 12, 60, 'Verification of Investor Profile - Negotiating and signing MOA', 1560777304, '0000-00-00 00:00:00', 175, 1, 0),
(65, 15, 12, 60, 'Implementation - Licensing', 1560777329, '0000-00-00 00:00:00', 175, 1, 0),
(66, 16, 12, 0, 'Project Management', 1560777409, '2019-06-18 07:57:56', 175, 1, 0),
(67, 16, 12, 66, 'Initiation - Market Feasibility Study', 1560777440, '0000-00-00 00:00:00', 175, 1, 0),
(68, 16, 12, 66, 'Initiation - Obtain affection Plan  ', 1560777463, '0000-00-00 00:00:00', 175, 1, 0),
(69, 16, 12, 66, 'Monitoring - Project Monitoring', 1560777500, '0000-00-00 00:00:00', 175, 1, 0),
(70, 16, 12, 66, 'Handover - Project Handover ', 1560777526, '0000-00-00 00:00:00', 175, 1, 0),
(71, 16, 12, 66, 'Project Document Control - Records Management', 1560777569, '0000-00-00 00:00:00', 175, 1, 0),
(72, 16, 12, 66, 'Project Document Control - Project Invoicing and Automation  ', 1560777611, '0000-00-00 00:00:00', 175, 1, 0),
(73, 16, 12, 0, 'Design', 1560777664, '2019-06-17 13:21:46', 175, 1, 1),
(74, 16, 12, 73, 'Initiation - Benchmark and Visioning ', 1560777699, '0000-00-00 00:00:00', 175, 1, 0),
(75, 16, 12, 73, 'Design - Concept design and Review ', 1560777745, '0000-00-00 00:00:00', 175, 1, 0),
(76, 16, 12, 0, 'Design', 1560777760, '2019-06-18 07:55:56', 175, 1, 0),
(77, 16, 12, 76, 'Design - Handover to construction  ', 1560777772, '0000-00-00 00:00:00', 175, 1, 0),
(78, 16, 12, 76, 'Constructions progress and supervision - Site Inspection ', 1560777806, '0000-00-00 00:00:00', 175, 1, 0),
(79, 16, 12, 76, 'Constructions progress and supervision - Material Approval ', 1560777846, '0000-00-00 00:00:00', 175, 1, 0),
(80, 16, 12, 76, 'Constructions progress and supervision - Review of changes ', 1560777891, '0000-00-00 00:00:00', 175, 1, 0),
(81, 16, 12, 0, 'Constructions Management', 1560777909, '2019-06-18 07:55:52', 175, 1, 0),
(82, 16, 12, 81, 'Technical Review - Review of Drawing', 1560777956, '0000-00-00 00:00:00', 175, 1, 0),
(83, 16, 12, 81, 'Technical Review - Review of Specifications', 1560777978, '0000-00-00 00:00:00', 175, 1, 0),
(84, 16, 12, 81, 'Tender - Review of specifications and BOQ and tender package ', 1560778016, '0000-00-00 00:00:00', 175, 1, 0),
(85, 16, 12, 81, 'Tender - List of Tender', 1560778041, '0000-00-00 00:00:00', 175, 1, 0),
(86, 16, 12, 81, 'Tender - Review Proposal', 1560778072, '0000-00-00 00:00:00', 175, 1, 0),
(87, 16, 12, 81, 'Tender  - Bid Summary', 1560778098, '0000-00-00 00:00:00', 175, 1, 0),
(88, 16, 12, 81, 'Construction and Supervision - Mobilization', 1560778133, '0000-00-00 00:00:00', 175, 1, 0),
(89, 16, 12, 81, 'Construction and Supervision - Construction Supervision', 1560778178, '0000-00-00 00:00:00', 175, 1, 0),
(90, 16, 12, 81, 'Construction and Supervision - Project Monitoring', 1560778207, '0000-00-00 00:00:00', 175, 1, 0),
(91, 16, 12, 81, 'Construction and Supervision - Testing and Commissioning', 1560778237, '0000-00-00 00:00:00', 175, 1, 0),
(92, 16, 12, 81, 'Handover - Primary Handover  ', 1560778268, '0000-00-00 00:00:00', 175, 1, 0),
(93, 16, 12, 81, 'Handover - Final Handover', 1560778291, '0000-00-00 00:00:00', 175, 1, 0),
(94, 17, 12, 392, 'monthly status report', 1560778331, '2020-07-09 06:58:59', 175, 1, 1),
(95, 17, 12, 392, 'Strategy planning process', 1560778380, '2020-07-09 07:20:51', 175, 1, 1),
(96, 17, 12, 392, 'Yearly initiative planning ', 1560778399, '2020-07-09 06:57:27', 175, 1, 1),
(97, 17, 12, 392, 'Performance Monitoring ', 1560778414, '2020-07-09 06:57:17', 175, 1, 1),
(98, 17, 12, 0, 'Corporate Excellence', 1560778524, '0000-00-00 00:00:00', 175, 1, 0),
(99, 17, 12, 98, 'Feedback Management - Suggestion', 1560778549, '0000-00-00 00:00:00', 175, 1, 0),
(100, 17, 12, 98, 'Feedback Management - Compliant', 1560778810, '0000-00-00 00:00:00', 175, 1, 0),
(101, 17, 12, 98, 'Feedback Management - Satisfaction Survey', 1560778855, '0000-00-00 00:00:00', 175, 1, 0),
(102, 17, 12, 98, 'Excellence - Benchmark Visit', 1560778870, '2019-06-17 13:41:34', 175, 1, 0),
(103, 17, 12, 98, 'Excellence - Hosting Benchmark', 1560778917, '0000-00-00 00:00:00', 175, 1, 0),
(104, 17, 12, 98, 'Excellence - Excellence External Participation', 1560778967, '0000-00-00 00:00:00', 175, 1, 0),
(105, 17, 12, 98, 'Excellence QMS', 1560778979, '2020-07-09 07:05:31', 175, 1, 1),
(106, 17, 12, 98, 'Innovation - Innovation Events', 1560779002, '2019-06-17 13:44:18', 175, 1, 1),
(107, 17, 12, 98, 'Innovation - Ideation System', 1560779025, '2019-06-17 13:44:23', 175, 1, 1),
(108, 17, 12, 0, 'Innovation and Research', 1560779054, '2019-06-17 13:45:09', 175, 1, 1),
(109, 17, 12, 0, 'Innovation and Research', 1560779104, '2019-06-18 07:55:41', 175, 1, 0),
(110, 17, 12, 108, 'Innovation Events', 1560779128, '0000-00-00 00:00:00', 175, 1, 0),
(111, 17, 12, 109, 'Ideation System', 1560779144, '0000-00-00 00:00:00', 175, 1, 0),
(112, 17, 12, 109, 'Research Process', 1560779156, '2020-07-09 07:15:54', 175, 1, 0),
(113, 17, 12, 0, 'Health and Safety', 1560779174, '2019-06-18 07:54:48', 175, 1, 0),
(114, 17, 12, 113, 'HSE - Risk Assessment', 1560779196, '0000-00-00 00:00:00', 175, 1, 0),
(115, 17, 12, 113, 'HSE - Inspection', 1560779307, '0000-00-00 00:00:00', 175, 1, 0),
(116, 17, 12, 113, 'HSE - Incident \\ Accident Reporting and Investigation', 1560779326, '0000-00-00 00:00:00', 175, 1, 0),
(117, 17, 12, 113, 'HSE - Training', 1560779343, '0000-00-00 00:00:00', 175, 1, 0),
(118, 17, 12, 0, 'Food and Beverage', 1560779361, '2019-06-18 07:54:43', 175, 1, 0),
(119, 17, 12, 118, 'Inspection', 1560779374, '0000-00-00 00:00:00', 175, 1, 0),
(120, 17, 12, 118, 'Training', 1560779384, '0000-00-00 00:00:00', 175, 1, 0),
(121, 36, 12, 0, 'Auditing', 1560842618, '2019-06-18 07:53:44', 175, 1, 0),
(122, 36, 12, 121, 'Auditing', 1560842636, '0000-00-00 00:00:00', 175, 1, 0),
(123, 36, 12, 121, 'Investigation', 1560842648, '0000-00-00 00:00:00', 175, 1, 0),
(124, 36, 12, 121, 'Fraud Detection', 1560842668, '0000-00-00 00:00:00', 175, 1, 0),
(125, 36, 12, 121, 'Risk Assessment/Analyis', 1560842696, '0000-00-00 00:00:00', 175, 1, 0),
(126, 36, 12, 121, 'Whistle-blowing', 1560842714, '0000-00-00 00:00:00', 175, 1, 0),
(127, 20, 13, 0, 'Call Centre', 1560842830, '2019-06-18 07:53:40', 175, 1, 0),
(128, 20, 13, 127, 'Service Inbound Calls', 1560842855, '0000-00-00 00:00:00', 175, 1, 0),
(129, 20, 13, 127, 'Complaint Management', 1560842881, '0000-00-00 00:00:00', 175, 1, 0),
(130, 20, 13, 127, 'Customer Service', 1560842915, '0000-00-00 00:00:00', 175, 1, 0),
(131, 20, 13, 0, 'Protocol', 1560842970, '2019-06-18 07:53:35', 175, 1, 0),
(132, 20, 13, 131, 'Scheduling Protocol - Internal Coordination and protocol request ', 1560843014, '0000-00-00 00:00:00', 175, 1, 0),
(133, 20, 13, 131, 'Scheduling Protocol - Protocol Calendar', 1560843109, '0000-00-00 00:00:00', 175, 1, 0),
(134, 20, 13, 131, 'Protocol Management - Protocol assessment and planning ', 1560843161, '0000-00-00 00:00:00', 175, 1, 0),
(135, 20, 13, 131, 'Protocol Management - Coordination and execution thru concerned departments ', 1560843356, '0000-00-00 00:00:00', 175, 1, 0),
(136, 20, 13, 131, 'Letter Management - Welcoming and hosting ', 1560843393, '2019-06-18 07:36:44', 175, 1, 1),
(137, 20, 13, 0, 'Letter Management', 1560843418, '2019-06-18 07:53:28', 175, 1, 0),
(138, 20, 13, 137, 'Welcoming and hosting ', 1560843425, '2019-06-18 07:37:43', 175, 1, 1),
(139, 20, 13, 0, 'Protocol', 1560843455, '2019-06-18 08:59:06', 175, 1, 1),
(140, 20, 13, 139, 'Letter Management - Welcoming and Hosting', 1560843696, '2019-06-18 07:41:54', 175, 1, 0),
(141, 20, 13, 139, 'Guest Protocol - Special protocol request', 1560843741, '0000-00-00 00:00:00', 175, 1, 0),
(142, 20, 13, 139, 'Guest Protocol - Shurooq’s representation', 1560843777, '0000-00-00 00:00:00', 175, 1, 0),
(143, 24, 13, 0, 'Shurooq Retail', 1560848675, '0000-00-00 00:00:00', 175, 1, 0),
(144, 24, 13, 143, 'Administration - Admin Operations', 1560848716, '0000-00-00 00:00:00', 175, 1, 0),
(145, 24, 13, 143, 'Operations - Warehousing', 1560848740, '2019-06-18 09:10:33', 175, 1, 0),
(146, 24, 13, 143, 'Operations - Shops/ store operation', 1560849070, '0000-00-00 00:00:00', 175, 1, 0),
(147, 24, 13, 143, 'Operations - Distribution', 1560849104, '0000-00-00 00:00:00', 175, 1, 0),
(148, 24, 13, 143, 'Event and Promotion - Hosting Events', 1560849137, '0000-00-00 00:00:00', 175, 1, 0),
(149, 24, 13, 143, 'Event and Promotion - Events Participation', 1560849155, '0000-00-00 00:00:00', 175, 1, 0),
(150, 24, 13, 143, 'Event and Promotion - Brand Promotion', 1560849176, '0000-00-00 00:00:00', 175, 1, 0),
(151, 24, 13, 143, 'Business Development -Product Development', 1560849201, '0000-00-00 00:00:00', 175, 1, 0),
(152, 24, 13, 143, 'Business Development - Product Sourcing', 1560849252, '0000-00-00 00:00:00', 175, 1, 0),
(153, 24, 13, 143, 'Business Development - New retail', 1560849267, '0000-00-00 00:00:00', 175, 1, 0),
(154, 24, 13, 0, 'City Sight Seeing', 1560849287, '0000-00-00 00:00:00', 175, 1, 0),
(155, 24, 13, 154, 'Operation - Guided tour services ', 1560849338, '0000-00-00 00:00:00', 175, 1, 0),
(156, 24, 13, 154, 'Operation - Admin operation', 1560849371, '0000-00-00 00:00:00', 175, 1, 0),
(157, 24, 13, 154, 'Events and Promotion - Events', 1560849395, '0000-00-00 00:00:00', 175, 1, 0),
(158, 24, 13, 154, 'Event and Promotion  - Promotions', 1560849417, '0000-00-00 00:00:00', 175, 1, 0),
(159, 24, 13, 154, 'Business Development - Products', 1560849441, '0000-00-00 00:00:00', 175, 1, 0),
(160, 18, 12, 0, 'Legal', 1561006898, '0000-00-00 00:00:00', 175, 1, 0),
(161, 18, 12, 160, 'Legal - Advisory', 1561006914, '0000-00-00 00:00:00', 175, 1, 0),
(162, 18, 12, 160, 'Contract Creation', 1561006945, '2019-06-20 05:03:29', 175, 1, 0),
(163, 18, 12, 160, 'Contract Review', 1561006962, '2019-06-20 05:03:36', 175, 1, 0),
(164, 18, 12, 160, 'Memo Creation', 1561006977, '2019-06-20 05:03:43', 175, 1, 0),
(165, 18, 12, 160, 'Tenancy Contract Verification', 1561007000, '0000-00-00 00:00:00', 175, 1, 0),
(166, 18, 12, 160, 'File Management', 1561007035, '0000-00-00 00:00:00', 175, 1, 0),
(167, 18, 12, 160, 'Joint Venture', 1561007046, '0000-00-00 00:00:00', 175, 1, 0),
(168, 18, 12, 160, 'Case Management', 1561007070, '0000-00-00 00:00:00', 175, 1, 0),
(169, 39, 12, 0, 'Asset Management', 1561010061, '0000-00-00 00:00:00', 175, 1, 0),
(170, 39, 12, 169, 'Develop and implementation of AM strategy ', 1561010079, '0000-00-00 00:00:00', 175, 1, 0),
(171, 39, 12, 0, 'Project Management', 1561010097, '0000-00-00 00:00:00', 175, 1, 0),
(172, 39, 12, 171, 'Financial Model Development ', 1561010114, '0000-00-00 00:00:00', 175, 1, 0),
(173, 39, 12, 171, 'Business Plan review ', 1561010147, '0000-00-00 00:00:00', 175, 1, 0),
(174, 39, 12, 0, 'Asset Performance', 1561010159, '0000-00-00 00:00:00', 175, 1, 0),
(175, 39, 12, 174, 'Financial Review ', 1561010177, '0000-00-00 00:00:00', 175, 1, 0),
(176, 39, 12, 174, 'Periodic Performance Analysis ', 1561010191, '0000-00-00 00:00:00', 175, 1, 0),
(177, 26, 13, 0, 'Fit-out', 1561010328, '0000-00-00 00:00:00', 175, 1, 0),
(178, 26, 13, 177, 'Fit-out process', 1561010338, '0000-00-00 00:00:00', 175, 1, 0),
(179, 26, 13, 0, 'Maintenance', 1561010367, '0000-00-00 00:00:00', 175, 1, 0),
(180, 26, 13, 179, 'Planned Preventive Maintenance', 1561010373, '0000-00-00 00:00:00', 175, 1, 0),
(181, 26, 13, 0, 'Handover', 1561010384, '0000-00-00 00:00:00', 175, 1, 0),
(182, 26, 13, 181, 'Facility handover process ', 1561010409, '0000-00-00 00:00:00', 175, 1, 0),
(183, 26, 13, 181, 'Mobilization process', 1561010420, '0000-00-00 00:00:00', 175, 1, 0),
(184, 26, 13, 0, 'Administration', 1561010437, '0000-00-00 00:00:00', 175, 1, 0),
(185, 26, 13, 184, 'Performance Reporting Process', 1561010444, '0000-00-00 00:00:00', 175, 1, 0),
(186, 26, 13, 184, 'Help Desk Call Handling Process', 1561010458, '0000-00-00 00:00:00', 175, 1, 0),
(187, 19, 12, 0, 'Maraya Art Centre Administration', 1561012726, '2019-07-14 11:42:05', 175, 1, 0),
(188, 19, 12, 187, 'Exhibition', 1561012741, '2019-07-14 11:42:42', 175, 1, 0),
(189, 19, 12, 187, 'Visitor Tour', 1561012756, '2019-07-14 11:42:11', 175, 1, 0),
(190, 19, 12, 0, 'Maraya Community', 1561012771, '2019-07-14 11:42:15', 175, 1, 0),
(191, 19, 12, 190, 'Workshop', 1561013009, '2019-07-14 11:42:21', 175, 1, 0),
(192, 19, 12, 190, 'Screenings', 1561013019, '2019-07-14 11:42:25', 175, 1, 0),
(193, 19, 12, 190, 'Maraya community meeting booking ', 1561013032, '2019-07-14 11:42:48', 175, 1, 0),
(194, 19, 12, 190, 'Membership', 1561013042, '2019-07-14 11:42:56', 175, 1, 1),
(195, 19, 12, 0, 'Maraya Art Part', 1561013055, '2019-07-14 11:43:01', 175, 1, 0),
(196, 19, 12, 195, 'Display of sculpture ', 1561013071, '2019-07-14 11:43:32', 175, 1, 0),
(197, 19, 12, 0, '1971 Design Store', 1561013939, '2019-07-14 11:43:37', 175, 1, 0),
(198, 19, 12, 197, 'Selling', 1561013949, '2019-07-14 11:43:42', 175, 1, 0),
(199, 19, 12, 197, 'Exhibition', 1561013968, '2019-07-14 11:43:52', 175, 1, 0),
(200, 19, 12, 197, 'Workshops', 1561013982, '2019-07-14 11:43:57', 175, 1, 0),
(201, 19, 12, 0, '1971 Design Store', 1561014379, '2019-07-14 11:44:01', 175, 1, 0),
(202, 19, 12, 197, 'Talks/ Lecture', 1561014404, '2019-07-14 11:43:47', 175, 1, 0),
(203, 19, 12, 197, 'Designer in Residence', 1561014488, '2019-07-14 11:41:53', 175, 1, 0),
(204, 36, 12, 0, 'Auditing', 1561014623, '0000-00-00 00:00:00', 175, 1, 0),
(205, 36, 12, 204, 'Audit Cash Count', 1561014650, '0000-00-00 00:00:00', 175, 1, 0),
(206, 36, 12, 204, 'Audit Stock Count', 1561014664, '0000-00-00 00:00:00', 175, 1, 0),
(207, 40, 14, 0, 'Recruitment', 1561014915, '0000-00-00 00:00:00', 175, 1, 0),
(208, 40, 14, 207, 'Manpower Planning', 1561014929, '0000-00-00 00:00:00', 175, 1, 0),
(209, 40, 14, 207, 'Interview and selection ', 1561014940, '0000-00-00 00:00:00', 175, 1, 0),
(210, 40, 14, 207, 'Security Clearance ', 1561014954, '0000-00-00 00:00:00', 175, 1, 0),
(211, 40, 14, 207, 'Offering and Pre—On Boarding ', 1561014966, '0000-00-00 00:00:00', 175, 1, 0),
(212, 40, 14, 0, 'Employee Services', 1561014981, '0000-00-00 00:00:00', 175, 1, 0),
(213, 40, 14, 212, 'Health Insurance ', 1561014994, '0000-00-00 00:00:00', 175, 1, 0),
(214, 40, 14, 212, 'Residency (New\\ Renewal) ', 1561015008, '0000-00-00 00:00:00', 175, 1, 0),
(215, 40, 14, 212, 'Employees Engagement \\ Activities ', 1561015028, '0000-00-00 00:00:00', 175, 1, 0),
(216, 40, 14, 212, 'Leave Management ', 1561015046, '0000-00-00 00:00:00', 175, 1, 0),
(217, 40, 14, 212, 'Attendance and Time Management ', 1561015067, '0000-00-00 00:00:00', 175, 1, 0),
(218, 40, 14, 212, 'Disciplinary action ', 1561015080, '0000-00-00 00:00:00', 175, 1, 0),
(219, 40, 14, 212, 'Employee performance management ', 1561015094, '0000-00-00 00:00:00', 175, 1, 0),
(220, 40, 14, 212, 'Orientation and Induction ', 1561016320, '0000-00-00 00:00:00', 175, 1, 0),
(221, 40, 14, 212, 'Grievance and Welfare', 1561016339, '0000-00-00 00:00:00', 175, 1, 0),
(222, 40, 14, 0, 'Training and Development', 1561016360, '0000-00-00 00:00:00', 175, 1, 0),
(223, 40, 14, 222, 'Training Request', 1561016373, '0000-00-00 00:00:00', 175, 1, 0),
(224, 40, 14, 222, 'On the Job Training', 1561016393, '0000-00-00 00:00:00', 175, 1, 0),
(225, 40, 14, 0, 'Payroll', 1561016413, '0000-00-00 00:00:00', 175, 1, 0),
(226, 40, 14, 225, 'Employee Monthly Payroll', 1561016429, '0000-00-00 00:00:00', 175, 1, 0),
(227, 40, 14, 225, 'Employee Status Change', 1561016443, '0000-00-00 00:00:00', 175, 1, 0),
(228, 40, 14, 225, 'Pension', 1561016454, '0000-00-00 00:00:00', 175, 1, 0),
(229, 37, 14, 0, 'Procurement', 1561016476, '0000-00-00 00:00:00', 175, 1, 0),
(230, 37, 14, 229, 'Purchase Request ', 1561016518, '2020-11-04 10:27:11', 175, 1, 1),
(231, 37, 14, 229, 'Purchase Order', 1561016533, '2020-11-04 10:27:07', 175, 1, 1),
(232, 37, 14, 0, 'Vendor Management', 1561016555, '2020-11-04 10:29:21', 175, 1, 1),
(233, 37, 14, 232, 'Vendor registration ', 1561016575, '2020-11-04 10:28:36', 175, 1, 1),
(234, 37, 14, 232, 'Vendor performance evaluation ', 1561016589, '2020-11-04 10:29:17', 175, 1, 1),
(235, 37, 14, 0, 'Warehousing', 1561016817, '2020-11-04 10:28:55', 175, 1, 1),
(236, 37, 14, 235, 'Warehousing', 1561016828, '2020-11-04 10:28:50', 175, 1, 1),
(237, 37, 14, 0, 'Logistics', 1561016846, '2020-11-04 10:28:46', 175, 1, 1),
(238, 37, 14, 237, 'Transportation', 1561016871, '2020-11-04 10:28:42', 175, 1, 1),
(239, 37, 14, 237, 'Custom Clearance', 1561016886, '2020-11-04 10:27:40', 175, 1, 1),
(240, 37, 14, 0, 'Committee', 1561016896, '2020-11-04 10:27:34', 175, 1, 1),
(241, 37, 14, 240, 'Bidding', 1561016906, '2020-11-04 10:27:31', 175, 1, 1),
(242, 37, 14, 240, 'Scrap', 1561016916, '2020-11-04 10:27:28', 175, 1, 1),
(243, 38, 14, 0, 'Maintenance', 1561017006, '0000-00-00 00:00:00', 175, 1, 0),
(244, 38, 14, 243, 'Infrastructure', 1561017017, '0000-00-00 00:00:00', 175, 1, 0),
(245, 38, 14, 243, 'System Administration', 1561017030, '0000-00-00 00:00:00', 175, 1, 0),
(246, 38, 14, 0, 'System Development', 1561017047, '2019-06-20 07:51:22', 175, 1, 0),
(247, 38, 14, 246, 'Hardware', 1561017093, '0000-00-00 00:00:00', 175, 1, 0),
(248, 38, 14, 246, 'Software', 1561017105, '0000-00-00 00:00:00', 175, 1, 0),
(249, 38, 14, 0, 'Helpdesk', 1561017113, '0000-00-00 00:00:00', 175, 1, 0),
(250, 38, 14, 249, 'User Support', 1561017126, '0000-00-00 00:00:00', 175, 1, 0),
(251, 41, 15, 0, 'Investment Promotion', 1561017164, '0000-00-00 00:00:00', 175, 1, 0),
(252, 41, 15, 251, 'Prospection', 1561017177, '0000-00-00 00:00:00', 175, 1, 0),
(253, 41, 15, 251, 'Facilitation', 1561017550, '0000-00-00 00:00:00', 175, 1, 0),
(254, 41, 15, 0, 'Research and Development', 1561017574, '2019-06-20 07:59:46', 175, 1, 0),
(255, 41, 15, 254, 'Coordination and Follow-up - Providing Data Support', 1561017631, '0000-00-00 00:00:00', 175, 1, 0),
(256, 41, 15, 254, 'Coordination and Follow-up - Preparing Periodic Macro-Economic & Sectoral Studies', 1561017658, '0000-00-00 00:00:00', 175, 1, 0),
(257, 42, 16, 0, 'PR and Social Media', 1561017718, '0000-00-00 00:00:00', 175, 1, 0),
(258, 42, 16, 257, 'Press  Release', 1561018124, '0000-00-00 00:00:00', 175, 1, 0),
(259, 42, 16, 257, 'Quotes / Statements ', 1561018138, '0000-00-00 00:00:00', 175, 1, 0),
(260, 42, 16, 257, 'Features', 1561018152, '0000-00-00 00:00:00', 175, 1, 0),
(261, 42, 16, 257, 'TV Coverage', 1561018166, '0000-00-00 00:00:00', 175, 1, 0),
(262, 42, 16, 257, 'Radio Coverage', 1561018179, '0000-00-00 00:00:00', 175, 1, 0),
(263, 42, 16, 257, 'Media Attendance', 1561018193, '0000-00-00 00:00:00', 175, 1, 0),
(264, 42, 16, 257, 'Press Conference', 1561018207, '0000-00-00 00:00:00', 175, 1, 0),
(265, 42, 16, 257, 'Translation', 1561018219, '0000-00-00 00:00:00', 175, 1, 0),
(266, 42, 16, 257, 'Proofreading', 1561018234, '0000-00-00 00:00:00', 175, 1, 0),
(267, 42, 16, 257, 'Talking Points', 1561018250, '0000-00-00 00:00:00', 175, 1, 0),
(268, 42, 16, 257, 'Speeches', 1561018261, '0000-00-00 00:00:00', 175, 1, 0),
(269, 42, 16, 257, 'Media Training', 1561018271, '0000-00-00 00:00:00', 175, 1, 0),
(270, 42, 16, 257, 'Photography', 1561018284, '0000-00-00 00:00:00', 175, 1, 0),
(271, 42, 16, 257, 'Videography', 1561018295, '0000-00-00 00:00:00', 175, 1, 0),
(272, 42, 16, 257, 'Media Interview', 1561018306, '0000-00-00 00:00:00', 175, 1, 0),
(273, 42, 16, 257, 'Copyright', 1561018316, '0000-00-00 00:00:00', 175, 1, 0),
(274, 42, 16, 257, 'Crisis Communication', 1561018334, '0000-00-00 00:00:00', 175, 1, 0),
(275, 42, 16, 257, 'Reports', 1561018345, '0000-00-00 00:00:00', 175, 1, 0),
(276, 42, 16, 257, 'Media Gatherings', 1561018358, '0000-00-00 00:00:00', 175, 1, 0),
(277, 42, 16, 257, 'Shooting Permission', 1561018384, '2019-06-20 08:13:14', 175, 1, 0),
(278, 42, 16, 0, 'Social Media', 1561018436, '0000-00-00 00:00:00', 175, 1, 0),
(279, 42, 16, 278, 'Content Creation', 1561018448, '0000-00-00 00:00:00', 175, 1, 0),
(280, 42, 16, 278, 'Live Coverage', 1561018459, '0000-00-00 00:00:00', 175, 1, 0),
(281, 42, 16, 278, 'Social Media Campaigns  ', 1561018521, '0000-00-00 00:00:00', 175, 1, 0),
(282, 42, 16, 278, 'Event Campaign', 1561018539, '2019-06-20 08:16:03', 175, 1, 0),
(283, 42, 16, 278, 'External request  (post from tenant / random ad  .. etc)', 1561018554, '0000-00-00 00:00:00', 175, 1, 0),
(284, 43, 16, 0, 'Creative Unit', 1561018586, '0000-00-00 00:00:00', 175, 1, 0),
(285, 43, 16, 284, 'Creative adaptation', 1561018599, '0000-00-00 00:00:00', 175, 1, 0),
(286, 43, 16, 284, 'Brand development', 1561018610, '0000-00-00 00:00:00', 175, 1, 0),
(287, 43, 16, 284, 'Digital design', 1561018622, '0000-00-00 00:00:00', 175, 1, 0),
(288, 43, 16, 284, 'Campaign Concept Development', 1561018641, '0000-00-00 00:00:00', 175, 1, 0),
(289, 43, 16, 0, 'Production Unit', 1561018698, '0000-00-00 00:00:00', 175, 1, 0),
(290, 43, 16, 289, 'Site Branding inspection', 1561018714, '0000-00-00 00:00:00', 175, 1, 0),
(291, 43, 16, 289, 'Installation/Production supervision', 1561018729, '0000-00-00 00:00:00', 175, 1, 0),
(292, 43, 16, 289, 'Production quality assessment', 1561018744, '0000-00-00 00:00:00', 175, 1, 0),
(293, 43, 16, 289, 'Site Branding inspection', 1561018783, '0000-00-00 00:00:00', 175, 1, 0),
(294, 43, 16, 289, 'Installation/Production supervision', 1561018807, '0000-00-00 00:00:00', 175, 1, 0),
(295, 43, 16, 0, 'Marketing', 1561018828, '2020-03-19 05:45:14', 175, 1, 0),
(296, 43, 16, 295, 'Campaign development/ assessment', 1561019045, '0000-00-00 00:00:00', 175, 1, 0),
(297, 43, 16, 295, 'Activations development/assessment', 1561019061, '0000-00-00 00:00:00', 175, 1, 0),
(298, 43, 16, 295, 'Budget Allocations', 1561019096, '0000-00-00 00:00:00', 175, 1, 0),
(299, 43, 16, 0, 'Corporate Events', 1561019312, '2019-06-20 08:37:25', 175, 1, 1),
(300, 43, 16, 299, 'Major event (FDI, Shj Forum , Ramadan Majlis…)', 1561019329, '2019-06-20 08:32:10', 175, 1, 1),
(301, 43, 16, 299, 'Round table, road show, conference, Exhibitions', 1561019388, '2019-06-20 08:36:28', 175, 1, 1),
(302, 43, 16, 299, 'Staff gathering', 1561019401, '2019-06-20 08:35:46', 175, 1, 1),
(303, 43, 16, 299, 'Initiatives', 1561019417, '2019-06-20 08:36:09', 175, 1, 1),
(304, 43, 16, 299, 'Press conferences', 1561019428, '2019-06-20 08:37:06', 175, 1, 1),
(305, 43, 16, 299, 'Launching of new project ', 1561019441, '2019-06-20 08:35:03', 175, 1, 1),
(306, 67, 16, 0, 'Internal Communication', 1561020383, '0000-00-00 00:00:00', 175, 1, 0),
(307, 67, 16, 306, 'Employees Announcement  ', 1561020399, '0000-00-00 00:00:00', 175, 1, 0),
(308, 67, 16, 306, 'Policy/Memo Circulation ', 1561020432, '0000-00-00 00:00:00', 175, 1, 0),
(309, 67, 16, 306, 'News Circulation', 1561020450, '0000-00-00 00:00:00', 175, 1, 0),
(310, 67, 16, 306, 'Events/Campaigns Circulation ', 1561020467, '0000-00-00 00:00:00', 175, 1, 0),
(311, 67, 16, 306, 'Employees Tips (Innovation, CSR, Health)', 1561020489, '0000-00-00 00:00:00', 175, 1, 0),
(312, 67, 16, 306, 'Strategic/Brand Announcement ', 1561020507, '0000-00-00 00:00:00', 175, 1, 0),
(313, 67, 16, 0, 'Employee Engagement', 1561020536, '0000-00-00 00:00:00', 175, 1, 0),
(314, 67, 16, 313, 'Corporate Events ', 1561020627, '0000-00-00 00:00:00', 175, 1, 0),
(315, 67, 16, 313, 'New Employee Welcome Kit', 1561020646, '0000-00-00 00:00:00', 175, 1, 0),
(316, 67, 16, 313, 'New Employee Orientation Program', 1561020687, '0000-00-00 00:00:00', 175, 1, 0),
(317, 67, 16, 313, 'Internal Volunteer ', 1561020704, '0000-00-00 00:00:00', 175, 1, 0),
(318, 67, 16, 0, 'Feedback', 1561020732, '2019-06-20 08:52:23', 175, 1, 0),
(319, 67, 16, 318, 'Employees satisfaction survey', 1561020758, '0000-00-00 00:00:00', 175, 1, 0),
(320, 67, 16, 318, 'Events Survey', 1561020773, '2019-06-20 08:53:22', 175, 1, 0),
(321, 67, 16, 318, 'Service Survey', 1561020790, '2019-06-20 08:53:30', 175, 1, 0),
(322, 44, 13, 0, 'Major Event', 1561021078, '2020-03-24 12:49:14', 175, 1, 1),
(323, 44, 13, 322, 'FDI, Shj Forum , Ramadan Majlis', 1561021110, '2020-03-24 12:49:10', 175, 1, 1),
(324, 44, 13, 0, 'Round table, road show, conference, Exhibitions', 1561021128, '2020-03-24 12:49:25', 175, 1, 1),
(325, 44, 13, 324, 'Set up/ Catering/ Venue', 1561021153, '2020-03-24 12:49:20', 175, 1, 1),
(326, 44, 13, 0, 'Staff gathering', 1561021277, '2020-03-24 12:50:14', 175, 1, 1),
(327, 44, 13, 326, 'Set up/ Catering/ Venue', 1561021309, '2020-03-24 12:50:09', 175, 1, 1),
(328, 44, 13, 0, 'Initiatives', 1561021333, '2020-03-24 12:50:22', 175, 1, 1),
(329, 44, 13, 328, 'Concept/ set up/ logistic/ internal communication execution/ venue booking/ operation plan/ P&L/ Report', 1561021354, '2020-03-24 12:50:19', 175, 1, 1),
(330, 44, 13, 0, 'Press conferences', 1561021649, '2020-03-24 12:51:17', 175, 1, 1),
(331, 44, 13, 330, 'Set up/ Catering/ Venue', 1561021689, '2020-03-24 12:50:28', 175, 1, 1),
(332, 44, 13, 0, 'Launching of new project ', 1561021706, '2020-03-24 12:51:24', 175, 1, 1),
(333, 44, 13, 332, 'Concept/ set up/ logistic/ internal communication execution/ venue booking/ operation plan/ P&L/ report', 1561021727, '2020-03-24 12:51:10', 175, 1, 1),
(334, 45, 13, 0, 'Launching of new project ', 1561021739, '2019-06-20 09:10:18', 175, 1, 1),
(335, 45, 13, 334, 'Seek sponsorship for events, conferences', 1561021755, '2019-06-20 09:09:58', 175, 1, 1),
(336, 45, 13, 0, 'Corporate Alliance', 1561021871, '0000-00-00 00:00:00', 175, 1, 0),
(337, 45, 13, 336, 'Seek sponsorship for events, conferences', 1561021888, '0000-00-00 00:00:00', 175, 1, 0),
(338, 46, 17, 0, 'Account Payable', 1561030805, '0000-00-00 00:00:00', 175, 1, 0),
(339, 46, 17, 338, 'Payment Note', 1561030824, '0000-00-00 00:00:00', 175, 1, 0),
(340, 46, 17, 338, 'Purchase Order approval', 1561030842, '0000-00-00 00:00:00', 175, 1, 0),
(341, 46, 17, 338, 'Payroll', 1561030852, '0000-00-00 00:00:00', 175, 1, 0),
(342, 46, 17, 338, 'IOU', 1561030867, '0000-00-00 00:00:00', 175, 1, 0),
(343, 46, 17, 338, 'Reimbursement', 1561030882, '2019-06-20 11:41:32', 175, 1, 0),
(344, 46, 17, 0, 'Account Receivable', 1561030909, '0000-00-00 00:00:00', 175, 1, 0),
(345, 46, 17, 344, 'Leasing', 1561030920, '0000-00-00 00:00:00', 175, 1, 0),
(346, 46, 17, 344, 'Retail Revenue', 1561030938, '0000-00-00 00:00:00', 175, 1, 0),
(347, 46, 17, 0, 'Treasury', 1561030946, '0000-00-00 00:00:00', 175, 1, 0),
(348, 46, 17, 347, 'Budget Plannig approval', 1561030963, '0000-00-00 00:00:00', 175, 1, 0),
(349, 46, 17, 347, 'Budget Transfer request', 1561030979, '0000-00-00 00:00:00', 175, 1, 0),
(350, 35, 13, 0, 'faf af', 1563107517, '2019-07-14 12:34:53', 143, 1, 1),
(351, 35, 13, 350, 'fafaf', 1563107528, '2019-07-14 12:30:08', 143, 1, 1),
(352, 70, 13, 0, 'Good', 1563107998, '2019-07-14 12:38:57', 143, 1, 1),
(353, 70, 13, 352, 'Vell', 1563108011, '2019-07-14 12:38:47', 143, 1, 1),
(354, 17, 12, 0, 'Quality Control', 1566458865, '2020-07-09 07:46:49', 143, 1, 1),
(355, 17, 12, 354, 'Quality Control - Inspection', 1566458915, '2020-07-09 07:13:09', 143, 1, 1),
(356, 17, 12, 0, 'Strategy Monitoring ', 1577097839, '2020-07-09 06:39:34', 143, 1, 1),
(357, 17, 12, 356, 'monthly status report ', 1577097869, '2020-07-09 06:38:21', 143, 1, 1),
(358, 17, 12, 354, 'Marketing material review', 1584595987, '2020-07-09 07:25:48', 143, 1, 1),
(359, 17, 12, 354, 'Operation standard', 1584596012, '2020-07-09 07:25:44', 143, 1, 1),
(360, 44, 13, 0, 'Event Management', 1585054462, '2020-03-25 10:33:16', 143, 1, 1),
(361, 44, 13, 0, 'Concept', 1585054552, '2020-03-24 12:56:01', 143, 1, 1),
(362, 44, 13, 0, 'Logistics', 1585054628, '0000-00-00 00:00:00', 143, 1, 0),
(363, 44, 13, 362, 'Set-up', 1585054759, '0000-00-00 00:00:00', 143, 1, 0),
(364, 44, 13, 362, 'Venue Booking', 1585054773, '2020-03-24 13:00:03', 143, 1, 0),
(365, 44, 13, 362, 'Catering', 1585054789, '0000-00-00 00:00:00', 143, 1, 0),
(366, 44, 13, 362, 'AV', 1585054814, '0000-00-00 00:00:00', 143, 1, 0),
(367, 44, 13, 0, 'Event Management', 1585132425, '0000-00-00 00:00:00', 143, 1, 0),
(368, 44, 13, 367, 'Event Request Form', 1585132449, '0000-00-00 00:00:00', 143, 1, 0),
(369, 44, 13, 0, 'Event Management', 1585132454, '2020-03-25 10:34:22', 143, 1, 1),
(370, 44, 13, 367, 'Committee Creation', 1585132478, '0000-00-00 00:00:00', 143, 1, 0),
(371, 44, 13, 367, 'Events Brief ', 1585132499, '0000-00-00 00:00:00', 143, 1, 0),
(372, 44, 13, 367, 'Operations Plan', 1585132522, '0000-00-00 00:00:00', 143, 1, 0),
(373, 44, 13, 367, 'Documentation', 1585132537, '0000-00-00 00:00:00', 143, 1, 0),
(374, 44, 13, 362, 'support - cleaners and security', 1585132634, '2020-03-25 10:37:30', 143, 1, 1),
(375, 44, 13, 362, 'Cleaners and Security', 1585132669, '0000-00-00 00:00:00', 143, 1, 0),
(376, 44, 13, 362, 'Entertainment', 1585132741, '0000-00-00 00:00:00', 143, 1, 0),
(377, 44, 13, 362, 'Giveaways - Gifts', 1585132815, '0000-00-00 00:00:00', 143, 1, 0),
(378, 44, 13, 0, 'Reports', 1585132826, '0000-00-00 00:00:00', 143, 1, 0),
(379, 44, 13, 378, 'P&L', 1585132840, '0000-00-00 00:00:00', 143, 1, 0),
(380, 44, 13, 378, 'Post Event Report', 1585132853, '0000-00-00 00:00:00', 143, 1, 0),
(381, 44, 13, 378, 'Feedback Form - Surveys', 1585132870, '0000-00-00 00:00:00', 143, 1, 0),
(382, 42, 16, 0, 'PR Material', 1592813204, '0000-00-00 00:00:00', 251, 1, 0),
(383, 42, 16, 382, 'Feature', 1592813266, '0000-00-00 00:00:00', 251, 1, 0),
(384, 42, 16, 382, 'Press release', 1592813314, '2020-06-22 08:09:33', 251, 1, 0),
(385, 42, 16, 382, 'Blurb', 1592813335, '0000-00-00 00:00:00', 251, 1, 0),
(386, 17, 12, 0, 'Strategy and Business Perfomance', 1594275541, '2020-07-09 06:24:10', 143, 1, 1),
(387, 17, 12, 0, 'Sustainability', 1594275727, '0000-00-00 00:00:00', 143, 1, 0),
(388, 17, 12, 387, 'Greeners Committee', 1594275761, '0000-00-00 00:00:00', 143, 1, 0),
(389, 17, 12, 387, 'Consumption ', 1594275804, '0000-00-00 00:00:00', 143, 1, 0),
(391, 17, 12, 0, 'Strategy Business Performance', 1594276391, '2020-07-09 11:20:30', 251, 1, 1),
(392, 17, 12, 0, 'Strategy Business Performance', 1594276406, '2020-07-09 11:20:19', 251, 1, 1),
(393, 17, 12, 0, 'Strategy & Business Performance', 1594276467, '2020-07-09 11:20:15', 251, 1, 0),
(394, 17, 12, 392, 'Strategy Awareness Workshop', 1594277739, '2020-07-09 11:20:09', 251, 1, 0),
(395, 17, 12, 392, 'Automation Management System', 1594277798, '2020-07-09 11:20:03', 251, 1, 0),
(396, 17, 12, 98, 'Quality Management System', 1594278054, '2020-07-09 11:26:02', 251, 1, 1),
(397, 17, 12, 354, 'Marketing material review', 1594278646, '2020-07-09 11:19:52', 251, 1, 1),
(398, 17, 12, 354, 'Operation Standard', 1594278679, '2020-07-09 11:19:47', 251, 1, 1),
(399, 17, 12, 109, 'Innovation Event', 1594278986, '2020-07-09 11:19:42', 251, 1, 1),
(400, 17, 12, 354, 'Marketing material review', 1594280005, '2020-07-09 11:19:37', 251, 1, 1),
(401, 17, 12, 354, 'Operation standard', 1594280035, '2020-07-09 11:19:27', 251, 1, 1),
(402, 17, 12, 354, 'Marketing Material Review', 1594280139, '2020-07-09 11:19:08', 143, 1, 1),
(403, 17, 12, 392, 'Strategic planning process', 1594280250, '2020-07-09 11:19:03', 251, 1, 0),
(404, 17, 12, 0, 'Quality Excellence', 1594280917, '2020-07-09 11:18:57', 251, 1, 1),
(405, 17, 12, 0, 'Quality Excellence', 1594281041, '2020-07-09 11:18:53', 251, 1, 1),
(406, 17, 12, 98, 'Quality Management System', 1594281069, '2020-07-09 11:18:46', 251, 1, 1),
(407, 17, 12, 0, 'Quality Management System', 1594281210, '2020-07-09 11:26:59', 251, 1, 0),
(408, 17, 12, 407, 'Marketing material review', 1594281293, '2020-11-25 07:03:08', 251, 1, 1),
(409, 17, 12, 407, 'Operation Standard', 1594281322, '2020-11-25 07:02:54', 251, 1, 1),
(410, 17, 12, 109, 'Innovation Event', 1594281387, '2020-07-09 11:18:28', 251, 1, 1),
(411, 17, 12, 98, 'Quality Management System', 1594281433, '2020-07-09 11:18:23', 251, 1, 1),
(412, 17, 12, 98, 'Quality Management System', 1594281556, '2020-07-09 11:18:18', 251, 1, 1),
(413, 17, 12, 109, 'Innovation Event', 1594281720, '2020-07-09 11:18:12', 143, 1, 1),
(414, 17, 12, 98, 'Quality Management System', 1594282391, '2020-07-09 11:18:06', 251, 1, 1),
(415, 17, 12, 98, 'Quality Management System', 1594282769, '2020-07-09 11:18:01', 143, 1, 1),
(390, 17, 12, 387, 'Sustainability Report', 1594291775, '2020-07-09 11:17:55', 143, 1, 0),
(417, 17, 12, 98, 'Quality Management System', 1594528267, '2020-07-12 04:31:38', 251, 1, 1),
(418, 17, 12, 98, 'Quality Management System ', 1594878552, '2020-07-16 05:49:58', 251, 1, 1),
(419, 17, 12, 98, 'eman', 1595142298, '2020-07-19 07:05:29', 251, 1, 1),
(420, 17, 12, 98, 'eman', 1595142386, '2020-07-19 07:08:29', 251, 1, 1),
(421, 17, 12, 98, 'eman2', 1595142466, '2020-07-19 07:08:35', 251, 1, 1),
(422, 17, 12, 98, 'test', 1595160207, '2020-07-23 00:13:43', 143, 1, 1),
(423, 21, 12, 14, 'Testing by Qaisar', 1595464097, '2020-07-23 00:28:51', 143, 1, 1),
(424, 21, 12, 20, 'Test', 1595464347, '2020-07-23 00:32:42', 143, 1, 1),
(425, 17, 12, 98, 'test01', 1595487998, '2020-07-23 08:55:10', 143, 1, 1),
(426, 17, 12, 98, 'eman', 1595494429, '2020-07-23 08:55:06', 251, 1, 1),
(427, 17, 12, 98, 'eman', 1595494769, '2020-07-23 09:00:37', 251, 1, 1),
(428, 37, 14, 229, 'Admin Services - PRO Services ', 1604483210, '2020-11-04 09:52:58', 251, 1, 0),
(429, 37, 14, 229, 'PRO Services ', 1604483298, '2020-11-04 09:49:14', 251, 1, 1),
(430, 37, 14, 229, 'Admin Services -All internal Correspondence ', 1604483651, '2020-11-04 09:55:49', 251, 1, 0),
(431, 37, 14, 229, 'Admin Services - All External Correspondence', 1604483940, '0000-00-00 00:00:00', 251, 1, 0),
(432, 37, 14, 229, 'Admin Services - All Shurooq vehicles Maintenance ', 1604484014, '2020-11-04 10:01:06', 251, 1, 0),
(433, 37, 14, 229, 'Admin Services - Vehicle Renewal and Salik Tracking ', 1604484102, '2020-11-04 10:02:23', 251, 1, 0),
(434, 37, 14, 229, 'Admin Services - Transportation Services ', 1604484182, '0000-00-00 00:00:00', 251, 1, 0),
(435, 37, 14, 229, 'Admin Services - Pantry services ', 1604484213, '2020-11-04 10:04:05', 251, 1, 0),
(436, 37, 14, 229, 'Admin Services - Reception Service ', 1604484273, '0000-00-00 00:00:00', 251, 1, 0),
(437, 37, 14, 229, 'Admin Services - M.B.J', 1604484316, '0000-00-00 00:00:00', 251, 1, 0),
(438, 37, 14, 229, 'Purchase ', 1604567952, '0000-00-00 00:00:00', 251, 1, 0),
(439, 37, 14, 229, 'Purchase Request to Purchase Order', 1604568043, '0000-00-00 00:00:00', 251, 1, 0),
(440, 37, 14, 229, 'General Supplies', 1604568098, '0000-00-00 00:00:00', 251, 1, 0),
(441, 37, 14, 229, 'General Services and Maintenance', 1604568134, '0000-00-00 00:00:00', 251, 1, 0),
(442, 37, 14, 229, 'Consultancy Services', 1604568164, '0000-00-00 00:00:00', 251, 1, 0),
(443, 37, 14, 229, 'Project Contractor Services', 1604568189, '0000-00-00 00:00:00', 251, 1, 0),
(444, 37, 14, 229, 'Advert/PR/ Printing/Marketing', 1604568211, '0000-00-00 00:00:00', 251, 1, 0),
(445, 37, 14, 229, 'Ticketing & Hotels', 1604568233, '0000-00-00 00:00:00', 251, 1, 0),
(446, 37, 14, 229, 'Contracts', 1604568255, '0000-00-00 00:00:00', 251, 1, 0),
(447, 37, 14, 229, 'Contracts Projects', 1604568277, '0000-00-00 00:00:00', 251, 1, 0),
(448, 37, 14, 229, 'Contracts Others', 1604568304, '0000-00-00 00:00:00', 251, 1, 0),
(449, 37, 14, 229, 'Vendor Management', 1604568332, '0000-00-00 00:00:00', 251, 1, 0),
(450, 37, 14, 229, 'Vendor registration ', 1604568353, '0000-00-00 00:00:00', 251, 1, 0),
(451, 37, 14, 229, 'Vendor performance evaluation ', 1604568374, '0000-00-00 00:00:00', 251, 1, 0),
(452, 37, 14, 229, 'Warehousing', 1604568401, '0000-00-00 00:00:00', 251, 1, 0),
(453, 37, 14, 229, 'Logistics', 1604568435, '0000-00-00 00:00:00', 251, 1, 0),
(454, 37, 14, 229, 'Transportation', 1604568451, '0000-00-00 00:00:00', 251, 1, 0),
(455, 37, 14, 229, 'Custom Clearance', 1604568472, '0000-00-00 00:00:00', 251, 1, 0),
(456, 37, 14, 229, 'Committee', 1604568492, '0000-00-00 00:00:00', 251, 1, 0),
(457, 37, 14, 229, 'Bidding', 1604568507, '0000-00-00 00:00:00', 251, 1, 0),
(458, 37, 14, 229, 'Scrap', 1604568534, '0000-00-00 00:00:00', 251, 1, 0),
(459, 21, 12, 0, 'Scheduling', 1605765202, '2020-11-19 09:36:08', 251, 1, 1),
(460, 21, 12, 0, 'Meeting Management', 1605765309, '2020-11-19 09:36:13', 251, 1, 1),
(461, 21, 12, 0, 'letter Management ', 1605765353, '2020-11-19 09:36:18', 251, 1, 1),
(462, 21, 12, 0, 'Follow up', 1605765377, '2020-11-19 09:36:30', 251, 1, 1),
(463, 21, 12, 0, 'Business and Participation Trip', 1605765425, '2020-11-19 09:36:35', 251, 1, 1),
(464, 21, 12, 0, 'Coordination and follow up', 1605765465, '2020-11-19 09:36:43', 251, 1, 1),
(465, 21, 12, 0, 'Central Archive', 1605765501, '2020-11-19 09:36:48', 251, 1, 1),
(466, 21, 12, 0, 'Support Services', 1605765556, '2020-11-19 09:36:53', 251, 1, 1),
(467, 21, 12, 14, 'Scheduling ', 1605769793, '2020-11-19 07:12:31', 251, 1, 1),
(468, 21, 12, 0, 'Scehdualing ', 1605778269, '2020-11-19 09:36:57', 143, 1, 1),
(469, 21, 12, 14, 'Scheduling', 1605778282, '2020-11-19 09:31:55', 143, 1, 0),
(470, 21, 12, 16, 'Meeting Management ', 1605778702, '0000-00-00 00:00:00', 251, 1, 0),
(471, 21, 12, 20, 'Letter Management', 1605778760, '0000-00-00 00:00:00', 251, 1, 0),
(472, 21, 12, 23, 'Follow up', 1605778793, '0000-00-00 00:00:00', 251, 1, 0),
(473, 21, 12, 27, 'Business and Participation Trip ', 1605778885, '0000-00-00 00:00:00', 251, 1, 0),
(474, 21, 12, 30, 'Coordination and follow up', 1605778963, '0000-00-00 00:00:00', 251, 1, 0),
(475, 21, 12, 33, 'Central Archive', 1605778996, '0000-00-00 00:00:00', 251, 1, 0),
(476, 21, 12, 40, 'Support Services ', 1605779023, '0000-00-00 00:00:00', 251, 1, 0),
(477, 37, 14, 0, 'New Key Service', 1606293667, '0000-00-00 00:00:00', 143, 1, 0),
(478, 37, 14, 477, 'Sub New Service', 1606293685, '0000-00-00 00:00:00', 143, 1, 0),
(479, 17, 12, 0, 'Quality Control', 1606295558, '0000-00-00 00:00:00', 251, 1, 0),
(480, 17, 12, 479, 'Operation Standard', 1606295586, '0000-00-00 00:00:00', 251, 1, 0),
(481, 17, 12, 479, 'Marketing Material Review', 1606295618, '0000-00-00 00:00:00', 251, 1, 0),
(482, 72, 13, 0, 'Admin Operation', 1607503071, '0000-00-00 00:00:00', 251, 1, 0),
(483, 72, 13, 482, 'Reports', 1607503110, '0000-00-00 00:00:00', 251, 1, 0),
(484, 72, 13, 0, 'Warehousing', 1607503171, '0000-00-00 00:00:00', 251, 1, 0),
(485, 72, 13, 484, 'Import and Distribution', 1607503190, '0000-00-00 00:00:00', 251, 1, 0),
(486, 72, 13, 0, 'Store Operation', 1607503215, '0000-00-00 00:00:00', 251, 1, 0),
(487, 72, 13, 486, 'Schedule/Reports/Collection', 1607503235, '0000-00-00 00:00:00', 251, 1, 0),
(488, 72, 13, 0, 'Distribution', 1607503250, '0000-00-00 00:00:00', 251, 1, 0),
(489, 72, 13, 488, 'LPO/Invoice/Delivery Note', 1607503264, '0000-00-00 00:00:00', 251, 1, 0),
(490, 72, 13, 0, 'Hosting Events', 1607503298, '0000-00-00 00:00:00', 251, 1, 0),
(491, 72, 13, 490, 'Request Letter/Email', 1607503312, '0000-00-00 00:00:00', 251, 1, 0),
(492, 72, 13, 0, 'Event Participation', 1607503332, '0000-00-00 00:00:00', 251, 1, 0),
(493, 72, 13, 492, 'Request Letter / Inventory /setup', 1607503352, '0000-00-00 00:00:00', 251, 1, 0),
(494, 72, 13, 0, 'Brand Promotion', 1607503379, '2020-12-09 08:43:41', 251, 1, 1),
(495, 72, 13, 0, 'Brand Promotion', 1607503395, '0000-00-00 00:00:00', 251, 1, 0),
(496, 72, 13, 495, 'Social Media and Brand Activation', 1607503408, '0000-00-00 00:00:00', 251, 1, 0),
(497, 72, 13, 0, 'Product Development', 1607503458, '0000-00-00 00:00:00', 251, 1, 0),
(498, 72, 13, 497, 'Design Approval', 1607503475, '0000-00-00 00:00:00', 251, 1, 0),
(499, 72, 13, 0, 'Product Sourcing', 1607503497, '0000-00-00 00:00:00', 251, 1, 0),
(500, 72, 13, 499, 'Sourcing Supplier', 1607503522, '0000-00-00 00:00:00', 251, 1, 0),
(501, 72, 13, 0, 'New Retail', 1607503558, '0000-00-00 00:00:00', 251, 1, 0),
(502, 72, 13, 501, 'Leasing/GR/Project and Procurement', 1607503569, '0000-00-00 00:00:00', 251, 1, 0),
(503, 43, 16, 0, 'Website updates', 1612162153, '0000-00-00 00:00:00', 251, 1, 0),
(504, 43, 16, 0, 'Website ', 1612162197, '0000-00-00 00:00:00', 251, 1, 0),
(505, 43, 16, 0, 'Website - Revamping', 1612162228, '0000-00-00 00:00:00', 251, 1, 0),
(506, 43, 16, 0, 'Mobile App', 1612162244, '0000-00-00 00:00:00', 251, 1, 0),
(507, 43, 16, 0, 'Progress Webapp', 1612162258, '0000-00-00 00:00:00', 251, 1, 0),
(508, 43, 16, 0, 'E-Commerce Portal', 1612162273, '0000-00-00 00:00:00', 251, 1, 0),
(509, 43, 16, 0, 'On page SEO', 1612162302, '0000-00-00 00:00:00', 251, 1, 0),
(510, 43, 16, 0, 'Off page SEO', 1612162323, '0000-00-00 00:00:00', 251, 1, 0),
(511, 43, 16, 0, 'Digital Campaigns', 1612162343, '0000-00-00 00:00:00', 251, 1, 0),
(512, 43, 16, 0, 'SMS Marketing', 1612162368, '0000-00-00 00:00:00', 251, 1, 0),
(513, 43, 16, 0, 'WhatsApp Marketing', 1612162384, '0000-00-00 00:00:00', 251, 1, 0),
(514, 43, 16, 0, 'Chat Bot', 1612162405, '0000-00-00 00:00:00', 251, 1, 0),
(515, 43, 16, 0, 'WiFi Marketing', 1612162423, '0000-00-00 00:00:00', 251, 1, 0),
(516, 43, 16, 0, 'Email Marketing', 1612162440, '0000-00-00 00:00:00', 251, 1, 0),
(517, 43, 16, 0, 'Google Maps', 1612162455, '0000-00-00 00:00:00', 251, 1, 0),
(518, 43, 16, 0, 'Google My Business', 1612162471, '0000-00-00 00:00:00', 251, 1, 0),
(519, 43, 16, 0, 'Content Writing', 1612162490, '0000-00-00 00:00:00', 251, 1, 0),
(520, 46, 17, 0, 'Others ', 1614495439, '2021-02-28 06:58:15', 251, 1, 1),
(521, 46, 17, 520, 'Others', 1614495476, '2021-02-28 06:58:11', 251, 1, 1),
(522, 46, 17, 520, 'Others', 1614495526, '0000-00-00 00:00:00', 251, 1, 0),
(523, 46, 17, 0, 'Others ', 1614495553, '0000-00-00 00:00:00', 251, 1, 0),
(524, 46, 17, 523, 'Others', 1614495753, '0000-00-00 00:00:00', 251, 1, 0),
(525, 40, 14, 0, 'Others', 1628149005, '0000-00-00 00:00:00', 251, 1, 0),
(526, 24, 13, 0, 'xxxxxxx', 1649580594, '2022-04-03 09:59:13', 143, 1, 1),
(527, 28, 13, 0, 'Visitor Services ', 1650360972, '2022-04-12 10:45:34', 143, 1, 1),
(528, 28, 13, 527, 'Ticketing ', 1650360987, '2022-04-12 10:45:31', 143, 1, 1);

-- --------------------------------------------------------

--
-- Структура таблицы `services_logs`
--

CREATE TABLE IF NOT EXISTS `services_logs` (
  `id` int(11) NOT NULL AUTO_INCREMENT,
  `service_id` int(11) NOT NULL,
  `user_id` int(11) NOT NULL,
  `created_date` int(11) NOT NULL,
  `action` enum('delete','update','create','active') NOT NULL,
  PRIMARY KEY (`id`)
) ENGINE=MyISAM  DEFAULT CHARSET=utf8 AUTO_INCREMENT=211 ;

--
-- Дамп данных таблицы `services_logs`
--

INSERT INTO `services_logs` (`id`, `service_id`, `user_id`, `created_date`, `action`) VALUES
(1, 5, 143, 1554971065, 'delete'),
(2, 4, 143, 1554971070, 'delete'),
(3, 11, 143, 1556206296, 'delete'),
(4, 10, 143, 1556206301, 'delete'),
(5, 9, 143, 1556206306, 'delete'),
(6, 1, 143, 1556450831, 'update'),
(7, 1, 143, 1556450901, 'update'),
(8, 1, 143, 1556450914, 'update'),
(9, 13, 175, 1560683474, 'delete'),
(10, 1, 175, 1560775402, 'delete'),
(11, 2, 175, 1560775411, 'delete'),
(12, 3, 175, 1560775415, 'delete'),
(13, 6, 175, 1560775418, 'delete'),
(14, 7, 175, 1560775421, 'delete'),
(15, 8, 175, 1560775423, 'delete'),
(16, 12, 175, 1560775430, 'delete'),
(17, 27, 175, 1560775761, 'delete'),
(18, 23, 175, 1560775767, 'delete'),
(19, 20, 175, 1560775774, 'delete'),
(20, 16, 175, 1560775779, 'delete'),
(21, 30, 175, 1560775946, 'delete'),
(22, 33, 175, 1560776019, 'delete'),
(23, 37, 175, 1560776035, 'delete'),
(24, 40, 175, 1560776085, 'delete'),
(25, 42, 175, 1560776298, 'delete'),
(26, 44, 175, 1560776406, 'delete'),
(27, 48, 175, 1560776530, 'delete'),
(28, 52, 175, 1560776620, 'delete'),
(29, 55, 175, 1560776626, 'delete'),
(30, 60, 175, 1560777347, 'delete'),
(31, 73, 175, 1560777705, 'delete'),
(32, 66, 175, 1560777709, 'delete'),
(33, 76, 175, 1560778337, 'delete'),
(34, 58, 175, 1560778345, 'delete'),
(35, 81, 175, 1560778358, 'delete'),
(36, 94, 175, 1560778418, 'delete'),
(37, 102, 175, 1560778893, 'update'),
(38, 106, 175, 1560779057, 'delete'),
(39, 107, 175, 1560779062, 'delete'),
(40, 108, 175, 1560779073, 'update'),
(41, 108, 175, 1560779108, 'delete'),
(42, 109, 175, 1560779179, 'delete'),
(43, 113, 175, 1560779347, 'delete'),
(44, 118, 175, 1560779388, 'delete'),
(45, 121, 175, 1560842728, 'delete'),
(46, 127, 175, 1560842959, 'delete'),
(47, 136, 175, 1560843403, 'delete'),
(48, 131, 175, 1560843430, 'delete'),
(49, 137, 175, 1560843433, 'delete'),
(50, 138, 175, 1560843462, 'delete'),
(51, 140, 175, 1560843714, 'update'),
(52, 139, 175, 1560848345, 'delete'),
(53, 145, 175, 1560849033, 'update'),
(54, 15, 143, 1560864871, 'update'),
(55, 162, 175, 1561007008, 'update'),
(56, 163, 175, 1561007015, 'update'),
(57, 164, 175, 1561007022, 'update'),
(58, 190, 175, 1561012930, 'update'),
(59, 47, 175, 1561014771, 'update'),
(60, 246, 175, 1561017081, 'update'),
(61, 254, 175, 1561017585, 'update'),
(62, 277, 175, 1561018394, 'update'),
(63, 282, 175, 1561018562, 'update'),
(64, 299, 175, 1561019516, 'update'),
(65, 300, 175, 1561019529, 'delete'),
(66, 305, 175, 1561019702, 'delete'),
(67, 302, 175, 1561019745, 'delete'),
(68, 303, 175, 1561019768, 'delete'),
(69, 301, 175, 1561019787, 'delete'),
(70, 304, 175, 1561019826, 'delete'),
(71, 299, 175, 1561019845, 'delete'),
(72, 318, 175, 1561020742, 'update'),
(73, 320, 175, 1561020801, 'update'),
(74, 321, 175, 1561020809, 'update'),
(75, 330, 175, 1561021673, 'update'),
(76, 335, 175, 1561021794, 'update'),
(77, 335, 175, 1561021798, 'delete'),
(78, 334, 175, 1561021817, 'delete'),
(79, 343, 175, 1561030891, 'update'),
(80, 194, 143, 1563103224, 'delete'),
(81, 351, 143, 1563107537, 'delete'),
(82, 350, 143, 1563107823, 'delete'),
(83, 353, 143, 1563108057, 'delete'),
(84, 352, 143, 1563108067, 'delete'),
(85, 105, 143, 1564479591, 'update'),
(86, 94, 143, 1584595924, 'update'),
(87, 296, 143, 1584596658, 'update'),
(88, 298, 143, 1584596687, 'update'),
(89, 295, 143, 1584596714, 'update'),
(90, 296, 143, 1584596725, 'update'),
(91, 297, 143, 1584596729, 'update'),
(92, 323, 143, 1585054150, 'delete'),
(93, 322, 143, 1585054155, 'delete'),
(94, 325, 143, 1585054160, 'delete'),
(95, 324, 143, 1585054165, 'delete'),
(96, 327, 143, 1585054209, 'delete'),
(97, 326, 143, 1585054214, 'delete'),
(98, 329, 143, 1585054219, 'delete'),
(99, 328, 143, 1585054222, 'delete'),
(100, 331, 143, 1585054229, 'delete'),
(101, 333, 143, 1585054270, 'delete'),
(102, 330, 143, 1585054277, 'delete'),
(103, 332, 143, 1585054284, 'delete'),
(104, 361, 143, 1585054561, 'delete'),
(105, 364, 143, 1585054803, 'update'),
(106, 360, 143, 1585132379, 'update'),
(107, 360, 143, 1585132391, 'update'),
(108, 360, 143, 1585132396, 'delete'),
(109, 369, 143, 1585132462, 'delete'),
(110, 374, 143, 1585132650, 'delete'),
(111, 384, 251, 1592813372, 'update'),
(112, 94, 143, 1594275503, 'update'),
(113, 386, 251, 1594275850, 'delete'),
(114, 94, 251, 1594275880, 'update'),
(115, 94, 251, 1594275969, 'update'),
(116, 95, 251, 1594276292, 'update'),
(117, 391, 251, 1594276484, 'delete'),
(118, 390, 251, 1594276488, 'delete'),
(119, 95, 251, 1594276538, 'update'),
(120, 96, 251, 1594276548, 'update'),
(121, 97, 251, 1594276561, 'update'),
(122, 357, 251, 1594276701, 'delete'),
(123, 94, 251, 1594276711, 'update'),
(124, 356, 251, 1594276774, 'delete'),
(125, 95, 251, 1594277654, 'update'),
(126, 97, 251, 1594277837, 'delete'),
(127, 96, 251, 1594277848, 'delete'),
(128, 94, 251, 1594277939, 'delete'),
(129, 105, 251, 1594278331, 'delete'),
(130, 354, 251, 1594278764, 'update'),
(131, 355, 251, 1594278790, 'delete'),
(132, 112, 251, 1594278955, 'update'),
(133, 358, 251, 1594279106, 'update'),
(134, 95, 251, 1594279251, 'delete'),
(135, 358, 251, 1594279500, 'update'),
(136, 359, 251, 1594279526, 'update'),
(137, 359, 251, 1594279544, 'delete'),
(138, 358, 251, 1594279548, 'delete'),
(139, 395, 251, 1594279794, 'update'),
(140, 396, 251, 1594279869, 'delete'),
(141, 397, 251, 1594279874, 'delete'),
(142, 354, 251, 1594279932, 'update'),
(143, 401, 251, 1594280417, 'delete'),
(144, 399, 251, 1594280685, 'delete'),
(145, 400, 251, 1594280691, 'delete'),
(146, 398, 251, 1594280719, 'delete'),
(147, 395, 251, 1594280755, 'delete'),
(148, 354, 251, 1594280791, 'update'),
(149, 354, 251, 1594280810, 'delete'),
(150, 403, 251, 1594281089, 'delete'),
(151, 404, 251, 1594281093, 'delete'),
(152, 405, 251, 1594281107, 'delete'),
(153, 409, 251, 1594281455, 'delete'),
(154, 410, 251, 1594281478, 'delete'),
(155, 411, 143, 1594281749, 'delete'),
(156, 412, 143, 1594281821, 'delete'),
(157, 413, 251, 1594282690, 'delete'),
(158, 414, 251, 1594284041, 'delete'),
(159, 417, 251, 1594528298, 'delete'),
(160, 418, 251, 1594878597, 'delete'),
(161, 419, 251, 1595142329, 'delete'),
(162, 420, 251, 1595142509, 'delete'),
(163, 421, 251, 1595142515, 'delete'),
(164, 422, 143, 1595463223, 'delete'),
(165, 423, 143, 1595464131, 'delete'),
(166, 424, 143, 1595464362, 'delete'),
(167, 426, 251, 1595494506, 'delete'),
(168, 425, 251, 1595494510, 'delete'),
(169, 427, 251, 1595494837, 'delete'),
(170, 429, 251, 1604483353, 'delete'),
(171, 428, 251, 1604483578, 'update'),
(172, 430, 251, 1604483749, 'update'),
(173, 432, 251, 1604484066, 'update'),
(174, 433, 251, 1604484143, 'update'),
(175, 435, 251, 1604484245, 'update'),
(176, 231, 251, 1604485626, 'delete'),
(177, 230, 251, 1604485631, 'delete'),
(178, 242, 251, 1604485647, 'delete'),
(179, 241, 251, 1604485651, 'delete'),
(180, 240, 251, 1604485654, 'delete'),
(181, 239, 251, 1604485660, 'delete'),
(182, 233, 251, 1604485716, 'delete'),
(183, 238, 251, 1604485722, 'delete'),
(184, 237, 251, 1604485726, 'delete'),
(185, 236, 251, 1604485730, 'delete'),
(186, 235, 251, 1604485735, 'delete'),
(187, 234, 251, 1604485757, 'delete'),
(188, 232, 251, 1604485761, 'delete'),
(189, 17, 251, 1605764950, 'update'),
(190, 390, 251, 1605764991, 'update'),
(191, 467, 251, 1605769951, 'delete'),
(192, 467, 251, 1605769962, 'delete'),
(193, 469, 143, 1605778315, 'update'),
(194, 459, 251, 1605778568, 'delete'),
(195, 460, 251, 1605778572, 'delete'),
(196, 461, 251, 1605778578, 'delete'),
(197, 462, 251, 1605778589, 'delete'),
(198, 463, 251, 1605778595, 'delete'),
(199, 464, 251, 1605778602, 'delete'),
(200, 465, 251, 1605778608, 'delete'),
(201, 466, 251, 1605778613, 'delete'),
(202, 468, 251, 1605778617, 'delete'),
(203, 409, 251, 1606287774, 'delete'),
(204, 408, 251, 1606287789, 'delete'),
(205, 494, 251, 1607503421, 'delete'),
(206, 521, 251, 1614495492, 'delete'),
(207, 520, 251, 1614495495, 'delete'),
(208, 526, 143, 1649580626, 'delete'),
(209, 528, 143, 1650361013, 'delete'),
(210, 527, 143, 1650361016, 'delete');

-- --------------------------------------------------------

--
-- Структура таблицы `survey_answers`
--

CREATE TABLE IF NOT EXISTS `survey_answers` (
  `id` bigint(22) NOT NULL AUTO_INCREMENT,
  `entity_life_cycle_id` int(11) NOT NULL,
  `survey_id` int(11) NOT NULL COMMENT 'Survey ID and Visit ID',
  `type` enum('survey','visit') NOT NULL,
  `form_id` int(11) NOT NULL,
  `section_id` int(11) NOT NULL DEFAULT '0',
  `questions_id` int(11) NOT NULL,
  `answers` int(11) NOT NULL,
  `comments` text NOT NULL,
  `user_id` int(11) NOT NULL,
  `created_date` int(11) NOT NULL,
  `modified_date` int(11) NOT NULL DEFAULT '0',
  `is_active` tinyint(4) NOT NULL DEFAULT '1',
  `is_delete` tinyint(4) NOT NULL DEFAULT '0',
  PRIMARY KEY (`id`)
) ENGINE=InnoDB  DEFAULT CHARSET=utf8 AUTO_INCREMENT=1276 ;

--
-- Дамп данных таблицы `survey_answers`
--

INSERT INTO `survey_answers` (`id`, `entity_life_cycle_id`, `survey_id`, `type`, `form_id`, `section_id`, `questions_id`, `answers`, `comments`, `user_id`, `created_date`, `modified_date`, `is_active`, `is_delete`) VALUES
(1, 3, 1, 'survey', 1, 2, 1, 3, '0', 143, 1573485975, 0, 1, 0),
(2, 3, 1, 'survey', 1, 2, 2, 3, '0', 143, 1573485975, 0, 1, 0),
(3, 3, 1, 'survey', 1, 2, 3, 3, '0', 143, 1573485975, 0, 1, 0),
(4, 3, 1, 'survey', 1, 3, 4, 2, '0', 143, 1573485975, 0, 1, 0),
(5, 3, 1, 'survey', 1, 3, 5, 3, '0', 143, 1573485975, 0, 1, 0),
(6, 3, 1, 'survey', 1, 3, 6, 3, '0', 143, 1573485975, 0, 1, 0),
(7, 3, 1, 'survey', 1, 4, 7, 2, '0', 143, 1573485975, 0, 1, 0),
(8, 3, 1, 'survey', 1, 4, 8, 2, '0', 143, 1573485975, 0, 1, 0),
(9, 3, 1, 'survey', 1, 4, 9, 3, '0', 143, 1573485975, 0, 1, 0),
(10, 3, 1, 'survey', 1, 5, 10, 4, '0', 143, 1573485975, 0, 1, 0),
(11, 3, 1, 'survey', 1, 5, 11, 4, '0', 143, 1573485975, 0, 1, 0),
(12, 3, 1, 'survey', 1, 5, 12, 4, '0', 143, 1573485975, 0, 1, 0),
(13, 3, 1, 'survey', 1, 6, 13, 2, '0', 143, 1573485975, 0, 1, 0),
(14, 3, 1, 'survey', 1, 6, 14, 2, '0', 143, 1573485975, 0, 1, 0),
(15, 3, 1, 'survey', 1, 6, 15, 2, '0', 143, 1573485975, 0, 1, 0),
(16, 3, 1, 'survey', 1, 7, 16, 3, '0', 143, 1573485975, 0, 1, 0),
(17, 3, 1, 'survey', 1, 7, 17, 4, '0', 143, 1573485975, 0, 1, 0),
(18, 3, 2, 'survey', 1, 2, 1, 4, '0', 165, 1573628636, 0, 1, 0),
(19, 3, 2, 'survey', 1, 2, 2, 4, '0', 165, 1573628636, 0, 1, 0),
(20, 3, 2, 'survey', 1, 2, 3, 4, '0', 165, 1573628636, 0, 1, 0),
(21, 3, 2, 'survey', 1, 3, 4, 4, '0', 165, 1573628636, 0, 1, 0),
(22, 3, 2, 'survey', 1, 3, 5, 4, '0', 165, 1573628636, 0, 1, 0),
(23, 3, 2, 'survey', 1, 3, 6, 4, '0', 165, 1573628636, 0, 1, 0),
(24, 3, 2, 'survey', 1, 4, 7, 4, '0', 165, 1573628636, 0, 1, 0),
(25, 3, 2, 'survey', 1, 4, 8, 4, '0', 165, 1573628636, 0, 1, 0),
(26, 3, 2, 'survey', 1, 4, 9, 4, '0', 165, 1573628636, 0, 1, 0),
(27, 3, 2, 'survey', 1, 5, 10, 4, '0', 165, 1573628636, 0, 1, 0),
(28, 3, 2, 'survey', 1, 5, 11, 4, '0', 165, 1573628636, 0, 1, 0),
(29, 3, 2, 'survey', 1, 5, 12, 4, '0', 165, 1573628636, 0, 1, 0),
(30, 3, 2, 'survey', 1, 6, 13, 4, '0', 165, 1573628636, 0, 1, 0),
(31, 3, 2, 'survey', 1, 6, 14, 4, '0', 165, 1573628636, 0, 1, 0),
(32, 3, 2, 'survey', 1, 6, 15, 4, '0', 165, 1573628636, 0, 1, 0),
(33, 3, 2, 'survey', 1, 7, 16, 4, '0', 165, 1573628636, 0, 1, 0),
(34, 3, 2, 'survey', 1, 7, 17, 4, '0', 165, 1573628636, 0, 1, 0),
(35, 3, 3, 'survey', 1, 2, 1, 4, '0', 240, 1574065646, 0, 1, 0),
(36, 3, 3, 'survey', 1, 2, 2, 4, '0', 240, 1574065646, 0, 1, 0),
(37, 3, 3, 'survey', 1, 2, 3, 4, '0', 240, 1574065646, 0, 1, 0),
(38, 3, 3, 'survey', 1, 3, 4, 4, '0', 240, 1574065646, 0, 1, 0),
(39, 3, 3, 'survey', 1, 3, 5, 4, '0', 240, 1574065646, 0, 1, 0),
(40, 3, 3, 'survey', 1, 3, 6, 4, '0', 240, 1574065646, 0, 1, 0),
(41, 3, 3, 'survey', 1, 4, 7, 5, '0', 240, 1574065646, 0, 1, 0),
(42, 3, 3, 'survey', 1, 4, 8, 5, '0', 240, 1574065646, 0, 1, 0),
(43, 3, 3, 'survey', 1, 4, 9, 5, '0', 240, 1574065646, 0, 1, 0),
(44, 3, 3, 'survey', 1, 5, 10, 5, '0', 240, 1574065646, 0, 1, 0),
(45, 3, 3, 'survey', 1, 5, 11, 5, '0', 240, 1574065646, 0, 1, 0),
(46, 3, 3, 'survey', 1, 5, 12, 5, '0', 240, 1574065646, 0, 1, 0),
(47, 3, 3, 'survey', 1, 6, 13, 4, '0', 240, 1574065646, 0, 1, 0),
(48, 3, 3, 'survey', 1, 6, 14, 4, '0', 240, 1574065646, 0, 1, 0),
(49, 3, 3, 'survey', 1, 6, 15, 4, '0', 240, 1574065646, 0, 1, 0),
(50, 3, 3, 'survey', 1, 7, 16, 4, '0', 240, 1574065646, 0, 1, 0),
(51, 3, 3, 'survey', 1, 7, 17, 4, '0', 240, 1574065646, 0, 1, 0),
(52, 3, 4, 'survey', 1, 2, 1, 2, '0', 130, 1574141114, 0, 1, 0),
(53, 3, 4, 'survey', 1, 2, 2, 3, '0', 130, 1574141114, 0, 1, 0),
(54, 3, 4, 'survey', 1, 2, 3, 2, '0', 130, 1574141114, 0, 1, 0),
(55, 3, 4, 'survey', 1, 3, 4, 3, '0', 130, 1574141114, 0, 1, 0),
(56, 3, 4, 'survey', 1, 3, 5, 4, '0', 130, 1574141114, 0, 1, 0),
(57, 3, 4, 'survey', 1, 3, 6, 3, '0', 130, 1574141114, 0, 1, 0),
(58, 3, 4, 'survey', 1, 4, 7, 4, '0', 130, 1574141114, 0, 1, 0),
(59, 3, 4, 'survey', 1, 4, 8, 4, '0', 130, 1574141114, 0, 1, 0),
(60, 3, 4, 'survey', 1, 4, 9, 4, '0', 130, 1574141114, 0, 1, 0),
(61, 3, 4, 'survey', 1, 5, 10, 4, '0', 130, 1574141114, 0, 1, 0),
(62, 3, 4, 'survey', 1, 5, 11, 4, '0', 130, 1574141114, 0, 1, 0),
(63, 3, 4, 'survey', 1, 5, 12, 4, '0', 130, 1574141114, 0, 1, 0),
(64, 3, 4, 'survey', 1, 6, 13, 2, '0', 130, 1574141114, 0, 1, 0),
(65, 3, 4, 'survey', 1, 6, 14, 3, '0', 130, 1574141114, 0, 1, 0),
(66, 3, 4, 'survey', 1, 6, 15, 4, '0', 130, 1574141114, 0, 1, 0),
(67, 3, 4, 'survey', 1, 7, 16, 3, '0', 130, 1574141114, 0, 1, 0),
(68, 3, 4, 'survey', 1, 7, 17, 4, '0', 130, 1574141114, 0, 1, 0),
(69, 3, 5, 'survey', 1, 2, 1, 5, '0', 173, 1574229643, 0, 1, 0),
(70, 3, 5, 'survey', 1, 2, 2, 4, '0', 173, 1574229643, 0, 1, 0),
(71, 3, 5, 'survey', 1, 2, 3, 4, '0', 173, 1574229643, 0, 1, 0),
(72, 3, 5, 'survey', 1, 3, 4, 4, '0', 173, 1574229643, 0, 1, 0),
(73, 3, 5, 'survey', 1, 3, 5, 4, '0', 173, 1574229643, 0, 1, 0),
(74, 3, 5, 'survey', 1, 3, 6, 4, '0', 173, 1574229643, 0, 1, 0),
(75, 3, 5, 'survey', 1, 4, 7, 4, '0', 173, 1574229643, 0, 1, 0),
(76, 3, 5, 'survey', 1, 4, 8, 4, '0', 173, 1574229643, 0, 1, 0),
(77, 3, 5, 'survey', 1, 4, 9, 4, '0', 173, 1574229643, 0, 1, 0),
(78, 3, 5, 'survey', 1, 5, 10, 4, '0', 173, 1574229643, 0, 1, 0),
(79, 3, 5, 'survey', 1, 5, 11, 4, '0', 173, 1574229643, 0, 1, 0),
(80, 3, 5, 'survey', 1, 5, 12, 4, '0', 173, 1574229643, 0, 1, 0),
(81, 3, 5, 'survey', 1, 6, 13, 4, '0', 173, 1574229643, 0, 1, 0),
(82, 3, 5, 'survey', 1, 6, 14, 4, '0', 173, 1574229643, 0, 1, 0),
(83, 3, 5, 'survey', 1, 6, 15, 4, '0', 173, 1574229643, 0, 1, 0),
(84, 3, 5, 'survey', 1, 7, 16, 4, '0', 173, 1574229643, 0, 1, 0),
(85, 3, 5, 'survey', 1, 7, 17, 5, '0', 173, 1574229643, 0, 1, 0),
(86, 3, 6, 'survey', 1, 2, 1, 4, '0', 174, 1574229684, 0, 1, 0),
(87, 3, 6, 'survey', 1, 2, 2, 4, '0', 174, 1574229684, 0, 1, 0),
(88, 3, 6, 'survey', 1, 2, 3, 3, '0', 174, 1574229684, 0, 1, 0),
(89, 3, 6, 'survey', 1, 3, 4, 2, '0', 174, 1574229684, 0, 1, 0),
(90, 3, 6, 'survey', 1, 3, 5, 4, '0', 174, 1574229684, 0, 1, 0),
(91, 3, 6, 'survey', 1, 3, 6, 4, '0', 174, 1574229684, 0, 1, 0),
(92, 3, 6, 'survey', 1, 4, 7, 4, '0', 174, 1574229684, 0, 1, 0),
(93, 3, 6, 'survey', 1, 4, 8, 4, '0', 174, 1574229684, 0, 1, 0),
(94, 3, 6, 'survey', 1, 4, 9, 4, '0', 174, 1574229684, 0, 1, 0),
(95, 3, 6, 'survey', 1, 5, 10, 5, '0', 174, 1574229684, 0, 1, 0),
(96, 3, 6, 'survey', 1, 5, 11, 4, '0', 174, 1574229684, 0, 1, 0),
(97, 3, 6, 'survey', 1, 5, 12, 4, '0', 174, 1574229684, 0, 1, 0),
(98, 3, 6, 'survey', 1, 6, 13, 4, '0', 174, 1574229684, 0, 1, 0),
(99, 3, 6, 'survey', 1, 6, 14, 3, '0', 174, 1574229684, 0, 1, 0),
(100, 3, 6, 'survey', 1, 6, 15, 4, '0', 174, 1574229684, 0, 1, 0),
(101, 3, 6, 'survey', 1, 7, 16, 4, '0', 174, 1574229684, 0, 1, 0),
(102, 3, 6, 'survey', 1, 7, 17, 4, '0', 174, 1574229684, 0, 1, 0),
(103, 3, 7, 'survey', 1, 2, 1, 4, '0', 239, 1574325050, 0, 1, 0),
(104, 3, 7, 'survey', 1, 2, 2, 4, '0', 239, 1574325050, 0, 1, 0),
(105, 3, 7, 'survey', 1, 2, 3, 4, '0', 239, 1574325050, 0, 1, 0),
(106, 3, 7, 'survey', 1, 3, 4, 4, '0', 239, 1574325050, 0, 1, 0),
(107, 3, 7, 'survey', 1, 3, 5, 4, '0', 239, 1574325050, 0, 1, 0),
(108, 3, 7, 'survey', 1, 3, 6, 4, '0', 239, 1574325050, 0, 1, 0),
(109, 3, 7, 'survey', 1, 4, 7, 5, '0', 239, 1574325050, 0, 1, 0),
(110, 3, 7, 'survey', 1, 4, 8, 5, '0', 239, 1574325050, 0, 1, 0),
(111, 3, 7, 'survey', 1, 4, 9, 5, '0', 239, 1574325050, 0, 1, 0),
(112, 3, 7, 'survey', 1, 5, 10, 5, '0', 239, 1574325050, 0, 1, 0),
(113, 3, 7, 'survey', 1, 5, 11, 5, '0', 239, 1574325050, 0, 1, 0),
(114, 3, 7, 'survey', 1, 5, 12, 5, '0', 239, 1574325050, 0, 1, 0),
(115, 3, 7, 'survey', 1, 6, 13, 4, '0', 239, 1574325051, 0, 1, 0),
(116, 3, 7, 'survey', 1, 6, 14, 4, '0', 239, 1574325051, 0, 1, 0),
(117, 3, 7, 'survey', 1, 6, 15, 4, '0', 239, 1574325051, 0, 1, 0),
(118, 3, 7, 'survey', 1, 7, 16, 4, '0', 239, 1574325051, 0, 1, 0),
(119, 3, 7, 'survey', 1, 7, 17, 4, '0', 239, 1574325051, 0, 1, 0),
(120, 3, 8, 'survey', 1, 2, 1, 3, '0', 237, 1574751004, 0, 1, 0),
(121, 3, 8, 'survey', 1, 2, 2, 4, '0', 237, 1574751004, 0, 1, 0),
(122, 3, 8, 'survey', 1, 2, 3, 3, '0', 237, 1574751004, 0, 1, 0),
(123, 3, 8, 'survey', 1, 3, 4, 3, '0', 237, 1574751004, 0, 1, 0),
(124, 3, 8, 'survey', 1, 3, 5, 3, '0', 237, 1574751004, 0, 1, 0),
(125, 3, 8, 'survey', 1, 3, 6, 3, '0', 237, 1574751004, 0, 1, 0),
(126, 3, 8, 'survey', 1, 4, 7, 4, '0', 237, 1574751004, 0, 1, 0),
(127, 3, 8, 'survey', 1, 4, 8, 4, '0', 237, 1574751004, 0, 1, 0),
(128, 3, 8, 'survey', 1, 4, 9, 4, '0', 237, 1574751004, 0, 1, 0),
(129, 3, 8, 'survey', 1, 5, 10, 3, '0', 237, 1574751004, 0, 1, 0),
(130, 3, 8, 'survey', 1, 5, 11, 3, '0', 237, 1574751004, 0, 1, 0),
(131, 3, 8, 'survey', 1, 5, 12, 3, '0', 237, 1574751004, 0, 1, 0),
(132, 3, 8, 'survey', 1, 6, 13, 3, '0', 237, 1574751004, 0, 1, 0),
(133, 3, 8, 'survey', 1, 6, 14, 4, '0', 237, 1574751004, 0, 1, 0),
(134, 3, 8, 'survey', 1, 6, 15, 4, '0', 237, 1574751004, 0, 1, 0),
(135, 3, 8, 'survey', 1, 7, 16, 4, '0', 237, 1574751004, 0, 1, 0),
(136, 3, 8, 'survey', 1, 7, 17, 4, '0', 237, 1574751004, 0, 1, 0),
(137, 3, 9, 'survey', 1, 2, 1, 5, '0', 226, 1575790430, 0, 1, 0),
(138, 3, 9, 'survey', 1, 2, 2, 5, '0', 226, 1575790430, 0, 1, 0),
(139, 3, 9, 'survey', 1, 2, 3, 4, '0', 226, 1575790430, 0, 1, 0),
(140, 3, 9, 'survey', 1, 3, 4, 4, '0', 226, 1575790430, 0, 1, 0),
(141, 3, 9, 'survey', 1, 3, 5, 4, '0', 226, 1575790430, 0, 1, 0),
(142, 3, 9, 'survey', 1, 3, 6, 4, '0', 226, 1575790430, 0, 1, 0),
(143, 3, 9, 'survey', 1, 4, 7, 4, '0', 226, 1575790430, 0, 1, 0),
(144, 3, 9, 'survey', 1, 4, 8, 4, '0', 226, 1575790430, 0, 1, 0),
(145, 3, 9, 'survey', 1, 4, 9, 4, '0', 226, 1575790430, 0, 1, 0),
(146, 3, 9, 'survey', 1, 5, 10, 5, '0', 226, 1575790430, 0, 1, 0),
(147, 3, 9, 'survey', 1, 5, 11, 4, '0', 226, 1575790430, 0, 1, 0),
(148, 3, 9, 'survey', 1, 5, 12, 5, '0', 226, 1575790430, 0, 1, 0),
(149, 3, 9, 'survey', 1, 6, 13, 4, '0', 226, 1575790430, 0, 1, 0),
(150, 3, 9, 'survey', 1, 6, 14, 5, '0', 226, 1575790430, 0, 1, 0),
(151, 3, 9, 'survey', 1, 6, 15, 5, '0', 226, 1575790430, 0, 1, 0),
(152, 3, 9, 'survey', 1, 7, 16, 5, '0', 226, 1575790430, 0, 1, 0),
(153, 3, 9, 'survey', 1, 7, 17, 4, '0', 226, 1575790430, 0, 1, 0),
(154, 3, 10, 'survey', 1, 2, 1, 3, '0', 186, 1575961889, 0, 1, 0),
(155, 3, 10, 'survey', 1, 2, 2, 3, '0', 186, 1575961889, 0, 1, 0),
(156, 3, 10, 'survey', 1, 2, 3, 3, '0', 186, 1575961889, 0, 1, 0),
(157, 3, 10, 'survey', 1, 3, 4, 4, '0', 186, 1575961889, 0, 1, 0),
(158, 3, 10, 'survey', 1, 3, 5, 4, '0', 186, 1575961889, 0, 1, 0),
(159, 3, 10, 'survey', 1, 3, 6, 4, '0', 186, 1575961889, 0, 1, 0),
(160, 3, 10, 'survey', 1, 4, 7, 5, '0', 186, 1575961889, 0, 1, 0),
(161, 3, 10, 'survey', 1, 4, 8, 5, '0', 186, 1575961889, 0, 1, 0),
(162, 3, 10, 'survey', 1, 4, 9, 4, '0', 186, 1575961889, 0, 1, 0),
(163, 3, 10, 'survey', 1, 5, 10, 4, '0', 186, 1575961889, 0, 1, 0),
(164, 3, 10, 'survey', 1, 5, 11, 4, '0', 186, 1575961889, 0, 1, 0),
(165, 3, 10, 'survey', 1, 5, 12, 5, '0', 186, 1575961889, 0, 1, 0),
(166, 3, 10, 'survey', 1, 6, 13, 4, '0', 186, 1575961889, 0, 1, 0),
(167, 3, 10, 'survey', 1, 6, 14, 3, '0', 186, 1575961889, 0, 1, 0),
(168, 3, 10, 'survey', 1, 6, 15, 4, '0', 186, 1575961889, 0, 1, 0),
(169, 3, 10, 'survey', 1, 7, 16, 4, '0', 186, 1575961889, 0, 1, 0),
(170, 3, 10, 'survey', 1, 7, 17, 5, '0', 186, 1575961889, 0, 1, 0),
(171, 3, 11, 'survey', 1, 2, 1, 4, '0', 204, 1575975150, 0, 1, 0),
(172, 3, 11, 'survey', 1, 2, 2, 4, '0', 204, 1575975150, 0, 1, 0),
(173, 3, 11, 'survey', 1, 2, 3, 4, '0', 204, 1575975150, 0, 1, 0),
(174, 3, 11, 'survey', 1, 3, 4, 4, '0', 204, 1575975150, 0, 1, 0),
(175, 3, 11, 'survey', 1, 3, 5, 5, '0', 204, 1575975150, 0, 1, 0),
(176, 3, 11, 'survey', 1, 3, 6, 5, '0', 204, 1575975150, 0, 1, 0),
(177, 3, 11, 'survey', 1, 4, 7, 5, '0', 204, 1575975150, 0, 1, 0),
(178, 3, 11, 'survey', 1, 4, 8, 5, '0', 204, 1575975150, 0, 1, 0),
(179, 3, 11, 'survey', 1, 4, 9, 5, '0', 204, 1575975150, 0, 1, 0),
(180, 3, 11, 'survey', 1, 5, 10, 5, '0', 204, 1575975150, 0, 1, 0),
(181, 3, 11, 'survey', 1, 5, 11, 5, '0', 204, 1575975150, 0, 1, 0),
(182, 3, 11, 'survey', 1, 5, 12, 5, '0', 204, 1575975150, 0, 1, 0),
(183, 3, 11, 'survey', 1, 6, 13, 4, '0', 204, 1575975150, 0, 1, 0),
(184, 3, 11, 'survey', 1, 6, 14, 5, '0', 204, 1575975150, 0, 1, 0),
(185, 3, 11, 'survey', 1, 6, 15, 4, '0', 204, 1575975150, 0, 1, 0),
(186, 3, 11, 'survey', 1, 7, 16, 5, '0', 204, 1575975150, 0, 1, 0),
(187, 3, 11, 'survey', 1, 7, 17, 5, '0', 204, 1575975150, 0, 1, 0),
(188, 3, 12, 'survey', 1, 2, 1, 3, '0', 205, 1577185769, 0, 1, 0),
(189, 3, 12, 'survey', 1, 2, 2, 4, '0', 205, 1577185769, 0, 1, 0),
(190, 3, 12, 'survey', 1, 2, 3, 3, '0', 205, 1577185769, 0, 1, 0),
(191, 3, 12, 'survey', 1, 3, 4, 4, '0', 205, 1577185769, 0, 1, 0),
(192, 3, 12, 'survey', 1, 3, 5, 3, '0', 205, 1577185769, 0, 1, 0),
(193, 3, 12, 'survey', 1, 3, 6, 3, '0', 205, 1577185769, 0, 1, 0),
(194, 3, 12, 'survey', 1, 4, 7, 5, '0', 205, 1577185769, 0, 1, 0),
(195, 3, 12, 'survey', 1, 4, 8, 4, '0', 205, 1577185769, 0, 1, 0),
(196, 3, 12, 'survey', 1, 4, 9, 3, '0', 205, 1577185769, 0, 1, 0),
(197, 3, 12, 'survey', 1, 5, 10, 5, '0', 205, 1577185769, 0, 1, 0),
(198, 3, 12, 'survey', 1, 5, 11, 5, '0', 205, 1577185769, 0, 1, 0),
(199, 3, 12, 'survey', 1, 5, 12, 5, '0', 205, 1577185769, 0, 1, 0),
(200, 3, 12, 'survey', 1, 6, 13, 3, '0', 205, 1577185769, 0, 1, 0),
(201, 3, 12, 'survey', 1, 6, 14, 4, '0', 205, 1577185769, 0, 1, 0),
(202, 3, 12, 'survey', 1, 6, 15, 4, '0', 205, 1577185769, 0, 1, 0),
(203, 3, 12, 'survey', 1, 7, 16, 4, '0', 205, 1577185769, 0, 1, 0),
(204, 3, 12, 'survey', 1, 7, 17, 5, '0', 205, 1577185769, 0, 1, 0),
(205, 3, 13, 'survey', 1, 2, 1, 2, '0', 182, 1578378983, 0, 1, 0),
(206, 3, 13, 'survey', 1, 2, 2, 2, '0', 182, 1578378983, 0, 1, 0),
(207, 3, 13, 'survey', 1, 2, 3, 3, '0', 182, 1578378983, 0, 1, 0),
(208, 3, 13, 'survey', 1, 3, 4, 2, '0', 182, 1578378983, 0, 1, 0),
(209, 3, 13, 'survey', 1, 3, 5, 2, '0', 182, 1578378983, 0, 1, 0),
(210, 3, 13, 'survey', 1, 3, 6, 2, '0', 182, 1578378983, 0, 1, 0),
(211, 3, 13, 'survey', 1, 4, 7, 4, '0', 182, 1578378983, 0, 1, 0),
(212, 3, 13, 'survey', 1, 4, 8, 4, '0', 182, 1578378983, 0, 1, 0),
(213, 3, 13, 'survey', 1, 4, 9, 4, '0', 182, 1578378983, 0, 1, 0),
(214, 3, 13, 'survey', 1, 5, 10, 4, '0', 182, 1578378983, 0, 1, 0),
(215, 3, 13, 'survey', 1, 5, 11, 5, '0', 182, 1578378983, 0, 1, 0),
(216, 3, 13, 'survey', 1, 5, 12, 5, '0', 182, 1578378983, 0, 1, 0),
(217, 3, 13, 'survey', 1, 6, 13, 2, '0', 182, 1578378983, 0, 1, 0),
(218, 3, 13, 'survey', 1, 6, 14, 2, '0', 182, 1578378983, 0, 1, 0),
(219, 3, 13, 'survey', 1, 6, 15, 3, '0', 182, 1578378983, 0, 1, 0),
(220, 3, 13, 'survey', 1, 7, 16, 3, '0', 182, 1578378983, 0, 1, 0),
(221, 3, 13, 'survey', 1, 7, 17, 4, '0', 182, 1578378983, 0, 1, 0),
(222, 3, 14, 'survey', 1, 2, 1, 5, '0', 177, 1578382379, 0, 1, 0),
(223, 3, 14, 'survey', 1, 2, 2, 5, '0', 177, 1578382379, 0, 1, 0),
(224, 3, 14, 'survey', 1, 2, 3, 5, '0', 177, 1578382379, 0, 1, 0),
(225, 3, 14, 'survey', 1, 3, 4, 5, '0', 177, 1578382379, 0, 1, 0),
(226, 3, 14, 'survey', 1, 3, 5, 5, '0', 177, 1578382379, 0, 1, 0),
(227, 3, 14, 'survey', 1, 3, 6, 5, '0', 177, 1578382379, 0, 1, 0),
(228, 3, 14, 'survey', 1, 4, 7, 5, '0', 177, 1578382379, 0, 1, 0),
(229, 3, 14, 'survey', 1, 4, 8, 5, '0', 177, 1578382379, 0, 1, 0),
(230, 3, 14, 'survey', 1, 4, 9, 5, '0', 177, 1578382379, 0, 1, 0),
(231, 3, 14, 'survey', 1, 5, 10, 5, '0', 177, 1578382379, 0, 1, 0),
(232, 3, 14, 'survey', 1, 5, 11, 5, '0', 177, 1578382379, 0, 1, 0),
(233, 3, 14, 'survey', 1, 5, 12, 5, '0', 177, 1578382379, 0, 1, 0),
(234, 3, 14, 'survey', 1, 6, 13, 5, '0', 177, 1578382379, 0, 1, 0),
(235, 3, 14, 'survey', 1, 6, 14, 5, '0', 177, 1578382379, 0, 1, 0),
(236, 3, 14, 'survey', 1, 6, 15, 5, '0', 177, 1578382379, 0, 1, 0),
(237, 3, 14, 'survey', 1, 7, 16, 5, '0', 177, 1578382379, 0, 1, 0),
(238, 3, 14, 'survey', 1, 7, 17, 5, '0', 177, 1578382379, 0, 1, 0),
(239, 3, 15, 'survey', 1, 2, 1, 2, '0', 198, 1578383577, 0, 1, 0),
(240, 3, 15, 'survey', 1, 2, 2, 3, '0', 198, 1578383577, 0, 1, 0),
(241, 3, 15, 'survey', 1, 2, 3, 3, '0', 198, 1578383577, 0, 1, 0),
(242, 3, 15, 'survey', 1, 3, 4, 4, '0', 198, 1578383577, 0, 1, 0),
(243, 3, 15, 'survey', 1, 3, 5, 3, '0', 198, 1578383577, 0, 1, 0),
(244, 3, 15, 'survey', 1, 3, 6, 3, '0', 198, 1578383577, 0, 1, 0),
(245, 3, 15, 'survey', 1, 4, 7, 2, '0', 198, 1578383577, 0, 1, 0),
(246, 3, 15, 'survey', 1, 4, 8, 2, '0', 198, 1578383577, 0, 1, 0),
(247, 3, 15, 'survey', 1, 4, 9, 2, '0', 198, 1578383577, 0, 1, 0),
(248, 3, 15, 'survey', 1, 5, 10, 4, '0', 198, 1578383577, 0, 1, 0),
(249, 3, 15, 'survey', 1, 5, 11, 4, '0', 198, 1578383577, 0, 1, 0),
(250, 3, 15, 'survey', 1, 5, 12, 4, '0', 198, 1578383577, 0, 1, 0),
(251, 3, 15, 'survey', 1, 6, 13, 2, '0', 198, 1578383577, 0, 1, 0),
(252, 3, 15, 'survey', 1, 6, 14, 2, '0', 198, 1578383577, 0, 1, 0),
(253, 3, 15, 'survey', 1, 6, 15, 2, '0', 198, 1578383577, 0, 1, 0),
(254, 3, 15, 'survey', 1, 7, 16, 4, '0', 198, 1578383577, 0, 1, 0),
(255, 3, 15, 'survey', 1, 7, 17, 4, '0', 198, 1578383577, 0, 1, 0),
(256, 3, 16, 'survey', 1, 2, 1, 4, '0', 169, 1578463951, 0, 1, 0),
(257, 3, 16, 'survey', 1, 2, 2, 4, '0', 169, 1578463951, 0, 1, 0),
(258, 3, 16, 'survey', 1, 2, 3, 3, '0', 169, 1578463951, 0, 1, 0),
(259, 3, 16, 'survey', 1, 3, 4, 2, '0', 169, 1578463951, 0, 1, 0),
(260, 3, 16, 'survey', 1, 3, 5, 3, '0', 169, 1578463951, 0, 1, 0),
(261, 3, 16, 'survey', 1, 3, 6, 4, '0', 169, 1578463951, 0, 1, 0),
(262, 3, 16, 'survey', 1, 4, 7, 3, '0', 169, 1578463951, 0, 1, 0),
(263, 3, 16, 'survey', 1, 4, 8, 3, '0', 169, 1578463951, 0, 1, 0),
(264, 3, 16, 'survey', 1, 4, 9, 3, '0', 169, 1578463951, 0, 1, 0),
(265, 3, 16, 'survey', 1, 5, 10, 4, '0', 169, 1578463951, 0, 1, 0),
(266, 3, 16, 'survey', 1, 5, 11, 4, '0', 169, 1578463951, 0, 1, 0),
(267, 3, 16, 'survey', 1, 5, 12, 4, '0', 169, 1578463951, 0, 1, 0),
(268, 3, 16, 'survey', 1, 6, 13, 4, '0', 169, 1578463951, 0, 1, 0),
(269, 3, 16, 'survey', 1, 6, 14, 4, '0', 169, 1578463951, 0, 1, 0),
(270, 3, 16, 'survey', 1, 6, 15, 4, '0', 169, 1578463951, 0, 1, 0),
(271, 3, 16, 'survey', 1, 7, 16, 4, '0', 169, 1578463951, 0, 1, 0),
(272, 3, 16, 'survey', 1, 7, 17, 4, '0', 169, 1578463951, 0, 1, 0),
(273, 3, 17, 'survey', 1, 2, 1, 4, '0', 215, 1580195205, 0, 1, 0),
(274, 3, 17, 'survey', 1, 2, 2, 4, '0', 215, 1580195205, 0, 1, 0),
(275, 3, 17, 'survey', 1, 2, 3, 4, '0', 215, 1580195205, 0, 1, 0),
(276, 3, 17, 'survey', 1, 3, 4, 4, '0', 215, 1580195205, 0, 1, 0),
(277, 3, 17, 'survey', 1, 3, 5, 4, '0', 215, 1580195205, 0, 1, 0),
(278, 3, 17, 'survey', 1, 3, 6, 4, '0', 215, 1580195205, 0, 1, 0),
(279, 3, 17, 'survey', 1, 4, 7, 4, '0', 215, 1580195205, 0, 1, 0),
(280, 3, 17, 'survey', 1, 4, 8, 5, '0', 215, 1580195205, 0, 1, 0),
(281, 3, 17, 'survey', 1, 4, 9, 5, '0', 215, 1580195205, 0, 1, 0),
(282, 3, 17, 'survey', 1, 5, 10, 5, '0', 215, 1580195205, 0, 1, 0),
(283, 3, 17, 'survey', 1, 5, 11, 5, '0', 215, 1580195205, 0, 1, 0),
(284, 3, 17, 'survey', 1, 5, 12, 5, '0', 215, 1580195205, 0, 1, 0),
(285, 3, 17, 'survey', 1, 6, 13, 4, '0', 215, 1580195205, 0, 1, 0),
(286, 3, 17, 'survey', 1, 6, 14, 4, '0', 215, 1580195205, 0, 1, 0),
(287, 3, 17, 'survey', 1, 6, 15, 4, '0', 215, 1580195205, 0, 1, 0),
(288, 3, 17, 'survey', 1, 7, 16, 5, '0', 215, 1580195205, 0, 1, 0),
(289, 3, 17, 'survey', 1, 7, 17, 5, '0', 215, 1580195205, 0, 1, 0),
(290, 3, 18, 'survey', 1, 2, 1, 3, '0', 183, 1582109634, 0, 1, 0),
(291, 3, 18, 'survey', 1, 2, 2, 2, '0', 183, 1582109634, 0, 1, 0),
(292, 3, 18, 'survey', 1, 2, 3, 3, '0', 183, 1582109634, 0, 1, 0),
(293, 3, 18, 'survey', 1, 3, 4, 3, '0', 183, 1582109634, 0, 1, 0),
(294, 3, 18, 'survey', 1, 3, 5, 3, '0', 183, 1582109634, 0, 1, 0),
(295, 3, 18, 'survey', 1, 3, 6, 2, '0', 183, 1582109634, 0, 1, 0),
(296, 3, 18, 'survey', 1, 4, 7, 2, '0', 183, 1582109634, 0, 1, 0),
(297, 3, 18, 'survey', 1, 4, 8, 3, '0', 183, 1582109634, 0, 1, 0),
(298, 3, 18, 'survey', 1, 4, 9, 2, '0', 183, 1582109634, 0, 1, 0),
(299, 3, 18, 'survey', 1, 5, 10, 4, '0', 183, 1582109634, 0, 1, 0),
(300, 3, 18, 'survey', 1, 5, 11, 3, '0', 183, 1582109634, 0, 1, 0),
(301, 3, 18, 'survey', 1, 5, 12, 4, '0', 183, 1582109634, 0, 1, 0),
(302, 3, 18, 'survey', 1, 6, 13, 3, '0', 183, 1582109634, 0, 1, 0),
(303, 3, 18, 'survey', 1, 6, 14, 2, '0', 183, 1582109634, 0, 1, 0),
(304, 3, 18, 'survey', 1, 6, 15, 3, '0', 183, 1582109634, 0, 1, 0),
(305, 3, 18, 'survey', 1, 7, 16, 3, '0', 183, 1582109634, 0, 1, 0),
(306, 3, 18, 'survey', 1, 7, 17, 3, '0', 183, 1582109634, 0, 1, 0),
(307, 3, 19, 'survey', 1, 2, 1, 4, '0', 242, 1582178549, 0, 1, 0),
(308, 3, 19, 'survey', 1, 2, 2, 4, '0', 242, 1582178549, 0, 1, 0),
(309, 3, 19, 'survey', 1, 2, 3, 4, '0', 242, 1582178549, 0, 1, 0),
(310, 3, 19, 'survey', 1, 3, 4, 5, '0', 242, 1582178549, 0, 1, 0),
(311, 3, 19, 'survey', 1, 3, 5, 5, '0', 242, 1582178549, 0, 1, 0),
(312, 3, 19, 'survey', 1, 3, 6, 5, '0', 242, 1582178549, 0, 1, 0),
(313, 3, 19, 'survey', 1, 4, 7, 5, '0', 242, 1582178549, 0, 1, 0),
(314, 3, 19, 'survey', 1, 4, 8, 5, '0', 242, 1582178549, 0, 1, 0),
(315, 3, 19, 'survey', 1, 4, 9, 5, '0', 242, 1582178549, 0, 1, 0),
(316, 3, 19, 'survey', 1, 5, 10, 5, '0', 242, 1582178549, 0, 1, 0),
(317, 3, 19, 'survey', 1, 5, 11, 4, '0', 242, 1582178549, 0, 1, 0),
(318, 3, 19, 'survey', 1, 5, 12, 5, '0', 242, 1582178549, 0, 1, 0),
(319, 3, 19, 'survey', 1, 6, 13, 4, '0', 242, 1582178549, 0, 1, 0),
(320, 3, 19, 'survey', 1, 6, 14, 4, '0', 242, 1582178549, 0, 1, 0),
(321, 3, 19, 'survey', 1, 6, 15, 4, '0', 242, 1582178549, 0, 1, 0),
(322, 3, 19, 'survey', 1, 7, 16, 5, '0', 242, 1582178549, 0, 1, 0),
(323, 3, 19, 'survey', 1, 7, 17, 5, '0', 242, 1582178549, 0, 1, 0),
(324, 3, 20, 'survey', 1, 2, 1, 3, '0', 122, 1582437390, 0, 1, 0),
(325, 3, 20, 'survey', 1, 2, 2, 3, '0', 122, 1582437390, 0, 1, 0),
(326, 3, 20, 'survey', 1, 2, 3, 4, '0', 122, 1582437390, 0, 1, 0),
(327, 3, 20, 'survey', 1, 3, 4, 5, '0', 122, 1582437390, 0, 1, 0),
(328, 3, 20, 'survey', 1, 3, 5, 4, '0', 122, 1582437390, 0, 1, 0),
(329, 3, 20, 'survey', 1, 3, 6, 4, '0', 122, 1582437390, 0, 1, 0),
(330, 3, 20, 'survey', 1, 4, 7, 4, '0', 122, 1582437390, 0, 1, 0),
(331, 3, 20, 'survey', 1, 4, 8, 4, '0', 122, 1582437390, 0, 1, 0),
(332, 3, 20, 'survey', 1, 4, 9, 4, '0', 122, 1582437390, 0, 1, 0),
(333, 3, 20, 'survey', 1, 5, 10, 5, '0', 122, 1582437390, 0, 1, 0),
(334, 3, 20, 'survey', 1, 5, 11, 5, '0', 122, 1582437390, 0, 1, 0),
(335, 3, 20, 'survey', 1, 5, 12, 5, '0', 122, 1582437390, 0, 1, 0),
(336, 3, 20, 'survey', 1, 6, 13, 3, '0', 122, 1582437390, 0, 1, 0),
(337, 3, 20, 'survey', 1, 6, 14, 3, '0', 122, 1582437390, 0, 1, 0),
(338, 3, 20, 'survey', 1, 6, 15, 4, '0', 122, 1582437390, 0, 1, 0),
(339, 3, 20, 'survey', 1, 7, 16, 4, '0', 122, 1582437391, 0, 1, 0),
(340, 3, 20, 'survey', 1, 7, 17, 5, '0', 122, 1582437391, 0, 1, 0),
(341, 3, 21, 'survey', 1, 2, 1, 5, '0', 203, 1582438338, 0, 1, 0),
(342, 3, 21, 'survey', 1, 2, 2, 5, '0', 203, 1582438338, 0, 1, 0),
(343, 3, 21, 'survey', 1, 2, 3, 5, '0', 203, 1582438338, 0, 1, 0),
(344, 3, 21, 'survey', 1, 3, 4, 5, '0', 203, 1582438338, 0, 1, 0),
(345, 3, 21, 'survey', 1, 3, 5, 5, '0', 203, 1582438338, 0, 1, 0),
(346, 3, 21, 'survey', 1, 3, 6, 5, '0', 203, 1582438338, 0, 1, 0),
(347, 3, 21, 'survey', 1, 4, 7, 5, '0', 203, 1582438338, 0, 1, 0),
(348, 3, 21, 'survey', 1, 4, 8, 5, '0', 203, 1582438338, 0, 1, 0),
(349, 3, 21, 'survey', 1, 4, 9, 5, '0', 203, 1582438338, 0, 1, 0),
(350, 3, 21, 'survey', 1, 5, 10, 5, '0', 203, 1582438338, 0, 1, 0),
(351, 3, 21, 'survey', 1, 5, 11, 5, '0', 203, 1582438338, 0, 1, 0),
(352, 3, 21, 'survey', 1, 5, 12, 5, '0', 203, 1582438338, 0, 1, 0),
(353, 3, 21, 'survey', 1, 6, 13, 5, '0', 203, 1582438338, 0, 1, 0),
(354, 3, 21, 'survey', 1, 6, 14, 5, '0', 203, 1582438338, 0, 1, 0),
(355, 3, 21, 'survey', 1, 6, 15, 5, '0', 203, 1582438338, 0, 1, 0),
(356, 3, 21, 'survey', 1, 7, 16, 5, '0', 203, 1582438338, 0, 1, 0),
(357, 3, 21, 'survey', 1, 7, 17, 5, '0', 203, 1582438338, 0, 1, 0),
(358, 3, 22, 'survey', 1, 2, 1, 4, '0', 231, 1582618295, 0, 1, 0),
(359, 3, 22, 'survey', 1, 2, 2, 4, '0', 231, 1582618295, 0, 1, 0),
(360, 3, 22, 'survey', 1, 2, 3, 3, '0', 231, 1582618295, 0, 1, 0),
(361, 3, 22, 'survey', 1, 3, 4, 4, '0', 231, 1582618295, 0, 1, 0),
(362, 3, 22, 'survey', 1, 3, 5, 4, '0', 231, 1582618295, 0, 1, 0),
(363, 3, 22, 'survey', 1, 3, 6, 3, '0', 231, 1582618295, 0, 1, 0),
(364, 3, 22, 'survey', 1, 4, 7, 5, '0', 231, 1582618295, 0, 1, 0),
(365, 3, 22, 'survey', 1, 4, 8, 4, '0', 231, 1582618295, 0, 1, 0),
(366, 3, 22, 'survey', 1, 4, 9, 4, '0', 231, 1582618295, 0, 1, 0),
(367, 3, 22, 'survey', 1, 5, 10, 4, '0', 231, 1582618295, 0, 1, 0),
(368, 3, 22, 'survey', 1, 5, 11, 3, '0', 231, 1582618295, 0, 1, 0),
(369, 3, 22, 'survey', 1, 5, 12, 5, '0', 231, 1582618295, 0, 1, 0),
(370, 3, 22, 'survey', 1, 6, 13, 3, '0', 231, 1582618295, 0, 1, 0),
(371, 3, 22, 'survey', 1, 6, 14, 3, '0', 231, 1582618295, 0, 1, 0),
(372, 3, 22, 'survey', 1, 6, 15, 3, '0', 231, 1582618295, 0, 1, 0),
(373, 3, 22, 'survey', 1, 7, 16, 4, '0', 231, 1582618295, 0, 1, 0),
(374, 3, 22, 'survey', 1, 7, 17, 4, '0', 231, 1582618295, 0, 1, 0),
(375, 3, 23, 'survey', 1, 2, 1, 3, '0', 170, 1582704447, 0, 1, 0),
(376, 3, 23, 'survey', 1, 2, 2, 3, '0', 170, 1582704447, 0, 1, 0),
(377, 3, 23, 'survey', 1, 2, 3, 3, '0', 170, 1582704447, 0, 1, 0),
(378, 3, 23, 'survey', 1, 3, 4, 3, '0', 170, 1582704447, 0, 1, 0),
(379, 3, 23, 'survey', 1, 3, 5, 3, '0', 170, 1582704447, 0, 1, 0),
(380, 3, 23, 'survey', 1, 3, 6, 3, '0', 170, 1582704447, 0, 1, 0),
(381, 3, 23, 'survey', 1, 4, 7, 3, '0', 170, 1582704447, 0, 1, 0),
(382, 3, 23, 'survey', 1, 4, 8, 3, '0', 170, 1582704447, 0, 1, 0),
(383, 3, 23, 'survey', 1, 4, 9, 3, '0', 170, 1582704447, 0, 1, 0),
(384, 3, 23, 'survey', 1, 5, 10, 3, '0', 170, 1582704447, 0, 1, 0),
(385, 3, 23, 'survey', 1, 5, 11, 3, '0', 170, 1582704447, 0, 1, 0),
(386, 3, 23, 'survey', 1, 5, 12, 3, '0', 170, 1582704447, 0, 1, 0),
(387, 3, 23, 'survey', 1, 6, 13, 2, '0', 170, 1582704447, 0, 1, 0),
(388, 3, 23, 'survey', 1, 6, 14, 2, '0', 170, 1582704447, 0, 1, 0),
(389, 3, 23, 'survey', 1, 6, 15, 2, '0', 170, 1582704447, 0, 1, 0),
(390, 3, 23, 'survey', 1, 7, 16, 3, '0', 170, 1582704447, 0, 1, 0),
(391, 3, 23, 'survey', 1, 7, 17, 3, '0', 170, 1582704447, 0, 1, 0),
(392, 3, 24, 'survey', 1, 2, 1, 3, '0', 170, 1582704447, 0, 1, 0),
(393, 3, 24, 'survey', 1, 2, 2, 3, '0', 170, 1582704447, 0, 1, 0),
(394, 3, 24, 'survey', 1, 2, 3, 3, '0', 170, 1582704447, 0, 1, 0),
(395, 3, 24, 'survey', 1, 3, 4, 3, '0', 170, 1582704447, 0, 1, 0),
(396, 3, 24, 'survey', 1, 3, 5, 3, '0', 170, 1582704447, 0, 1, 0),
(397, 3, 24, 'survey', 1, 3, 6, 3, '0', 170, 1582704447, 0, 1, 0),
(398, 3, 24, 'survey', 1, 4, 7, 3, '0', 170, 1582704447, 0, 1, 0),
(399, 3, 24, 'survey', 1, 4, 8, 3, '0', 170, 1582704447, 0, 1, 0),
(400, 3, 24, 'survey', 1, 4, 9, 3, '0', 170, 1582704447, 0, 1, 0),
(401, 3, 24, 'survey', 1, 5, 10, 3, '0', 170, 1582704447, 0, 1, 0),
(402, 3, 24, 'survey', 1, 5, 11, 3, '0', 170, 1582704447, 0, 1, 0),
(403, 3, 24, 'survey', 1, 5, 12, 3, '0', 170, 1582704447, 0, 1, 0),
(404, 3, 24, 'survey', 1, 6, 13, 2, '0', 170, 1582704447, 0, 1, 0),
(405, 3, 24, 'survey', 1, 6, 14, 2, '0', 170, 1582704447, 0, 1, 0),
(406, 3, 24, 'survey', 1, 6, 15, 2, '0', 170, 1582704447, 0, 1, 0),
(407, 3, 24, 'survey', 1, 7, 16, 3, '0', 170, 1582704447, 0, 1, 0),
(408, 3, 24, 'survey', 1, 7, 17, 3, '0', 170, 1582704447, 0, 1, 0),
(409, 3, 25, 'survey', 1, 2, 1, 4, '0', 115, 1583130137, 0, 1, 0),
(410, 3, 25, 'survey', 1, 2, 2, 3, '0', 115, 1583130137, 0, 1, 0),
(411, 3, 25, 'survey', 1, 2, 3, 3, '0', 115, 1583130137, 0, 1, 0),
(412, 3, 25, 'survey', 1, 3, 4, 3, '0', 115, 1583130137, 0, 1, 0),
(413, 3, 25, 'survey', 1, 3, 5, 3, '0', 115, 1583130137, 0, 1, 0),
(414, 3, 25, 'survey', 1, 3, 6, 4, '0', 115, 1583130137, 0, 1, 0),
(415, 3, 25, 'survey', 1, 4, 7, 4, '0', 115, 1583130137, 0, 1, 0),
(416, 3, 25, 'survey', 1, 4, 8, 4, '0', 115, 1583130137, 0, 1, 0),
(417, 3, 25, 'survey', 1, 4, 9, 3, '0', 115, 1583130137, 0, 1, 0),
(418, 3, 25, 'survey', 1, 5, 10, 5, '0', 115, 1583130137, 0, 1, 0),
(419, 3, 25, 'survey', 1, 5, 11, 5, '0', 115, 1583130137, 0, 1, 0),
(420, 3, 25, 'survey', 1, 5, 12, 5, '0', 115, 1583130137, 0, 1, 0),
(421, 3, 25, 'survey', 1, 6, 13, 3, '0', 115, 1583130137, 0, 1, 0),
(422, 3, 25, 'survey', 1, 6, 14, 3, '0', 115, 1583130137, 0, 1, 0),
(423, 3, 25, 'survey', 1, 6, 15, 4, '0', 115, 1583130137, 0, 1, 0),
(424, 3, 25, 'survey', 1, 7, 16, 3, '0', 115, 1583130137, 0, 1, 0),
(425, 3, 25, 'survey', 1, 7, 17, 4, '0', 115, 1583130137, 0, 1, 0),
(426, 3, 26, 'survey', 1, 2, 1, 5, '0', 187, 1583386452, 0, 1, 0),
(427, 3, 26, 'survey', 1, 2, 2, 5, '0', 187, 1583386452, 0, 1, 0),
(428, 3, 26, 'survey', 1, 2, 3, 5, '0', 187, 1583386452, 0, 1, 0),
(429, 3, 26, 'survey', 1, 3, 4, 5, '0', 187, 1583386452, 0, 1, 0),
(430, 3, 26, 'survey', 1, 3, 5, 5, '0', 187, 1583386452, 0, 1, 0),
(431, 3, 26, 'survey', 1, 3, 6, 5, '0', 187, 1583386452, 0, 1, 0),
(432, 3, 26, 'survey', 1, 4, 7, 5, '0', 187, 1583386452, 0, 1, 0),
(433, 3, 26, 'survey', 1, 4, 8, 5, '0', 187, 1583386452, 0, 1, 0),
(434, 3, 26, 'survey', 1, 4, 9, 5, '0', 187, 1583386452, 0, 1, 0),
(435, 3, 26, 'survey', 1, 5, 10, 5, '0', 187, 1583386452, 0, 1, 0),
(436, 3, 26, 'survey', 1, 5, 11, 5, '0', 187, 1583386452, 0, 1, 0),
(437, 3, 26, 'survey', 1, 5, 12, 5, '0', 187, 1583386452, 0, 1, 0),
(438, 3, 26, 'survey', 1, 6, 13, 5, '0', 187, 1583386452, 0, 1, 0),
(439, 3, 26, 'survey', 1, 6, 14, 5, '0', 187, 1583386452, 0, 1, 0),
(440, 3, 26, 'survey', 1, 6, 15, 5, '0', 187, 1583386452, 0, 1, 0),
(441, 3, 26, 'survey', 1, 7, 16, 5, '0', 187, 1583386452, 0, 1, 0),
(442, 3, 26, 'survey', 1, 7, 17, 5, '0', 187, 1583386452, 0, 1, 0),
(443, 3, 27, 'survey', 1, 2, 1, 4, '0', 214, 1583657655, 0, 1, 0),
(444, 3, 27, 'survey', 1, 2, 2, 4, '0', 214, 1583657655, 0, 1, 0),
(445, 3, 27, 'survey', 1, 2, 3, 4, '0', 214, 1583657655, 0, 1, 0),
(446, 3, 27, 'survey', 1, 3, 4, 4, '0', 214, 1583657655, 0, 1, 0),
(447, 3, 27, 'survey', 1, 3, 5, 4, '0', 214, 1583657655, 0, 1, 0),
(448, 3, 27, 'survey', 1, 3, 6, 4, '0', 214, 1583657655, 0, 1, 0),
(449, 3, 27, 'survey', 1, 4, 7, 4, '0', 214, 1583657655, 0, 1, 0),
(450, 3, 27, 'survey', 1, 4, 8, 4, '0', 214, 1583657655, 0, 1, 0),
(451, 3, 27, 'survey', 1, 4, 9, 4, '0', 214, 1583657655, 0, 1, 0),
(452, 3, 27, 'survey', 1, 5, 10, 4, '0', 214, 1583657655, 0, 1, 0),
(453, 3, 27, 'survey', 1, 5, 11, 4, '0', 214, 1583657655, 0, 1, 0),
(454, 3, 27, 'survey', 1, 5, 12, 4, '0', 214, 1583657655, 0, 1, 0),
(455, 3, 27, 'survey', 1, 6, 13, 4, '0', 214, 1583657655, 0, 1, 0),
(456, 3, 27, 'survey', 1, 6, 14, 4, '0', 214, 1583657655, 0, 1, 0),
(457, 3, 27, 'survey', 1, 6, 15, 4, '0', 214, 1583657655, 0, 1, 0),
(458, 3, 27, 'survey', 1, 7, 16, 4, '0', 214, 1583657655, 0, 1, 0),
(459, 3, 27, 'survey', 1, 7, 17, 4, '0', 214, 1583657655, 0, 1, 0),
(460, 3, 28, 'survey', 1, 2, 1, 1, '0', 208, 1583831290, 0, 1, 0),
(461, 3, 28, 'survey', 1, 2, 2, 1, '0', 208, 1583831290, 0, 1, 0),
(462, 3, 28, 'survey', 1, 2, 3, 1, '0', 208, 1583831290, 0, 1, 0),
(463, 3, 28, 'survey', 1, 3, 4, 1, '0', 208, 1583831290, 0, 1, 0),
(464, 3, 28, 'survey', 1, 3, 5, 1, '0', 208, 1583831290, 0, 1, 0),
(465, 3, 28, 'survey', 1, 3, 6, 1, '0', 208, 1583831290, 0, 1, 0),
(466, 3, 28, 'survey', 1, 4, 7, 1, '0', 208, 1583831290, 0, 1, 0),
(467, 3, 28, 'survey', 1, 4, 8, 1, '0', 208, 1583831290, 0, 1, 0),
(468, 3, 28, 'survey', 1, 4, 9, 1, '0', 208, 1583831290, 0, 1, 0),
(469, 3, 28, 'survey', 1, 5, 10, 1, '0', 208, 1583831290, 0, 1, 0),
(470, 3, 28, 'survey', 1, 5, 11, 1, '0', 208, 1583831290, 0, 1, 0),
(471, 3, 28, 'survey', 1, 5, 12, 1, '0', 208, 1583831290, 0, 1, 0),
(472, 3, 28, 'survey', 1, 6, 13, 1, '0', 208, 1583831290, 0, 1, 0),
(473, 3, 28, 'survey', 1, 6, 14, 1, '0', 208, 1583831290, 0, 1, 0),
(474, 3, 28, 'survey', 1, 6, 15, 1, '0', 208, 1583831290, 0, 1, 0),
(475, 3, 28, 'survey', 1, 7, 16, 1, '0', 208, 1583831290, 0, 1, 0),
(476, 3, 28, 'survey', 1, 7, 17, 1, '0', 208, 1583831290, 0, 1, 0),
(477, 3, 29, 'survey', 1, 2, 1, 3, '0', 133, 1583915226, 0, 1, 0),
(478, 3, 29, 'survey', 1, 2, 2, 3, '0', 133, 1583915226, 0, 1, 0),
(479, 3, 29, 'survey', 1, 2, 3, 3, '0', 133, 1583915226, 0, 1, 0),
(480, 3, 29, 'survey', 1, 3, 4, 3, '0', 133, 1583915226, 0, 1, 0),
(481, 3, 29, 'survey', 1, 3, 5, 4, '0', 133, 1583915226, 0, 1, 0),
(482, 3, 29, 'survey', 1, 3, 6, 2, '0', 133, 1583915226, 0, 1, 0),
(483, 3, 29, 'survey', 1, 4, 7, 4, '0', 133, 1583915226, 0, 1, 0),
(484, 3, 29, 'survey', 1, 4, 8, 4, '0', 133, 1583915226, 0, 1, 0),
(485, 3, 29, 'survey', 1, 4, 9, 4, '0', 133, 1583915226, 0, 1, 0),
(486, 3, 29, 'survey', 1, 5, 10, 3, '0', 133, 1583915226, 0, 1, 0),
(487, 3, 29, 'survey', 1, 5, 11, 4, '0', 133, 1583915226, 0, 1, 0),
(488, 3, 29, 'survey', 1, 5, 12, 3, '0', 133, 1583915226, 0, 1, 0),
(489, 3, 29, 'survey', 1, 6, 13, 2, '0', 133, 1583915226, 0, 1, 0),
(490, 3, 29, 'survey', 1, 6, 14, 2, '0', 133, 1583915226, 0, 1, 0),
(491, 3, 29, 'survey', 1, 6, 15, 1, '0', 133, 1583915226, 0, 1, 0),
(492, 3, 29, 'survey', 1, 7, 16, 1, '0', 133, 1583915226, 0, 1, 0),
(493, 3, 29, 'survey', 1, 7, 17, 1, '0', 133, 1583915226, 0, 1, 0),
(494, 3, 30, 'survey', 1, 2, 1, 3, '0', 135, 1583919116, 0, 1, 0),
(495, 3, 30, 'survey', 1, 2, 2, 3, '0', 135, 1583919116, 0, 1, 0),
(496, 3, 30, 'survey', 1, 2, 3, 3, '0', 135, 1583919117, 0, 1, 0),
(497, 3, 30, 'survey', 1, 3, 4, 4, '0', 135, 1583919117, 0, 1, 0),
(498, 3, 30, 'survey', 1, 3, 5, 4, '0', 135, 1583919117, 0, 1, 0),
(499, 3, 30, 'survey', 1, 3, 6, 4, '0', 135, 1583919117, 0, 1, 0),
(500, 3, 30, 'survey', 1, 4, 7, 4, '0', 135, 1583919117, 0, 1, 0),
(501, 3, 30, 'survey', 1, 4, 8, 4, '0', 135, 1583919117, 0, 1, 0),
(502, 3, 30, 'survey', 1, 4, 9, 4, '0', 135, 1583919117, 0, 1, 0),
(503, 3, 30, 'survey', 1, 5, 10, 4, '0', 135, 1583919117, 0, 1, 0),
(504, 3, 30, 'survey', 1, 5, 11, 4, '0', 135, 1583919117, 0, 1, 0),
(505, 3, 30, 'survey', 1, 5, 12, 4, '0', 135, 1583919117, 0, 1, 0),
(506, 3, 30, 'survey', 1, 6, 13, 3, '0', 135, 1583919117, 0, 1, 0),
(507, 3, 30, 'survey', 1, 6, 14, 3, '0', 135, 1583919117, 0, 1, 0),
(508, 3, 30, 'survey', 1, 6, 15, 3, '0', 135, 1583919117, 0, 1, 0),
(509, 3, 30, 'survey', 1, 7, 16, 4, '0', 135, 1583919117, 0, 1, 0),
(510, 3, 30, 'survey', 1, 7, 17, 4, '0', 135, 1583919117, 0, 1, 0),
(511, 3, 31, 'survey', 1, 2, 1, 3, '0', 224, 1583992811, 0, 1, 0),
(512, 3, 31, 'survey', 1, 2, 2, 3, '0', 224, 1583992811, 0, 1, 0),
(513, 3, 31, 'survey', 1, 2, 3, 3, '0', 224, 1583992811, 0, 1, 0),
(514, 3, 31, 'survey', 1, 3, 4, 3, '0', 224, 1583992811, 0, 1, 0),
(515, 3, 31, 'survey', 1, 3, 5, 3, '0', 224, 1583992811, 0, 1, 0),
(516, 3, 31, 'survey', 1, 3, 6, 3, '0', 224, 1583992811, 0, 1, 0),
(517, 3, 31, 'survey', 1, 4, 7, 3, '0', 224, 1583992811, 0, 1, 0),
(518, 3, 31, 'survey', 1, 4, 8, 3, '0', 224, 1583992811, 0, 1, 0),
(519, 3, 31, 'survey', 1, 4, 9, 3, '0', 224, 1583992811, 0, 1, 0),
(520, 3, 31, 'survey', 1, 5, 10, 3, '0', 224, 1583992811, 0, 1, 0),
(521, 3, 31, 'survey', 1, 5, 11, 3, '0', 224, 1583992811, 0, 1, 0),
(522, 3, 31, 'survey', 1, 5, 12, 3, '0', 224, 1583992811, 0, 1, 0),
(523, 3, 31, 'survey', 1, 6, 13, 3, '0', 224, 1583992811, 0, 1, 0),
(524, 3, 31, 'survey', 1, 6, 14, 3, '0', 224, 1583992811, 0, 1, 0),
(525, 3, 31, 'survey', 1, 6, 15, 3, '0', 224, 1583992811, 0, 1, 0),
(526, 3, 31, 'survey', 1, 7, 16, 3, '0', 224, 1583992811, 0, 1, 0),
(527, 3, 31, 'survey', 1, 7, 17, 3, '0', 224, 1583992811, 0, 1, 0),
(528, 3, 32, 'survey', 1, 2, 1, 4, '0', 235, 1584255580, 0, 1, 0),
(529, 3, 32, 'survey', 1, 2, 2, 4, '0', 235, 1584255580, 0, 1, 0),
(530, 3, 32, 'survey', 1, 2, 3, 4, '0', 235, 1584255580, 0, 1, 0),
(531, 3, 32, 'survey', 1, 3, 4, 4, '0', 235, 1584255580, 0, 1, 0),
(532, 3, 32, 'survey', 1, 3, 5, 4, '0', 235, 1584255580, 0, 1, 0),
(533, 3, 32, 'survey', 1, 3, 6, 4, '0', 235, 1584255580, 0, 1, 0),
(534, 3, 32, 'survey', 1, 4, 7, 4, '0', 235, 1584255580, 0, 1, 0),
(535, 3, 32, 'survey', 1, 4, 8, 4, '0', 235, 1584255580, 0, 1, 0),
(536, 3, 32, 'survey', 1, 4, 9, 4, '0', 235, 1584255580, 0, 1, 0),
(537, 3, 32, 'survey', 1, 5, 10, 4, '0', 235, 1584255580, 0, 1, 0),
(538, 3, 32, 'survey', 1, 5, 11, 4, '0', 235, 1584255580, 0, 1, 0),
(539, 3, 32, 'survey', 1, 5, 12, 4, '0', 235, 1584255580, 0, 1, 0),
(540, 3, 32, 'survey', 1, 6, 13, 4, '0', 235, 1584255580, 0, 1, 0),
(541, 3, 32, 'survey', 1, 6, 14, 4, '0', 235, 1584255580, 0, 1, 0),
(542, 3, 32, 'survey', 1, 6, 15, 4, '0', 235, 1584255580, 0, 1, 0),
(543, 3, 32, 'survey', 1, 7, 16, 4, '0', 235, 1584255580, 0, 1, 0),
(544, 3, 32, 'survey', 1, 7, 17, 4, '0', 235, 1584255580, 0, 1, 0),
(545, 3, 33, 'survey', 1, 2, 1, 3, '0', 154, 1584853986, 0, 1, 0),
(546, 3, 33, 'survey', 1, 2, 2, 4, '0', 154, 1584853986, 0, 1, 0),
(547, 3, 33, 'survey', 1, 2, 3, 4, '0', 154, 1584853986, 0, 1, 0),
(548, 3, 33, 'survey', 1, 3, 4, 5, '0', 154, 1584853986, 0, 1, 0),
(549, 3, 33, 'survey', 1, 3, 5, 4, '0', 154, 1584853986, 0, 1, 0),
(550, 3, 33, 'survey', 1, 3, 6, 4, '0', 154, 1584853986, 0, 1, 0),
(551, 3, 33, 'survey', 1, 4, 7, 4, '0', 154, 1584853986, 0, 1, 0),
(552, 3, 33, 'survey', 1, 4, 8, 4, '0', 154, 1584853986, 0, 1, 0),
(553, 3, 33, 'survey', 1, 4, 9, 4, '0', 154, 1584853986, 0, 1, 0),
(554, 3, 33, 'survey', 1, 5, 10, 4, '0', 154, 1584853986, 0, 1, 0),
(555, 3, 33, 'survey', 1, 5, 11, 4, '0', 154, 1584853986, 0, 1, 0),
(556, 3, 33, 'survey', 1, 5, 12, 4, '0', 154, 1584853986, 0, 1, 0),
(557, 3, 33, 'survey', 1, 6, 13, 5, '0', 154, 1584853986, 0, 1, 0),
(558, 3, 33, 'survey', 1, 6, 14, 5, '0', 154, 1584853986, 0, 1, 0),
(559, 3, 33, 'survey', 1, 6, 15, 5, '0', 154, 1584853986, 0, 1, 0),
(560, 3, 33, 'survey', 1, 7, 16, 5, '0', 154, 1584853986, 0, 1, 0),
(561, 3, 33, 'survey', 1, 7, 17, 4, '0', 154, 1584853986, 0, 1, 0),
(562, 3, 34, 'survey', 1, 2, 1, 3, '0', 141, 1584861999, 0, 1, 0),
(563, 3, 34, 'survey', 1, 2, 2, 2, '0', 141, 1584861999, 0, 1, 0),
(564, 3, 34, 'survey', 1, 2, 3, 2, '0', 141, 1584861999, 0, 1, 0),
(565, 3, 34, 'survey', 1, 3, 4, 3, '0', 141, 1584861999, 0, 1, 0),
(566, 3, 34, 'survey', 1, 3, 5, 3, '0', 141, 1584861999, 0, 1, 0),
(567, 3, 34, 'survey', 1, 3, 6, 3, '0', 141, 1584861999, 0, 1, 0),
(568, 3, 34, 'survey', 1, 4, 7, 3, '0', 141, 1584861999, 0, 1, 0),
(569, 3, 34, 'survey', 1, 4, 8, 2, '0', 141, 1584861999, 0, 1, 0),
(570, 3, 34, 'survey', 1, 4, 9, 2, '0', 141, 1584861999, 0, 1, 0),
(571, 3, 34, 'survey', 1, 5, 10, 4, '0', 141, 1584861999, 0, 1, 0),
(572, 3, 34, 'survey', 1, 5, 11, 3, '0', 141, 1584861999, 0, 1, 0),
(573, 3, 34, 'survey', 1, 5, 12, 3, '0', 141, 1584861999, 0, 1, 0),
(574, 3, 34, 'survey', 1, 6, 13, 3, '0', 141, 1584861999, 0, 1, 0),
(575, 3, 34, 'survey', 1, 6, 14, 3, '0', 141, 1584861999, 0, 1, 0),
(576, 3, 34, 'survey', 1, 6, 15, 3, '0', 141, 1584861999, 0, 1, 0),
(577, 3, 34, 'survey', 1, 7, 16, 3, '0', 141, 1584861999, 0, 1, 0),
(578, 3, 34, 'survey', 1, 7, 17, 3, '0', 141, 1584861999, 0, 1, 0),
(579, 3, 35, 'survey', 1, 2, 1, 3, '0', 116, 1584862096, 0, 1, 0),
(580, 3, 35, 'survey', 1, 2, 2, 3, '0', 116, 1584862096, 0, 1, 0),
(581, 3, 35, 'survey', 1, 2, 3, 3, '0', 116, 1584862096, 0, 1, 0),
(582, 3, 35, 'survey', 1, 3, 4, 3, '0', 116, 1584862096, 0, 1, 0),
(583, 3, 35, 'survey', 1, 3, 5, 3, '0', 116, 1584862096, 0, 1, 0),
(584, 3, 35, 'survey', 1, 3, 6, 3, '0', 116, 1584862096, 0, 1, 0),
(585, 3, 35, 'survey', 1, 4, 7, 2, '0', 116, 1584862096, 0, 1, 0),
(586, 3, 35, 'survey', 1, 4, 8, 2, '0', 116, 1584862096, 0, 1, 0),
(587, 3, 35, 'survey', 1, 4, 9, 2, '0', 116, 1584862096, 0, 1, 0),
(588, 3, 35, 'survey', 1, 5, 10, 3, '0', 116, 1584862096, 0, 1, 0),
(589, 3, 35, 'survey', 1, 5, 11, 3, '0', 116, 1584862096, 0, 1, 0),
(590, 3, 35, 'survey', 1, 5, 12, 4, '0', 116, 1584862096, 0, 1, 0),
(591, 3, 35, 'survey', 1, 6, 13, 2, '0', 116, 1584862096, 0, 1, 0),
(592, 3, 35, 'survey', 1, 6, 14, 2, '0', 116, 1584862096, 0, 1, 0),
(593, 3, 35, 'survey', 1, 6, 15, 2, '0', 116, 1584862096, 0, 1, 0),
(594, 3, 35, 'survey', 1, 7, 16, 2, '0', 116, 1584862096, 0, 1, 0),
(595, 3, 35, 'survey', 1, 7, 17, 2, '0', 116, 1584862096, 0, 1, 0),
(596, 3, 36, 'survey', 1, 2, 1, 3, '0', 238, 1585042355, 0, 1, 0),
(597, 3, 36, 'survey', 1, 2, 2, 2, '0', 238, 1585042355, 0, 1, 0),
(598, 3, 36, 'survey', 1, 2, 3, 3, '0', 238, 1585042355, 0, 1, 0),
(599, 3, 36, 'survey', 1, 3, 4, 3, '0', 238, 1585042355, 0, 1, 0),
(600, 3, 36, 'survey', 1, 3, 5, 3, '0', 238, 1585042355, 0, 1, 0),
(601, 3, 36, 'survey', 1, 3, 6, 3, '0', 238, 1585042355, 0, 1, 0),
(602, 3, 36, 'survey', 1, 4, 7, 4, '0', 238, 1585042355, 0, 1, 0),
(603, 3, 36, 'survey', 1, 4, 8, 3, '0', 238, 1585042355, 0, 1, 0),
(604, 3, 36, 'survey', 1, 4, 9, 4, '0', 238, 1585042355, 0, 1, 0),
(605, 3, 36, 'survey', 1, 5, 10, 4, '0', 238, 1585042355, 0, 1, 0),
(606, 3, 36, 'survey', 1, 5, 11, 3, '0', 238, 1585042355, 0, 1, 0),
(607, 3, 36, 'survey', 1, 5, 12, 3, '0', 238, 1585042355, 0, 1, 0),
(608, 3, 36, 'survey', 1, 6, 13, 3, '0', 238, 1585042355, 0, 1, 0),
(609, 3, 36, 'survey', 1, 6, 14, 3, '0', 238, 1585042355, 0, 1, 0),
(610, 3, 36, 'survey', 1, 6, 15, 3, '0', 238, 1585042355, 0, 1, 0),
(611, 3, 36, 'survey', 1, 7, 16, 3, '0', 238, 1585042355, 0, 1, 0),
(612, 3, 36, 'survey', 1, 7, 17, 3, '0', 238, 1585042355, 0, 1, 0),
(613, 3, 37, 'survey', 1, 2, 1, 3, '0', 131, 1585570033, 0, 1, 0),
(614, 3, 37, 'survey', 1, 2, 2, 2, '0', 131, 1585570033, 0, 1, 0),
(615, 3, 37, 'survey', 1, 2, 3, 3, '0', 131, 1585570033, 0, 1, 0),
(616, 3, 37, 'survey', 1, 3, 4, 2, '0', 131, 1585570033, 0, 1, 0),
(617, 3, 37, 'survey', 1, 3, 5, 3, '0', 131, 1585570033, 0, 1, 0),
(618, 3, 37, 'survey', 1, 3, 6, 3, '0', 131, 1585570033, 0, 1, 0),
(619, 3, 37, 'survey', 1, 4, 7, 4, '0', 131, 1585570033, 0, 1, 0),
(620, 3, 37, 'survey', 1, 4, 8, 4, '0', 131, 1585570033, 0, 1, 0),
(621, 3, 37, 'survey', 1, 4, 9, 4, '0', 131, 1585570033, 0, 1, 0),
(622, 3, 37, 'survey', 1, 5, 10, 4, '0', 131, 1585570033, 0, 1, 0),
(623, 3, 37, 'survey', 1, 5, 11, 3, '0', 131, 1585570033, 0, 1, 0),
(624, 3, 37, 'survey', 1, 5, 12, 4, '0', 131, 1585570033, 0, 1, 0),
(625, 3, 37, 'survey', 1, 6, 13, 2, '0', 131, 1585570033, 0, 1, 0),
(626, 3, 37, 'survey', 1, 6, 14, 2, '0', 131, 1585570033, 0, 1, 0),
(627, 3, 37, 'survey', 1, 6, 15, 2, '0', 131, 1585570033, 0, 1, 0),
(628, 3, 37, 'survey', 1, 7, 16, 4, '0', 131, 1585570033, 0, 1, 0),
(629, 3, 37, 'survey', 1, 7, 17, 4, '0', 131, 1585570033, 0, 1, 0),
(630, 3, 38, 'survey', 1, 2, 1, 3, '0', 152, 1585652956, 0, 1, 0),
(631, 3, 38, 'survey', 1, 2, 2, 3, '0', 152, 1585652956, 0, 1, 0),
(632, 3, 38, 'survey', 1, 2, 3, 3, '0', 152, 1585652956, 0, 1, 0),
(633, 3, 38, 'survey', 1, 3, 4, 2, '0', 152, 1585652956, 0, 1, 0),
(634, 3, 38, 'survey', 1, 3, 5, 4, '0', 152, 1585652956, 0, 1, 0),
(635, 3, 38, 'survey', 1, 3, 6, 4, '0', 152, 1585652956, 0, 1, 0),
(636, 3, 38, 'survey', 1, 4, 7, 4, '0', 152, 1585652956, 0, 1, 0),
(637, 3, 38, 'survey', 1, 4, 8, 3, '0', 152, 1585652956, 0, 1, 0),
(638, 3, 38, 'survey', 1, 4, 9, 4, '0', 152, 1585652956, 0, 1, 0),
(639, 3, 38, 'survey', 1, 5, 10, 5, '0', 152, 1585652956, 0, 1, 0),
(640, 3, 38, 'survey', 1, 5, 11, 5, '0', 152, 1585652956, 0, 1, 0),
(641, 3, 38, 'survey', 1, 5, 12, 5, '0', 152, 1585652956, 0, 1, 0),
(642, 3, 38, 'survey', 1, 6, 13, 4, '0', 152, 1585652956, 0, 1, 0),
(643, 3, 38, 'survey', 1, 6, 14, 3, '0', 152, 1585652956, 0, 1, 0),
(644, 3, 38, 'survey', 1, 6, 15, 4, '0', 152, 1585652956, 0, 1, 0),
(645, 3, 38, 'survey', 1, 7, 16, 4, '0', 152, 1585652956, 0, 1, 0),
(646, 3, 38, 'survey', 1, 7, 17, 4, '0', 152, 1585652956, 0, 1, 0),
(647, 3, 39, 'survey', 1, 2, 1, 5, '0', 219, 1585742380, 0, 1, 0),
(648, 3, 39, 'survey', 1, 2, 2, 5, '0', 219, 1585742380, 0, 1, 0),
(649, 3, 39, 'survey', 1, 2, 3, 5, '0', 219, 1585742380, 0, 1, 0),
(650, 3, 39, 'survey', 1, 3, 4, 5, '0', 219, 1585742380, 0, 1, 0),
(651, 3, 39, 'survey', 1, 3, 5, 5, '0', 219, 1585742380, 0, 1, 0),
(652, 3, 39, 'survey', 1, 3, 6, 5, '0', 219, 1585742380, 0, 1, 0),
(653, 3, 39, 'survey', 1, 4, 7, 5, '0', 219, 1585742380, 0, 1, 0),
(654, 3, 39, 'survey', 1, 4, 8, 5, '0', 219, 1585742380, 0, 1, 0),
(655, 3, 39, 'survey', 1, 4, 9, 5, '0', 219, 1585742380, 0, 1, 0),
(656, 3, 39, 'survey', 1, 5, 10, 5, '0', 219, 1585742380, 0, 1, 0),
(657, 3, 39, 'survey', 1, 5, 11, 5, '0', 219, 1585742380, 0, 1, 0),
(658, 3, 39, 'survey', 1, 5, 12, 5, '0', 219, 1585742380, 0, 1, 0),
(659, 3, 39, 'survey', 1, 6, 13, 5, '0', 219, 1585742380, 0, 1, 0),
(660, 3, 39, 'survey', 1, 6, 14, 5, '0', 219, 1585742380, 0, 1, 0),
(661, 3, 39, 'survey', 1, 6, 15, 5, '0', 219, 1585742380, 0, 1, 0),
(662, 3, 39, 'survey', 1, 7, 16, 5, '0', 219, 1585742380, 0, 1, 0),
(663, 3, 39, 'survey', 1, 7, 17, 5, '0', 219, 1585742380, 0, 1, 0),
(664, 3, 40, 'survey', 1, 2, 1, 4, '0', 244, 1586421456, 0, 1, 0),
(665, 3, 40, 'survey', 1, 2, 2, 4, '0', 244, 1586421456, 0, 1, 0),
(666, 3, 40, 'survey', 1, 2, 3, 4, '0', 244, 1586421456, 0, 1, 0),
(667, 3, 40, 'survey', 1, 3, 4, 4, '0', 244, 1586421456, 0, 1, 0),
(668, 3, 40, 'survey', 1, 3, 5, 4, '0', 244, 1586421456, 0, 1, 0),
(669, 3, 40, 'survey', 1, 3, 6, 4, '0', 244, 1586421456, 0, 1, 0),
(670, 3, 40, 'survey', 1, 4, 7, 4, '0', 244, 1586421456, 0, 1, 0),
(671, 3, 40, 'survey', 1, 4, 8, 4, '0', 244, 1586421456, 0, 1, 0),
(672, 3, 40, 'survey', 1, 4, 9, 4, '0', 244, 1586421456, 0, 1, 0),
(673, 3, 40, 'survey', 1, 5, 10, 5, '0', 244, 1586421457, 0, 1, 0),
(674, 3, 40, 'survey', 1, 5, 11, 5, '0', 244, 1586421457, 0, 1, 0),
(675, 3, 40, 'survey', 1, 5, 12, 5, '0', 244, 1586421457, 0, 1, 0),
(676, 3, 40, 'survey', 1, 6, 13, 4, '0', 244, 1586421457, 0, 1, 0),
(677, 3, 40, 'survey', 1, 6, 14, 4, '0', 244, 1586421457, 0, 1, 0),
(678, 3, 40, 'survey', 1, 6, 15, 4, '0', 244, 1586421457, 0, 1, 0),
(679, 3, 40, 'survey', 1, 7, 16, 4, '0', 244, 1586421457, 0, 1, 0),
(680, 3, 40, 'survey', 1, 7, 17, 4, '0', 244, 1586421457, 0, 1, 0),
(681, 3, 41, 'survey', 1, 2, 1, 4, '0', 196, 1586422825, 0, 1, 0),
(682, 3, 41, 'survey', 1, 2, 2, 4, '0', 196, 1586422825, 0, 1, 0),
(683, 3, 41, 'survey', 1, 2, 3, 4, '0', 196, 1586422825, 0, 1, 0),
(684, 3, 41, 'survey', 1, 3, 4, 4, '0', 196, 1586422825, 0, 1, 0),
(685, 3, 41, 'survey', 1, 3, 5, 4, '0', 196, 1586422825, 0, 1, 0),
(686, 3, 41, 'survey', 1, 3, 6, 4, '0', 196, 1586422825, 0, 1, 0),
(687, 3, 41, 'survey', 1, 4, 7, 4, '0', 196, 1586422825, 0, 1, 0),
(688, 3, 41, 'survey', 1, 4, 8, 4, '0', 196, 1586422825, 0, 1, 0),
(689, 3, 41, 'survey', 1, 4, 9, 4, '0', 196, 1586422825, 0, 1, 0),
(690, 3, 41, 'survey', 1, 5, 10, 5, '0', 196, 1586422825, 0, 1, 0),
(691, 3, 41, 'survey', 1, 5, 11, 5, '0', 196, 1586422825, 0, 1, 0),
(692, 3, 41, 'survey', 1, 5, 12, 5, '0', 196, 1586422825, 0, 1, 0),
(693, 3, 41, 'survey', 1, 6, 13, 4, '0', 196, 1586422825, 0, 1, 0),
(694, 3, 41, 'survey', 1, 6, 14, 4, '0', 196, 1586422825, 0, 1, 0),
(695, 3, 41, 'survey', 1, 6, 15, 4, '0', 196, 1586422825, 0, 1, 0),
(696, 3, 41, 'survey', 1, 7, 16, 4, '0', 196, 1586422825, 0, 1, 0),
(697, 3, 41, 'survey', 1, 7, 17, 4, '0', 196, 1586422825, 0, 1, 0),
(698, 3, 42, 'survey', 1, 2, 1, 4, '0', 200, 1586685211, 0, 1, 0),
(699, 3, 42, 'survey', 1, 2, 2, 4, '0', 200, 1586685211, 0, 1, 0),
(700, 3, 42, 'survey', 1, 2, 3, 4, '0', 200, 1586685211, 0, 1, 0),
(701, 3, 42, 'survey', 1, 3, 4, 4, '0', 200, 1586685211, 0, 1, 0),
(702, 3, 42, 'survey', 1, 3, 5, 5, '0', 200, 1586685211, 0, 1, 0),
(703, 3, 42, 'survey', 1, 3, 6, 5, '0', 200, 1586685211, 0, 1, 0),
(704, 3, 42, 'survey', 1, 4, 7, 5, '0', 200, 1586685211, 0, 1, 0),
(705, 3, 42, 'survey', 1, 4, 8, 5, '0', 200, 1586685211, 0, 1, 0),
(706, 3, 42, 'survey', 1, 4, 9, 4, '0', 200, 1586685211, 0, 1, 0),
(707, 3, 42, 'survey', 1, 5, 10, 5, '0', 200, 1586685211, 0, 1, 0),
(708, 3, 42, 'survey', 1, 5, 11, 5, '0', 200, 1586685211, 0, 1, 0),
(709, 3, 42, 'survey', 1, 5, 12, 5, '0', 200, 1586685211, 0, 1, 0),
(710, 3, 42, 'survey', 1, 6, 13, 4, '0', 200, 1586685211, 0, 1, 0),
(711, 3, 42, 'survey', 1, 6, 14, 5, '0', 200, 1586685211, 0, 1, 0),
(712, 3, 42, 'survey', 1, 6, 15, 5, '0', 200, 1586685211, 0, 1, 0),
(713, 3, 42, 'survey', 1, 7, 16, 5, '0', 200, 1586685211, 0, 1, 0),
(714, 3, 42, 'survey', 1, 7, 17, 5, '0', 200, 1586685211, 0, 1, 0),
(715, 3, 43, 'survey', 1, 2, 1, 2, '0', 220, 1586770491, 0, 1, 0),
(716, 3, 43, 'survey', 1, 2, 2, 2, '0', 220, 1586770491, 0, 1, 0),
(717, 3, 43, 'survey', 1, 2, 3, 3, '0', 220, 1586770491, 0, 1, 0),
(718, 3, 43, 'survey', 1, 3, 4, 3, '0', 220, 1586770491, 0, 1, 0),
(719, 3, 43, 'survey', 1, 3, 5, 3, '0', 220, 1586770491, 0, 1, 0),
(720, 3, 43, 'survey', 1, 3, 6, 4, '0', 220, 1586770491, 0, 1, 0),
(721, 3, 43, 'survey', 1, 4, 7, 4, '0', 220, 1586770491, 0, 1, 0),
(722, 3, 43, 'survey', 1, 4, 8, 4, '0', 220, 1586770491, 0, 1, 0),
(723, 3, 43, 'survey', 1, 4, 9, 4, '0', 220, 1586770491, 0, 1, 0),
(724, 3, 43, 'survey', 1, 5, 10, 4, '0', 220, 1586770491, 0, 1, 0),
(725, 3, 43, 'survey', 1, 5, 11, 4, '0', 220, 1586770491, 0, 1, 0),
(726, 3, 43, 'survey', 1, 5, 12, 3, '0', 220, 1586770491, 0, 1, 0),
(727, 3, 43, 'survey', 1, 6, 13, 2, '0', 220, 1586770491, 0, 1, 0),
(728, 3, 43, 'survey', 1, 6, 14, 2, '0', 220, 1586770491, 0, 1, 0),
(729, 3, 43, 'survey', 1, 6, 15, 3, '0', 220, 1586770491, 0, 1, 0),
(730, 3, 43, 'survey', 1, 7, 16, 3, '0', 220, 1586770491, 0, 1, 0),
(731, 3, 43, 'survey', 1, 7, 17, 4, '0', 220, 1586770491, 0, 1, 0),
(732, 3, 44, 'survey', 1, 2, 1, 3, '0', 134, 1586772031, 0, 1, 0),
(733, 3, 44, 'survey', 1, 2, 2, 3, '0', 134, 1586772031, 0, 1, 0),
(734, 3, 44, 'survey', 1, 2, 3, 3, '0', 134, 1586772031, 0, 1, 0),
(735, 3, 44, 'survey', 1, 3, 4, 3, '0', 134, 1586772031, 0, 1, 0),
(736, 3, 44, 'survey', 1, 3, 5, 3, '0', 134, 1586772031, 0, 1, 0),
(737, 3, 44, 'survey', 1, 3, 6, 3, '0', 134, 1586772031, 0, 1, 0),
(738, 3, 44, 'survey', 1, 4, 7, 4, '0', 134, 1586772031, 0, 1, 0),
(739, 3, 44, 'survey', 1, 4, 8, 4, '0', 134, 1586772031, 0, 1, 0),
(740, 3, 44, 'survey', 1, 4, 9, 4, '0', 134, 1586772031, 0, 1, 0),
(741, 3, 44, 'survey', 1, 5, 10, 5, '0', 134, 1586772031, 0, 1, 0),
(742, 3, 44, 'survey', 1, 5, 11, 5, '0', 134, 1586772031, 0, 1, 0),
(743, 3, 44, 'survey', 1, 5, 12, 5, '0', 134, 1586772031, 0, 1, 0),
(744, 3, 44, 'survey', 1, 6, 13, 3, '0', 134, 1586772031, 0, 1, 0),
(745, 3, 44, 'survey', 1, 6, 14, 3, '0', 134, 1586772031, 0, 1, 0),
(746, 3, 44, 'survey', 1, 6, 15, 3, '0', 134, 1586772031, 0, 1, 0),
(747, 3, 44, 'survey', 1, 7, 16, 4, '0', 134, 1586772031, 0, 1, 0),
(748, 3, 44, 'survey', 1, 7, 17, 4, '0', 134, 1586772031, 0, 1, 0),
(749, 3, 45, 'survey', 1, 2, 1, 4, '0', 153, 1586776441, 0, 1, 0),
(750, 3, 45, 'survey', 1, 2, 2, 3, '0', 153, 1586776441, 0, 1, 0),
(751, 3, 45, 'survey', 1, 2, 3, 4, '0', 153, 1586776441, 0, 1, 0),
(752, 3, 45, 'survey', 1, 3, 4, 4, '0', 153, 1586776441, 0, 1, 0),
(753, 3, 45, 'survey', 1, 3, 5, 4, '0', 153, 1586776441, 0, 1, 0),
(754, 3, 45, 'survey', 1, 3, 6, 4, '0', 153, 1586776441, 0, 1, 0),
(755, 3, 45, 'survey', 1, 4, 7, 3, '0', 153, 1586776441, 0, 1, 0),
(756, 3, 45, 'survey', 1, 4, 8, 4, '0', 153, 1586776441, 0, 1, 0),
(757, 3, 45, 'survey', 1, 4, 9, 4, '0', 153, 1586776441, 0, 1, 0),
(758, 3, 45, 'survey', 1, 5, 10, 5, '0', 153, 1586776441, 0, 1, 0),
(759, 3, 45, 'survey', 1, 5, 11, 4, '0', 153, 1586776441, 0, 1, 0),
(760, 3, 45, 'survey', 1, 5, 12, 4, '0', 153, 1586776441, 0, 1, 0),
(761, 3, 45, 'survey', 1, 6, 13, 4, '0', 153, 1586776441, 0, 1, 0),
(762, 3, 45, 'survey', 1, 6, 14, 4, '0', 153, 1586776441, 0, 1, 0),
(763, 3, 45, 'survey', 1, 6, 15, 4, '0', 153, 1586776441, 0, 1, 0),
(764, 3, 45, 'survey', 1, 7, 16, 3, '0', 153, 1586776441, 0, 1, 0);
INSERT INTO `survey_answers` (`id`, `entity_life_cycle_id`, `survey_id`, `type`, `form_id`, `section_id`, `questions_id`, `answers`, `comments`, `user_id`, `created_date`, `modified_date`, `is_active`, `is_delete`) VALUES
(765, 3, 45, 'survey', 1, 7, 17, 4, '0', 153, 1586776441, 0, 1, 0),
(766, 3, 46, 'survey', 1, 2, 1, 5, '0', 113, 1586938969, 0, 1, 0),
(767, 3, 46, 'survey', 1, 2, 2, 3, '0', 113, 1586938969, 0, 1, 0),
(768, 3, 46, 'survey', 1, 2, 3, 5, '0', 113, 1586938969, 0, 1, 0),
(769, 3, 46, 'survey', 1, 3, 4, 5, '0', 113, 1586938969, 0, 1, 0),
(770, 3, 46, 'survey', 1, 3, 5, 4, '0', 113, 1586938969, 0, 1, 0),
(771, 3, 46, 'survey', 1, 3, 6, 4, '0', 113, 1586938969, 0, 1, 0),
(772, 3, 46, 'survey', 1, 4, 7, 4, '0', 113, 1586938969, 0, 1, 0),
(773, 3, 46, 'survey', 1, 4, 8, 3, '0', 113, 1586938969, 0, 1, 0),
(774, 3, 46, 'survey', 1, 4, 9, 4, '0', 113, 1586938969, 0, 1, 0),
(775, 3, 46, 'survey', 1, 5, 10, 4, '0', 113, 1586938969, 0, 1, 0),
(776, 3, 46, 'survey', 1, 5, 11, 5, '0', 113, 1586938969, 0, 1, 0),
(777, 3, 46, 'survey', 1, 5, 12, 5, '0', 113, 1586938969, 0, 1, 0),
(778, 3, 46, 'survey', 1, 6, 13, 4, '0', 113, 1586938969, 0, 1, 0),
(779, 3, 46, 'survey', 1, 6, 14, 4, '0', 113, 1586938969, 0, 1, 0),
(780, 3, 46, 'survey', 1, 6, 15, 4, '0', 113, 1586938969, 0, 1, 0),
(781, 3, 46, 'survey', 1, 7, 16, 5, '0', 113, 1586938969, 0, 1, 0),
(782, 3, 46, 'survey', 1, 7, 17, 5, '0', 113, 1586938969, 0, 1, 0),
(783, 3, 47, 'survey', 1, 2, 1, 4, '0', 232, 1586972088, 0, 1, 0),
(784, 3, 47, 'survey', 1, 2, 2, 4, '0', 232, 1586972088, 0, 1, 0),
(785, 3, 47, 'survey', 1, 2, 3, 4, '0', 232, 1586972088, 0, 1, 0),
(786, 3, 47, 'survey', 1, 3, 4, 1, '0', 232, 1586972088, 0, 1, 0),
(787, 3, 47, 'survey', 1, 3, 5, 2, '0', 232, 1586972088, 0, 1, 0),
(788, 3, 47, 'survey', 1, 3, 6, 4, '0', 232, 1586972088, 0, 1, 0),
(789, 3, 47, 'survey', 1, 4, 7, 3, '0', 232, 1586972088, 0, 1, 0),
(790, 3, 47, 'survey', 1, 4, 8, 3, '0', 232, 1586972088, 0, 1, 0),
(791, 3, 47, 'survey', 1, 4, 9, 3, '0', 232, 1586972088, 0, 1, 0),
(792, 3, 47, 'survey', 1, 5, 10, 4, '0', 232, 1586972088, 0, 1, 0),
(793, 3, 47, 'survey', 1, 5, 11, 4, '0', 232, 1586972088, 0, 1, 0),
(794, 3, 47, 'survey', 1, 5, 12, 4, '0', 232, 1586972088, 0, 1, 0),
(795, 3, 47, 'survey', 1, 6, 13, 2, '0', 232, 1586972088, 0, 1, 0),
(796, 3, 47, 'survey', 1, 6, 14, 4, '0', 232, 1586972088, 0, 1, 0),
(797, 3, 47, 'survey', 1, 6, 15, 4, '0', 232, 1586972088, 0, 1, 0),
(798, 3, 47, 'survey', 1, 7, 16, 3, '0', 232, 1586972088, 0, 1, 0),
(799, 3, 47, 'survey', 1, 7, 17, 4, '0', 232, 1586972088, 0, 1, 0),
(800, 3, 48, 'survey', 1, 2, 1, 4, '0', 217, 1586982536, 0, 1, 0),
(801, 3, 48, 'survey', 1, 2, 2, 2, '0', 217, 1586982536, 0, 1, 0),
(802, 3, 48, 'survey', 1, 2, 3, 3, '0', 217, 1586982536, 0, 1, 0),
(803, 3, 48, 'survey', 1, 3, 4, 4, '0', 217, 1586982536, 0, 1, 0),
(804, 3, 48, 'survey', 1, 3, 5, 4, '0', 217, 1586982536, 0, 1, 0),
(805, 3, 48, 'survey', 1, 3, 6, 2, '0', 217, 1586982536, 0, 1, 0),
(806, 3, 48, 'survey', 1, 4, 7, 5, '0', 217, 1586982536, 0, 1, 0),
(807, 3, 48, 'survey', 1, 4, 8, 5, '0', 217, 1586982536, 0, 1, 0),
(808, 3, 48, 'survey', 1, 4, 9, 5, '0', 217, 1586982536, 0, 1, 0),
(809, 3, 48, 'survey', 1, 5, 10, 5, '0', 217, 1586982536, 0, 1, 0),
(810, 3, 48, 'survey', 1, 5, 11, 5, '0', 217, 1586982536, 0, 1, 0),
(811, 3, 48, 'survey', 1, 5, 12, 5, '0', 217, 1586982536, 0, 1, 0),
(812, 3, 48, 'survey', 1, 6, 13, 3, '0', 217, 1586982536, 0, 1, 0),
(813, 3, 48, 'survey', 1, 6, 14, 4, '0', 217, 1586982536, 0, 1, 0),
(814, 3, 48, 'survey', 1, 6, 15, 4, '0', 217, 1586982536, 0, 1, 0),
(815, 3, 48, 'survey', 1, 7, 16, 3, '0', 217, 1586982536, 0, 1, 0),
(816, 3, 48, 'survey', 1, 7, 17, 3, '0', 217, 1586982536, 0, 1, 0),
(817, 3, 49, 'survey', 1, 2, 1, 3, '0', 248, 1587021559, 0, 1, 0),
(818, 3, 49, 'survey', 1, 2, 2, 3, '0', 248, 1587021559, 0, 1, 0),
(819, 3, 49, 'survey', 1, 2, 3, 3, '0', 248, 1587021559, 0, 1, 0),
(820, 3, 49, 'survey', 1, 3, 4, 3, '0', 248, 1587021559, 0, 1, 0),
(821, 3, 49, 'survey', 1, 3, 5, 3, '0', 248, 1587021559, 0, 1, 0),
(822, 3, 49, 'survey', 1, 3, 6, 3, '0', 248, 1587021559, 0, 1, 0),
(823, 3, 49, 'survey', 1, 4, 7, 3, '0', 248, 1587021559, 0, 1, 0),
(824, 3, 49, 'survey', 1, 4, 8, 3, '0', 248, 1587021559, 0, 1, 0),
(825, 3, 49, 'survey', 1, 4, 9, 3, '0', 248, 1587021559, 0, 1, 0),
(826, 3, 49, 'survey', 1, 5, 10, 3, '0', 248, 1587021559, 0, 1, 0),
(827, 3, 49, 'survey', 1, 5, 11, 3, '0', 248, 1587021559, 0, 1, 0),
(828, 3, 49, 'survey', 1, 5, 12, 3, '0', 248, 1587021559, 0, 1, 0),
(829, 3, 49, 'survey', 1, 6, 13, 3, '0', 248, 1587021559, 0, 1, 0),
(830, 3, 49, 'survey', 1, 6, 14, 3, '0', 248, 1587021559, 0, 1, 0),
(831, 3, 49, 'survey', 1, 6, 15, 3, '0', 248, 1587021559, 0, 1, 0),
(832, 3, 49, 'survey', 1, 7, 16, 3, '0', 248, 1587021559, 0, 1, 0),
(833, 3, 49, 'survey', 1, 7, 17, 3, '0', 248, 1587021559, 0, 1, 0),
(834, 3, 50, 'survey', 1, 2, 1, 1, '0', 206, 1587370860, 0, 1, 0),
(835, 3, 50, 'survey', 1, 2, 2, 1, '0', 206, 1587370860, 0, 1, 0),
(836, 3, 50, 'survey', 1, 2, 3, 1, '0', 206, 1587370860, 0, 1, 0),
(837, 3, 50, 'survey', 1, 3, 4, 1, '0', 206, 1587370860, 0, 1, 0),
(838, 3, 50, 'survey', 1, 3, 5, 3, '0', 206, 1587370860, 0, 1, 0),
(839, 3, 50, 'survey', 1, 3, 6, 1, '0', 206, 1587370860, 0, 1, 0),
(840, 3, 50, 'survey', 1, 4, 7, 5, '0', 206, 1587370860, 0, 1, 0),
(841, 3, 50, 'survey', 1, 4, 8, 5, '0', 206, 1587370860, 0, 1, 0),
(842, 3, 50, 'survey', 1, 4, 9, 5, '0', 206, 1587370860, 0, 1, 0),
(843, 3, 50, 'survey', 1, 5, 10, 5, '0', 206, 1587370860, 0, 1, 0),
(844, 3, 50, 'survey', 1, 5, 11, 4, '0', 206, 1587370860, 0, 1, 0),
(845, 3, 50, 'survey', 1, 5, 12, 4, '0', 206, 1587370860, 0, 1, 0),
(846, 3, 50, 'survey', 1, 6, 13, 1, '0', 206, 1587370860, 0, 1, 0),
(847, 3, 50, 'survey', 1, 6, 14, 1, '0', 206, 1587370860, 0, 1, 0),
(848, 3, 50, 'survey', 1, 6, 15, 3, '0', 206, 1587370860, 0, 1, 0),
(849, 3, 50, 'survey', 1, 7, 16, 2, '0', 206, 1587370860, 0, 1, 0),
(850, 3, 50, 'survey', 1, 7, 17, 3, '0', 206, 1587370860, 0, 1, 0),
(851, 3, 51, 'survey', 1, 2, 1, 1, '0', 248, 1587672899, 0, 1, 0),
(852, 3, 51, 'survey', 1, 2, 2, 1, '0', 248, 1587672899, 0, 1, 0),
(853, 3, 51, 'survey', 1, 2, 3, 1, '0', 248, 1587672900, 0, 1, 0),
(854, 3, 51, 'survey', 1, 3, 4, 4, '0', 248, 1587672900, 0, 1, 0),
(855, 3, 51, 'survey', 1, 3, 5, 2, '0', 248, 1587672900, 0, 1, 0),
(856, 3, 51, 'survey', 1, 3, 6, 2, '0', 248, 1587672900, 0, 1, 0),
(857, 3, 51, 'survey', 1, 4, 7, 4, '0', 248, 1587672900, 0, 1, 0),
(858, 3, 51, 'survey', 1, 4, 8, 3, '0', 248, 1587672900, 0, 1, 0),
(859, 3, 51, 'survey', 1, 4, 9, 5, '0', 248, 1587672900, 0, 1, 0),
(860, 3, 51, 'survey', 1, 5, 10, 4, '0', 248, 1587672900, 0, 1, 0),
(861, 3, 51, 'survey', 1, 5, 11, 4, '0', 248, 1587672900, 0, 1, 0),
(862, 3, 51, 'survey', 1, 5, 12, 5, '0', 248, 1587672900, 0, 1, 0),
(863, 3, 51, 'survey', 1, 6, 13, 3, '0', 248, 1587672900, 0, 1, 0),
(864, 3, 51, 'survey', 1, 6, 14, 2, '0', 248, 1587672900, 0, 1, 0),
(865, 3, 51, 'survey', 1, 6, 15, 3, '0', 248, 1587672900, 0, 1, 0),
(866, 3, 51, 'survey', 1, 7, 16, 3, '0', 248, 1587672900, 0, 1, 0),
(867, 3, 51, 'survey', 1, 7, 17, 4, '0', 248, 1587672900, 0, 1, 0),
(868, 3, 52, 'survey', 1, 2, 1, 4, '0', 246, 1589906427, 0, 1, 0),
(869, 3, 52, 'survey', 1, 2, 2, 4, '0', 246, 1589906427, 0, 1, 0),
(870, 3, 52, 'survey', 1, 2, 3, 4, '0', 246, 1589906427, 0, 1, 0),
(871, 3, 52, 'survey', 1, 3, 4, 4, '0', 246, 1589906427, 0, 1, 0),
(872, 3, 52, 'survey', 1, 3, 5, 4, '0', 246, 1589906427, 0, 1, 0),
(873, 3, 52, 'survey', 1, 3, 6, 4, '0', 246, 1589906427, 0, 1, 0),
(874, 3, 52, 'survey', 1, 4, 7, 4, '0', 246, 1589906427, 0, 1, 0),
(875, 3, 52, 'survey', 1, 4, 8, 4, '0', 246, 1589906427, 0, 1, 0),
(876, 3, 52, 'survey', 1, 4, 9, 4, '0', 246, 1589906427, 0, 1, 0),
(877, 3, 52, 'survey', 1, 5, 10, 4, '0', 246, 1589906427, 0, 1, 0),
(878, 3, 52, 'survey', 1, 5, 11, 4, '0', 246, 1589906427, 0, 1, 0),
(879, 3, 52, 'survey', 1, 5, 12, 4, '0', 246, 1589906427, 0, 1, 0),
(880, 3, 52, 'survey', 1, 6, 13, 4, '0', 246, 1589906427, 0, 1, 0),
(881, 3, 52, 'survey', 1, 6, 14, 4, '0', 246, 1589906427, 0, 1, 0),
(882, 3, 52, 'survey', 1, 6, 15, 4, '0', 246, 1589906427, 0, 1, 0),
(883, 3, 52, 'survey', 1, 7, 16, 4, '0', 246, 1589906427, 0, 1, 0),
(884, 3, 52, 'survey', 1, 7, 17, 4, '0', 246, 1589906427, 0, 1, 0),
(885, 3, 53, 'survey', 1, 2, 1, 4, '0', 199, 1589912355, 0, 1, 0),
(886, 3, 53, 'survey', 1, 2, 2, 4, '0', 199, 1589912355, 0, 1, 0),
(887, 3, 53, 'survey', 1, 2, 3, 4, '0', 199, 1589912355, 0, 1, 0),
(888, 3, 53, 'survey', 1, 3, 4, 4, '0', 199, 1589912355, 0, 1, 0),
(889, 3, 53, 'survey', 1, 3, 5, 3, '0', 199, 1589912355, 0, 1, 0),
(890, 3, 53, 'survey', 1, 3, 6, 4, '0', 199, 1589912355, 0, 1, 0),
(891, 3, 53, 'survey', 1, 4, 7, 5, '0', 199, 1589912355, 0, 1, 0),
(892, 3, 53, 'survey', 1, 4, 8, 4, '0', 199, 1589912355, 0, 1, 0),
(893, 3, 53, 'survey', 1, 4, 9, 4, '0', 199, 1589912355, 0, 1, 0),
(894, 3, 53, 'survey', 1, 5, 10, 4, '0', 199, 1589912355, 0, 1, 0),
(895, 3, 53, 'survey', 1, 5, 11, 4, '0', 199, 1589912355, 0, 1, 0),
(896, 3, 53, 'survey', 1, 5, 12, 4, '0', 199, 1589912355, 0, 1, 0),
(897, 3, 53, 'survey', 1, 6, 13, 4, '0', 199, 1589912355, 0, 1, 0),
(898, 3, 53, 'survey', 1, 6, 14, 4, '0', 199, 1589912355, 0, 1, 0),
(899, 3, 53, 'survey', 1, 6, 15, 4, '0', 199, 1589912355, 0, 1, 0),
(900, 3, 53, 'survey', 1, 7, 16, 4, '0', 199, 1589912355, 0, 1, 0),
(901, 3, 53, 'survey', 1, 7, 17, 4, '0', 199, 1589912355, 0, 1, 0),
(902, 3, 54, 'survey', 1, 2, 1, 2, '0', 180, 1590427357, 0, 1, 0),
(903, 3, 54, 'survey', 1, 2, 2, 2, '0', 180, 1590427357, 0, 1, 0),
(904, 3, 54, 'survey', 1, 2, 3, 2, '0', 180, 1590427357, 0, 1, 0),
(905, 3, 54, 'survey', 1, 3, 4, 2, '0', 180, 1590427357, 0, 1, 0),
(906, 3, 54, 'survey', 1, 3, 5, 3, '0', 180, 1590427357, 0, 1, 0),
(907, 3, 54, 'survey', 1, 3, 6, 2, '0', 180, 1590427357, 0, 1, 0),
(908, 3, 54, 'survey', 1, 4, 7, 3, '0', 180, 1590427357, 0, 1, 0),
(909, 3, 54, 'survey', 1, 4, 8, 3, '0', 180, 1590427357, 0, 1, 0),
(910, 3, 54, 'survey', 1, 4, 9, 3, '0', 180, 1590427357, 0, 1, 0),
(911, 3, 54, 'survey', 1, 5, 10, 4, '0', 180, 1590427357, 0, 1, 0),
(912, 3, 54, 'survey', 1, 5, 11, 4, '0', 180, 1590427357, 0, 1, 0),
(913, 3, 54, 'survey', 1, 5, 12, 5, '0', 180, 1590427357, 0, 1, 0),
(914, 3, 54, 'survey', 1, 6, 13, 3, '0', 180, 1590427357, 0, 1, 0),
(915, 3, 54, 'survey', 1, 6, 14, 3, '0', 180, 1590427357, 0, 1, 0),
(916, 3, 54, 'survey', 1, 6, 15, 4, '0', 180, 1590427357, 0, 1, 0),
(917, 3, 54, 'survey', 1, 7, 16, 3, '0', 180, 1590427357, 0, 1, 0),
(918, 3, 54, 'survey', 1, 7, 17, 4, '0', 180, 1590427357, 0, 1, 0),
(919, 3, 55, 'survey', 1, 2, 1, 3, '0', 251, 1590987982, 0, 1, 0),
(920, 3, 55, 'survey', 1, 2, 2, 3, '0', 251, 1590987982, 0, 1, 0),
(921, 3, 55, 'survey', 1, 2, 3, 3, '0', 251, 1590987982, 0, 1, 0),
(922, 3, 55, 'survey', 1, 3, 4, 3, '0', 251, 1590987982, 0, 1, 0),
(923, 3, 55, 'survey', 1, 3, 5, 3, '0', 251, 1590987982, 0, 1, 0),
(924, 3, 55, 'survey', 1, 3, 6, 3, '0', 251, 1590987982, 0, 1, 0),
(925, 3, 55, 'survey', 1, 4, 7, 3, '0', 251, 1590987982, 0, 1, 0),
(926, 3, 55, 'survey', 1, 4, 8, 3, '0', 251, 1590987982, 0, 1, 0),
(927, 3, 55, 'survey', 1, 4, 9, 3, '0', 251, 1590987982, 0, 1, 0),
(928, 3, 55, 'survey', 1, 5, 10, 3, '0', 251, 1590987982, 0, 1, 0),
(929, 3, 55, 'survey', 1, 5, 11, 3, '0', 251, 1590987982, 0, 1, 0),
(930, 3, 55, 'survey', 1, 5, 12, 3, '0', 251, 1590987982, 0, 1, 0),
(931, 3, 55, 'survey', 1, 6, 13, 3, '0', 251, 1590987982, 0, 1, 0),
(932, 3, 55, 'survey', 1, 6, 14, 3, '0', 251, 1590987982, 0, 1, 0),
(933, 3, 55, 'survey', 1, 6, 15, 3, '0', 251, 1590987982, 0, 1, 0),
(934, 3, 55, 'survey', 1, 7, 16, 3, '0', 251, 1590987982, 0, 1, 0),
(935, 3, 55, 'survey', 1, 7, 17, 3, '0', 251, 1590987982, 0, 1, 0),
(936, 3, 56, 'survey', 1, 2, 1, 5, '0', 250, 1593668032, 0, 1, 0),
(937, 3, 56, 'survey', 1, 2, 2, 5, '0', 250, 1593668032, 0, 1, 0),
(938, 3, 56, 'survey', 1, 2, 3, 3, '0', 250, 1593668032, 0, 1, 0),
(939, 3, 56, 'survey', 1, 3, 4, 4, '0', 250, 1593668032, 0, 1, 0),
(940, 3, 56, 'survey', 1, 3, 5, 4, '0', 250, 1593668032, 0, 1, 0),
(941, 3, 56, 'survey', 1, 3, 6, 5, '0', 250, 1593668032, 0, 1, 0),
(942, 3, 56, 'survey', 1, 4, 7, 4, '0', 250, 1593668032, 0, 1, 0),
(943, 3, 56, 'survey', 1, 4, 8, 4, '0', 250, 1593668032, 0, 1, 0),
(944, 3, 56, 'survey', 1, 4, 9, 4, '0', 250, 1593668032, 0, 1, 0),
(945, 3, 56, 'survey', 1, 5, 10, 5, '0', 250, 1593668032, 0, 1, 0),
(946, 3, 56, 'survey', 1, 5, 11, 5, '0', 250, 1593668032, 0, 1, 0),
(947, 3, 56, 'survey', 1, 5, 12, 5, '0', 250, 1593668032, 0, 1, 0),
(948, 3, 56, 'survey', 1, 6, 13, 5, '0', 250, 1593668032, 0, 1, 0),
(949, 3, 56, 'survey', 1, 6, 14, 5, '0', 250, 1593668032, 0, 1, 0),
(950, 3, 56, 'survey', 1, 6, 15, 5, '0', 250, 1593668032, 0, 1, 0),
(951, 3, 56, 'survey', 1, 7, 16, 5, '0', 250, 1593668032, 0, 1, 0),
(952, 3, 56, 'survey', 1, 7, 17, 5, '0', 250, 1593668032, 0, 1, 0),
(953, 3, 57, 'survey', 1, 2, 1, 4, '0', 249, 1594795108, 0, 1, 0),
(954, 3, 57, 'survey', 1, 2, 2, 3, '0', 249, 1594795108, 0, 1, 0),
(955, 3, 57, 'survey', 1, 2, 3, 2, '0', 249, 1594795108, 0, 1, 0),
(956, 3, 57, 'survey', 1, 3, 4, 2, '0', 249, 1594795108, 0, 1, 0),
(957, 3, 57, 'survey', 1, 3, 5, 3, '0', 249, 1594795108, 0, 1, 0),
(958, 3, 57, 'survey', 1, 3, 6, 3, '0', 249, 1594795108, 0, 1, 0),
(959, 3, 57, 'survey', 1, 4, 7, 5, '0', 249, 1594795108, 0, 1, 0),
(960, 3, 57, 'survey', 1, 4, 8, 5, '0', 249, 1594795108, 0, 1, 0),
(961, 3, 57, 'survey', 1, 4, 9, 5, '0', 249, 1594795108, 0, 1, 0),
(962, 3, 57, 'survey', 1, 5, 10, 5, '0', 249, 1594795108, 0, 1, 0),
(963, 3, 57, 'survey', 1, 5, 11, 5, '0', 249, 1594795108, 0, 1, 0),
(964, 3, 57, 'survey', 1, 5, 12, 5, '0', 249, 1594795108, 0, 1, 0),
(965, 3, 57, 'survey', 1, 6, 13, 3, '0', 249, 1594795108, 0, 1, 0),
(966, 3, 57, 'survey', 1, 6, 14, 3, '0', 249, 1594795108, 0, 1, 0),
(967, 3, 57, 'survey', 1, 6, 15, 2, '0', 249, 1594795108, 0, 1, 0),
(968, 3, 57, 'survey', 1, 7, 16, 4, '0', 249, 1594795108, 0, 1, 0),
(969, 3, 57, 'survey', 1, 7, 17, 4, '0', 249, 1594795108, 0, 1, 0),
(970, 3, 58, 'survey', 1, 2, 1, 4, '0', 254, 1600939599, 0, 1, 0),
(971, 3, 58, 'survey', 1, 2, 2, 4, '0', 254, 1600939599, 0, 1, 0),
(972, 3, 58, 'survey', 1, 2, 3, 4, '0', 254, 1600939599, 0, 1, 0),
(973, 3, 58, 'survey', 1, 3, 4, 4, '0', 254, 1600939599, 0, 1, 0),
(974, 3, 58, 'survey', 1, 3, 5, 4, '0', 254, 1600939599, 0, 1, 0),
(975, 3, 58, 'survey', 1, 3, 6, 4, '0', 254, 1600939599, 0, 1, 0),
(976, 3, 58, 'survey', 1, 4, 7, 5, '0', 254, 1600939599, 0, 1, 0),
(977, 3, 58, 'survey', 1, 4, 8, 5, '0', 254, 1600939599, 0, 1, 0),
(978, 3, 58, 'survey', 1, 4, 9, 5, '0', 254, 1600939599, 0, 1, 0),
(979, 3, 58, 'survey', 1, 5, 10, 5, '0', 254, 1600939599, 0, 1, 0),
(980, 3, 58, 'survey', 1, 5, 11, 5, '0', 254, 1600939599, 0, 1, 0),
(981, 3, 58, 'survey', 1, 5, 12, 5, '0', 254, 1600939599, 0, 1, 0),
(982, 3, 58, 'survey', 1, 6, 13, 3, '0', 254, 1600939599, 0, 1, 0),
(983, 3, 58, 'survey', 1, 6, 14, 3, '0', 254, 1600939599, 0, 1, 0),
(984, 3, 58, 'survey', 1, 6, 15, 3, '0', 254, 1600939599, 0, 1, 0),
(985, 3, 58, 'survey', 1, 7, 16, 5, '0', 254, 1600939599, 0, 1, 0),
(986, 3, 58, 'survey', 1, 7, 17, 5, '0', 254, 1600939599, 0, 1, 0),
(987, 3, 59, 'survey', 1, 2, 1, 5, '0', 260, 1601204703, 0, 1, 0),
(988, 3, 59, 'survey', 1, 2, 2, 5, '0', 260, 1601204703, 0, 1, 0),
(989, 3, 59, 'survey', 1, 2, 3, 5, '0', 260, 1601204703, 0, 1, 0),
(990, 3, 59, 'survey', 1, 3, 4, 5, '0', 260, 1601204703, 0, 1, 0),
(991, 3, 59, 'survey', 1, 3, 5, 5, '0', 260, 1601204703, 0, 1, 0),
(992, 3, 59, 'survey', 1, 3, 6, 5, '0', 260, 1601204703, 0, 1, 0),
(993, 3, 59, 'survey', 1, 4, 7, 4, '0', 260, 1601204703, 0, 1, 0),
(994, 3, 59, 'survey', 1, 4, 8, 4, '0', 260, 1601204703, 0, 1, 0),
(995, 3, 59, 'survey', 1, 4, 9, 4, '0', 260, 1601204703, 0, 1, 0),
(996, 3, 59, 'survey', 1, 5, 10, 5, '0', 260, 1601204703, 0, 1, 0),
(997, 3, 59, 'survey', 1, 5, 11, 5, '0', 260, 1601204703, 0, 1, 0),
(998, 3, 59, 'survey', 1, 5, 12, 5, '0', 260, 1601204703, 0, 1, 0),
(999, 3, 59, 'survey', 1, 6, 13, 5, '0', 260, 1601204703, 0, 1, 0),
(1000, 3, 59, 'survey', 1, 6, 14, 5, '0', 260, 1601204703, 0, 1, 0),
(1001, 3, 59, 'survey', 1, 6, 15, 5, '0', 260, 1601204703, 0, 1, 0),
(1002, 3, 59, 'survey', 1, 7, 16, 5, '0', 260, 1601204703, 0, 1, 0),
(1003, 3, 59, 'survey', 1, 7, 17, 5, '0', 260, 1601204703, 0, 1, 0),
(1004, 3, 60, 'survey', 1, 2, 1, 4, '0', 257, 1601450827, 0, 1, 0),
(1005, 3, 60, 'survey', 1, 2, 2, 4, '0', 257, 1601450827, 0, 1, 0),
(1006, 3, 60, 'survey', 1, 2, 3, 4, '0', 257, 1601450827, 0, 1, 0),
(1007, 3, 60, 'survey', 1, 3, 4, 4, '0', 257, 1601450827, 0, 1, 0),
(1008, 3, 60, 'survey', 1, 3, 5, 4, '0', 257, 1601450827, 0, 1, 0),
(1009, 3, 60, 'survey', 1, 3, 6, 5, '0', 257, 1601450827, 0, 1, 0),
(1010, 3, 60, 'survey', 1, 4, 7, 4, '0', 257, 1601450827, 0, 1, 0),
(1011, 3, 60, 'survey', 1, 4, 8, 4, '0', 257, 1601450827, 0, 1, 0),
(1012, 3, 60, 'survey', 1, 4, 9, 4, '0', 257, 1601450827, 0, 1, 0),
(1013, 3, 60, 'survey', 1, 5, 10, 4, '0', 257, 1601450827, 0, 1, 0),
(1014, 3, 60, 'survey', 1, 5, 11, 4, '0', 257, 1601450827, 0, 1, 0),
(1015, 3, 60, 'survey', 1, 5, 12, 4, '0', 257, 1601450827, 0, 1, 0),
(1016, 3, 60, 'survey', 1, 6, 13, 4, '0', 257, 1601450827, 0, 1, 0),
(1017, 3, 60, 'survey', 1, 6, 14, 4, '0', 257, 1601450827, 0, 1, 0),
(1018, 3, 60, 'survey', 1, 6, 15, 4, '0', 257, 1601450827, 0, 1, 0),
(1019, 3, 60, 'survey', 1, 7, 16, 4, '0', 257, 1601450827, 0, 1, 0),
(1020, 3, 60, 'survey', 1, 7, 17, 4, '0', 257, 1601450827, 0, 1, 0),
(1021, 3, 61, 'survey', 1, 2, 1, 1, '0', 253, 1602483921, 0, 1, 0),
(1022, 3, 61, 'survey', 1, 2, 2, 1, '0', 253, 1602483921, 0, 1, 0),
(1023, 3, 61, 'survey', 1, 2, 3, 1, '0', 253, 1602483921, 0, 1, 0),
(1024, 3, 61, 'survey', 1, 3, 4, 1, '0', 253, 1602483921, 0, 1, 0),
(1025, 3, 61, 'survey', 1, 3, 5, 1, '0', 253, 1602483921, 0, 1, 0),
(1026, 3, 61, 'survey', 1, 3, 6, 1, '0', 253, 1602483921, 0, 1, 0),
(1027, 3, 61, 'survey', 1, 4, 7, 3, '0', 253, 1602483921, 0, 1, 0),
(1028, 3, 61, 'survey', 1, 4, 8, 3, '0', 253, 1602483921, 0, 1, 0),
(1029, 3, 61, 'survey', 1, 4, 9, 3, '0', 253, 1602483921, 0, 1, 0),
(1030, 3, 61, 'survey', 1, 5, 10, 3, '0', 253, 1602483921, 0, 1, 0),
(1031, 3, 61, 'survey', 1, 5, 11, 3, '0', 253, 1602483921, 0, 1, 0),
(1032, 3, 61, 'survey', 1, 5, 12, 3, '0', 253, 1602483921, 0, 1, 0),
(1033, 3, 61, 'survey', 1, 6, 13, 1, '0', 253, 1602483921, 0, 1, 0),
(1034, 3, 61, 'survey', 1, 6, 14, 1, '0', 253, 1602483921, 0, 1, 0),
(1035, 3, 61, 'survey', 1, 6, 15, 1, '0', 253, 1602483921, 0, 1, 0),
(1036, 3, 61, 'survey', 1, 7, 16, 3, '0', 253, 1602483921, 0, 1, 0),
(1037, 3, 61, 'survey', 1, 7, 17, 3, '0', 253, 1602483921, 0, 1, 0),
(1038, 3, 62, 'survey', 1, 2, 1, 3, '0', 255, 1602574655, 0, 1, 0),
(1039, 3, 62, 'survey', 1, 2, 2, 3, '0', 255, 1602574655, 0, 1, 0),
(1040, 3, 62, 'survey', 1, 2, 3, 3, '0', 255, 1602574655, 0, 1, 0),
(1041, 3, 62, 'survey', 1, 3, 4, 3, '0', 255, 1602574655, 0, 1, 0),
(1042, 3, 62, 'survey', 1, 3, 5, 3, '0', 255, 1602574655, 0, 1, 0),
(1043, 3, 62, 'survey', 1, 3, 6, 3, '0', 255, 1602574655, 0, 1, 0),
(1044, 3, 62, 'survey', 1, 4, 7, 3, '0', 255, 1602574656, 0, 1, 0),
(1045, 3, 62, 'survey', 1, 4, 8, 3, '0', 255, 1602574656, 0, 1, 0),
(1046, 3, 62, 'survey', 1, 4, 9, 3, '0', 255, 1602574656, 0, 1, 0),
(1047, 3, 62, 'survey', 1, 5, 10, 3, '0', 255, 1602574656, 0, 1, 0),
(1048, 3, 62, 'survey', 1, 5, 11, 3, '0', 255, 1602574656, 0, 1, 0),
(1049, 3, 62, 'survey', 1, 5, 12, 3, '0', 255, 1602574656, 0, 1, 0),
(1050, 3, 62, 'survey', 1, 6, 13, 2, '0', 255, 1602574656, 0, 1, 0),
(1051, 3, 62, 'survey', 1, 6, 14, 2, '0', 255, 1602574656, 0, 1, 0),
(1052, 3, 62, 'survey', 1, 6, 15, 2, '0', 255, 1602574656, 0, 1, 0),
(1053, 3, 62, 'survey', 1, 7, 16, 3, '0', 255, 1602574656, 0, 1, 0),
(1054, 3, 62, 'survey', 1, 7, 17, 3, '0', 255, 1602574656, 0, 1, 0),
(1055, 3, 63, 'survey', 1, 2, 1, 4, '0', 264, 1602653964, 0, 1, 0),
(1056, 3, 63, 'survey', 1, 2, 2, 4, '0', 264, 1602653964, 0, 1, 0),
(1057, 3, 63, 'survey', 1, 2, 3, 4, '0', 264, 1602653964, 0, 1, 0),
(1058, 3, 63, 'survey', 1, 3, 4, 4, '0', 264, 1602653964, 0, 1, 0),
(1059, 3, 63, 'survey', 1, 3, 5, 4, '0', 264, 1602653964, 0, 1, 0),
(1060, 3, 63, 'survey', 1, 3, 6, 4, '0', 264, 1602653964, 0, 1, 0),
(1061, 3, 63, 'survey', 1, 4, 7, 4, '0', 264, 1602653964, 0, 1, 0),
(1062, 3, 63, 'survey', 1, 4, 8, 4, '0', 264, 1602653964, 0, 1, 0),
(1063, 3, 63, 'survey', 1, 4, 9, 4, '0', 264, 1602653964, 0, 1, 0),
(1064, 3, 63, 'survey', 1, 5, 10, 4, '0', 264, 1602653964, 0, 1, 0),
(1065, 3, 63, 'survey', 1, 5, 11, 4, '0', 264, 1602653964, 0, 1, 0),
(1066, 3, 63, 'survey', 1, 5, 12, 4, '0', 264, 1602653964, 0, 1, 0),
(1067, 3, 63, 'survey', 1, 6, 13, 5, '0', 264, 1602653964, 0, 1, 0),
(1068, 3, 63, 'survey', 1, 6, 14, 5, '0', 264, 1602653964, 0, 1, 0),
(1069, 3, 63, 'survey', 1, 6, 15, 5, '0', 264, 1602653964, 0, 1, 0),
(1070, 3, 63, 'survey', 1, 7, 16, 5, '0', 264, 1602653964, 0, 1, 0),
(1071, 3, 63, 'survey', 1, 7, 17, 5, '0', 264, 1602653964, 0, 1, 0),
(1072, 3, 64, 'survey', 1, 2, 1, 4, '0', 263, 1602654448, 0, 1, 0),
(1073, 3, 64, 'survey', 1, 2, 2, 4, '0', 263, 1602654448, 0, 1, 0),
(1074, 3, 64, 'survey', 1, 2, 3, 4, '0', 263, 1602654448, 0, 1, 0),
(1075, 3, 64, 'survey', 1, 3, 4, 4, '0', 263, 1602654448, 0, 1, 0),
(1076, 3, 64, 'survey', 1, 3, 5, 4, '0', 263, 1602654448, 0, 1, 0),
(1077, 3, 64, 'survey', 1, 3, 6, 4, '0', 263, 1602654448, 0, 1, 0),
(1078, 3, 64, 'survey', 1, 4, 7, 5, '0', 263, 1602654448, 0, 1, 0),
(1079, 3, 64, 'survey', 1, 4, 8, 5, '0', 263, 1602654448, 0, 1, 0),
(1080, 3, 64, 'survey', 1, 4, 9, 5, '0', 263, 1602654448, 0, 1, 0),
(1081, 3, 64, 'survey', 1, 5, 10, 5, '0', 263, 1602654448, 0, 1, 0),
(1082, 3, 64, 'survey', 1, 5, 11, 5, '0', 263, 1602654448, 0, 1, 0),
(1083, 3, 64, 'survey', 1, 5, 12, 5, '0', 263, 1602654448, 0, 1, 0),
(1084, 3, 64, 'survey', 1, 6, 13, 4, '0', 263, 1602654448, 0, 1, 0),
(1085, 3, 64, 'survey', 1, 6, 14, 4, '0', 263, 1602654448, 0, 1, 0),
(1086, 3, 64, 'survey', 1, 6, 15, 5, '0', 263, 1602654448, 0, 1, 0),
(1087, 3, 64, 'survey', 1, 7, 16, 4, '0', 263, 1602654448, 0, 1, 0),
(1088, 3, 64, 'survey', 1, 7, 17, 4, '0', 263, 1602654448, 0, 1, 0),
(1089, 3, 65, 'survey', 1, 2, 1, 3, '0', 265, 1603863731, 0, 1, 0),
(1090, 3, 65, 'survey', 1, 2, 2, 3, '0', 265, 1603863731, 0, 1, 0),
(1091, 3, 65, 'survey', 1, 2, 3, 2, '0', 265, 1603863731, 0, 1, 0),
(1092, 3, 65, 'survey', 1, 3, 4, 5, '0', 265, 1603863731, 0, 1, 0),
(1093, 3, 65, 'survey', 1, 3, 5, 3, '0', 265, 1603863731, 0, 1, 0),
(1094, 3, 65, 'survey', 1, 3, 6, 4, '0', 265, 1603863731, 0, 1, 0),
(1095, 3, 65, 'survey', 1, 4, 7, 3, '0', 265, 1603863731, 0, 1, 0),
(1096, 3, 65, 'survey', 1, 4, 8, 3, '0', 265, 1603863731, 0, 1, 0),
(1097, 3, 65, 'survey', 1, 4, 9, 3, '0', 265, 1603863731, 0, 1, 0),
(1098, 3, 65, 'survey', 1, 5, 10, 3, '0', 265, 1603863731, 0, 1, 0),
(1099, 3, 65, 'survey', 1, 5, 11, 3, '0', 265, 1603863731, 0, 1, 0),
(1100, 3, 65, 'survey', 1, 5, 12, 2, '0', 265, 1603863731, 0, 1, 0),
(1101, 3, 65, 'survey', 1, 6, 13, 4, '0', 265, 1603863731, 0, 1, 0),
(1102, 3, 65, 'survey', 1, 6, 14, 3, '0', 265, 1603863731, 0, 1, 0),
(1103, 3, 65, 'survey', 1, 6, 15, 4, '0', 265, 1603863731, 0, 1, 0),
(1104, 3, 65, 'survey', 1, 7, 16, 4, '0', 265, 1603863731, 0, 1, 0),
(1105, 3, 65, 'survey', 1, 7, 17, 2, '0', 265, 1603863731, 0, 1, 0),
(1106, 3, 66, 'survey', 1, 2, 1, 3, '0', 243, 1605769537, 0, 1, 0),
(1107, 3, 66, 'survey', 1, 2, 2, 3, '0', 243, 1605769537, 0, 1, 0),
(1108, 3, 66, 'survey', 1, 2, 3, 3, '0', 243, 1605769537, 0, 1, 0),
(1109, 3, 66, 'survey', 1, 3, 4, 3, '0', 243, 1605769537, 0, 1, 0),
(1110, 3, 66, 'survey', 1, 3, 5, 3, '0', 243, 1605769537, 0, 1, 0),
(1111, 3, 66, 'survey', 1, 3, 6, 3, '0', 243, 1605769537, 0, 1, 0),
(1112, 3, 66, 'survey', 1, 4, 7, 3, '0', 243, 1605769537, 0, 1, 0),
(1113, 3, 66, 'survey', 1, 4, 8, 3, '0', 243, 1605769537, 0, 1, 0),
(1114, 3, 66, 'survey', 1, 4, 9, 3, '0', 243, 1605769537, 0, 1, 0),
(1115, 3, 66, 'survey', 1, 5, 10, 3, '0', 243, 1605769537, 0, 1, 0),
(1116, 3, 66, 'survey', 1, 5, 11, 3, '0', 243, 1605769537, 0, 1, 0),
(1117, 3, 66, 'survey', 1, 5, 12, 3, '0', 243, 1605769537, 0, 1, 0),
(1118, 3, 66, 'survey', 1, 6, 13, 3, '0', 243, 1605769537, 0, 1, 0),
(1119, 3, 66, 'survey', 1, 6, 14, 3, '0', 243, 1605769537, 0, 1, 0),
(1120, 3, 66, 'survey', 1, 6, 15, 3, '0', 243, 1605769537, 0, 1, 0),
(1121, 3, 66, 'survey', 1, 7, 16, 3, '0', 243, 1605769537, 0, 1, 0),
(1122, 3, 66, 'survey', 1, 7, 17, 3, '0', 243, 1605769537, 0, 1, 0),
(1123, 3, 67, 'survey', 1, 2, 1, 4, '0', 268, 1606121618, 0, 1, 0),
(1124, 3, 67, 'survey', 1, 2, 2, 4, '0', 268, 1606121618, 0, 1, 0),
(1125, 3, 67, 'survey', 1, 2, 3, 4, '0', 268, 1606121618, 0, 1, 0),
(1126, 3, 67, 'survey', 1, 3, 4, 4, '0', 268, 1606121618, 0, 1, 0),
(1127, 3, 67, 'survey', 1, 3, 5, 4, '0', 268, 1606121618, 0, 1, 0),
(1128, 3, 67, 'survey', 1, 3, 6, 4, '0', 268, 1606121618, 0, 1, 0),
(1129, 3, 67, 'survey', 1, 4, 7, 5, '0', 268, 1606121618, 0, 1, 0),
(1130, 3, 67, 'survey', 1, 4, 8, 5, '0', 268, 1606121618, 0, 1, 0),
(1131, 3, 67, 'survey', 1, 4, 9, 5, '0', 268, 1606121618, 0, 1, 0),
(1132, 3, 67, 'survey', 1, 5, 10, 5, '0', 268, 1606121618, 0, 1, 0),
(1133, 3, 67, 'survey', 1, 5, 11, 5, '0', 268, 1606121618, 0, 1, 0),
(1134, 3, 67, 'survey', 1, 5, 12, 5, '0', 268, 1606121618, 0, 1, 0),
(1135, 3, 67, 'survey', 1, 6, 13, 4, '0', 268, 1606121618, 0, 1, 0),
(1136, 3, 67, 'survey', 1, 6, 14, 4, '0', 268, 1606121618, 0, 1, 0),
(1137, 3, 67, 'survey', 1, 6, 15, 3, '0', 268, 1606121618, 0, 1, 0),
(1138, 3, 67, 'survey', 1, 7, 16, 4, '0', 268, 1606121618, 0, 1, 0),
(1139, 3, 67, 'survey', 1, 7, 17, 4, '0', 268, 1606121618, 0, 1, 0),
(1140, 3, 68, 'survey', 1, 2, 1, 3, '0', 128, 1606474947, 0, 1, 0),
(1141, 3, 68, 'survey', 1, 2, 2, 3, '0', 128, 1606474947, 0, 1, 0),
(1142, 3, 68, 'survey', 1, 2, 3, 3, '0', 128, 1606474947, 0, 1, 0),
(1143, 3, 68, 'survey', 1, 3, 4, 3, '0', 128, 1606474947, 0, 1, 0),
(1144, 3, 68, 'survey', 1, 3, 5, 3, '0', 128, 1606474947, 0, 1, 0),
(1145, 3, 68, 'survey', 1, 3, 6, 3, '0', 128, 1606474947, 0, 1, 0),
(1146, 3, 68, 'survey', 1, 4, 7, 3, '0', 128, 1606474947, 0, 1, 0),
(1147, 3, 68, 'survey', 1, 4, 8, 3, '0', 128, 1606474947, 0, 1, 0),
(1148, 3, 68, 'survey', 1, 4, 9, 3, '0', 128, 1606474947, 0, 1, 0),
(1149, 3, 68, 'survey', 1, 5, 10, 3, '0', 128, 1606474947, 0, 1, 0),
(1150, 3, 68, 'survey', 1, 5, 11, 3, '0', 128, 1606474947, 0, 1, 0),
(1151, 3, 68, 'survey', 1, 5, 12, 3, '0', 128, 1606474947, 0, 1, 0),
(1152, 3, 68, 'survey', 1, 6, 13, 3, '0', 128, 1606474947, 0, 1, 0),
(1153, 3, 68, 'survey', 1, 6, 14, 3, '0', 128, 1606474947, 0, 1, 0),
(1154, 3, 68, 'survey', 1, 6, 15, 3, '0', 128, 1606474947, 0, 1, 0),
(1155, 3, 68, 'survey', 1, 7, 16, 3, '0', 128, 1606474948, 0, 1, 0),
(1156, 3, 68, 'survey', 1, 7, 17, 3, '0', 128, 1606474948, 0, 1, 0),
(1157, 3, 69, 'survey', 1, 2, 1, 4, '0', 262, 1607943765, 0, 1, 0),
(1158, 3, 69, 'survey', 1, 2, 2, 4, '0', 262, 1607943765, 0, 1, 0),
(1159, 3, 69, 'survey', 1, 2, 3, 4, '0', 262, 1607943765, 0, 1, 0),
(1160, 3, 69, 'survey', 1, 3, 4, 4, '0', 262, 1607943765, 0, 1, 0),
(1161, 3, 69, 'survey', 1, 3, 5, 4, '0', 262, 1607943765, 0, 1, 0),
(1162, 3, 69, 'survey', 1, 3, 6, 4, '0', 262, 1607943765, 0, 1, 0),
(1163, 3, 69, 'survey', 1, 4, 7, 5, '0', 262, 1607943765, 0, 1, 0),
(1164, 3, 69, 'survey', 1, 4, 8, 5, '0', 262, 1607943765, 0, 1, 0),
(1165, 3, 69, 'survey', 1, 4, 9, 5, '0', 262, 1607943765, 0, 1, 0),
(1166, 3, 69, 'survey', 1, 5, 10, 5, '0', 262, 1607943765, 0, 1, 0),
(1167, 3, 69, 'survey', 1, 5, 11, 5, '0', 262, 1607943765, 0, 1, 0),
(1168, 3, 69, 'survey', 1, 5, 12, 5, '0', 262, 1607943765, 0, 1, 0),
(1169, 3, 69, 'survey', 1, 6, 13, 4, '0', 262, 1607943765, 0, 1, 0),
(1170, 3, 69, 'survey', 1, 6, 14, 4, '0', 262, 1607943765, 0, 1, 0),
(1171, 3, 69, 'survey', 1, 6, 15, 4, '0', 262, 1607943765, 0, 1, 0),
(1172, 3, 69, 'survey', 1, 7, 16, 5, '0', 262, 1607943765, 0, 1, 0),
(1173, 3, 69, 'survey', 1, 7, 17, 5, '0', 262, 1607943765, 0, 1, 0),
(1174, 3, 70, 'survey', 1, 2, 1, 3, '0', 269, 1608985492, 0, 1, 0),
(1175, 3, 70, 'survey', 1, 2, 2, 3, '0', 269, 1608985492, 0, 1, 0),
(1176, 3, 70, 'survey', 1, 2, 3, 3, '0', 269, 1608985492, 0, 1, 0),
(1177, 3, 70, 'survey', 1, 3, 4, 3, '0', 269, 1608985492, 0, 1, 0),
(1178, 3, 70, 'survey', 1, 3, 5, 3, '0', 269, 1608985492, 0, 1, 0),
(1179, 3, 70, 'survey', 1, 3, 6, 3, '0', 269, 1608985492, 0, 1, 0),
(1180, 3, 70, 'survey', 1, 4, 7, 3, '0', 269, 1608985492, 0, 1, 0),
(1181, 3, 70, 'survey', 1, 4, 8, 3, '0', 269, 1608985492, 0, 1, 0),
(1182, 3, 70, 'survey', 1, 4, 9, 3, '0', 269, 1608985492, 0, 1, 0),
(1183, 3, 70, 'survey', 1, 5, 10, 3, '0', 269, 1608985492, 0, 1, 0),
(1184, 3, 70, 'survey', 1, 5, 11, 3, '0', 269, 1608985492, 0, 1, 0),
(1185, 3, 70, 'survey', 1, 5, 12, 3, '0', 269, 1608985492, 0, 1, 0),
(1186, 3, 70, 'survey', 1, 6, 13, 3, '0', 269, 1608985492, 0, 1, 0),
(1187, 3, 70, 'survey', 1, 6, 14, 3, '0', 269, 1608985492, 0, 1, 0),
(1188, 3, 70, 'survey', 1, 6, 15, 3, '0', 269, 1608985492, 0, 1, 0),
(1189, 3, 70, 'survey', 1, 7, 16, 3, '0', 269, 1608985492, 0, 1, 0),
(1190, 3, 70, 'survey', 1, 7, 17, 3, '0', 269, 1608985492, 0, 1, 0),
(1191, 3, 71, 'survey', 1, 2, 1, 5, '0', 275, 1628593423, 0, 1, 0),
(1192, 3, 71, 'survey', 1, 2, 2, 5, '0', 275, 1628593423, 0, 1, 0),
(1193, 3, 71, 'survey', 1, 2, 3, 5, '0', 275, 1628593423, 0, 1, 0),
(1194, 3, 71, 'survey', 1, 3, 4, 5, '0', 275, 1628593423, 0, 1, 0),
(1195, 3, 71, 'survey', 1, 3, 5, 5, '0', 275, 1628593423, 0, 1, 0),
(1196, 3, 71, 'survey', 1, 3, 6, 5, '0', 275, 1628593423, 0, 1, 0),
(1197, 3, 71, 'survey', 1, 4, 7, 5, '0', 275, 1628593423, 0, 1, 0),
(1198, 3, 71, 'survey', 1, 4, 8, 5, '0', 275, 1628593423, 0, 1, 0),
(1199, 3, 71, 'survey', 1, 4, 9, 5, '0', 275, 1628593423, 0, 1, 0),
(1200, 3, 71, 'survey', 1, 5, 10, 5, '0', 275, 1628593423, 0, 1, 0),
(1201, 3, 71, 'survey', 1, 5, 11, 5, '0', 275, 1628593423, 0, 1, 0),
(1202, 3, 71, 'survey', 1, 5, 12, 5, '0', 275, 1628593423, 0, 1, 0),
(1203, 3, 71, 'survey', 1, 6, 13, 5, '0', 275, 1628593423, 0, 1, 0),
(1204, 3, 71, 'survey', 1, 6, 14, 5, '0', 275, 1628593423, 0, 1, 0),
(1205, 3, 71, 'survey', 1, 6, 15, 5, '0', 275, 1628593423, 0, 1, 0),
(1206, 3, 71, 'survey', 1, 7, 16, 5, '0', 275, 1628593423, 0, 1, 0),
(1207, 3, 71, 'survey', 1, 7, 17, 5, '0', 275, 1628593423, 0, 1, 0),
(1208, 3, 72, 'survey', 1, 2, 1, 5, '0', 275, 1628593425, 0, 1, 0),
(1209, 3, 72, 'survey', 1, 2, 2, 5, '0', 275, 1628593425, 0, 1, 0),
(1210, 3, 72, 'survey', 1, 2, 3, 5, '0', 275, 1628593425, 0, 1, 0),
(1211, 3, 72, 'survey', 1, 3, 4, 5, '0', 275, 1628593425, 0, 1, 0),
(1212, 3, 72, 'survey', 1, 3, 5, 5, '0', 275, 1628593425, 0, 1, 0),
(1213, 3, 72, 'survey', 1, 3, 6, 5, '0', 275, 1628593425, 0, 1, 0),
(1214, 3, 72, 'survey', 1, 4, 7, 5, '0', 275, 1628593425, 0, 1, 0),
(1215, 3, 72, 'survey', 1, 4, 8, 5, '0', 275, 1628593425, 0, 1, 0),
(1216, 3, 72, 'survey', 1, 4, 9, 5, '0', 275, 1628593425, 0, 1, 0),
(1217, 3, 72, 'survey', 1, 5, 10, 5, '0', 275, 1628593425, 0, 1, 0),
(1218, 3, 72, 'survey', 1, 5, 11, 5, '0', 275, 1628593425, 0, 1, 0),
(1219, 3, 72, 'survey', 1, 5, 12, 5, '0', 275, 1628593425, 0, 1, 0),
(1220, 3, 72, 'survey', 1, 6, 13, 5, '0', 275, 1628593425, 0, 1, 0),
(1221, 3, 72, 'survey', 1, 6, 14, 5, '0', 275, 1628593425, 0, 1, 0),
(1222, 3, 72, 'survey', 1, 6, 15, 5, '0', 275, 1628593425, 0, 1, 0),
(1223, 3, 72, 'survey', 1, 7, 16, 5, '0', 275, 1628593425, 0, 1, 0),
(1224, 3, 72, 'survey', 1, 7, 17, 5, '0', 275, 1628593425, 0, 1, 0),
(1225, 3, 73, 'survey', 1, 2, 1, 2, '0', 270, 1629182666, 0, 1, 0),
(1226, 3, 73, 'survey', 1, 2, 2, 5, '0', 270, 1629182666, 0, 1, 0),
(1227, 3, 73, 'survey', 1, 2, 3, 2, '0', 270, 1629182666, 0, 1, 0),
(1228, 3, 73, 'survey', 1, 3, 4, 2, '0', 270, 1629182666, 0, 1, 0),
(1229, 3, 73, 'survey', 1, 3, 5, 2, '0', 270, 1629182666, 0, 1, 0),
(1230, 3, 73, 'survey', 1, 3, 6, 2, '0', 270, 1629182666, 0, 1, 0),
(1231, 3, 73, 'survey', 1, 4, 7, 3, '0', 270, 1629182666, 0, 1, 0),
(1232, 3, 73, 'survey', 1, 4, 8, 3, '0', 270, 1629182666, 0, 1, 0),
(1233, 3, 73, 'survey', 1, 4, 9, 3, '0', 270, 1629182666, 0, 1, 0),
(1234, 3, 73, 'survey', 1, 5, 10, 3, '0', 270, 1629182666, 0, 1, 0),
(1235, 3, 73, 'survey', 1, 5, 11, 3, '0', 270, 1629182666, 0, 1, 0),
(1236, 3, 73, 'survey', 1, 5, 12, 3, '0', 270, 1629182666, 0, 1, 0),
(1237, 3, 73, 'survey', 1, 6, 13, 5, '0', 270, 1629182666, 0, 1, 0),
(1238, 3, 73, 'survey', 1, 6, 14, 5, '0', 270, 1629182666, 0, 1, 0),
(1239, 3, 73, 'survey', 1, 6, 15, 2, '0', 270, 1629182666, 0, 1, 0),
(1240, 3, 73, 'survey', 1, 7, 16, 2, '0', 270, 1629182666, 0, 1, 0),
(1241, 3, 73, 'survey', 1, 7, 17, 5, '0', 270, 1629182666, 0, 1, 0),
(1242, 3, 74, 'survey', 1, 2, 1, 4, '0', 288, 1629349439, 0, 1, 0),
(1243, 3, 74, 'survey', 1, 2, 2, 4, '0', 288, 1629349439, 0, 1, 0),
(1244, 3, 74, 'survey', 1, 2, 3, 5, '0', 288, 1629349439, 0, 1, 0),
(1245, 3, 74, 'survey', 1, 3, 4, 5, '0', 288, 1629349439, 0, 1, 0),
(1246, 3, 74, 'survey', 1, 3, 5, 4, '0', 288, 1629349439, 0, 1, 0),
(1247, 3, 74, 'survey', 1, 3, 6, 5, '0', 288, 1629349439, 0, 1, 0),
(1248, 3, 74, 'survey', 1, 4, 7, 4, '0', 288, 1629349439, 0, 1, 0),
(1249, 3, 74, 'survey', 1, 4, 8, 4, '0', 288, 1629349439, 0, 1, 0),
(1250, 3, 74, 'survey', 1, 4, 9, 4, '0', 288, 1629349439, 0, 1, 0),
(1251, 3, 74, 'survey', 1, 5, 10, 5, '0', 288, 1629349439, 0, 1, 0),
(1252, 3, 74, 'survey', 1, 5, 11, 5, '0', 288, 1629349439, 0, 1, 0),
(1253, 3, 74, 'survey', 1, 5, 12, 5, '0', 288, 1629349439, 0, 1, 0),
(1254, 3, 74, 'survey', 1, 6, 13, 4, '0', 288, 1629349439, 0, 1, 0),
(1255, 3, 74, 'survey', 1, 6, 14, 5, '0', 288, 1629349439, 0, 1, 0),
(1256, 3, 74, 'survey', 1, 6, 15, 4, '0', 288, 1629349439, 0, 1, 0),
(1257, 3, 74, 'survey', 1, 7, 16, 4, '0', 288, 1629349439, 0, 1, 0),
(1258, 3, 74, 'survey', 1, 7, 17, 5, '0', 288, 1629349439, 0, 1, 0),
(1259, 3, 75, 'survey', 1, 2, 1, 3, '0', 287, 1629877533, 0, 1, 0),
(1260, 3, 75, 'survey', 1, 2, 2, 3, '0', 287, 1629877533, 0, 1, 0),
(1261, 3, 75, 'survey', 1, 2, 3, 3, '0', 287, 1629877533, 0, 1, 0),
(1262, 3, 75, 'survey', 1, 3, 4, 3, '0', 287, 1629877533, 0, 1, 0),
(1263, 3, 75, 'survey', 1, 3, 5, 3, '0', 287, 1629877533, 0, 1, 0),
(1264, 3, 75, 'survey', 1, 3, 6, 4, '0', 287, 1629877533, 0, 1, 0),
(1265, 3, 75, 'survey', 1, 4, 7, 4, '0', 287, 1629877533, 0, 1, 0),
(1266, 3, 75, 'survey', 1, 4, 8, 3, '0', 287, 1629877533, 0, 1, 0),
(1267, 3, 75, 'survey', 1, 4, 9, 3, '0', 287, 1629877533, 0, 1, 0),
(1268, 3, 75, 'survey', 1, 5, 10, 3, '0', 287, 1629877533, 0, 1, 0),
(1269, 3, 75, 'survey', 1, 5, 11, 3, '0', 287, 1629877533, 0, 1, 0),
(1270, 3, 75, 'survey', 1, 5, 12, 3, '0', 287, 1629877533, 0, 1, 0),
(1271, 3, 75, 'survey', 1, 6, 13, 3, '0', 287, 1629877533, 0, 1, 0),
(1272, 3, 75, 'survey', 1, 6, 14, 3, '0', 287, 1629877533, 0, 1, 0),
(1273, 3, 75, 'survey', 1, 6, 15, 4, '0', 287, 1629877533, 0, 1, 0),
(1274, 3, 75, 'survey', 1, 7, 16, 3, '0', 287, 1629877533, 0, 1, 0),
(1275, 3, 75, 'survey', 1, 7, 17, 3, '0', 287, 1629877533, 0, 1, 0);

-- --------------------------------------------------------

--
-- Структура таблицы `survey_assign`
--

CREATE TABLE IF NOT EXISTS `survey_assign` (
  `survey_id` int(11) NOT NULL AUTO_INCREMENT,
  `entity_life_cycle_id` int(11) NOT NULL,
  `form_id` int(11) NOT NULL,
  `user_name` varchar(255) NOT NULL,
  `user_id` int(11) NOT NULL,
  `department_id` int(11) DEFAULT NULL,
  `system_role_id` int(11) NOT NULL,
  `language` enum('English','Arabic') NOT NULL,
  `survey_date` int(11) NOT NULL,
  `destination` varchar(255) DEFAULT NULL,
  `latitude` varchar(255) NOT NULL,
  `longitude` varchar(255) NOT NULL,
  `survey_address` varchar(500) DEFAULT NULL,
  `data_entry_date` int(11) NOT NULL,
  `start_time` int(11) NOT NULL,
  `end_time` int(11) NOT NULL,
  `duration` varchar(250) NOT NULL,
  `created_date` int(11) NOT NULL,
  `is_delete` tinyint(4) NOT NULL DEFAULT '0',
  PRIMARY KEY (`survey_id`)
) ENGINE=InnoDB  DEFAULT CHARSET=utf8 ROW_FORMAT=COMPACT AUTO_INCREMENT=76 ;

--
-- Дамп данных таблицы `survey_assign`
--

INSERT INTO `survey_assign` (`survey_id`, `entity_life_cycle_id`, `form_id`, `user_name`, `user_id`, `department_id`, `system_role_id`, `language`, `survey_date`, `destination`, `latitude`, `longitude`, `survey_address`, `data_entry_date`, `start_time`, `end_time`, `duration`, `created_date`, `is_delete`) VALUES
(1, 3, 1, 'Dina Ibrahim Al Nakhi', 143, 0, 3, 'English', 1573485975, 'Online', '', '', NULL, 1573485975, 1573485825, 1573485975, '150', 1573485975, 0),
(2, 3, 1, 'Jumana Al  Matrooshi', 165, 20, 5, 'English', 1573628636, 'Online', '', '', NULL, 1573628636, 1573628116, 1573628636, '520', 1573628636, 0),
(3, 3, 1, 'Areej Hisham Al Hassan', 240, 28, 5, 'English', 1574065646, 'Online', '', '', NULL, 1574065646, 1574065522, 1574065646, '124', 1574065646, 0),
(4, 3, 1, 'Fidel Faraj', 130, 39, 4, 'English', 1574141114, 'Online', '', '', NULL, 1574141114, 1574140949, 1574141114, '165', 1574141114, 0),
(5, 3, 1, 'Noura Al Marzooqi', 173, 17, 5, 'English', 1574229643, 'Online', '', '', NULL, 1574229643, 1574229441, 1574229643, '202', 1574229643, 0),
(6, 3, 1, 'Yoosuf Chemban', 174, 17, 5, 'English', 1574229684, 'Online', '', '', NULL, 1574229684, 1574229229, 1574229684, '455', 1574229684, 0),
(7, 3, 1, 'Areej Hisham Al Hassan', 239, 33, 5, 'English', 1574325050, 'Online', '', '', NULL, 1574325050, 1574325022, 1574325050, '28', 1574325050, 0),
(8, 3, 1, 'Dima Homsi', 237, 68, 5, 'English', 1574751004, 'Online', '', '', NULL, 1574751004, 1574750894, 1574751004, '110', 1574751004, 0),
(9, 3, 1, 'Hassan Moh''d Haitham Hawara', 226, 68, 4, 'English', 1575790430, 'Online', '25.3226446', '55.37588290000001', NULL, 1575790430, 1575790232, 1575790430, '198', 1575790430, 0),
(10, 3, 1, 'Muhammad Zubair Ishaq', 186, 46, 5, 'English', 1575961889, 'Online', '', '', NULL, 1575961889, 1575961701, 1575961889, '188', 1575961889, 0),
(11, 3, 1, 'Heart of Sharjah', 204, 30, 5, 'English', 1575975150, 'Online', '25.3574481', '55.3838194', NULL, 1575975150, 1575974855, 1575975150, '295', 1575975150, 0),
(12, 3, 1, 'Al Montazah Parks', 205, 31, 5, 'English', 1577185769, 'Online', '', '', NULL, 1577185769, 1577185384, 1577185769, '385', 1577185769, 0),
(13, 3, 1, 'Shamsah Al Ali', 182, 41, 5, 'English', 1578378983, 'Online', '', '', NULL, 1578378983, 1578378641, 1578378983, '342', 1578378983, 0),
(14, 3, 1, 'Marwan Al Nawasrah', 177, 21, 5, 'English', 1578382379, 'Online', '', '', NULL, 1578382379, 1578382339, 1578382379, '40', 1578382379, 0),
(15, 3, 1, ' Eman Al Mokdad', 198, 25, 4, 'English', 1578383577, 'Online', '', '', NULL, 1578383577, 1578383391, 1578383577, '186', 1578383577, 0),
(16, 3, 1, 'Mai Barakat', 169, 16, 5, 'English', 1578463951, 'Online', '25.3150713', '55.3696736', NULL, 1578463951, 1578463742, 1578463951, '209', 1578463951, 0),
(17, 3, 1, 'Iqra  Muhammad Ilyas', 215, 26, 5, 'English', 1580195205, 'Online', '25.3150713', '55.3696736', NULL, 1580195205, 1580195070, 1580195205, '135', 1580195205, 0),
(18, 3, 1, 'Naseel Muhammed ', 183, 42, 5, 'English', 1582109634, 'Online', '', '', NULL, 1582109634, 1582109343, 1582109634, '291', 1582109634, 0),
(19, 3, 1, 'Milos Bukvic', 242, 72, 5, 'English', 1582178548, 'Online', '25.3219797', '55.3760944', NULL, 1582178548, 1582177723, 1582178548, '825', 1582178548, 0),
(20, 3, 1, 'Marwah Obaid Al Shamsi', 122, 29, 4, 'English', 1582437390, 'Online', '', '', NULL, 1582437390, 1582437252, 1582437390, '138', 1582437390, 0),
(21, 3, 1, 'Mohamed Al Ghazzi', 203, 29, 5, 'English', 1582438338, 'Online', '', '', NULL, 1582438338, 1582438266, 1582438338, '72', 1582438338, 0),
(22, 3, 1, 'Mohammed Toufiq Issa', 231, 42, 5, 'English', 1582618295, 'Online', '25.3220403', '55.3760335', NULL, 1582618295, 1582618118, 1582618295, '177', 1582618295, 0),
(23, 3, 1, 'Nadin Al kayal', 170, 15, 5, 'English', 1582704447, 'Online', '25.3215987', '55.3757375', NULL, 1582704447, 1582704356, 1582704447, '91', 1582704447, 0),
(24, 3, 1, 'Nadin Al kayal', 170, 15, 5, 'English', 1582704447, 'Online', '25.3215987', '55.3757375', NULL, 1582704447, 1582704356, 1582704447, '91', 1582704447, 0),
(25, 3, 1, 'Nina-lena Heydemann', 115, 19, 4, 'English', 1583130137, 'Online', '', '', NULL, 1583130137, 1583129649, 1583130137, '488', 1583130137, 0),
(26, 3, 1, 'KIG USER', 187, 64, 5, 'English', 1583386452, 'Online', '', '', NULL, 1583386452, 1583386367, 1583386452, '85', 1583386452, 0),
(27, 3, 1, 'Abdulla Kayakool', 214, 24, 5, 'English', 1583657655, 'Online', '25.321844900000002', '55.3759069', NULL, 1583657655, 1583657521, 1583657655, '134', 1583657655, 0),
(28, 3, 1, 'Mleiha Archaeological Centre', 208, 34, 5, 'English', 1583831290, 'Online', '25.126430400000004', '55.857803800000006', NULL, 1583831290, 1583831212, 1583831290, '78', 1583831290, 0),
(29, 3, 1, 'Dima Malibary', 133, 43, 4, 'English', 1583915226, 'Online', '', '', NULL, 1583915226, 1583915143, 1583915226, '83', 1583915226, 0),
(30, 3, 1, 'Samer El Maalouf', 135, 45, 4, 'English', 1583919116, 'Online', '', '', NULL, 1583919116, 1583918993, 1583919116, '123', 1583919116, 0),
(31, 3, 1, 'Asia Al Harmoudi', 224, 67, 4, 'English', 1583992811, 'Online', '25.322023899999998', '55.3760494', NULL, 1583992811, 1583992750, 1583992811, '61', 1583992811, 0),
(32, 3, 1, 'Maysa Azim', 235, 44, 5, 'English', 1584255580, 'Online', '', '', NULL, 1584255580, 1584255507, 1584255580, '73', 1584255580, 0),
(33, 3, 1, 'Muneer Mohammed', 154, 66, 4, 'English', 1584853986, 'Online', '', '', NULL, 1584853986, 1584853851, 1584853986, '135', 1584853986, 0),
(34, 3, 1, 'Marwan Jassim Al Sarkal ', 141, 0, 2, 'English', 1584861999, 'Online', '25.338754', '55.445483', NULL, 1584861999, 1584861944, 1584861999, '55', 1584861999, 0),
(35, 3, 1, 'Ahmed Obaid Al Qaseer', 116, 0, 2, 'English', 1584862096, 'Online', '25.338823874999996', '55.44552175', NULL, 1584862096, 1584862059, 1584862096, '37', 1584862096, 0),
(36, 3, 1, 'Fatma Al Mahmoud', 238, 71, 5, 'English', 1585042355, 'Online', '25.382267027278864', '55.40892282324276', NULL, 1585042355, 1585042064, 1585042355, '291', 1585042355, 0),
(37, 3, 1, 'Noorah Al Serkal', 131, 40, 4, 'English', 1585570033, 'Online', '', '', NULL, 1585570033, 1585569759, 1585570033, '274', 1585570033, 0),
(38, 3, 1, 'Khawla Al Hashimi', 152, 16, 4, 'English', 1585652956, 'Online', '25.338071222279215', '55.42867363738126', NULL, 1585652956, 1585652844, 1585652956, '112', 1585652956, 0),
(39, 3, 1, 'Marina Rayanova', 219, 66, 5, 'English', 1585742380, 'Online', '', '', NULL, 1585742380, 1585742258, 1585742380, '122', 1585742380, 0),
(40, 3, 1, 'Najam Shakeel Ahmed', 244, 36, 5, 'English', 1586421456, 'Online', '', '', NULL, 1586421456, 1586421342, 1586421456, '114', 1586421456, 0),
(41, 3, 1, 'Internal Audit', 196, 36, 5, 'English', 1586422825, 'Online', '', '', NULL, 1586422825, 1586422781, 1586422825, '44', 1586422825, 0),
(42, 3, 1, 'Javeed Khan ', 200, 26, 5, 'English', 1586685211, 'Online', '', '', NULL, 1586685211, 1586685066, 1586685211, '145', 1586685211, 0),
(43, 3, 1, 'Razan GH Shehadeh', 220, 0, 2, 'English', 1586770491, 'Online', '', '', NULL, 1586770491, 1586770050, 1586770491, '441', 1586770491, 0),
(44, 3, 1, 'Saif Al Tunaiji', 134, 44, 4, 'English', 1586772031, 'Online', '', '', NULL, 1586772031, 1586771660, 1586772031, '371', 1586772031, 0),
(45, 3, 1, 'Abdalla Al Yassi', 153, 18, 4, 'English', 1586776441, 'Online', '', '', NULL, 1586776441, 1586771470, 1586776441, '4971', 1586776441, 0),
(46, 3, 1, 'Shaikha Salim Al Junaibi', 113, 21, 4, 'English', 1586938969, 'Online', '', '', NULL, 1586938969, 1586938698, 1586938969, '271', 1586938969, 0),
(47, 3, 1, 'Noura Al Darmaki', 232, 70, 4, 'English', 1586972088, 'Online', '25.2695', '55.3088', NULL, 1586972088, 1586971157, 1586972088, '931', 1586972088, 0),
(48, 3, 1, 'Ajmal Hasan', 217, 34, 5, 'English', 1586982536, 'Online', '25.108023499999998', '55.3696736', NULL, 1586982536, 1586982422, 1586982536, '114', 1586982536, 0),
(49, 3, 1, 'Mohammed Abdulwahab', 248, 30, 5, 'English', 1587021559, 'Online', '', '', NULL, 1587021559, 1587021417, 1587021559, '142', 1587021559, 1),
(50, 3, 1, 'Al Noor Island', 206, 32, 5, 'English', 1587370860, 'Online', '25.335770999999998', '55.3696736', NULL, 1587370860, 1587370697, 1587370860, '163', 1587370860, 0),
(51, 3, 1, 'Mohammed Abdulwahab', 248, 30, 5, 'English', 1587672899, 'Online', '25.3820928', '55.4958848', NULL, 1587672899, 1587672317, 1587672899, '582', 1587672899, 0),
(52, 3, 1, 'Eman Al Obeidli', 246, 17, 5, 'English', 1589906427, 'Online', '25.3353204', '55.4584111', NULL, 1589906427, 1589906343, 1589906427, '84', 1589906427, 0),
(53, 3, 1, 'Sultan Alsuwaidi', 199, 25, 5, 'English', 1589912355, 'Online', '25.284283600000002', '55.4971849', NULL, 1589912355, 1589911810, 1589912355, '545', 1589912355, 0),
(54, 3, 1, 'Abdulmajid Brimah Ibrahim', 180, 37, 5, 'English', 1590427357, 'Online', '', '', NULL, 1590427357, 1590426825, 1590427357, '532', 1590427357, 0),
(55, 3, 1, 'Eman Ahmed Alobeidli ', 251, 0, 3, 'English', 1590987982, 'Online', '25.3340257', '55.4584111', NULL, 1590987982, 1590987870, 1590987982, '112', 1590987982, 0),
(56, 3, 1, 'Asma Zamzam ', 250, 38, 5, 'English', 1593668032, 'Online', '', '', NULL, 1593668032, 1593667905, 1593668032, '127', 1593668032, 0),
(57, 3, 1, 'Hamed Herbawi ', 249, 38, 4, 'English', 1594795108, 'Online', '', '', NULL, 1594795108, 1594794886, 1594795108, '222', 1594795108, 0),
(58, 3, 1, 'Ruby Rose Aldea', 254, 37, 5, 'English', 1600939599, 'Online', '', '', NULL, 1600939599, 1600938892, 1600939599, '707', 1600939599, 0),
(59, 3, 1, 'Thirruchelvam Thangarajah', 260, 73, 5, 'English', 1601204703, 'Online', '', '', NULL, 1601204703, 1601204590, 1601204703, '113', 1601204703, 0),
(60, 3, 1, 'Tasnim Mikawi', 257, 70, 5, 'English', 1601450827, 'Online', '', '', NULL, 1601450827, 1601450082, 1601450827, '745', 1601450827, 0),
(61, 3, 1, 'Amina Rashid Albadri', 253, 34, 4, 'English', 1602483921, 'Online', '', '', NULL, 1602483921, 1602483799, 1602483921, '122', 1602483921, 0),
(62, 3, 1, 'Reinier Clarianes ', 255, 18, 5, 'English', 1602574655, 'Online', '25.3227472', '55.3755032', NULL, 1602574655, 1602574510, 1602574655, '145', 1602574655, 0),
(63, 3, 1, 'Muneer Mohammed', 264, 72, 5, 'English', 1602653964, 'Online', '', '', NULL, 1602653964, 1602653602, 1602653964, '362', 1602653964, 0),
(64, 3, 1, 'Corleone fernandes', 263, 72, 5, 'English', 1602654448, 'Online', '25.321922999999998', '55.376094599999995', NULL, 1602654448, 1602654239, 1602654448, '209', 1602654448, 0),
(65, 3, 1, 'Abeer Al Hamdani', 265, 16, 4, 'English', 1603863731, 'Online', '25.3218167', '55.375677499999995', NULL, 1603863731, 1603863462, 1603863731, '269', 1603863731, 0),
(66, 3, 1, 'Fares Malaeb ', 243, 72, 4, 'English', 1605769537, 'Online', '25.3222936', '55.3754065', NULL, 1605769537, 1605769348, 1605769537, '189', 1605769537, 0),
(67, 3, 1, 'Gaurav Satyani', 268, 25, 5, 'English', 1606121618, 'Online', '', '', NULL, 1606121618, 1606121482, 1606121618, '136', 1606121618, 0),
(68, 3, 1, 'Ali Salim Almutawa', 128, 0, 2, 'English', 1606474947, 'Online', '', '', NULL, 1606474947, 1606474810, 1606474947, '137', 1606474947, 0),
(69, 3, 1, 'Monal Malhotra', 262, 73, 4, 'English', 1607943765, 'Online', '25.309034399999998', '55.502570299999995', NULL, 1607943765, 1607943570, 1607943765, '195', 1607943765, 0),
(70, 3, 1, 'Rushelle Alamares', 269, 24, 5, 'English', 1608985492, 'Online', '', '', NULL, 1608985492, 1608985306, 1608985492, '186', 1608985492, 0),
(71, 3, 1, 'Fatima Al Shuweihi', 275, 30, 4, 'English', 1628593423, 'Online', '', '', NULL, 1628593423, 1628593279, 1628593423, '144', 1628593423, 0),
(72, 3, 1, 'Fatima Al Shuweihi', 275, 30, 4, 'English', 1628593425, 'Online', '', '', NULL, 1628593425, 1628593279, 1628593425, '146', 1628593425, 0),
(73, 3, 1, 'Yasmin Zahir', 270, 45, 4, 'English', 1629182666, 'Online', '', '', NULL, 1629182666, 1629182147, 1629182666, '519', 1629182666, 0),
(74, 3, 1, 'Dina Nazar Al-Maroof', 288, 40, 4, 'English', 1629349439, 'Online', '', '', NULL, 1629349439, 1629349287, 1629349439, '152', 1629349439, 0),
(75, 3, 1, 'Ahmed Abdulla Al Qadi', 287, 18, 5, 'English', 1629877533, 'Online', '', '', NULL, 1629877533, 1629877383, 1629877533, '150', 1629877533, 0);

-- --------------------------------------------------------

--
-- Структура таблицы `survey_comments`
--

CREATE TABLE IF NOT EXISTS `survey_comments` (
  `comment_id` int(11) NOT NULL AUTO_INCREMENT,
  `entity_life_cycle_id` int(11) NOT NULL,
  `survey_id` int(11) NOT NULL,
  `category_id` int(11) NOT NULL,
  `form_id` int(11) NOT NULL,
  `section_id` int(11) NOT NULL DEFAULT '8',
  `questions_id` int(11) NOT NULL,
  `user_id` int(11) NOT NULL,
  `comments` text,
  `classified` varchar(255) DEFAULT NULL,
  `classified_user_id` int(11) DEFAULT NULL,
  `classified_date` int(11) DEFAULT NULL,
  `created_date` int(11) NOT NULL,
  `modified_date` int(11) NOT NULL DEFAULT '0',
  `is_active` tinyint(4) NOT NULL DEFAULT '1',
  `is_delete` tinyint(4) NOT NULL DEFAULT '0',
  PRIMARY KEY (`comment_id`)
) ENGINE=InnoDB  DEFAULT CHARSET=utf8 AUTO_INCREMENT=151 ;

--
-- Дамп данных таблицы `survey_comments`
--

INSERT INTO `survey_comments` (`comment_id`, `entity_life_cycle_id`, `survey_id`, `category_id`, `form_id`, `section_id`, `questions_id`, `user_id`, `comments`, `classified`, `classified_user_id`, `classified_date`, `created_date`, `modified_date`, `is_active`, `is_delete`) VALUES
(1, 3, 1, 1, 1, 8, 18, 143, 'options in the system are to be explained further - in a workshop', NULL, NULL, NULL, 1573485975, 0, 1, 0),
(2, 3, 1, 1, 1, 8, 19, 143, 'more user friendly ', NULL, NULL, NULL, 1573485975, 0, 1, 0),
(3, 3, 2, 1, 1, 8, 18, 165, 'none.', NULL, NULL, NULL, 1573628636, 0, 1, 0),
(4, 3, 2, 1, 1, 8, 19, 165, 'keep it up :)', NULL, NULL, NULL, 1573628636, 0, 1, 0),
(5, 3, 3, 1, 1, 8, 18, 240, 'Thank you', NULL, NULL, NULL, 1574065646, 0, 1, 0),
(6, 3, 3, 1, 1, 8, 19, 240, '-', NULL, NULL, NULL, 1574065646, 0, 1, 0),
(7, 3, 4, 1, 1, 8, 18, 130, 'NA', NULL, NULL, NULL, 1574141114, 0, 1, 0),
(8, 3, 4, 1, 1, 8, 19, 130, 'NA', NULL, NULL, NULL, 1574141114, 0, 1, 0),
(9, 3, 5, 1, 1, 8, 18, 173, 'None', NULL, NULL, NULL, 1574229643, 0, 1, 0),
(10, 3, 5, 1, 1, 8, 19, 173, 'None', NULL, NULL, NULL, 1574229643, 0, 1, 0),
(11, 3, 6, 1, 1, 8, 18, 174, 'None', NULL, NULL, NULL, 1574229684, 0, 1, 0),
(12, 3, 6, 1, 1, 8, 19, 174, 'None', NULL, NULL, NULL, 1574229684, 0, 1, 0),
(13, 3, 7, 1, 1, 8, 18, 239, '-', NULL, NULL, NULL, 1574325051, 0, 1, 0),
(14, 3, 7, 1, 1, 8, 19, 239, '-', NULL, NULL, NULL, 1574325051, 0, 1, 0),
(15, 3, 8, 1, 1, 8, 18, 237, 'None', NULL, NULL, NULL, 1574751004, 0, 1, 0),
(16, 3, 8, 1, 1, 8, 19, 237, 'None', NULL, NULL, NULL, 1574751004, 0, 1, 0),
(17, 3, 9, 1, 1, 8, 18, 226, '...', NULL, NULL, NULL, 1575790430, 0, 1, 0),
(18, 3, 9, 1, 1, 8, 19, 226, '...', NULL, NULL, NULL, 1575790430, 0, 1, 0),
(19, 3, 10, 1, 1, 8, 18, 186, 'The system needs to be more user friendly', NULL, NULL, NULL, 1575961889, 0, 1, 0),
(20, 3, 10, 1, 1, 8, 19, 186, 'Everything if fine', NULL, NULL, NULL, 1575961889, 0, 1, 0),
(21, 3, 11, 1, 1, 8, 18, 204, 'النظام جيد جدا', NULL, NULL, NULL, 1575975150, 0, 1, 0),
(22, 3, 11, 1, 1, 8, 19, 204, 'لا إقتراح', NULL, NULL, NULL, 1575975150, 0, 1, 0),
(23, 3, 12, 1, 1, 8, 18, 205, 'system is not easy to use and most of the time hanging and should have auto save for any step you do  ', NULL, NULL, NULL, 1577185769, 0, 1, 0),
(24, 3, 12, 1, 1, 8, 19, 205, 'develop phone apps for system and more faster and bugs free ', NULL, NULL, NULL, 1577185769, 0, 1, 0),
(25, 3, 13, 1, 1, 8, 18, 182, 'It is time consuming. ', NULL, NULL, NULL, 1578378983, 0, 1, 0),
(26, 3, 13, 1, 1, 8, 19, 182, 'It is a bit complicating and time consuming. I suggest having another system that will make it easier for all members of the department and not only those who have access to the system.', NULL, NULL, NULL, 1578378983, 0, 1, 0),
(27, 3, 14, 1, 1, 8, 18, 177, '-', NULL, NULL, NULL, 1578382379, 0, 1, 0),
(28, 3, 14, 1, 1, 8, 19, 177, '-', NULL, NULL, NULL, 1578382379, 0, 1, 0),
(29, 3, 15, 1, 1, 8, 18, 198, 'Thank you.', NULL, NULL, NULL, 1578383577, 0, 1, 0),
(30, 3, 15, 1, 1, 8, 19, 198, 'Thank you. ', NULL, NULL, NULL, 1578383577, 0, 1, 0),
(31, 3, 16, 1, 1, 8, 18, 169, 'None', NULL, NULL, NULL, 1578463951, 0, 1, 0),
(32, 3, 16, 1, 1, 8, 19, 169, 'None', NULL, NULL, NULL, 1578463951, 0, 1, 0),
(33, 3, 17, 1, 1, 8, 18, 215, 'N/A', NULL, NULL, NULL, 1580195205, 0, 1, 0),
(34, 3, 17, 1, 1, 8, 19, 215, 'N/A', NULL, NULL, NULL, 1580195205, 0, 1, 0),
(35, 3, 18, 1, 1, 8, 18, 183, 'Certain functions/tasks/jobs is not being able to be marked accurately. The system gives more weightage to measurable tasks and functions (like Finance, budget etc) where as it leave the creative/active works unmarked. Like the work, a PR department does cannot be measured in terms of particular figures or system set parameters. The effort is not recognized or measured acurately.', NULL, NULL, NULL, 1582109634, 0, 1, 0),
(36, 3, 18, 1, 1, 8, 19, 183, 'The system working pattern and achievement marking system can be updated to more user-friendly and easily accessible as it will enable each person to do their part and more importantly, it will accurately measure and recognize an employees effort.', NULL, NULL, NULL, 1582109634, 0, 1, 0),
(37, 3, 19, 1, 1, 8, 18, 242, '.', NULL, NULL, NULL, 1582178549, 0, 1, 0),
(38, 3, 19, 1, 1, 8, 19, 242, '.', NULL, NULL, NULL, 1582178549, 0, 1, 0),
(39, 3, 20, 1, 1, 8, 18, 122, 'I would like it to be more user friendly', NULL, NULL, NULL, 1582437391, 0, 1, 0),
(40, 3, 20, 1, 1, 8, 19, 122, 'none', NULL, NULL, NULL, 1582437391, 0, 1, 0),
(41, 3, 21, 1, 1, 8, 18, 203, '-', NULL, NULL, NULL, 1582438338, 0, 1, 0),
(42, 3, 21, 1, 1, 8, 19, 203, '-', NULL, NULL, NULL, 1582438338, 0, 1, 0),
(43, 3, 22, 1, 1, 8, 18, 231, '-', NULL, NULL, NULL, 1582618295, 0, 1, 0),
(44, 3, 22, 1, 1, 8, 19, 231, '-', NULL, NULL, NULL, 1582618295, 0, 1, 0),
(45, 3, 23, 1, 1, 8, 18, 170, 'NA', NULL, NULL, NULL, 1582704447, 0, 1, 0),
(46, 3, 23, 1, 1, 8, 19, 170, 'NA', NULL, NULL, NULL, 1582704447, 0, 1, 0),
(47, 3, 24, 1, 1, 8, 18, 170, 'NA', NULL, NULL, NULL, 1582704447, 0, 1, 0),
(48, 3, 24, 1, 1, 8, 19, 170, 'NA', NULL, NULL, NULL, 1582704447, 0, 1, 0),
(49, 3, 25, 1, 1, 8, 18, 115, 'The system is a big jump from basic reporting to advanced one. ', NULL, NULL, NULL, 1583130137, 0, 1, 0),
(50, 3, 25, 1, 1, 8, 19, 115, 'Training should be implemented quarterly, Monthly checking should be done so every department is on track.', NULL, NULL, NULL, 1583130137, 0, 1, 0),
(51, 3, 26, 1, 1, 8, 18, 187, 'testing ', NULL, NULL, NULL, 1583386452, 0, 1, 0),
(52, 3, 26, 1, 1, 8, 19, 187, 'testing ', NULL, NULL, NULL, 1583386452, 0, 1, 0),
(53, 3, 27, 1, 1, 8, 18, 214, 'Required more training.', NULL, NULL, NULL, 1583657655, 0, 1, 0),
(54, 3, 27, 1, 1, 8, 19, 214, 'Required more training.', NULL, NULL, NULL, 1583657655, 0, 1, 0),
(55, 3, 28, 1, 1, 8, 18, 208, 'Not an efficient system at all', NULL, NULL, NULL, 1583831290, 0, 1, 0),
(56, 3, 28, 1, 1, 8, 19, 208, 'N/a', NULL, NULL, NULL, 1583831290, 0, 1, 0),
(57, 3, 29, 1, 1, 8, 18, 133, '-', NULL, NULL, NULL, 1583915226, 0, 1, 0),
(58, 3, 29, 1, 1, 8, 19, 133, '-', NULL, NULL, NULL, 1583915226, 0, 1, 0),
(59, 3, 30, 1, 1, 8, 18, 135, 'Some fields do not apply to my department and activities', NULL, NULL, NULL, 1583919117, 0, 1, 0),
(60, 3, 30, 1, 1, 8, 19, 135, 'none', NULL, NULL, NULL, 1583919117, 0, 1, 0),
(61, 3, 31, 1, 1, 8, 18, 224, 'we can talk about it', NULL, NULL, NULL, 1583992811, 0, 1, 0),
(62, 3, 31, 1, 1, 8, 19, 224, 'yes', NULL, NULL, NULL, 1583992811, 0, 1, 0),
(63, 3, 32, 1, 1, 8, 18, 235, '-', NULL, NULL, NULL, 1584255580, 0, 1, 0),
(64, 3, 32, 1, 1, 8, 19, 235, '-', NULL, NULL, NULL, 1584255580, 0, 1, 0),
(65, 3, 33, 1, 1, 8, 18, 154, 'the Software had some issue at the being.', NULL, NULL, NULL, 1584853986, 0, 1, 0),
(66, 3, 33, 1, 1, 8, 19, 154, 'none', NULL, NULL, NULL, 1584853986, 0, 1, 0),
(67, 3, 34, 1, 1, 8, 18, 141, '-', NULL, NULL, NULL, 1584861999, 0, 1, 0),
(68, 3, 34, 1, 1, 8, 19, 141, '-', NULL, NULL, NULL, 1584861999, 0, 1, 0),
(69, 3, 35, 1, 1, 8, 18, 116, '-', NULL, NULL, NULL, 1584862096, 0, 1, 0),
(70, 3, 35, 1, 1, 8, 19, 116, '-', NULL, NULL, NULL, 1584862096, 0, 1, 0),
(71, 3, 36, 1, 1, 8, 18, 238, 'Councils and non profits tend to have non monetary revenue and impact so the struggle to measure their KPIs and objectives is set on a different scale to the other destination and projects', NULL, NULL, NULL, 1585042355, 0, 1, 0),
(72, 3, 36, 1, 1, 8, 19, 238, 'perhaps categorize the system to allow more flexibility to these projects', NULL, NULL, NULL, 1585042355, 0, 1, 0),
(73, 3, 37, 1, 1, 8, 18, 131, '-', NULL, NULL, NULL, 1585570033, 0, 1, 0),
(74, 3, 37, 1, 1, 8, 19, 131, '-', NULL, NULL, NULL, 1585570033, 0, 1, 0),
(75, 3, 38, 1, 1, 8, 18, 152, 'n/A', NULL, NULL, NULL, 1585652956, 0, 1, 0),
(76, 3, 38, 1, 1, 8, 19, 152, 'N/A', NULL, NULL, NULL, 1585652956, 0, 1, 0),
(77, 3, 39, 1, 1, 8, 18, 219, '/', NULL, NULL, NULL, 1585742380, 0, 1, 0),
(78, 3, 39, 1, 1, 8, 19, 219, '/', NULL, NULL, NULL, 1585742380, 0, 1, 0),
(79, 3, 40, 1, 1, 8, 18, 244, 'None', NULL, NULL, NULL, 1586421457, 0, 1, 0),
(80, 3, 40, 1, 1, 8, 19, 244, 'Not yet', NULL, NULL, NULL, 1586421457, 0, 1, 0),
(81, 3, 41, 1, 1, 8, 18, 196, 'none', NULL, NULL, NULL, 1586422825, 0, 1, 0),
(82, 3, 41, 1, 1, 8, 19, 196, 'not yet', NULL, NULL, NULL, 1586422825, 0, 1, 0),
(83, 3, 42, 1, 1, 8, 18, 200, 'nil', NULL, NULL, NULL, 1586685211, 0, 1, 0),
(84, 3, 42, 1, 1, 8, 19, 200, 'nil', NULL, NULL, NULL, 1586685211, 0, 1, 0),
(85, 3, 43, 1, 1, 8, 18, 220, 'The overall system is not easy to use. very complex & we didn''t have enough training courses on how to use it properly ', NULL, NULL, NULL, 1586770491, 0, 1, 0),
(86, 3, 43, 1, 1, 8, 19, 220, 'To ensure to create the best system that measures the organizational performance, the divisions or departments should be included in the creation of the system to input the right data required that measures the departments performance. ', NULL, NULL, NULL, 1586770491, 0, 1, 0),
(87, 3, 44, 1, 1, 8, 18, 134, 'النظام غير مهيئ لجميع الادارات  معاير التقيم مختلفه على حسب كل اداره ', NULL, NULL, NULL, 1586772031, 0, 1, 0),
(88, 3, 44, 1, 1, 8, 19, 134, 'كل ادارة تقدم معيار التقيم لديها ', NULL, NULL, NULL, 1586772031, 0, 1, 0),
(89, 3, 45, 1, 1, 8, 18, 153, 'لا يوجد', NULL, NULL, NULL, 1586776441, 0, 1, 0),
(90, 3, 45, 1, 1, 8, 19, 153, 'لا يوجد', NULL, NULL, NULL, 1586776441, 0, 1, 0),
(91, 3, 46, 1, 1, 8, 18, 113, '-', NULL, NULL, NULL, 1586938969, 0, 1, 0),
(92, 3, 46, 1, 1, 8, 19, 113, '-', NULL, NULL, NULL, 1586938969, 0, 1, 0),
(93, 3, 47, 1, 1, 8, 18, 232, 'طريقة عمل النظام الاستراتيجي معقد وغير عملي ', NULL, NULL, NULL, 1586972088, 0, 1, 0),
(94, 3, 47, 1, 1, 8, 19, 232, 'تبسيط طريقة النظام الاستراتيجي ', NULL, NULL, NULL, 1586972088, 0, 1, 0),
(95, 3, 48, 1, 1, 8, 18, 217, 'A bit too complex with many underlying features that need to be added', NULL, NULL, NULL, 1586982536, 0, 1, 0),
(96, 3, 48, 1, 1, 8, 19, 217, 'A simpler, more user friendly GUI', NULL, NULL, NULL, 1586982536, 0, 1, 0),
(97, 3, 49, 1, 1, 8, 18, 248, '-', NULL, NULL, NULL, 1587021559, 0, 1, 0),
(98, 3, 49, 1, 1, 8, 19, 248, '-', NULL, NULL, NULL, 1587021559, 0, 1, 0),
(99, 3, 50, 1, 1, 8, 18, 206, 'Very confusing system, not user friendly at all! Management should consider completely replacing it', NULL, NULL, NULL, 1587370860, 0, 1, 0),
(100, 3, 50, 1, 1, 8, 19, 206, 'Change SMS to something more user friendly and less complicated', NULL, NULL, NULL, 1587370860, 0, 1, 0),
(101, 3, 51, 1, 1, 8, 18, 248, 'it required workshops intensification \nthe options are complicated\nthe details are not clear and not accurate \n ', NULL, NULL, NULL, 1587672900, 0, 1, 0),
(102, 3, 51, 1, 1, 8, 19, 248, 'applying modifications on the system', NULL, NULL, NULL, 1587672900, 0, 1, 0),
(103, 3, 52, 1, 1, 8, 18, 246, 'لا يوجد', NULL, NULL, NULL, 1589906427, 0, 1, 0),
(104, 3, 52, 1, 1, 8, 19, 246, 'لا يوجد', NULL, NULL, NULL, 1589906427, 0, 1, 0),
(105, 3, 53, 1, 1, 8, 18, 199, ' -', NULL, NULL, NULL, 1589912355, 0, 1, 0),
(106, 3, 53, 1, 1, 8, 19, 199, ' -', NULL, NULL, NULL, 1589912355, 0, 1, 0),
(107, 3, 54, 1, 1, 8, 18, 180, 'excellent initiative but tedious system,too complex and not as interactive.', NULL, NULL, NULL, 1590427357, 0, 1, 0),
(108, 3, 54, 1, 1, 8, 19, 180, 'excellent initiative but tedious system,too complex and not as interactive.', NULL, NULL, NULL, 1590427357, 0, 1, 0),
(109, 3, 55, 1, 1, 8, 18, 251, 'لا يوجد ', NULL, NULL, NULL, 1590987982, 0, 1, 0),
(110, 3, 55, 1, 1, 8, 19, 251, 'أفضل أن تكون هناك إرشادات أو تعليمات توضيحية لكيفية تعبئة البيانات\n', NULL, NULL, NULL, 1590987982, 0, 1, 0),
(111, 3, 56, 1, 1, 8, 18, 250, 'System is not flexible enough to be used on all browsers', NULL, NULL, NULL, 1593668032, 0, 1, 0),
(112, 3, 56, 1, 1, 8, 19, 250, '-', NULL, NULL, NULL, 1593668032, 0, 1, 0),
(113, 3, 57, 1, 1, 8, 18, 249, 'هذا الاستبيان يظهر قبل استخدامي للنظام وهو ما يصعب الإجابة. يرجى إرسال الاستبيان بشكل منفصل', NULL, NULL, NULL, 1594795108, 0, 1, 0),
(114, 3, 57, 1, 1, 8, 19, 249, 'شكرا', NULL, NULL, NULL, 1594795108, 0, 1, 0),
(115, 3, 58, 1, 1, 8, 18, 254, 'I honestly feel that I need another workshop to enhance my knowledge and skills to be able to use the system on my own comfortably.', NULL, NULL, NULL, 1600939599, 0, 1, 0),
(116, 3, 58, 1, 1, 8, 19, 254, 'Another training or workshop for the staff would be a great help', NULL, NULL, NULL, 1600939599, 0, 1, 0),
(117, 3, 59, 1, 1, 8, 18, 260, 'No', NULL, NULL, NULL, 1601204703, 0, 1, 0),
(118, 3, 59, 1, 1, 8, 19, 260, 'no', NULL, NULL, NULL, 1601204703, 0, 1, 0),
(119, 3, 60, 1, 1, 8, 18, 257, 'Neutral and Not Satisfied have not been ticked', NULL, NULL, NULL, 1601450827, 0, 1, 0),
(120, 3, 60, 1, 1, 8, 19, 257, 'I do not have', NULL, NULL, NULL, 1601450827, 0, 1, 0),
(121, 3, 61, 1, 1, 8, 18, 253, 'It''s not a very user friendly system', NULL, NULL, NULL, 1602483921, 0, 1, 0),
(122, 3, 61, 1, 1, 8, 19, 253, 'N/a', NULL, NULL, NULL, 1602483921, 0, 1, 0),
(123, 3, 62, 1, 1, 8, 18, 255, 'I have not had a chance to thoroughly explore the system, hence my ratings are neutral', NULL, NULL, NULL, 1602574656, 0, 1, 0),
(124, 3, 62, 1, 1, 8, 19, 255, 'Will get back as soon as I encounter a road block.', NULL, NULL, NULL, 1602574656, 0, 1, 0),
(125, 3, 63, 1, 1, 8, 18, 264, 'None', NULL, NULL, NULL, 1602653964, 0, 1, 0),
(126, 3, 63, 1, 1, 8, 19, 264, 'None', NULL, NULL, NULL, 1602653964, 0, 1, 0),
(127, 3, 64, 1, 1, 8, 18, 263, 'N/A', NULL, NULL, NULL, 1602654448, 0, 1, 0),
(128, 3, 64, 1, 1, 8, 19, 263, 'N/A', NULL, NULL, NULL, 1602654448, 0, 1, 0),
(129, 3, 65, 1, 1, 8, 18, 265, 'User friendly, but a bit too comprehensive', NULL, NULL, NULL, 1603863731, 0, 1, 0),
(130, 3, 65, 1, 1, 8, 19, 265, 'no comment', NULL, NULL, NULL, 1603863731, 0, 1, 0),
(131, 3, 66, 1, 1, 8, 18, 243, 'NA', NULL, NULL, NULL, 1605769537, 0, 1, 0),
(132, 3, 66, 1, 1, 8, 19, 243, 'NA', NULL, NULL, NULL, 1605769537, 0, 1, 0),
(133, 3, 67, 1, 1, 8, 18, 268, 'N/A', NULL, NULL, NULL, 1606121618, 0, 1, 0),
(134, 3, 67, 1, 1, 8, 19, 268, 'N/A', NULL, NULL, NULL, 1606121618, 0, 1, 0),
(135, 3, 68, 1, 1, 8, 18, 128, 'OK', NULL, NULL, NULL, 1606474948, 0, 1, 0),
(136, 3, 68, 1, 1, 8, 19, 128, 'OK', NULL, NULL, NULL, 1606474948, 0, 1, 0),
(137, 3, 69, 1, 1, 8, 18, 262, 'Its a good system to work with and a useful tool for any organisation', NULL, NULL, NULL, 1607943765, 0, 1, 0),
(138, 3, 69, 1, 1, 8, 19, 262, 'N/A', NULL, NULL, NULL, 1607943765, 0, 1, 0),
(139, 3, 70, 1, 1, 8, 18, 269, 'Im new user.', NULL, NULL, NULL, 1608985492, 0, 1, 0),
(140, 3, 70, 1, 1, 8, 19, 269, 'im new user', NULL, NULL, NULL, 1608985492, 0, 1, 0),
(141, 3, 71, 1, 1, 8, 18, 275, 'لا يوجد', NULL, NULL, NULL, 1628593423, 0, 1, 0),
(142, 3, 71, 1, 1, 8, 19, 275, 'لا يوجد', NULL, NULL, NULL, 1628593423, 0, 1, 0),
(143, 3, 72, 1, 1, 8, 18, 275, 'لا يوجد', NULL, NULL, NULL, 1628593425, 0, 1, 0),
(144, 3, 72, 1, 1, 8, 19, 275, 'لا يوجد', NULL, NULL, NULL, 1628593425, 0, 1, 0),
(145, 3, 73, 1, 1, 8, 18, 270, 'Requires room for improvement', NULL, NULL, NULL, 1629182666, 0, 1, 0),
(146, 3, 73, 1, 1, 8, 19, 270, 'Proper step by step document needs to be prepared and shared to follow and several steps from the online system are repetitive and can be eliminated so that we can easily fill up the information required. And the online platform times out after we have filled up all the boxes and glitches a lot - requires several refreshes and log in log outs for it to update the information. Needs some IT repairs', NULL, NULL, NULL, 1629182666, 0, 1, 0),
(147, 3, 74, 1, 1, 8, 18, 288, 'N/A', NULL, NULL, NULL, 1629349439, 0, 1, 0),
(148, 3, 74, 1, 1, 8, 19, 288, 'N/A', NULL, NULL, NULL, 1629349439, 0, 1, 0),
(149, 3, 75, 1, 1, 8, 18, 287, 'N/A', NULL, NULL, NULL, 1629877533, 0, 1, 0),
(150, 3, 75, 1, 1, 8, 19, 287, 'N/A', NULL, NULL, NULL, 1629877533, 0, 1, 0);

-- --------------------------------------------------------

--
-- Структура таблицы `theme_manage`
--

CREATE TABLE IF NOT EXISTS `theme_manage` (
  `id` int(11) NOT NULL AUTO_INCREMENT,
  `user_id` int(11) NOT NULL,
  `top_header` varchar(55) DEFAULT NULL,
  `sidebar` varchar(55) DEFAULT NULL,
  `text_color` varchar(55) DEFAULT NULL,
  `is_active` tinyint(4) NOT NULL DEFAULT '1',
  `is_delete` tinyint(4) NOT NULL DEFAULT '0',
  `created_date` int(11) NOT NULL,
  `modified_date` int(11) DEFAULT NULL,
  PRIMARY KEY (`id`)
) ENGINE=MyISAM  DEFAULT CHARSET=utf8 AUTO_INCREMENT=35 ;

--
-- Дамп данных таблицы `theme_manage`
--

INSERT INTO `theme_manage` (`id`, `user_id`, `top_header`, `sidebar`, `text_color`, `is_active`, `is_delete`, `created_date`, `modified_date`) VALUES
(1, 143, 'Blue', 'Teal', 'DarkGray', 1, 1, 1628506572, 1630401205),
(2, 143, NULL, 'Green', 'Black', 1, 1, 1628768399, 1630401205),
(3, 187, 'Gold2', 'Green2', 'Black', 1, 1, 1629274017, 1655808949),
(4, 143, 'White', 'Yellow', NULL, 1, 1, 1629292369, 1630401205),
(5, 143, 'Black', 'Black', 'White', 1, 1, 1629292429, 1630401205),
(6, 143, 'White', 'White', 'Black', 1, 1, 1629632435, 1630401205),
(7, 143, 'Orange', 'Orange', 'White', 1, 1, 1629885797, 1630401205),
(8, 143, 'DarkGray', 'DarkGray', 'White', 1, 1, 1630399857, 1630401205),
(9, 1, 'Pink', 'Green', 'Red', 1, 1, 1630591803, 1630591885),
(10, 187, 'Green4', 'Green4', 'Black', 1, 1, 1630934482, 1655808949),
(11, 187, 'Orange3', 'Orange3', 'Teal', 1, 1, 1631442170, 1655808949),
(12, 187, 'Orange3', NULL, NULL, 1, 1, 1631598732, 1655808949),
(13, 187, 'Gold2', 'Gold2', NULL, 1, 1, 1632663923, 1655808949),
(14, 187, 'Cyan3', 'Cyan4', NULL, 1, 1, 1632735502, 1655808949),
(15, 187, 'Gold1', 'Gold1', NULL, 1, 1, 1632820658, 1655808949),
(16, 187, 'Gold1', 'Gold1', NULL, 1, 1, 1632829957, 1655808949),
(17, 187, 'Gold1', 'Gold1', NULL, 1, 1, 1632905318, 1655808949),
(18, 187, 'Gold1', 'Gold1', NULL, 1, 1, 1632996389, 1655808949),
(19, 173, 'Gold5', 'Gold5', 'Red', 1, 1, 1633874231, 1648150929),
(20, 173, 'Green2', 'Orange5', NULL, 1, 1, 1634127656, 1648150929),
(21, 173, 'Cyan5', NULL, NULL, 1, 1, 1637009769, 1648150929),
(22, 174, 'Cyan5', 'Cyan5', 'Gold5', 1, 1, 1640284171, 1640284208),
(23, 173, 'Gold1', NULL, NULL, 1, 1, 1645080173, 1648150929),
(24, 173, NULL, 'Cyan2', NULL, 1, 1, 1645080187, 1648150929),
(25, 173, 'Indigo', 'Indigo', NULL, 1, 1, 1645080198, 1648150929),
(26, 173, 'Cyan5', 'Cyan5', NULL, 1, 1, 1645083441, 1648150929),
(27, 173, 'Gold2', NULL, NULL, 1, 1, 1645531767, 1648150929),
(28, 173, 'Teal', 'Teal', 'Indigo', 1, 1, 1648150675, 1648150929),
(29, 173, NULL, NULL, 'Green', 1, 0, 1648150935, 1648450081),
(30, 298, 'Gold5', NULL, NULL, 1, 1, 1649844408, 1649844439),
(31, 298, NULL, 'Gold1', NULL, 1, 1, 1649844436, 1649844439),
(32, 298, 'Green5', 'Yellow', NULL, 1, 0, 1649844461, 1649844479),
(33, 187, 'Teal', NULL, NULL, 1, 1, 1655808931, 1655808949),
(34, 187, 'Gold1', NULL, NULL, 1, 0, 1655880069, NULL);

-- --------------------------------------------------------

--
-- Структура таблицы `theme_sitting`
--

CREATE TABLE IF NOT EXISTS `theme_sitting` (
  `id` int(11) NOT NULL AUTO_INCREMENT,
  `organization_id` int(11) NOT NULL,
  `pms_lifecycle_id` int(11) NOT NULL,
  `background_color` varchar(255) NOT NULL,
  `border_color` varchar(255) NOT NULL,
  `text_color` varchar(255) NOT NULL,
  `default_btn_color` varchar(255) NOT NULL,
  `email_heading_color` varchar(255) NOT NULL,
  `dashboard_logo` varchar(255) NOT NULL,
  `objective_bk_logo` varchar(255) NOT NULL,
  `created_date` int(11) NOT NULL,
  `modified_date` int(11) NOT NULL,
  PRIMARY KEY (`id`)
) ENGINE=MyISAM  DEFAULT CHARSET=utf8 AUTO_INCREMENT=2 ;

--
-- Дамп данных таблицы `theme_sitting`
--

INSERT INTO `theme_sitting` (`id`, `organization_id`, `pms_lifecycle_id`, `background_color`, `border_color`, `text_color`, `default_btn_color`, `email_heading_color`, `dashboard_logo`, `objective_bk_logo`, `created_date`, `modified_date`) VALUES
(1, 3, 3, '#000080', '#00ff40', '#004080', '#004080', '#0000ff', '57765101.png', '76114995.png', 1507368060, 1507373500);

-- --------------------------------------------------------

--
-- Структура таблицы `update_budget_logs`
--

CREATE TABLE IF NOT EXISTS `update_budget_logs` (
  `id` bigint(22) NOT NULL AUTO_INCREMENT,
  `pms_lifecycle_id` int(11) NOT NULL,
  `objective_id` bigint(22) NOT NULL,
  `user_id` int(11) NOT NULL,
  `user_type_id` int(11) NOT NULL,
  `budget` float(20,1) NOT NULL,
  `updated_date` int(11) NOT NULL,
  `updated` varchar(255) NOT NULL,
  PRIMARY KEY (`id`)
) ENGINE=MyISAM  DEFAULT CHARSET=utf8 AUTO_INCREMENT=90 ;

--
-- Дамп данных таблицы `update_budget_logs`
--

INSERT INTO `update_budget_logs` (`id`, `pms_lifecycle_id`, `objective_id`, `user_id`, `user_type_id`, `budget`, `updated_date`, `updated`) VALUES
(1, 7, 1475, 187, 64, 5000.0, 1562492801, '07-07-2019 01:46:41 PM'),
(2, 7, 1479, 187, 64, 10000.0, 1562492866, '07-07-2019 01:47:46 PM'),
(3, 7, 1479, 187, 64, 10000.0, 1562493100, '07-07-2019 01:51:40 PM'),
(4, 7, 1599, 173, 17, 0.0, 1562582642, '07-08-2019 02:44:02 PM'),
(5, 7, 1540, 208, 34, 500000.0, 1562663882, '07-09-2019 01:18:02 PM'),
(6, 7, 1533, 208, 34, 2000000.0, 1562663983, '07-09-2019 01:19:43 PM'),
(7, 7, 1534, 208, 34, 50000.0, 1562664003, '07-09-2019 01:20:03 PM'),
(8, 7, 1542, 208, 34, 300000.0, 1562664033, '07-09-2019 01:20:33 PM'),
(9, 7, 1543, 208, 34, 150000.0, 1562664061, '07-09-2019 01:21:01 PM'),
(10, 7, 1533, 208, 34, 2000000.0, 1562665580, '07-09-2019 01:46:20 PM'),
(11, 7, 1542, 208, 34, 300000.0, 1562665935, '07-09-2019 01:52:15 PM'),
(12, 7, 1542, 208, 34, 300000.0, 1562665938, '07-09-2019 01:52:18 PM'),
(13, 7, 1542, 208, 34, 300000.0, 1562665944, '07-09-2019 01:52:24 PM'),
(14, 7, 1542, 208, 34, 300000.0, 1562665966, '07-09-2019 01:52:46 PM'),
(15, 7, 1143, 204, 30, 0.0, 1562752710, '07-10-2019 01:58:30 PM'),
(16, 7, 1577, 115, 19, 560000.0, 1562822967, '07-11-2019 09:29:27 AM'),
(17, 7, 1577, 115, 19, 560000.0, 1562822988, '07-11-2019 09:29:48 AM'),
(18, 7, 1577, 115, 19, 560000.0, 1562823072, '07-11-2019 09:31:12 AM'),
(19, 7, 1577, 115, 19, 560000.0, 1562823082, '07-11-2019 09:31:22 AM'),
(20, 7, 1577, 115, 19, 560000.0, 1562823085, '07-11-2019 09:31:25 AM'),
(21, 7, 1577, 115, 19, 560000.0, 1562824211, '07-11-2019 09:50:11 AM'),
(22, 7, 1577, 115, 19, 560000.0, 1562824287, '07-11-2019 09:51:27 AM'),
(23, 7, 1577, 115, 19, 560000.0, 1562824592, '07-11-2019 09:56:32 AM'),
(24, 7, 1577, 115, 19, 560000.0, 1562824603, '07-11-2019 09:56:43 AM'),
(25, 7, 1577, 115, 19, 560000.0, 1562824605, '07-11-2019 09:56:45 AM'),
(26, 7, 1578, 115, 19, 100000.0, 1562824650, '07-11-2019 09:57:30 AM'),
(27, 7, 1579, 115, 19, 40000.0, 1562824661, '07-11-2019 09:57:41 AM'),
(28, 7, 1232, 182, 41, 0.0, 1562829651, '07-11-2019 11:20:51 AM'),
(29, 7, 1228, 173, 17, 2000.0, 1563098742, '07-14-2019 02:05:42 PM'),
(30, 7, 1228, 173, 17, 0.0, 1563098767, '07-14-2019 02:06:07 PM'),
(31, 7, 1456, 221, 17, 100000.0, 1563188826, '07-15-2019 03:07:06 PM'),
(32, 3, 1096, 187, 64, 0.0, 1563785792, '07-22-2019 12:56:32 PM'),
(33, 7, 1704, 205, 31, 50000.0, 1565252523, '08-08-2019 12:22:03 PM'),
(34, 7, 1704, 205, 31, 50000.0, 1565252997, '08-08-2019 12:29:57 PM'),
(35, 7, 1704, 205, 31, 50000.0, 1565253366, '08-08-2019 12:36:06 PM'),
(36, 7, 1704, 205, 31, 50000.0, 1565253420, '08-08-2019 12:37:00 PM'),
(37, 7, 1278, 133, 43, 3000.0, 1568528898, '09-15-2019 10:28:18 AM'),
(38, 7, 1278, 133, 43, 3000.0, 1568528919, '09-15-2019 10:28:39 AM'),
(39, 7, 1878, 153, 18, 0.0, 1569398547, '09-25-2019 12:02:27 PM'),
(40, 7, 1413, 154, 66, 0.0, 1573269173, '11-09-2019 07:12:53 AM'),
(41, 7, 1232, 182, 41, 80000.0, 1576142124, '12-12-2019 01:15:24 PM'),
(42, 8, 1985, 240, 28, 100000.0, 1576485252, '12-16-2019 12:34:12 PM'),
(43, 8, 1996, 240, 28, 10000.0, 1576485618, '12-16-2019 12:40:18 PM'),
(44, 8, 1985, 240, 28, 100000.0, 1578477844, '01-08-2020 02:04:04 PM'),
(45, 7, 1526, 206, 32, 100000.0, 1588482238, '05-03-2020 09:03:58 AM'),
(46, 7, 1593, 115, 19, 164073.0, 1595411240, '07-22-2020 01:47:20 PM'),
(47, 7, 1579, 115, 19, 40000.0, 1595483348, '07-23-2020 09:49:08 AM'),
(48, 8, 2537, 115, 19, 0.0, 1595498865, '07-23-2020 02:07:45 PM'),
(49, 8, 2531, 115, 19, 394000.0, 1595741607, '07-26-2020 09:33:27 AM'),
(50, 8, 2531, 115, 19, 394000.0, 1595741621, '07-26-2020 09:33:41 AM'),
(51, 8, 2531, 115, 19, 445000.0, 1595741633, '07-26-2020 09:33:53 AM'),
(52, 8, 2532, 115, 19, 10000.0, 1595744197, '07-26-2020 10:16:37 AM'),
(53, 9, 2590, 174, 17, 100000.0, 1604573906, '11-05-2020 02:58:26 PM'),
(54, 8, 2643, 254, 37, 0.0, 1605108116, '11-11-2020 07:21:56 PM'),
(55, 7, 1945, 183, 42, 1500000.0, 1609404700, '12-31-2020 12:51:40 PM'),
(56, 7, 1945, 183, 42, 1500000.0, 1609404707, '12-31-2020 12:51:47 PM'),
(57, 7, 1573, 115, 19, 100000.0, 1612252290, '02-02-2021 11:51:30 AM'),
(58, 7, 1573, 115, 19, 100000.0, 1612252293, '02-02-2021 11:51:33 AM'),
(59, 8, 3022, 131, 40, 0.0, 1612256168, '02-02-2021 12:56:08 PM'),
(60, 8, 3022, 131, 40, 0.0, 1612256187, '02-02-2021 12:56:27 PM'),
(61, 8, 3022, 131, 40, 0.0, 1612256207, '02-02-2021 12:56:47 PM'),
(62, 9, 2570, 173, 17, 15000.0, 1612672478, '02-07-2021 08:34:38 AM'),
(63, 9, 2571, 173, 17, 25000.0, 1612672558, '02-07-2021 08:35:58 AM'),
(64, 9, 2562, 173, 17, 1300000.0, 1613025734, '02-11-2021 10:42:14 AM'),
(65, 9, 3236, 273, 46, 12000000.0, 1614149195, '02-24-2021 10:46:35 AM'),
(66, 9, 3236, 273, 46, 12000000.0, 1614149608, '02-24-2021 10:53:28 AM'),
(67, 8, 3049, 277, 43, 2154500.0, 1616480524, '03-23-2021 10:22:04 AM'),
(68, 8, 3049, 277, 43, 2154500.0, 1616480529, '03-23-2021 10:22:09 AM'),
(69, 8, 3049, 277, 43, 2154500.0, 1616480531, '03-23-2021 10:22:11 AM'),
(70, 8, 2656, 254, 37, 0.0, 1617171512, '03-31-2021 10:18:32 AM'),
(71, 8, 2656, 254, 37, 0.0, 1617171523, '03-31-2021 10:18:43 AM'),
(72, 8, 2656, 254, 37, 0.0, 1617171548, '03-31-2021 10:19:08 AM'),
(73, 9, 2932, 268, 25, 0.0, 1621240468, '05-17-2021 12:34:28 PM'),
(74, 9, 2932, 268, 25, 0.0, 1621240471, '05-17-2021 12:34:31 PM'),
(75, 9, 2932, 268, 25, 0.0, 1621240475, '05-17-2021 12:34:35 PM'),
(76, 9, 3501, 133, 43, 1167800.0, 1623559714, '06-13-2021 08:48:34 AM'),
(77, 9, 3501, 133, 43, 1167800.0, 1623559720, '06-13-2021 08:48:40 AM'),
(78, 9, 3501, 133, 43, 1167800.0, 1623559830, '06-13-2021 08:50:30 AM'),
(79, 9, 3544, 133, 43, 1200000.0, 1623559840, '06-13-2021 08:50:40 AM'),
(80, 9, 3594, 270, 45, 0.0, 1627202243, '07-25-2021 12:37:23 PM'),
(81, 9, 3586, 270, 45, 2000000.0, 1627540824, '07-29-2021 10:40:24 AM'),
(82, 9, 3587, 270, 45, 0.0, 1627540930, '07-29-2021 10:42:10 AM'),
(83, 9, 3587, 270, 45, 0.0, 1627540943, '07-29-2021 10:42:23 AM'),
(84, 9, 3586, 270, 45, 1000000.0, 1627541012, '07-29-2021 10:43:32 AM'),
(85, 9, 3491, 254, 37, 0.0, 1627894714, '08-02-2021 12:58:34 PM'),
(86, 9, 3140, 257, 70, 0.0, 1628489685, '08-09-2021 10:14:45 AM'),
(87, 9, 3584, 270, 45, 0.0, 1633411278, '10-05-2021 09:21:18 AM'),
(88, 9, 3584, 270, 45, 0.0, 1633411352, '10-05-2021 09:22:32 AM'),
(89, 9, 3584, 270, 45, 0.0, 1633411398, '10-05-2021 09:23:18 AM');

-- --------------------------------------------------------

--
-- Структура таблицы `users`
--

CREATE TABLE IF NOT EXISTS `users` (
  `users_id` bigint(20) unsigned NOT NULL AUTO_INCREMENT,
  `organization_id` int(11) DEFAULT NULL,
  `pms_lifecycle_id` int(11) DEFAULT NULL,
  `user_name` varchar(255) DEFAULT NULL,
  `name` varchar(255) DEFAULT NULL,
  `user_role_id` int(11) DEFAULT NULL COMMENT 'In Shurooq project, we will use this one in session',
  `c_level_id` int(11) DEFAULT '0' COMMENT 'when user_role_id=2, then here should be a value',
  `user_type` enum('owner','manager','participant','supervisor','admin') DEFAULT 'participant' COMMENT 'Owner: Main Entity Login,Manager: Department, Participant: Employee,Supervisor:will be team lead',
  `user_type_id` int(11) DEFAULT NULL COMMENT '0 for owner',
  `email` varchar(255) DEFAULT NULL,
  `password` text,
  `gender` enum('Male','Female') DEFAULT NULL,
  `phone` varchar(255) DEFAULT NULL,
  `user_image` varchar(255) DEFAULT '0',
  `passport_no` varchar(255) DEFAULT NULL,
  `blood_group` varchar(255) DEFAULT NULL,
  `emergency_number` varchar(255) DEFAULT NULL,
  `designation` varchar(255) DEFAULT NULL,
  `chat_status` enum('online','busy','away','offline') DEFAULT NULL,
  `is_active` int(11) DEFAULT '1',
  `is_delete` int(11) DEFAULT '0',
  `is_login` tinyint(4) DEFAULT '0',
  `last_login` timestamp NULL DEFAULT CURRENT_TIMESTAMP ON UPDATE CURRENT_TIMESTAMP,
  `category_id` int(11) DEFAULT NULL,
  `level_id` int(11) DEFAULT NULL,
  `manager_name` varchar(255) DEFAULT NULL,
  `manager_email` varchar(255) DEFAULT NULL,
  `manager_phone` varchar(255) DEFAULT NULL,
  `pass_token` varchar(255) DEFAULT NULL,
  `created_date` bigint(20) DEFAULT NULL,
  `modified_date` bigint(20) DEFAULT NULL,
  `random_id` varchar(255) DEFAULT NULL,
  PRIMARY KEY (`users_id`)
) ENGINE=InnoDB  DEFAULT CHARSET=utf8 AUTO_INCREMENT=2832 ;

--
-- Дамп данных таблицы `users`
--

INSERT INTO `users` (`users_id`, `organization_id`, `pms_lifecycle_id`, `user_name`, `name`, `user_role_id`, `c_level_id`, `user_type`, `user_type_id`, `email`, `password`, `gender`, `phone`, `user_image`, `passport_no`, `blood_group`, `emergency_number`, `designation`, `chat_status`, `is_active`, `is_delete`, `is_login`, `last_login`, `category_id`, `level_id`, `manager_name`, `manager_email`, `manager_phone`, `pass_token`, `created_date`, `modified_date`, `random_id`) VALUES
(1, 1, 1, 'kafaat', 'Mr. Business Development', 0, 0, 'owner', 0, 'kafaat@gmail.com', 'e10adc3949ba59abbe56e057f20f883e', '', '08776765665', '', '0', '0', '0', 'CEO', 'online', 0, 0, 0, '2018-03-12 10:32:59', 0, 0, '', '', '', '', 1505393224, 1520850779, ''),
(2, 1, 1, 'ياسر عمر كايد', 'ياسر عمر كايد', 0, 0, 'participant', 1, 'jkayad@am.gov.ae', 'e10adc3949ba59abbe56e057f20f883e', 'Male', ' 0503608969', '', '0', '0', '0', '0', 'online', 1, 0, 0, '2017-08-16 09:27:35', 0, 0, '', '', '', '', 0, 1502875655, ''),
(3, 1, 1, 'Majdi', 'Mr. Majdi', 0, 0, 'manager', 1, 'majdi@kafaat.me', 'e10adc3949ba59abbe56e057f20f883e', 'Male', '0000000', '', '0', '0', '0', '0', 'online', 1, 0, 0, '2017-08-22 12:15:13', 0, 0, '', '', '', '', 0, 1503404113, ''),
(4, 1, 1, 'abc', 'Mr. ABC', 0, 0, 'participant', 1, 'abc@kafaat.me', 'e10adc3949ba59abbe56e057f20f883e', 'Male', '08776765665', '', '', '', '', '', 'online', 1, 0, 0, '2017-08-15 14:05:54', 0, 0, '', '', '', '', 0, 1502805954, ''),
(5, 1, 1, 'eman', 'eman', 0, 0, 'manager', 3, 'eman@kafaat.me', '2d7d434b141181291c9e36c81b61b34e', 'Female', '+971528419988', '', '0', '0', '0', '0', 'online', 1, 0, 0, '2017-09-12 07:46:09', 0, 0, '', '', '', '', 0, 1505202369, ''),
(6, 1, 1, 'hassan', 'muhammad hassan sabri', 0, 0, 'participant', 3, 'hassan.life@gmail.com', 'f04e1fd4cbfeecfdce8aa2ad6e9cf4ac', 'Male', '+971528419988', '', '123456789', 'B+', '1234567890', 'developer', 'online', 1, 0, 0, '2018-01-04 12:52:30', 0, 0, 'Qaisar', 'qaisar@kafaat.me', '0561569190', '', 0, 1515070350, ''),
(7, 1, 1, 'Business', 'fa faf', 0, 0, 'manager', 2, 'qaisare@kafaat.me', 'e0afeb835e66d6e6b9548cce6c547ed7', 'Male', '121321312', '', '0', '0', '0', 'Manager', 'online', 1, 0, 0, '2017-08-17 06:30:37', 1, 1, '232', 'qaisar@fafafl.com', '232', '', 1502951437, 0, ''),
(8, 1, 1, 'Businesseqe', 'Mr. ABC', 0, 0, 'manager', 1, 'hassaeeen@kafaat.me', 'e10adc3949ba59abbe56e057f20f883e', 'Male', '7645435432', '', '0', '0', '0', 'Manager', 'online', 1, 0, 0, '2017-08-22 21:00:53', 4, 4, 'fafaf', 'fafa@gmail.com', '7645435432', '', 1502951701, 0, ''),
(11, 1, 1, 'qaisar4@kafaat.me', 'Mr. ABC', 0, 0, 'participant', 1, 'qaisar4@kafaat.me', 'e0afeb835e66d6e6b9548cce6c547ed7', '', '08776765665', '', '0', '0', '0', 'Manager', 'online', 1, 0, 0, '2017-09-12 07:15:39', 1, 1, 'fafaf', 'qaisar@kafaat.me', '233341412', '', 1502955601, 1503908398, ''),
(12, 1, 1, 'hassan@kafaat.me', 'Hassan', 0, 0, 'participant', 1, 'hassan@kafaat.me', 'f04e1fd4cbfeecfdce8aa2ad6e9cf4ac', '', '08776765665', '', '0', '0', '0', '4533', 'online', 1, 0, 0, '2017-08-22 20:54:21', 1, 1, 'fafafddd', 'qaisar@kafaat.me', '233341412', '', 1503300424, 1503435261, ''),
(13, 1, 1, 'test@gmail.com', 'Testinga', 0, 0, 'participant', 2, 'test@gmail.com', 'e10adc3949ba59abbe56e057f20f883e', 'Male', '', '', '0', '0', '0', '', 'online', 1, 0, 0, '2017-09-12 07:10:16', 1, 1, '', '', '', '', 1503401240, 0, ''),
(14, 1, 1, 'hassaeen@kafaat.me', 'faf', 0, 0, 'participant', 1, 'hassaeen@kafaat.me', '21232f297a57a5a743894a0e4a801fc3', 'Male', '', '', '0', '0', '0', '', 'online', 1, 0, 0, '2017-10-08 11:15:50', 1, 1, '', '', '', '', 1503401892, 1507461350, ''),
(15, 1, 1, 'manager@kafaat.me', 'Manager', 0, 0, 'manager', 1, 'manager@kafaat.me', 'c240642ddef994358c96da82c0361a58', 'Male', '6736562', '', '0', '0', '0', '4543', 'online', 1, 0, 0, '2017-08-22 20:48:41', 1, 1, '4331424', 'er34143@gmail.com', '058784567', '', 1503434921, 0, ''),
(17, 1, 1, 'manager1@kafaat.me', 'Manager1', 0, 0, 'manager', 1, 'manager1@kafaat.me', 'c240642ddef994358c96da82c0361a58', 'Male', '', '', '0', '0', '0', '', 'online', 1, 0, 0, '2017-08-22 21:02:42', 1, 1, '', '', '', '', 1503435762, 0, ''),
(18, 1, 1, 'qaisar123@kafaat.me', 'Qaisar Mahmood', 0, 0, 'participant', 1, 'qaisar123@kafaat.me', 'e0afeb835e66d6e6b9548cce6c547ed7', 'Male', '+971528419988', '', '0', '0', '0', 'Consultant', 'online', 1, 0, 0, '2017-08-22 21:19:33', 1, 1, 'hgkhg', 'qaisar123@kafaat.me', '6476', '', 1503436401, 1503436773, ''),
(19, 1, 1, 'Teste@kafaat.me', 'Tester', 0, 0, 'participant', 1, 'tester@kafaat.me', 'e10adc3949ba59abbe56e057f20f883e', 'Male', '', '', '0', '0', '0', '', 'online', 1, 0, 0, '2017-09-12 07:29:17', 1, 1, '', '', '', '', 1505200630, 0, ''),
(20, 1, 1, 'Tester@kafaat.me', 'Tester', 0, 0, 'manager', 2, 'tester@kafaat.me', 'e10adc3949ba59abbe56e057f20f883e', 'Male', '', '', '0', '0', '0', '', 'online', 1, 0, 0, '2017-09-12 07:45:00', 1, 1, '', '', '', '', 1505201396, 0, ''),
(21, 1, 1, 'qaisar@kafaat.me', 'Tester', 0, 0, 'manager', 3, 'qaisar12@kafaat.me', 'e10adc3949ba59abbe56e057f20f883e', 'Male', '', '', '0', '0', '0', '', 'online', 0, 1, 0, '2020-09-17 12:16:24', 1, 1, '', '', '', '', 1505202445, 0, ''),
(22, 2, 2, 'admin@sctda.me', 'SCTDA', 0, 0, 'owner', 0, 'admin@sctda.me', '21232f297a57a5a743894a0e4a801fc3', 'Male', '', '', '', '', '', '', 'online', 0, 1, 0, '2017-11-15 05:58:16', 1, 1, '', '', '', '', 1505627806, 0, ''),
(23, 2, 2, 'department@sctda.me', 'Department Manager', 0, 0, 'manager', 4, 'department@sctda.me', '64572b38bfc105014357f749163694b5', 'Male', '', '', '0', '0', '0', '', 'online', 0, 1, 0, '2017-10-02 10:01:32', 1, 1, '', '', '', '', 1505635424, 0, ''),
(24, 2, 2, 'employee@sctda.me', 'Employee', 0, 0, 'participant', 4, 'employee@sctda.me', '54a49483b61bc6388cae96cdf341973e', 'Male', '00000000', '', '0', '0', '0', 'Participant', 'online', 0, 1, 0, '2017-10-02 10:01:36', 1, 1, 'Department', 'department@sctda.me', '233341412', '', 1505641019, 1506935983, ''),
(25, 2, 2, 'test1@manager.me', 'Manager', 0, 0, 'manager', 8, 'test1@manager.me', 'e10adc3949ba59abbe56e057f20f883e', 'Male', '', '', '0', '0', '0', '', 'online', 0, 1, 0, '2017-10-02 10:01:40', 1, 1, '', '', '', '', 1506493806, 0, ''),
(26, 2, 2, 'test1@employee.me', 'Employee Test', 0, 0, 'participant', 8, 'test1@employee.me', 'e10adc3949ba59abbe56e057f20f883e', 'Male', '', '', '0', '0', '0', '', 'online', 0, 1, 0, '2017-10-02 10:01:44', 1, 1, '', '', '', '26U7RJUYZ163TSAQP', 1506493988, 0, ''),
(27, 1, 1, 'tester@manager.com', 'Tester', 0, 0, 'manager', 2, 'tester@manager.com', 'e10adc3949ba59abbe56e057f20f883e', 'Male', '', '', '0', '0', '0', '', 'online', 1, 0, 0, '2017-09-27 11:33:06', 2, 2, '', '', '', '', 1506511986, 0, ''),
(28, 1, 1, 'employee@test.me', 'Employee', 0, 0, 'participant', 1, 'employee@test.me', 'e10adc3949ba59abbe56e057f20f883e', 'Male', 'joseph', '', '0', '0', '0', 'joseph@yahoo.com', 'online', 1, 0, 0, '2018-01-07 10:24:13', 2, 3, 'a', 'joseph@yahoo.com', 'ja', '', 1506512370, 1515320653, ''),
(29, 1, 1, 'testerManager@kafaat.me', 'Tester', 0, 0, 'manager', 2, 'testerManager@kafaat.me', 'e10adc3949ba59abbe56e057f20f883e', 'Male', '', '', '0', '0', '0', '', 'online', 1, 0, 0, '2017-09-28 06:26:11', 2, 1, '', '', '', '', 1506579971, 0, ''),
(30, 1, 1, 'amir@tester.com', 'امير', 0, 0, 'manager', 2, 'amir@tester.com', 'e10adc3949ba59abbe56e057f20f883e', 'Male', '', '', '0', '0', '0', '', 'online', 1, 0, 0, '2017-09-28 08:38:56', 1, 1, '', '', '', '', 1506587936, 0, ''),
(31, 2, 2, 'testing@gmail.com', 'Tester', 0, 0, 'manager', 5, 'testing@gmail.com', 'e10adc3949ba59abbe56e057f20f883e', 'Male', '', '', '0', '0', '0', '', 'online', 0, 1, 0, '2017-10-02 10:01:49', 2, 2, '', '', '', '', 1506589230, 0, ''),
(33, 2, 2, 'employee@tester.com', 'tester', 0, 0, 'participant', 11, 'employee@tester.com', 'e10adc3949ba59abbe56e057f20f883e', 'Male', '', '', '0', '0', '0', '', 'online', 0, 1, 0, '2017-10-02 10:00:39', 1, 1, '', '', '', '', 1506937223, 0, ''),
(35, 3, 8, 'admin1@shurooq.me', 'Master User', 1, 0, 'owner', 0, 'admin1@shurooq.me', '2637a5c30af69a7bad877fdb65fbd78b', NULL, '', '0', '0', '0', '0', '', NULL, 1, 0, 0, '2022-05-31 08:56:11', 0, NULL, '0', '0', '0', '355GJW4ZCE8D8RK0G', 1532894740, NULL, NULL),
(37, 4, 0, 'dotc', '', 0, 0, 'owner', 0, 'dotc@gmail.com', '21232f297a57a5a743894a0e4a801fc3', 'Male', '', '', '', '', '', '', 'online', 1, 0, 0, '2018-01-07 11:00:52', 0, 0, '', '', '', '', 1515322852, 0, ''),
(107, 3, 8, 'm.alsarkal@shurooq.gov.ae', '0', 2, 12, 'participant', 0, 'm.alsarkal@shurooq.gov.ae', '2510f768f03fbcab040231b936eb648e', NULL, '6 519 5335 ', '0', '0', '0', '0', 'Chief Executive Officer', NULL, 0, 1, 0, '2020-02-06 12:00:40', 0, NULL, '0', '0', '0', NULL, 1532883168, NULL, NULL),
(108, 3, 8, 'r.kaissoun@Shurooq.gov.ae', '0', 4, 0, 'participant', 22, 'r.kaissoun@Shurooq.gov.ae', 'f8928359f4cf04cf455b7a29499ae50e', NULL, '9 519 53839', '0', '0', '0', '0', 'Manager', NULL, 0, 1, 0, '2020-02-06 12:00:47', 0, NULL, '0', '0', '0', NULL, 1532883236, NULL, NULL),
(109, 3, 8, 'd.alnakhi@shurooq.gov.ae', '0', 3, 0, 'participant', 0, 'd.alnakhi@shurooq.gov.ae', '4bc00c788f16665ce4f402e4eff8f80f', NULL, '6 519 5383 ', '0', '0', '0', '0', 'Director', NULL, 0, 1, 0, '2020-02-06 12:01:43', 0, NULL, '0', '0', '0', NULL, 1532883284, NULL, NULL),
(111, 3, 8, 'dd_manager@gmail.com', 'DD Manager', 4, 0, 'participant', 14, 'dd_manager@gmail.com', '8a93b721eadfdc739836e93ff81b161d', NULL, '', '0', '0', '0', '0', '', NULL, 1, 1, 0, '2020-02-06 12:01:47', 0, NULL, '0', '0', '0', NULL, 1532893478, NULL, NULL),
(112, 3, 8, 'r.albardan@Shurooq.gov.ae', 'Reem Salim Al Bardan', 4, 0, 'participant', 22, 'r.albardan@Shurooq.gov.ae', '366c0196895c9eeaa75992bacac60426', NULL, '7 519 5336', '0', '0', '0', '0', 'Manager', NULL, 0, 1, 1, '2020-02-06 12:01:52', 0, NULL, '0', '0', '0', NULL, 1532938123, NULL, NULL),
(113, 3, 8, 's.aljunaibi@Shurooq.gov.ae', 'Shaikha Salim Al Junaibi', 4, 0, 'participant', 21, 's.aljunaibi@Shurooq.gov.ae', '921c2dc40d0b979c2910298d2f880152', NULL, '06 519 5337', '0', '0', '0', '0', 'Director', NULL, 1, 0, 1, '2022-03-03 11:03:58', 0, NULL, '0', '0', '0', '', 1532938184, 1570964266, NULL),
(114, 3, 8, 'e.armaly@shurooq.gov.ae', 'Elie J. Armaly', 4, 0, 'participant', 15, 'e.armaly@shurooq.gov.ae', '3dc2a8e88a56d5a97a068a53b032190d', NULL, '6 519 5358', '0', '0', '0', '0', 'Director', NULL, 1, 0, 0, '2021-01-17 10:12:48', 0, NULL, '0', '0', '0', '11480IYVQS1ZSAPARM', 1532938232, NULL, NULL),
(115, 3, 8, 'n.heydemann@shurooq.gov.ae', 'Nina-lena Heydemann', 4, 0, 'participant', 19, 'n.heydemann@shurooq.gov.ae', 'e84c40bfecc1d13d346a3fa14b25891f', NULL, '6 519 5383 ', '0', '0', '0', '0', 'Director', NULL, 1, 0, 1, '2022-03-30 10:43:40', 0, NULL, '0', '0', '0', NULL, 1532938404, NULL, NULL),
(116, 3, 8, 'a.alqaseer@shurooq.gov.ae', 'Ahmed Obaid Al Qaseer', 2, 13, 'participant', 0, 'a.alqaseer@shurooq.gov.ae', 'b46b0c2b11630f084733eca076e83888', NULL, '65195351', '0', '0', '0', '0', 'Chief Operating Officer', NULL, 1, 0, 0, '2022-01-17 09:19:42', 0, NULL, '0', '0', '0', NULL, 1532938456, 1533003985, NULL),
(117, 3, 8, 'y.almutawa@shurooq.gov.ae', 'Yousif Ahmed Al Mutawa', 4, 0, 'participant', 23, 'y.almutawa@shurooq.gov.ae', '6b3b3ffbb222419499483e04e99ed91f', NULL, '050 988 8858', '0', '0', '0', '0', 'Director', NULL, 0, 1, 1, '2020-02-06 12:03:33', 0, NULL, '0', '0', '0', NULL, 1532938600, 1538631318, NULL),
(118, 3, 8, 'k.aljanahi@shurooq.gov.ae', 'Khalid Ahmed Al Janahi', 4, 0, 'participant', 25, 'k.aljanahi@shurooq.gov.ae', 'ef07b233eff9d498c906fac4c90ec368', NULL, '6 519 5910', '0', '0', '0', '0', 'Director', NULL, 0, 1, 0, '2020-02-06 12:03:37', 0, NULL, '0', '0', '0', NULL, 1532938670, NULL, NULL),
(119, 3, 8, 'a.durrani@shurooq.gov.ae', 'Asad Khan Durrani', 4, 0, 'participant', 26, 'a.durrani@shurooq.gov.ae', '9ee716312c8a9ff0f77114261de2eaef', NULL, '6 519 5353', '0', '0', '0', '0', 'Director', NULL, 0, 1, 0, '2020-04-14 09:01:19', 0, NULL, '0', '0', '0', NULL, 1532938720, NULL, NULL),
(120, 3, 8, 'r.leduna@shurooq.gov.ae', 'Ricardo Leduna Ita-as Jr.', 4, 0, 'participant', 27, 'r.leduna@shurooq.gov.ae', 'd7291d1175f0a22d16dc2c7882e79738', NULL, '6 519 5327', '0', '0', '0', '0', 'Director', NULL, 0, 1, 0, '2020-02-06 12:03:46', 0, NULL, '0', '0', '0', NULL, 1532938781, NULL, NULL),
(121, 3, 8, 'k.aljunaibi@shurooq.gov.ae', 'Khuloud Salim Al Junaibi ', 6, 0, 'participant', 0, 'k.aljunaibi@shurooq.gov.ae', '796c098b321172e2a28b045dc8933263', NULL, '6 519 5357 ', '0', '0', '0', '0', 'Manager', NULL, 1, 0, 0, '2020-02-06 12:03:51', 0, NULL, '0', '0', '0', NULL, 1532938863, NULL, NULL),
(122, 3, 8, 'm.alshamsi@shurooq.gov.ae', 'Marwah Obaid Al Shamsi', 4, 0, 'participant', 29, 'm.alshamsi@shurooq.gov.ae', '2355f40493048dd480c0414f4a36bdcb', NULL, '06 5521552', '0', '0', '0', '0', 'Manager', NULL, 1, 0, 1, '2021-07-18 07:47:31', 0, NULL, '0', '0', '0', '', 1532938956, NULL, NULL),
(123, 3, 8, 'm.alsuwaidi@shurooq.gov.ae', 'Mahmoud Rashid Deemas', 2, 13, 'participant', 0, 'm.alsuwaidi@shurooq.gov.ae', '8be47ddd4448c9cdb3bb5b47c76fd73c', NULL, '050 891 7677', '0', '0', '0', '0', 'Director Of Operation', NULL, 1, 0, 0, '2021-04-04 03:17:15', 0, NULL, '0', '0', '0', NULL, 1532939029, 1533541251, NULL),
(124, 3, 8, 'k.deemas@Shurooq.gov.ae', 'Khalid Waleed Deemas', 4, 0, 'participant', 30, 'k.deemas@Shurooq.gov.ae', '71619e275989892c35e3ee9377e08bf0', NULL, '508989980', '0', '0', '0', '0', 'Manager', NULL, 1, 0, 1, '2021-07-25 10:49:12', 0, NULL, '0', '0', '0', NULL, 1532939158, NULL, NULL),
(125, 3, 8, 'k.alqaseer@almontazah.ae', 'Khalid Ibrahim Al Qaseer', 4, 0, 'participant', 31, 'k.alqaseer@almontazah.ae', '4b76b5810c683d5cc97a869811ea163a', NULL, '6 519 5352 ', '0', '0', '0', '0', 'General Manager', NULL, 1, 0, 1, '2021-05-25 08:16:41', 0, NULL, '0', '0', '0', NULL, 1532939199, NULL, NULL),
(126, 3, 8, 's.alsuwaidi@shurooq.gov.ae', 'Saud Meqdad Al Suwaidi', 2, 14, 'participant', 0, 's.alsuwaidi@shurooq.gov.ae', '41bc14d94aec1a22f039a5b067a99f47', NULL, '6 5195341', '0', '0', '0', '0', 'Chief Support Officer', NULL, 1, 0, 0, '2022-03-02 07:41:12', 0, NULL, '0', '0', '0', NULL, 1532939266, NULL, NULL),
(127, 3, 8, 'fahd.ali@shurooq.gov.ae', 'Fahd Athr Ali', 4, 0, 'participant', 36, 'fahd.ali@shurooq.gov.ae', '8cfe1ca868e199635ac4118fe05d1ae9', NULL, '6 519 5036', '0', '0', '0', '0', 'Manager', NULL, 1, 0, 1, '2021-01-24 08:19:31', 0, NULL, '0', '0', '0', NULL, 1532939904, NULL, NULL),
(128, 3, 8, 'a.almutawa@shurooq.gov.ae', 'Ali Salim Almutawa', 2, 14, 'participant', 0, 'a.almutawa@shurooq.gov.ae', '3b8a8e29f14ded301f4a59b484df0089', NULL, '6 519 5332', '0', '0', '0', '0', 'Manager', NULL, 1, 0, 0, '2021-04-04 03:20:02', 0, NULL, '0', '0', '0', NULL, 1532939977, NULL, NULL),
(130, 3, 8, 'f.faraj@shurooq.gov.ae', 'FidelÂ Faraj', 4, 0, 'participant', 39, 'f.faraj@shurooq.gov.ae', '55ec831b3216187f894e8f39714234c3', NULL, '6 519 5397', '0', '0', '0', '0', 'Head of Asset Management', NULL, 1, 0, 1, '2021-09-27 07:43:28', 0, NULL, '0', '0', '0', '1307W9TPA0XV40CHO9', 1532940267, 1538380914, NULL),
(131, 3, 8, 'n.alserkal@shurooq.gov.ae', 'Noorah Al Serkal', 4, 0, 'participant', 40, 'n.alserkal@shurooq.gov.ae', '3b3f0ab46c0570f831272584cbfd780f', NULL, '6 519 5305', '0', '0', '0', '0', 'Manager', NULL, 1, 0, 0, '2022-03-03 10:43:51', 0, NULL, '0', '0', '0', NULL, 1532940308, NULL, NULL),
(133, 3, 8, 'd.malibary@Shurooq.gov.ae', 'Dima Malibary', 4, 0, 'participant', 43, 'd.malibary@Shurooq.gov.ae', '18067f001150f6ade96b4070df36ef9a', NULL, '6 519 5325', '0', '0', '0', '0', 'Manager', NULL, 1, 0, 1, '2021-04-15 13:05:56', 0, NULL, '0', '0', '0', NULL, 1532940423, NULL, NULL),
(134, 3, 8, 's.altunaiji01@Shurooq.gov.ae', 'Saif Al Tunaiji', 4, 0, 'participant', 44, 's.altunaiji01@Shurooq.gov.ae', 'suspended', NULL, '6 519 5311', '0', '0', '0', '0', 'Manager', NULL, 0, 0, 1, '2021-09-26 13:30:25', 0, NULL, '0', '0', '0', NULL, 1532940466, NULL, NULL),
(135, 3, 8, 's.maalouf01@Shurooq.gov.ae', 'Samer El Maalouf', 4, 0, 'participant', 45, 's.maalouf@Shurooq.gov.ae', 'b92a8e6affd812cfc226649de4d6bab3', NULL, '6 519 5354', '0', '0', '0', '0', 'Manager', NULL, 0, 1, 1, '2020-12-22 06:10:55', 0, NULL, '0', '0', '0', NULL, 1532940506, NULL, NULL),
(136, 3, 8, 'a.mahfouz@shurooq.gov.ae', 'Amr Mahfouz El Bany', 4, 0, 'participant', 46, 'a.mahfouz@shurooq.gov.ae', '6937b9ecf0e47578d55af551e952a37f', NULL, '6 519 5313', '0', '0', '0', '0', 'Director', NULL, 1, 1, 0, '2020-02-06 12:05:02', 0, NULL, '0', '0', '0', NULL, 1532940543, NULL, NULL),
(141, 3, 8, 'm.alsarkal@shurooq.gov.ae', 'Marwan Jassim Al Sarkal ', 2, 12, 'participant', 0, 'm.alsarkal@shurooq.gov.ae', '375003f8216ad9e82d7f989600075b4b', NULL, '6 519 5335 ', '0', '0', '0', '0', 'Chief Executive Officer', NULL, 1, 0, 0, '2021-10-06 10:36:57', 0, NULL, '0', '0', '0', NULL, 1532944702, NULL, NULL),
(142, 3, 8, 'r.kaissoun@Shurooq.gov.ae', 'Rania Farouk Kaissoun', 4, 0, 'participant', 22, 'r.kaissoun@Shurooq.gov.ae', '63e6bc520edcbaa95446b5690d989f30', NULL, '9 519 53839', '0', '0', '0', '0', 'Manager', NULL, 0, 1, 0, '2020-02-06 12:05:07', 0, NULL, '0', '0', '0', NULL, 1532944743, NULL, NULL),
(143, 3, 8, 'ed@kafaat-inter.com', 'KIG', 3, 0, 'participant', 0, 'ed@kafaat-inter.com', 'f19d057d11149168802110fd664ab48a', NULL, '6 519 5383 ', '0', '0', '0', '0', 'Director', NULL, 1, 0, 1, '2022-06-14 12:05:57', 0, NULL, '0', '0', '0', NULL, 1532944793, NULL, NULL),
(147, 3, 8, 'h.sultan@shurooq.gov.ae', 'Hessah Sultan Ali', 2, 16, 'participant', 0, 'h.sultan@shurooq.gov.ae', '50243610768da5d84bc10aa5cd5fbf96', NULL, '6 5195323', '0', '0', '0', '0', 'Chief of  Marketing Officer', NULL, 1, 0, 0, '2021-09-26 13:16:26', 0, NULL, '0', '0', '0', NULL, 1532947346, 1556780680, NULL),
(148, 3, 8, 'mjuma@shurooq.gov.ae', 'Mohamed Juma Al Musharrkh', 2, 15, 'participant', 0, 'mjuma@shurooq.gov.ae', '8c9a14ffebb7677d033ffce847991293', NULL, ' 6 5195388', '0', '0', '0', '0', 'CEO of Sharjah Foreign Direct Investment Office', NULL, 1, 0, 0, '2021-08-30 10:38:45', 0, NULL, '0', '0', '0', NULL, 1532947399, NULL, NULL),
(149, 3, 8, 'm.alibaig@shurooq.gov.ae', 'Muhammad Ali Baig', 2, 17, 'participant', 0, 'm.alibaig@shurooq.gov.ae', 'e9bf1a9262f19f3d01fcde060697e0e5', NULL, '6 519 5889', '0', '0', '0', '0', 'Chief Financial Officer', NULL, 0, 1, 0, '2020-02-06 12:06:23', 0, NULL, '0', '0', '0', NULL, 1532947509, NULL, NULL),
(150, 3, 8, 'mahendra.k_suspended@shurooq.gov.ae', 'Mahendra Kakumanu', 4, 0, 'participant', 38, 'mahendra.k@shurooq.gov.ae', 'suspended', NULL, '6 519 5303 ', '0', '0', '0', '0', 'Manager', NULL, 0, 0, 1, '2021-09-09 10:54:31', 0, NULL, '0', '0', '0', NULL, 1532947584, NULL, NULL),
(151, 3, 8, 'm.kassem@Shurooq.gov.ae', 'Mohamed Hadi Kassem', 4, 0, 'participant', 41, 'm.kassem@Shurooq.gov.ae', 'ed309a563f54238d7068dea42060855f', NULL, '6 5195493', '0', '0', '0', '0', 'Research and Development Manager', NULL, 0, 1, 1, '2020-08-04 10:28:23', 0, NULL, '0', '0', '0', NULL, 1532947635, NULL, NULL),
(152, 3, 8, 'k.alhashimi@shurooq.gov.ae', 'Khawla Al Hashimi', 4, 0, 'participant', 16, 'k.alhashimi@shurooq.gov.ae', 'b76c16d0118039c43172a38b5ae6abf2', NULL, '6 519 5342', '0', '0', '0', '0', 'Manager', NULL, 1, 0, 1, '2020-04-02 10:18:12', 0, NULL, '0', '0', '0', '152CODPJ4QU18MTPM4', 1533026326, 1585822692, NULL),
(153, 3, 8, 'a.yassi@shurooq.gov.ae', 'Abdalla Al Yassi', 4, 0, 'participant', 18, 'a.yassi@shurooq.gov.ae', 'aee2c86703649e73b8bf568d584fa544', NULL, '6 519 5452 ', '0', '0', '0', '0', 'Accounting Head', NULL, 1, 0, 1, '2020-02-06 12:06:48', 0, NULL, '0', '0', '0', NULL, 1533026379, NULL, NULL),
(154, 3, 8, 'm.mohamad@shurooq.gov.ae', 'Muneer Mohammed', 4, 0, 'participant', 66, 'm.mohamad@shurooq.gov.ae', '04a67401d6bb2c698ed2cb26d19c61fb', NULL, '930', '0', '0', '0', '0', 'Head', NULL, 0, 1, 0, '2020-12-10 07:13:17', 0, NULL, '0', '0', '0', NULL, 1533026450, 1538573889, NULL),
(155, 3, 8, 'a.sarraj@shurooq.gov.ae', 'Aya Sarraj', 4, 0, 'participant', 42, 'a.sarraj@shurooq.gov.ae', 'd22314dabb705c016bb637e72475845b', NULL, '6 5195306', '0', '0', '0', '0', 'Head', NULL, 1, 0, 1, '2021-02-15 07:50:06', 0, NULL, '0', '0', '0', NULL, 1533026486, NULL, NULL),
(156, 3, 8, 'm.alketbi@shurooq.gov.ae', 'Mozah Mubarak Al Ketbi  ', 5, 0, 'participant', 17, 'm.alketbi@shurooq.gov.ae', 'cd79eef2c289735abf6cf7b8566a4118', NULL, '', '0', '0', '0', '0', '', NULL, 0, 1, 0, '2020-02-06 12:07:10', 0, NULL, '0', '0', '0', NULL, 1533114050, NULL, NULL),
(157, 3, 8, 'm.alsuwaidi@shurooq.gov.ae', 'Mahmoud Rashid Deemas', 4, 0, 'participant', 32, 'm.alsuwaidi@shurooq.gov.ae', 'f60acca95ded3ffe5a6d241c147f4c03', NULL, '050 891 7677', '0', '0', '0', '0', 'Manager', NULL, 0, 1, 0, '2020-02-06 12:07:15', 0, NULL, '0', '0', '0', NULL, 1533542111, NULL, NULL),
(158, 3, 8, 'eypmrepresentative01@gmail.com', 'EYPM Representative 01', 1, 0, 'participant', 0, 'eypmrepresentative01@gmail.com', '9c24085c5be1b90080ad0cd92cfdf3f3', NULL, '', '0', '0', '0', '0', '', NULL, 0, 1, 0, '2020-02-06 12:07:19', 0, NULL, '0', '0', '0', NULL, 1533802331, NULL, NULL),
(159, 3, 8, 'eymrepresentative02@gmail.com', 'EYPM Representative 02', 1, 0, 'participant', 0, 'eymrepresentative02@gmail.com', 'b7131337ba633a03775cedc7a7013d79', NULL, '', '0', '0', '0', '0', '', NULL, 0, 1, 0, '2020-02-06 12:07:23', 0, NULL, '0', '0', '0', NULL, 1533802784, NULL, NULL),
(160, 3, 8, 'eymrepresentative01@gmail.com', 'DD Representative 01', 5, 0, 'participant', 28, 'eymrepresentative01@gmail.com', '5b6b54311b1e35462080d961514128ab', NULL, '', '0', '0', '0', '0', '', NULL, 0, 1, 0, '2020-04-14 09:05:24', 0, NULL, '0', '0', '0', NULL, 1533998784, NULL, NULL),
(161, 3, 8, 'eymrepresentative02@gmail.com', 'DD Representative 02', 1, 0, 'participant', 0, 'eymrepresentative02@gmail.com', 'da279f89abbc5fb0c4751d8e5dce092a', NULL, '', '0', '0', '0', '0', '', NULL, 0, 1, 0, '2020-02-06 12:05:56', 0, NULL, '0', '0', '0', NULL, 1533998831, NULL, NULL),
(162, 3, 8, 'eymrepresentative03@gmail.com', 'DD Representative 03', 5, 0, 'participant', 32, 'eymrepresentative03@gmail.com', '8e4b6768bff9312db2dda627dfa9642f', NULL, '', '0', '0', '0', '0', '', NULL, 1, 1, 0, '2020-02-06 12:05:52', 0, NULL, '0', '0', '0', NULL, 1534144889, NULL, NULL),
(163, 3, 8, 'eymrepresentative04@gmail.com', 'DD Representative 04', 5, 0, 'participant', 33, 'eymrepresentative04@gmail.com', '99c11632b99f7ad86b1fbe2680a208b0', NULL, '', '0', '0', '0', '0', '', NULL, 0, 1, 0, '2020-04-14 09:02:50', 0, NULL, '0', '0', '0', NULL, 1534144951, NULL, NULL),
(164, 3, 8, 'eymrepresentative02@gmail.com', 'DD Representative 02', 5, 0, 'participant', 29, 'eymrepresentative02@gmail.com', '0881877d2504f05545ba65c294b1b622', NULL, '', '0', '0', '0', '0', '', NULL, 1, 1, 0, '2020-02-06 12:05:21', 0, NULL, '0', '0', '0', NULL, 1534149032, NULL, NULL),
(165, 3, 8, 'j.almatrooshi@Shurooq.gov.ae', 'Jumana Al  Matrooshi', 5, 0, 'participant', 20, 'j.almatrooshi@Shurooq.gov.ae', '0dd94870032028c3e946fab7a07a912d', NULL, '', '0', '0', '0', '0', 'Department Representative', NULL, 0, 1, 1, '2020-11-24 14:15:13', 0, NULL, '0', '0', '0', NULL, 1536239307, NULL, NULL),
(166, 3, 8, 's.saleh@Shurooq.gov.ae', 'Sultan Saleh Al Suwaidi', 5, 0, 'participant', 22, 's.saleh@Shurooq.gov.ae', 'b00ca90be939353f124502e9414260de', NULL, '', '0', '0', '0', '0', 'Department Representative', NULL, 0, 1, 0, '2020-02-06 12:10:54', 0, NULL, '0', '0', '0', NULL, 1536239512, NULL, NULL),
(167, 3, 8, 'f.almahmoud@Shurooq.gov.ae', 'Fatma Al Mahmoud', 5, 0, 'participant', 19, 'f.almahmoud@Shurooq.gov.ae', '0eca7d6856b69b5bf19ecfce984303a3', NULL, '', '0', '0', '0', '0', 'DD Representative', NULL, 1, 0, 0, '2021-01-31 07:57:28', 0, NULL, '0', '0', '0', NULL, 1536239934, NULL, NULL),
(168, 3, 8, 'e.saffarini@Shurooq.gov.ae', 'Eng. Eyad Saffarini', 5, 0, 'participant', 16, 'e.saffarini@Shurooq.gov.ae', '985344158b4934b7dd8de81c8b568c15', NULL, '06. 5195 862', '0', '0', '0', '0', 'Department Representative', NULL, 0, 1, 1, '2020-10-05 09:15:44', 0, NULL, '0', '0', '0', NULL, 1536240082, 1573550842, NULL),
(169, 3, 8, 'm.barakat@shurooq.gov', 'Mai Barakat', 5, 0, 'participant', 16, 'm.barakat@shurooq.gov', 'd332c39b2524455a4793d619d3aef661', NULL, '06 5195 478', '0', '0', '0', '0', 'Department Representative', NULL, 1, 1, 1, '2020-09-29 09:47:01', 0, NULL, '0', '0', '0', NULL, 1536240261, 1573551409, NULL),
(170, 3, 8, 'n.alkayal@shurooq.gov.ae', 'Nadin Al kayal', 5, 0, 'participant', 15, 'n.alkayal@shurooq.gov.ae', 'cf9f66b5818d802311bec1acddc97b76', NULL, '', '0', '0', '0', '0', 'Department Representative', NULL, 1, 0, 1, '2021-02-10 07:27:15', 0, NULL, '0', '0', '0', NULL, 1536241379, NULL, NULL),
(171, 3, 8, 'd.homsi2@shurooq.gov.ae', 'Dima Homsi', 5, 0, 'participant', 15, 'd.homsi2@shurooq.gov.ae', 'b3b119e5070d832b79817b4fa4c1fd2b', NULL, '', '0', '0', '0', '0', '', NULL, 0, 1, 1, '2020-02-06 12:12:25', 0, NULL, '0', '0', '0', NULL, 1536241508, NULL, NULL),
(172, 3, 8, 'b.rosa@shurooq.gov.ae', 'Reinier Clarianes', 5, 0, 'participant', 18, 'b.rosa@shurooq.gov.ae', 'df0236d59a3640ff6803070b54bc16b4', NULL, '', '0', '0', '0', '0', 'Department Representative', NULL, 1, 0, 0, '2020-02-06 12:12:32', 0, NULL, '0', '0', '0', '', 1536242818, 1560167764, NULL),
(173, 3, 8, 'n.almarzooqi@Shurooq.gov.ae', 'Noura Al Marzooqi', 5, 0, 'participant', 17, 'n.almarzooqi@Shurooq.gov.ae', 'd08e0784eb0b441d555de0d13f602d91', NULL, '', '0', '0', '0', '0', 'Department Representative', NULL, 1, 0, 1, '2022-05-31 07:55:37', 0, NULL, '0', '0', '0', NULL, 1536244646, NULL, NULL),
(174, 3, 8, 'y.chemban@Shurooq.gov.ae', 'Yoosuf Chemban', 5, 0, 'participant', 17, 'y.chemban@Shurooq.gov.ae', 'd8597a488a0649c4525d7471e719b114', NULL, '', '0', '0', '0', '0', 'Department Representative', NULL, 1, 0, 1, '2022-04-05 08:16:18', 0, NULL, '0', '0', '0', NULL, 1536244829, 1536567022, NULL),
(175, 3, 8, 'k.ziauddin@shurooq.gov.ae', 'Kamran Ziauddin ', 3, 0, 'participant', 0, 'k.ziauddin@shurooq.gov.ae', 'e89d45beca0a329fea3d97cfed7bd7b6', NULL, '', '0', '0', '0', '0', 'Strategy Manager', NULL, 0, 1, 1, '2020-02-06 12:12:40', 0, NULL, '0', '0', '0', NULL, 1536245425, NULL, NULL),
(176, 3, 8, 'h.alabdooli@shurooq.gov.ae', 'Hamda Al Abdouli', 5, 0, 'participant', 23, 'h.alabdooli@shurooq.gov.ae', '8525c194f26ed07cfc52e0512e049c98', NULL, '', '0', '0', '0', '0', '', NULL, 0, 1, 0, '2020-02-06 12:12:48', 0, NULL, '0', '0', '0', '176DPOXOKGW9SJVRMZ', 1536247818, 1562071156, NULL),
(177, 3, 8, 'm.alnawasrah@Shurooq.gov.ae', 'Marwan Al Nawasrah', 5, 0, 'participant', 21, 'm.alnawasrah@Shurooq.gov.ae', '3f74ecee56fa793d988c534bf93bd7b1', 'Male', '065195320', '0', '0', '0', '0', 'Department Representative ', NULL, 1, 0, 1, '2021-02-14 06:28:28', 0, NULL, '0', '0', '0', '177LRAHL04612G2WFL', 1536248018, 1578910548, NULL),
(178, 3, 8, 'n.bochi@Shurooq.gov.ae', 'Nahed Sabri Bochi', 5, 0, 'participant', 23, 'n.bochi@Shurooq.gov.ae', 'ccad368464125c2cbb15bd23da06b965', NULL, '', '0', '0', '0', '0', 'DD Representative', NULL, 0, 1, 0, '2020-02-06 12:12:44', 0, NULL, '0', '0', '0', NULL, 1536248562, NULL, NULL),
(179, 3, 8, 'f.alharmoodi@Shurooq.gov.ae', 'Fatima Al Harmoodi', 5, 0, 'participant', 40, 'f.alharmoodi@Shurooq.gov.ae', '89e3cce3a30c92b9dffbbec48d854e39', NULL, '', '0', '0', '0', '0', 'cso_department1@shurooq.me', NULL, 0, 1, 1, '2020-02-06 12:12:59', 0, NULL, '0', '0', '0', '', 1536248827, NULL, NULL),
(180, 3, 8, 'a.ibrahim@Shurooq.gov.ae', 'Abdulmajid Brimah Ibrahim', 5, 0, 'participant', 37, 'a.ibrahim@Shurooq.gov.ae', 'ebc95b360860ffe6a8dfebbefa2a2ddb', NULL, '', '0', '0', '0', '0', '', NULL, 1, 0, 1, '2021-08-23 10:44:39', 0, NULL, '0', '0', '0', NULL, 1536248909, 1573380751, NULL),
(181, 3, 8, 'iiso@shurooq.me', 'Mohamed Hadi Kassem', 5, 0, 'participant', 41, 'iiso@shurooq.me', '7684e639a4abf794db72f91df4047c64', NULL, '', '0', '0', '0', '0', '', NULL, 0, 1, 0, '2020-08-04 10:28:12', 0, NULL, '0', '0', '0', NULL, 1536249181, NULL, NULL),
(182, 3, 8, 'l.alali@investinsharjah.ae', 'Latifa Al Ali', 5, 0, 'participant', 41, 'l.alali@investinsharjah.ae', 'fe76660b10e74064aa5f88c958c8247e', NULL, '06 519 5828', '0', '0', '0', '0', '', NULL, 1, 0, 1, '2021-02-04 07:25:21', 0, NULL, '0', '0', '0', NULL, 1536249286, NULL, NULL),
(183, 3, 8, 'n.muhammed@Shurooq.gov.ae', 'Naseel Muhammed ', 5, 0, 'participant', 42, 'n.muhammed@Shurooq.gov.ae', '411b848380c117817be440e7925f56fc', NULL, '', '0', '0', '0', '0', '', NULL, 1, 0, 1, '2021-09-02 10:56:04', 0, NULL, '0', '0', '0', '18375PVOWC56KP53BV', 1536249708, NULL, NULL),
(184, 3, 8, 's.alserkal@Shurooq.gov.ae', 'Salha Al Serkal', 5, 0, 'participant', 43, 's.alserkal@Shurooq.gov.ae', 'df6614594b624a3d807dcbec0ae693c8', NULL, '', '0', '0', '0', '0', '', NULL, 1, 0, 0, '2021-01-12 06:12:14', 0, NULL, '0', '0', '0', NULL, 1536250106, NULL, NULL),
(185, 3, 8, 'n.alkayal@Shurooq.gov.ae', 'Nadin Al Kayal', 5, 0, 'participant', 46, 'n.alkayal@Shurooq.gov.ae', '89409c4207e0074abbdc5a49d7f1fce8', NULL, '', '0', '0', '0', '0', 'Nadin Al Kayal', NULL, 0, 1, 0, '2020-02-06 12:11:50', 0, NULL, '0', '0', '0', NULL, 1536250572, NULL, NULL),
(186, 3, 8, 'm.ishaq@Shurooq.gov.ae', 'Muhammad Zubair Ishaq', 5, 0, 'participant', 46, 'm.ishaq@Shurooq.gov.ae', '0535433f73fa5b4870a6d75c477b7d80', NULL, '', '0', '0', '0', '0', '', NULL, 1, 0, 1, '2021-01-25 08:27:58', 0, NULL, '0', '0', '0', NULL, 1536251021, NULL, NULL),
(187, 3, 8, 'qaisar@kafaat.me', 'KIG USER', 5, 0, 'participant', 64, 'qaisar@kafaat.me', '8c4135bc33857c3ad8794f1e72f53036', NULL, '', '0', '0', '0', '0', '', NULL, 1, 0, 1, '2022-06-14 19:46:38', 0, NULL, '0', '0', '0', '1872Z3CPG6Q7TSWTAR', 1536324157, 1630930974, NULL),
(188, 3, 8, 'chairman@shurooq.me', 'Chair Person', 2, 12, 'participant', 0, 'chairman@shurooq.me', 'c5de334563e51119dbaaeef037c964bb', NULL, '', '0', '0', '0', '0', '', NULL, 1, 1, 0, '2020-02-06 12:11:09', 0, NULL, '0', '0', '0', NULL, 1536465417, NULL, NULL),
(189, 3, 8, 'coo@shurooq.me', 'Coo Person', 2, 13, 'participant', 0, 'coo@shurooq.me', '0049116c2b9d7c4e698bcd4f133b190d', NULL, '', '0', '0', '0', '0', '', NULL, 1, 1, 0, '2020-02-06 12:11:05', 0, NULL, '0', '0', '0', NULL, 1536465512, NULL, NULL),
(190, 3, 8, 'cso@shurooq.me', 'CSO', 2, 14, 'participant', 0, 'cso@shurooq.me', '258d277b23ca5521c2378c0b8639456b', NULL, '', '0', '0', '0', '0', '', NULL, 1, 1, 0, '2020-02-06 12:11:01', 0, NULL, '0', '0', '0', NULL, 1536465697, NULL, NULL),
(191, 3, 8, 'iiso_ceo@shurooq.me', 'IISO CEO', 2, 15, 'participant', 0, 'iiso_ceo@shurooq.me', '55b815e096cacb06e3e556d22e8d106c', NULL, '', '0', '0', '0', '0', '', NULL, 1, 1, 0, '2020-02-06 12:15:47', 0, NULL, '0', '0', '0', NULL, 1536465819, NULL, NULL),
(192, 3, 8, 'cmo@shurooq.me', 'CMO Person', 2, 16, 'participant', 0, 'cmo@shurooq.me', '342034b6f9dd60e7398be809e0cc8f36', NULL, '', '0', '0', '0', '0', '', NULL, 1, 1, 0, '2020-02-06 12:17:20', 0, NULL, '0', '0', '0', NULL, 1536465910, NULL, NULL),
(193, 3, 8, 'cfo@shurooq.me', 'CFO Person', 2, 17, 'participant', 0, 'cfo@shurooq.me', '0eced255a029dd3a210ef740913627e5', NULL, '', '0', '0', '0', '0', '', NULL, 1, 1, 0, '2020-02-06 12:17:28', 0, NULL, '0', '0', '0', NULL, 1536466037, NULL, NULL),
(194, 3, 8, 'm.alsuwaidi@shurooq.gov.ae', 'Mahmoud Rashid Deemas', 4, 0, 'participant', 35, 'm.alsuwaidi@shurooq.gov.ae', '7a02f7cfbe3c5e45a2b3ce4da878bac5', NULL, '', '0', '0', '0', '0', '', NULL, 0, 1, 0, '2020-02-06 12:17:31', 0, NULL, '0', '0', '0', NULL, 1537866232, NULL, NULL),
(195, 3, 8, 'special_operation', 'Special Operation', 5, 0, 'participant', 27, 'special_operation@shurooq.gov.ae', 'suspended', NULL, '', '0', '0', '0', '0', '', NULL, 0, 0, 0, '2021-09-09 10:45:07', 0, NULL, '0', '0', '0', NULL, 1537875018, NULL, NULL),
(196, 3, 8, 'internal_audit', 'Internal Audit', 5, 0, 'participant', 36, 'k.alblooshi@Shurooq.gov.ae', 'c06395525beba510a3c69927ab5c68ba', NULL, '', '0', '0', '0', '0', '', NULL, 0, 1, 1, '2020-04-14 09:23:48', 0, NULL, '0', '0', '0', NULL, 1537875107, NULL, NULL),
(197, 3, 8, 'k.alowais@shurooq.gov.ae', 'Khalid Mohamed Al Owais', 5, 0, 'participant', 24, 'k.alowais@shurooq.gov.ae', '6312e587c2cd8a568e1630747bd71d26', NULL, '050 8644414 ', '0', '0', '0', '0', 'city sightseeing shariah ', NULL, 1, 0, 0, '2020-02-06 12:18:32', 0, NULL, '0', '0', '0', NULL, 1537875673, 1546406239, NULL),
(198, 3, 8, 'e.mokdad@Shurooq.gov.ae', ' Eman Al Mokdad', 4, 0, 'participant', 25, 'e.mokdad@Shurooq.gov.ae', '1a2c249d94b04c1d53ff208633dddfa8', NULL, '06. 5195 910', '0', '0', '0', '0', '', NULL, 1, 0, 0, '2021-01-19 07:29:09', 0, NULL, '0', '0', '0', NULL, 1537875872, NULL, NULL),
(199, 3, 8, 's.saleh@shurooq.gov.ae', 'Sultan Alsuwaidi', 5, 0, 'participant', 25, 's.saleh@shurooq.gov.ae', '33e60e335a3babf2089bf6e48a2aa2c0', NULL, '+971 6 519 5853', '0', '0', '0', '0', '', NULL, 0, 1, 1, '2020-10-27 08:19:47', 0, NULL, '0', '0', '0', NULL, 1537876017, NULL, NULL),
(200, 3, 8, 'J.khan@shurooq.gov.ae', 'Javeed Khan ', 5, 0, 'participant', 26, 'J.khan@shurooq.gov.ae', '6b9574cba4f0f1f8ee013a42077eebad', NULL, '06 51195 485', '0', '0', '0', '0', 'Facility Coordinator', NULL, 1, 0, 1, '2020-02-06 12:19:03', 0, NULL, '0', '0', '0', NULL, 1537876117, NULL, NULL),
(201, 3, 8, 'asset_manage', 'Vincent Jean-Pierre Varga', 5, 0, 'participant', 39, 'v.varga@shurooq.gov.ae', '8ad451a2976aa83ba42fab3557a41403', NULL, '', '0', '0', '0', '0', '', NULL, 0, 1, 1, '2020-04-14 09:18:53', 0, NULL, '0', '0', '0', NULL, 1537876232, NULL, NULL),
(202, 3, 8, 'al_qasba', 'Al Qasba', 5, 0, 'participant', 28, 'al_qasba@shurooq.gov.ae', '6a357e08ccfa2efa8f21a6ec801bcf15', NULL, '', '0', '0', '0', '0', '', NULL, 0, 1, 0, '2020-04-14 09:05:29', 0, NULL, '0', '0', '0', NULL, 1537876346, NULL, NULL),
(203, 3, 8, 'm.alghazzi@Shurooq.gov.ae', 'Mohamed Al Ghazzi', 5, 0, 'participant', 29, 'm.alghazzi@Shurooq.gov.ae', '3d1897fa57d8aaff9f49acd7ca4268b2', NULL, '052-4601940', '0', '0', '0', '0', '', NULL, 1, 0, 1, '2021-11-10 11:17:50', 0, NULL, '0', '0', '0', NULL, 1537876464, 1567493106, NULL),
(204, 3, 8, 'heart_of_sharjah--', 'Heart of Sharjah', 5, 0, 'participant', 30, 'b.alkyam01@Shurooq.gov.ae', '6be0845c4ce9f89c6e78015626cd4a78', NULL, '', '0', '0', '0', '0', '', NULL, 0, 0, 0, '2021-09-26 13:31:58', 0, NULL, '0', '0', '0', NULL, 1537876542, NULL, NULL),
(205, 3, 8, 'k.alali@almontazah.ae', 'Khalid Al Ali', 5, 0, 'participant', 31, 'k.alali@almontazah.ae', 'e815064134a47c8c962010b9f3171c4e', NULL, '', '0', '0', '0', '0', '', NULL, 1, 0, 1, '2021-10-06 11:31:47', 0, NULL, '0', '0', '0', NULL, 1537876657, NULL, NULL),
(206, 3, 8, 'a.almutairi@Shurooq.gov.ae', 'AL Anoud Al Mutairi', 5, 0, 'participant', 32, 'a.almutairi@Shurooq.gov.ae', '184157d8d2d76dfe659093ca5696ca19', NULL, '', '0', '0', '0', '0', '', NULL, 1, 0, 0, '2021-10-06 12:11:18', 0, NULL, '0', '0', '0', NULL, 1537876743, NULL, NULL),
(207, 3, 8, 'flag_island', 'The Flag Island', 5, 0, 'participant', 33, 'flag_island@shurooq.gov.ae', 'fbb3453684a08fc8af6e53f89a05497a', NULL, '', '0', '0', '0', '0', '', NULL, 0, 1, 1, '2020-04-14 09:02:14', 0, NULL, '0', '0', '0', NULL, 1537876839, NULL, NULL),
(208, 3, 8, 'mleiha', 'Mleiha Archaeological Centre', 5, 0, 'participant', 34, 'mleiha@shurooq.gov.ae', '426355e93af8198979bf4aa650a120c7', NULL, '', '0', '0', '0', '0', '', NULL, 0, 1, 1, '2020-04-14 09:10:42', 0, NULL, '0', '0', '0', NULL, 1537876943, NULL, NULL),
(209, 3, 8, 'al_hafiya', 'Al Hafiya picnic park ', 5, 0, 'participant', 35, 'c.fernandes@shurooq.gov.ae', '9ecedf199b7d12cfcd765fc4e6180b78', NULL, '', '0', '0', '0', '0', '', NULL, 0, 1, 0, '2020-04-14 09:14:22', 0, NULL, '0', '0', '0', NULL, 1537877053, NULL, NULL),
(210, 3, 8, 'ituser_suspended', 'Information Technology', 5, 0, 'participant', 38, 'eea.zamzam@Shurooq.gov.ae ', 'deleted', NULL, '', '0', '0', '0', '0', '', NULL, 0, 1, 0, '2021-09-27 08:25:11', 0, NULL, '0', '0', '0', NULL, 1537877170, NULL, NULL),
(211, 3, 8, 'a.alsouqi@shurooq.gov.ae', 'Alya Saeed Alsouqi', 5, 0, 'participant', 42, 'a.alsouqi@shurooq.gov.ae', 'fa6fb11cfd845500e70ce649dd23bcf4', NULL, '0000', '0', '0', '0', '0', '', NULL, 0, 1, 0, '2020-02-06 12:17:59', 0, NULL, '0', '0', '0', NULL, 1538638312, NULL, NULL),
(212, 3, 8, 's.dmello@shurooq.gov.ae', 'Saviola Dmello', 5, 0, 'participant', 33, 's.dmello@shurooq.gov.ae', '9248c7c0f0c55000f5afa126e2ca94e8', NULL, '0000', '0', '0', '0', '0', '', NULL, 0, 1, 0, '2020-02-06 12:18:04', 0, NULL, '0', '0', '0', NULL, 1538638463, NULL, NULL),
(213, 3, 8, 's.dmello@shurooq.gov.ae', 'Dmello', 5, 0, 'participant', 28, 's.dmello1@shurooq.gov.ae', 'fc8b228f827e3fcc118f1a79e1907e6f', NULL, '000', '0', '0', '0', '0', '', NULL, 0, 1, 0, '2020-02-06 12:18:09', 0, NULL, '0', '0', '0', NULL, 1538638559, NULL, NULL),
(214, 3, 8, 'a.kayakool@Shurooq.gov.ae', 'Abdulla Kayakool', 5, 0, 'participant', 24, 'a.kayakool@Shurooq.gov.ae', '0582782d5ffeb5d1b17e92e66627520b', NULL, '056 4433844', '0', '0', '0', '0', '', NULL, 1, 0, 0, '2020-07-08 09:36:52', 0, NULL, '0', '0', '0', '', 1539778528, NULL, NULL),
(215, 3, 8, 'i.ilyas@shurooq.gov.ae', 'Iqra  Muhammad Ilyas', 5, 0, 'participant', 26, 'i.ilyas@shurooq.gov.ae', '44d21d4798f1f11195763debdaeba60b', NULL, '', '0', '0', '0', '0', '', NULL, 1, 0, 1, '2021-05-26 08:33:15', 0, NULL, '0', '0', '0', '', 1539847829, NULL, NULL),
(216, 3, 8, 'a.akbar@shurooq.gov.ae', 'Amjid Ali Akbar', 5, 0, 'participant', 39, 'a.akbar@shurooq.gov.ae', 'a3802c11b23105c63f6ec7827842fd48', NULL, '', '0', '0', '0', '0', '', NULL, 1, 0, 1, '2022-05-12 10:38:33', 0, NULL, '0', '0', '0', NULL, 1539848233, NULL, NULL),
(217, 3, 8, 'a.hasan_suspended@shurooq.gov.ae', 'Ajmal Hasan', 5, 0, 'participant', 34, 'a.hasan@shurooq.gov.ae', '742f7a82e3697e8812d9099bcd06d9c6', NULL, '', '0', '0', '0', '0', '', NULL, 0, 0, 1, '2021-09-15 12:05:44', 0, NULL, '0', '0', '0', NULL, 1539848386, NULL, NULL),
(218, 3, 8, 'mohamed.alshamsi@Shurooq.gov.ae', 'Mohamed Al Shamsi', 5, 0, 'participant', 35, 'mohamed.alshamsi@Shurooq.gov.ae', 'd1368134dad87d588ffe25ba1338ab42', NULL, '', '0', '0', '0', '0', '', NULL, 1, 0, 0, '2020-02-06 11:58:51', 0, NULL, '0', '0', '0', NULL, 1540100452, NULL, NULL),
(219, 3, 8, 'm.rayanova@Shurooq.gov.ae', 'Marina Rayanova', 5, 0, 'participant', 66, 'm.rayanova@Shurooq.gov.ae', 'd7a247301fabf5745ea86fc9becbea43', NULL, '000', '0', '0', '0', '0', '', NULL, 0, 1, 1, '2020-12-10 07:13:24', 0, NULL, '0', '0', '0', '219I703V61Y7XERQ4A', 1546415453, NULL, NULL),
(220, 3, 8, 'r.shehadeh@Shurooq.gov.ae', 'Razan GH Shehadeh', 2, 16, 'participant', 0, 'r.shehadeh@Shurooq.gov.ae', '7601d857b299ba1818a5e49ec72318db', NULL, '0000', '0', '0', '0', '0', '', NULL, 1, 0, 0, '2022-03-02 09:14:33', 0, NULL, '0', '0', '0', NULL, 1546845581, NULL, NULL),
(221, 3, 8, 'a.alhemrani@Shurooq.gov.ae', 'Asma Saif Al Hemrani', 5, 0, 'participant', 17, 'a.alhemrani@Shurooq.gov.ae', '18972eca0b9338928362f45424bd1510', NULL, '', '0', '0', '0', '0', '', NULL, 0, 1, 1, '2020-02-16 05:56:30', 0, NULL, '0', '0', '0', NULL, 1547621823, NULL, NULL),
(222, 3, 8, 'a.khan@Shurooq.gov.ae', 'Arsalan Mahmood Khan', 5, 0, 'participant', 46, 'a.khan@Shurooq.gov.ae', '546558dedd34159e5db627082b716976', NULL, '', '0', '0', '0', '0', '', NULL, 1, 0, 1, '2020-11-18 09:06:22', 0, NULL, '0', '0', '0', NULL, 1548320396, 1550130653, NULL),
(223, 3, 8, 'yousif@shurooq.gov.ae', 'Yousif Al Mutawa ', 2, 13, 'participant', 0, 'yousif@shurooq.gov.ae', '04d67277924ddf3dad8d366984a51253', NULL, '', '0', '0', '0', '0', '', NULL, 0, 1, 0, '2020-02-06 11:57:37', 0, NULL, '0', '0', '0', NULL, 1553085809, 1560681929, NULL),
(224, 3, 8, 'a.alharmoudi01@Shurooq.gov.ae', 'Asia Al Harmoudi', 4, 0, 'participant', 67, 'a.alharmoudi01@Shurooq.gov.ae', '81a82931d309087ee8757479e1d5bfb6915', NULL, '06 519 5367', '0', '0', '0', '0', 'Head', NULL, 0, 0, 1, '2021-09-26 13:33:20', 0, NULL, '0', '0', '0', '', 1557308003, 1583993342, NULL),
(225, 3, 8, 'r.leduna@shurooq.gov.ae', 'Ricardo Leduna', 4, 0, 'participant', 20, 'r.leduna@shurooq.gov.ae', 'suspended', NULL, '06 519 5327', '0', '0', '0', '0', 'Director of Special Operation', NULL, 0, 0, 0, '2021-09-09 10:30:09', 0, NULL, '0', '0', '0', NULL, 1560350073, NULL, NULL),
(226, 3, 8, 'h.hawara@shurooq.gov.ae', 'Hassan Moh''d Haitham Hawara', 4, 0, 'participant', 68, 'h.hawara@shurooq.gov.ae', 'ab8a35f2b3f32d86b7f0bb8fb3b954f7', NULL, '06 519 5353 ', '0', '0', '0', '0', '06 519 5353 ', NULL, 0, 1, 1, '2020-08-04 10:13:18', 0, NULL, '0', '0', '0', NULL, 1560354064, NULL, NULL),
(227, 3, 8, 'm.almutawa@shurooq.gov.ae', 'Mohamed Jasim Al Mutawa', 4, 0, 'participant', 37, 'm.almutawa@shurooq.gov.ae', '473e946acca8ca51355c6fde14be66ae', NULL, '', '0', '0', '0', '0', 'Operation Assistant', NULL, 1, 0, 1, '2020-06-21 06:31:40', 0, NULL, '0', '0', '0', NULL, 1560354611, NULL, NULL),
(228, 3, 8, 'y.almutawa@shurooq.gov.ae', 'Yousif Ahmed Al Mutawa', 6, 0, 'participant', 0, 'y.almutawa@shurooq.gov.ae', 'a61dd91cb3ef0b61f58c16616358668f', NULL, '050 988 8858', '0', '0', '0', '0', 'Manager', NULL, 0, 1, 1, '2020-02-16 05:59:36', 0, NULL, '0', '0', '0', NULL, 1560683025, NULL, NULL),
(229, 3, 8, 'r.seif@Shurooq.gov.ae', 'Randa Seif', 5, 0, 'participant', 23, 'r.seif@Shurooq.gov.ae', '69ccdc6d5473ba8373096423877f0b15', NULL, '0000', '0', '0', '0', '0', '', NULL, 0, 1, 1, '2020-02-06 11:57:06', 0, NULL, '0', '0', '0', NULL, 1560755353, NULL, NULL),
(230, 3, 8, 'r.aldea@shurooq.gov.ae', 'Ruby Rose Aldea', 5, 0, 'participant', 20, 'r.aldea@shurooq.gov.ae', '3d6fcab1209ba934d2746a8dddf4338e', NULL, '000', '0', '0', '0', '0', '', NULL, 0, 1, 1, '2020-02-06 11:55:27', 0, NULL, '0', '0', '0', NULL, 1560837633, NULL, NULL),
(231, 3, 8, 'm.issa01@shurooq.gov.ae', 'Mohammed Toufiq Issa', 5, 0, 'participant', 42, 'm.issa@shurooq.gov.ae', '5e1c05fa9fd0a849496911b865a5b8a7', NULL, '', '0', '0', '0', '0', '', NULL, 0, 0, 1, '2021-09-09 10:24:29', 0, NULL, '0', '0', '0', NULL, 1565252935, NULL, NULL),
(232, 3, 8, 'n.aldarmaki@shurooq.gov.ae', 'Noura Al Darmaki', 4, 0, 'participant', 70, 'n.aldarmaki@shurooq.gov.ae', '8a305ffea404e4872bdab23cc81c231e', NULL, '0569929500', '0', '0', '0', '0', '', NULL, 1, 0, 0, '2020-08-30 12:21:18', 0, NULL, '0', '0', '0', NULL, 1566460510, NULL, NULL),
(233, 3, 8, 'f.malaeb01@shurooq.gov.ae', 'Fares Malaeb ', 4, 0, 'participant', 24, 'f.malaeb01@shurooq.gov.ae', '88a6eb68f23cb81ebd7a9a3a1ac4977f', NULL, '06-5195 958', '0', '0', '0', '0', 'Director of Sales', NULL, 1, 0, 1, '2020-02-06 11:53:32', 0, NULL, '0', '0', '0', NULL, 1569831758, NULL, NULL),
(234, 3, 8, 'm.mohamad@shurooq.gov.ae', 'Muneer Mohammed', 5, 0, 'participant', 24, 'm.mohamad@shurooq.gov.ae', '4f1da53efe20061bafa0e40d998a7b70', NULL, '930', '0', '0', '0', '0', '', NULL, 1, 0, 0, '2021-02-15 05:48:23', 0, NULL, '0', '0', '0', '', 1533026450, 1538573889, NULL),
(235, 3, 8, 'm.azim01@shurooq.gov.ae', 'Maysa Azim', 5, 0, 'participant', 44, 'm.azim@shurooq.gov.ae', 'suspended', NULL, '065195916', '0', '0', '0', '0', 'Events Executive', NULL, 0, 0, 0, '2021-09-09 10:40:08', 0, NULL, '0', '0', '0', NULL, 1570547576, NULL, NULL),
(236, 3, 8, 'm.alsuwaidi@shurooq.gov.ae', 'Mohammed Al Suwaidi', 4, 0, 'participant', 20, 'm.alsuwaidi@shurooq.gov.ae', 'suspended', NULL, '06 5195481', '0', '0', '0', '0', '', NULL, 0, 0, 1, '2021-09-09 10:32:54', 0, NULL, '0', '0', '0', NULL, 1572443083, NULL, NULL),
(237, 3, 8, 'd.homsi@shurooq.gov.ae', 'Dima Homsi', 5, 0, 'participant', 68, 'd.homsi@shurooq.gov.ae', 'b3b119e5070d832b79817b4fa4c1fd2b', NULL, ' 050 983 5336 ', '0', '0', '0', '0', 'Assistant', NULL, 0, 1, 1, '2020-08-04 10:13:23', 0, NULL, '0', '0', '0', NULL, 1572950157, NULL, NULL),
(238, 3, 8, 'F.almahmoud@1971design.ae', 'Fatma Al Mahmoud', 5, 0, 'participant', 71, 'F.almahmoud@1971design.ae', '5987bc50cf432b29c1639b2a9135c95a', NULL, '050 700 3333', '0', '0', '0', '0', 'Director', NULL, 1, 0, 1, '2021-03-15 06:22:14', 0, NULL, '0', '0', '0', NULL, 1573368911, NULL, NULL),
(239, 3, 8, 'a.alhassan@Shurooq.gov.ae', 'Areej Hisham Al Hassan', 5, 0, 'participant', 33, 'a.alhassan@Shurooq.gov.ae', 'e27a399e6e26cd1430534b56248dc22f', NULL, '0564642961', '0', '0', '0', '0', '', NULL, 1, 0, 1, '2021-09-16 08:18:54', 0, NULL, '0', '0', '0', NULL, 1573719934, NULL, NULL),
(240, 3, 8, 'a.alhassan@Shurooq.gov.ae', 'Areej Hisham Al Hassan', 5, 0, 'participant', 28, 'a.alhassan@Shurooq.gov.ae', 'faa68e41680ec70a0b73f731f1df86b0', NULL, '0564642961', '0', '0', '0', '0', '', NULL, 1, 0, 1, '2021-10-06 10:11:45', 0, NULL, '0', '0', '0', NULL, 1573720295, NULL, NULL),
(241, 3, 8, 'a.kayakoolTester@Shurooq.gov.ae', 'Abdulla Kayakool ', 5, 0, 'participant', 24, 'a.kayakoolTester@Shurooq.gov.ae', '0582782d5ffeb5d1b17e92e66627520b', NULL, '056 4433844', '0', '0', '0', '0', 'Retail Operation Coordinator', NULL, 0, 1, 0, '2020-02-06 11:52:36', 0, NULL, '0', '0', '0', NULL, 1574069894, NULL, NULL),
(242, 3, 8, 'm.bukvic@Shurooq.gov.ae', 'Milos Bukvic', 5, 0, 'participant', 72, 'm.bukvic@Shurooq.gov.ae', '470aa2a12c253138b5afe8dfac332062', NULL, '052 7494039', '0', '0', '0', '0', 'Sales Executive', NULL, 0, 1, 1, '2020-11-24 14:16:12', 0, NULL, '0', '0', '0', NULL, 1580208264, NULL, NULL),
(243, 3, 8, 'f.Malaeb@shurooq.gov.ae', 'Fares Malaeb ', 4, 0, 'participant', 72, 'f.Malaeb@shurooq.gov.ae', '88a6eb68f23cb81ebd7a9a3a1ac4977f', NULL, '056 557 8877 ', '0', '0', '0', '0', 'Director of Sales', NULL, 1, 0, 0, '2021-09-27 10:13:50', 0, NULL, '0', '0', '0', NULL, 1580208789, NULL, NULL),
(244, 3, 8, 'n.shakeel@Shurooq.gov.ae', 'Najam Shakeel Ahmed', 5, 0, 'participant', 36, 'n.shakeel@Shurooq.gov.ae', '6ecd8fac3edcf4c49ccf57c233869115', NULL, '065195 932', '0', '0', '0', '0', '', NULL, 1, 0, 1, '2021-08-19 08:45:10', 0, NULL, '0', '0', '0', NULL, 1584559195, 1629362711, NULL),
(245, 3, 8, 'm.almutawastopped@shurooq.gov.ae', 'Mohamed Jasim Al Mutawa', 4, 0, 'participant', 37, 'm.almutawa@shurooq.gov.ae', '5481cf12fea8a33f3b3fb47165d3af3b', NULL, '', '0', '0', '0', '0', 'Operation Assistant', NULL, 0, 1, 0, '2020-06-21 06:32:51', 0, NULL, '0', '0', '0', NULL, 1560354611, NULL, NULL),
(246, 3, 8, 'e.alobeidli1@shurooq.gov.ae', 'Eman Al Obeidli', 5, 0, 'participant', 17, 'e.alobeidli1@shurooq.gov.ae', 'cab59170a13606834ec71e19d38b8a06', NULL, '06 5195 821 ', '0', '0', '0', '0', 'Strategy Co-ordinator', NULL, 0, 1, 1, '2020-05-30 03:04:59', 0, NULL, '0', '0', '0', NULL, 1586849242, NULL, NULL),
(247, 3, 8, 'm.altawil@shurooq.gov.ae', 'Mustafa Al Tawil', 4, 0, 'participant', 26, 'm.altawil@shurooq.gov.ae', '214750495656f8128454f0c3c235d498', NULL, '06 5195 883', '0', '0', '0', '0', '', NULL, 1, 0, 0, '2021-09-26 13:15:03', 0, NULL, '0', '0', '0', NULL, 1586850220, NULL, NULL),
(248, 3, 8, 'm.abdulwahab@Shurooq.gov.ae', 'Mohammed Abdulwahab', 5, 0, 'participant', 30, 'm.abdulwahab@Shurooq.gov.ae', 'f34fca3668e1682c0042bdff7ae0fc2e', NULL, '056 118 0066', '0', '0', '0', '0', '', NULL, 1, 0, 1, '2020-04-16 10:10:40', 0, NULL, '0', '0', '0', NULL, 1586850594, NULL, NULL),
(249, 3, 9, 'h.alherbawi@Shurooq.gov.ae', 'Hamed Herbawi ', 4, 0, 'participant', 38, 'h.alherbawi@Shurooq.gov.ae', '1146961e1091614f6f21bf8ed202d1aa', NULL, '', '0', '0', '0', '0', '', NULL, 1, 0, 1, '2022-03-14 11:07:46', 0, NULL, '0', '0', '0', NULL, 1589972151, NULL, NULL),
(250, 3, 8, 'a.zamzam@Shurooq.gov.ae', 'Asma Zamzam ', 5, 0, 'participant', 38, 'a.zamzam@Shurooq.gov.ae', 'suspended', NULL, '', '0', '0', '0', '0', '', NULL, 0, 0, 1, '2021-09-09 10:55:48', 0, NULL, '0', '0', '0', NULL, 1589972435, NULL, NULL),
(251, 3, 7, 'e.alobeidli@shurooq.gov.ae', 'Eman Ahmed Alobeidli ', 3, 0, 'participant', 0, 'e.alobeidli@shurooq.gov.ae', 'd132c071363c62b7153072e365492bf0', NULL, '971505514223', '0', '0', '0', '0', 'Senior Coordinate', NULL, 1, 0, 1, '2022-05-16 07:22:06', 0, NULL, '0', '0', '0', NULL, 1590807859, NULL, NULL),
(253, 3, 8, 'a.albadri@shurooq.gov.ae', 'Amina Rashid Albadri', 4, 0, 'participant', 34, 'a.albadri@shurooq.gov.ae', 'a1f1cd48b1f5d72c1a445ac3676ccb08', NULL, '971 55-4657560', '0', '0', '0', '0', 'Administrative Assistant', NULL, 1, 0, 1, '2021-11-08 06:37:23', 0, NULL, '0', '0', '0', NULL, 1595838257, NULL, NULL),
(254, 3, 8, 'r.aldea@Shurooq.gov.ae', 'Ruby Rose Aldea', 5, 0, 'participant', 37, 'r.aldea@Shurooq.gov.ae', '0c29bdfbcb478c2a1bca56dd153653b4', NULL, '65195340', '0', '0', '0', '0', 'Presentative', NULL, 1, 0, 0, '2022-03-14 17:13:35', 0, NULL, '0', '0', '0', NULL, 1596538597, NULL, NULL),
(255, 3, 8, 'r.clarianes@Shurooq.gov.ae', 'Reinier Clarianes ', 5, 0, 'participant', 18, 'r.clarianes@Shurooq.gov.ae', '107030ca685076c0ed5e054e2c3ed940', NULL, '65195959', '0', '0', '0', '0', 'Presentative', NULL, 1, 0, 1, '2021-01-20 06:18:04', 0, NULL, '0', '0', '0', NULL, 1596539746, NULL, NULL),
(256, 3, 8, 'sheeba.spadigam@almontazah.ae', 'Sheeba Spadigam', 5, 0, 'participant', 31, 'sheeba.spadigam@almontazah.ae', 'deab6a74b7f9d3502b99101dc6405d05', NULL, '65110563', '0', '0', '0', '0', 'Presentative', NULL, 1, 0, 0, '2022-01-17 09:06:47', 0, NULL, '0', '0', '0', NULL, 1596540220, NULL, NULL),
(257, 3, 8, 't.mikawi@shurooq.gov.ae', 'Tasnim Mikawi', 5, 0, 'participant', 70, 't.mikawi@shurooq.gov.ae', 'a14a01b6c749b6d5579ff8c30f7ddd11', NULL, '503558317 ', '0', '0', '0', '0', 'Admin', NULL, 1, 0, 1, '2020-10-16 18:50:15', 0, NULL, '0', '0', '0', NULL, 1597066899, 1602407533, NULL),
(258, 3, 8, 'a.almutairi@Shurooq.gov.ae', 'Al Anoud Fahad Al Mutairi ', 5, 0, 'participant', 32, 'a.almutairi@Shurooq.gov.ae', '660391fdf51e7a70ec7683eefd1dd099', NULL, '564240711', '0', '0', '0', '0', 'Program Coordinator', NULL, 1, 0, 0, '2022-01-25 08:18:38', 0, NULL, '0', '0', '0', NULL, 1597067119, NULL, NULL),
(259, 3, 8, 'j.perez@Shurooq.gov.ae', 'Julius Lad Romualdo Perez', 5, 0, 'participant', 70, 'j.perez@Shurooq.gov.ae', 'd4e65063168542599d17912de37ec68a', NULL, '000', '0', '0', '0', '0', 'Customer Service', NULL, 1, 0, 0, '2020-08-10 13:49:22', 0, NULL, '0', '0', '0', NULL, 1597067363, NULL, NULL),
(260, 3, 8, 't.thangarajah@Shurooq.gov.ae', 'Thirruchelvam Thangarajah', 5, 0, 'participant', 73, 't.thangarajah@Shurooq.gov.ae', 'fe6d86339ef0336397e2a337babc68ca', NULL, '582050233', '0', '0', '0', '0', 'Outlet Manager – Mleiha Café', NULL, 0, 0, 1, '2022-02-23 12:50:01', 0, NULL, '0', '0', '0', NULL, 1597068136, NULL, NULL);
INSERT INTO `users` (`users_id`, `organization_id`, `pms_lifecycle_id`, `user_name`, `name`, `user_role_id`, `c_level_id`, `user_type`, `user_type_id`, `email`, `password`, `gender`, `phone`, `user_image`, `passport_no`, `blood_group`, `emergency_number`, `designation`, `chat_status`, `is_active`, `is_delete`, `is_login`, `last_login`, `category_id`, `level_id`, `manager_name`, `manager_email`, `manager_phone`, `pass_token`, `created_date`, `modified_date`, `random_id`) VALUES
(261, 3, 8, 'c.fernandes_suspended@shurooq.gov.ae', 'Croydon Fernandes', 4, 0, 'participant', 34, 'c.fernandes@shurooq.gov.ae', '9538aff620561f6cb37ef33308373fee', NULL, '569712000', '0', '0', '0', '0', 'Senior Sales and Marketing Executive', NULL, 0, 0, 0, '2021-09-15 11:59:33', 0, NULL, '0', '0', '0', NULL, 1597069375, NULL, NULL),
(262, 3, 8, 'monal.malhotra@Shurooq.gov.ae', 'Monal Malhotra', 4, 0, 'participant', 73, 'monal.malhotra@Shurooq.gov.ae', 'c1911e068e50da551da231589997513e', NULL, '504564932', '0', '0', '0', '0', 'Head of Food and Beverage', NULL, 1, 0, 1, '2020-12-14 13:26:59', 0, NULL, '0', '0', '0', NULL, 1597216037, NULL, NULL),
(263, 3, 8, 'corleone.f@Shurooq.gov.ae', 'Corleone fernandes', 5, 0, 'participant', 72, 'corleone.f@Shurooq.gov.ae', 'c947f6fb735bf19c3c569f8ebdc2acc8', NULL, '065195921', '0', '0', '0', '0', 'Sales coordinator', NULL, 1, 0, 1, '2020-08-30 10:29:06', 0, NULL, '0', '0', '0', NULL, 1598274637, NULL, NULL),
(264, 3, 8, 'm.mohamad@Shurooq.gov.ae', 'Muneer Mohammed', 5, 0, 'participant', 72, 'm.mohamad@Shurooq.gov.ae', '058ad95f4344f79c56e7346e2cb3ce16', NULL, '065195930', '0', '0', '0', '0', 'Presentative', NULL, 1, 0, 1, '2021-02-15 05:49:03', 0, NULL, '0', '0', '0', NULL, 1598275422, NULL, NULL),
(265, 3, 8, 'a.ahmed@Shurooq.gov.ae', 'Abeer Al Hamdani', 4, 0, 'participant', 16, 'a.ahmed@Shurooq.gov.ae', '94bc32d7567384c96b1d7808b2c0ef5c', NULL, '06 519 5321', '0', '0', '0', '0', 'Senior Projects Coordinator', NULL, 1, 0, 1, '2021-02-04 08:57:25', 0, NULL, '0', '0', '0', NULL, 1601372570, NULL, NULL),
(266, 3, 8, 'a.attia@Shurooq.gov.ae', 'Al Anood Attia', 5, 0, 'participant', 16, 'a.attia@Shurooq.gov.ae', '3e18240040b9edcd37080efa5c8bca5f', NULL, '06 519 5370', '0', '0', '0', '0', 'Administrative Assistant – Project Department', NULL, 1, 0, 1, '2020-09-29 09:55:58', 0, NULL, '0', '0', '0', NULL, 1601372715, NULL, NULL),
(267, 3, 8, 'e.alhajri01@shurooq.gov.ae', 'Eman Rashid AlHajri ', 4, 0, 'participant', 43, 'e.alhajri01@shurooq.gov.ae', 'd591eedcd14696e4972032a254153287', NULL, '06 519 5875', '0', '0', '0', '0', 'Destination Marketing Manager', NULL, 0, 0, 1, '2021-09-26 13:28:29', 0, NULL, '0', '0', '0', NULL, 1601471646, NULL, NULL),
(268, 3, 8, 'g.satyani@shurooq.gov.ae', 'Gaurav Satyani', 5, 0, 'participant', 25, 'g.satyani@shurooq.gov.ae', '3a4f5b97b19883e5e7f4f65b06a5eb28', NULL, '0501138137', '0', '0', '0', '0', 'Retail Leasing Associate', NULL, 1, 0, 1, '2021-08-31 06:40:23', 0, NULL, '0', '0', '0', NULL, 1603786473, NULL, NULL),
(269, 3, 8, 'r.mena@Shurooq.gov.ae', 'Rushelle Alamares', 5, 0, 'participant', 24, 'r.mena@Shurooq.gov.ae', '89797990f6a611fee5a05437f291cf71', NULL, '050 6001985', '0', '0', '0', '0', 'Sales Assistance ', NULL, 1, 0, 1, '2020-12-12 19:27:08', 0, NULL, '0', '0', '0', NULL, 1606038502, NULL, NULL),
(270, 3, 8, 'y.zahir@Shurooq.gov.ae', 'Yasmin Zahir', 4, 0, 'participant', 45, 'y.zahir@Shurooq.gov.ae', 'ed970fea2046d5933341cbe17f317706', NULL, '567326244', '0', '0', '0', '0', 'Executive ', NULL, 0, 1, 1, '2022-01-27 06:59:49', 0, NULL, '0', '0', '0', NULL, 1608617728, NULL, NULL),
(271, 3, 8, 'o.ismail@investinsharjah.ae', 'Oussama Khaled Ismail ', 4, 0, 'participant', 41, 'o.ismail@investinsharjah.ae', '3d2b469633549b367bc1249a5ac22a93', NULL, '0507687480 ', '0', '0', '0', '0', 'Head of Investment Promotion Strategy ', NULL, 1, 0, 1, '2021-02-01 10:25:51', 0, NULL, '0', '0', '0', NULL, 1608617883, NULL, NULL),
(272, 3, 8, 'a.abushugair@investinsharjah.ae', 'Anwaar Abushugair ', 4, 0, 'participant', 41, 'a.abushugair@investinsharjah.ae', '3cbb65fa26a67a0e287a03506f7dd6bd', NULL, '0505074671 ', '0', '0', '0', '0', 'Research & Development Executive', NULL, 1, 0, 1, '2022-05-31 09:15:08', 0, NULL, '0', '0', '0', '2722Z1J5KVGX49LIM0', 1608618030, NULL, NULL),
(273, 3, 9, 's.ali@shurooq.gov.ae', 'Shoeb Mohammed', 4, 0, 'participant', 46, 's.ali@shurooq.gov.ae', 'b30a07ebfd73f55630d62818cefaa0a6', NULL, '065195', '0', '0', '0', '0', 'Head of Finance', NULL, 1, 0, 1, '2021-05-23 11:42:55', 0, NULL, '0', '0', '0', NULL, 1611042560, NULL, NULL),
(274, 3, 9, 'j.jasim@shurooq.gov.ae', 'Jawaher Jassim', 5, 0, 'participant', 43, 'j.jasim@shurooq.gov.ae', '4dfd50e67391d9e45767f2b719a8a2d6', NULL, '065195860', '0', '0', '0', '0', '', NULL, 0, 1, 0, '2021-01-25 07:51:53', 0, NULL, '0', '0', '0', NULL, 1611042897, NULL, NULL),
(275, 3, 9, 'f.alshuweihi@shurooq.gov.ae', 'Fatima Al Shuweihi', 4, 0, 'participant', 30, 'f.alshuweihi@shurooq.gov.ae', '4289e4987f45334d3aa82ddc33edf4d5', NULL, '065112520', '0', '0', '0', '0', 'Head of Cultural Guidance', NULL, 1, 0, 1, '2021-02-17 08:38:45', 0, NULL, '0', '0', '0', NULL, 1611216124, NULL, NULL),
(276, 3, 9, 'h.algergawi@shurooq.gov.ae', 'Heba Saleh AlGergawi', 5, 0, 'participant', 74, 'h.algergawi@shurooq.gov.ae', '33f645859cb2504337b19a932a923ba4', NULL, '065195871 ', '0', '0', '0', '0', '', NULL, 1, 0, 1, '2021-03-14 05:55:04', 0, NULL, '0', '0', '0', NULL, 1611042897, NULL, NULL),
(277, 3, 8, 'a.zuberi01@shurooq.gov.ae', 'Anis Hassaan Zuberi', 5, 0, 'participant', 43, 'a.zuberi01@shurooq.gov.ae', '60893f57ee6f73cc84a1678809d80458', NULL, '971 6 519 5933', '0', '0', '0', '0', 'Digital Marketing Executive', NULL, 0, 0, 1, '2021-09-26 13:23:51', 0, NULL, '0', '0', '0', NULL, 1612086412, NULL, NULL),
(278, 3, 8, 's.altunaiji001@Shurooq.gov.ae', 'Saif Al Tunaiji', 4, 0, 'participant', 77, 's.altunaiji001@Shurooq.gov.ae', '08f859e59b3bdaa485cd9d08ea1c1468', NULL, '6 519 5311', '0', '0', '0', '0', 'Manager', NULL, 0, 0, 0, '2021-09-26 13:30:35', 0, NULL, '0', '0', '0', NULL, 1532940466, NULL, NULL),
(279, 3, 8, 'm.azim001@shurooq.gov.ae', 'Maysa Azim', 5, 0, 'participant', 77, 'm.azim001@shurooq.gov.ae', 'b152316c09af1792c62756a6afe99c50', NULL, '065195916', '0', '0', '0', '0', 'Events Executive', NULL, 0, 0, 0, '2021-09-26 13:29:41', 0, NULL, '0', '0', '0', NULL, 1570547576, NULL, NULL),
(280, 3, 9, 'k.babu@shurooq.gov.ae', 'Karthik Babu', 4, 0, 'participant', 44, 'k.babu@shurooq.gov.ae', 'be1818d6db02f54db947f974d02c7138', NULL, '056 3339937', '0', '0', '0', '0', 'Commercial Manager', NULL, 1, 0, 1, '2022-01-06 08:43:42', 0, NULL, '0', '0', '0', NULL, 1613994226, 1614061046, NULL),
(281, 3, 3, 'a.almaazmi01@shurooq.gov.ae', 'Abdullah Othman Omar Al Mazmi', 4, 0, 'participant', 79, 'a.almaazmi@shurooq.gov.ae', 'suspended', NULL, '0562778858', '0', '0', '0', '0', 'Head of Protocol and Guest Relations', NULL, 0, 0, 0, '2021-09-09 10:51:25', 0, NULL, '0', '0', '0', NULL, 1613995282, NULL, NULL),
(282, 3, 8, 'a.zuberi@shurooq.gov.ae', 'Anis Hassaan Zuberi', 5, 0, 'participant', 75, 'a.zuberi@shurooq.gov.ae', '4d6a3f116fac3c4d565f19fe5e83d8b0', NULL, '971 6 519 5933', '0', '0', '0', '0', 'Digital Marketing Executive', NULL, 1, 0, 1, '2021-04-27 06:21:56', 0, NULL, '0', '0', '0', NULL, 1612086412, NULL, NULL),
(283, 3, 3, 'a.almaazmi@shurooq.gov.ae', 'Abdullah Othman Omar Al Mazmi', 4, 0, 'participant', 79, 'a.almaazmi@shurooq.gov.ae', '7122f49f661f29a77a204cb8d96a556b', NULL, '0562778858', '0', '0', '0', '0', 'Head of Protocol and Guest Relations', NULL, 1, 0, 1, '2022-03-03 15:37:21', 0, NULL, '0', '0', '0', NULL, 1613995282, NULL, NULL),
(284, 3, 8, 'm.issa@shurooq.gov.ae', 'Mohammed Toufiq Issa', 5, 0, 'participant', 75, 'm.issa@shurooq.gov.ae', '5e1c05fa9fd0a849496911b865a5b8a7', NULL, '', '0', '0', '0', '0', '', NULL, 1, 0, 0, '2022-03-10 16:34:46', 0, NULL, '0', '0', '0', NULL, 1565252935, NULL, NULL),
(285, 3, 9, 'creative@shurooq.gov.ae', 'Creative', 5, 0, 'participant', 76, 'creative@shurooq.gov.ae', '975c7f0b5f9d369b6b3d061c663d7b71', NULL, '', '0', '0', '0', '0', '', NULL, 1, 0, 0, '2021-05-19 12:50:35', 0, NULL, '0', '0', '0', NULL, 1621428639, NULL, NULL),
(286, 3, 9, 'n.flores@shurooq.gov.ae', 'Nenani Flores', 5, 0, 'participant', 18, 'n.flores@shurooq.gov.ae', '13ac81c8ed358409742da36f017faded', NULL, '0553880418', '0', '0', '0', '0', 'Legal Assistant', NULL, 1, 0, 1, '2021-08-25 07:29:26', 0, NULL, '0', '0', '0', '286B9L8IMLJ6BRMWFW', 1625653396, 1628401205, NULL),
(287, 3, 9, 'a.alqadi@shurooq.gov.ae', 'Ahmed Abdulla Al Qadi', 5, 0, 'participant', 18, 'a.alqadi@shurooq.gov.ae', '402ad138f9644ad5d7ac43843cec88b0', NULL, '0501200033', '0', '0', '0', '0', 'Legal Researcher', NULL, 1, 0, 1, '2021-07-29 10:04:15', 0, NULL, '0', '0', '0', NULL, 1625653576, NULL, NULL),
(288, 3, 9, 'd.almaroof@shurooq.gov.ae', 'Dina Nazar Al-Maroof', 4, 0, 'participant', 40, 'd.almaroof@shurooq.gov.ae', '119e29e9bc523707a655a6d7fc16464a', NULL, '0545513111', '0', '0', '0', '0', 'Administrative Executive', NULL, 1, 0, 1, '2021-08-05 07:39:04', 0, NULL, '0', '0', '0', NULL, 1626077922, 1627537175, NULL),
(289, 3, 9, 'a.mohan@shurooq.gov.ae', 'Anish Mohan', 5, 0, 'participant', 72, 'a.mohan@shurooq.gov.ae', '2fa21ea416e12be8f657f7d1dacb5d61', NULL, '0507949373', '0', '0', '0', '0', 'Head of Sales', NULL, 1, 0, 1, '2021-09-06 09:44:54', 0, NULL, '0', '0', '0', NULL, 1627380478, NULL, NULL),
(291, 3, 8, 'a.alharmoudi@Shurooq.gov.ae', 'Asia Al Harmoudi', 4, 0, 'participant', 42, 'a.alharmoudi@Shurooq.gov.ae', '81a82931d387ee8757479e1d5bfb6915', NULL, '06 519 5367', '0', '0', '0', '0', 'Head', NULL, 1, 0, 1, '2020-05-17 10:11:36', 0, NULL, '0', '0', '0', '', 1557308003, 1583993342, NULL),
(292, 3, 8, 'r.leduna@shurooq.gov.ae', 'Ricardo Leduna', 4, 0, 'participant', 79, 'r.leduna@shurooq.gov.ae', 'e3023cb26ee1da6bcc0c72ebd9a4524d', NULL, '06 519 5327', '0', '0', '0', '0', 'Director of Special Operation', NULL, 1, 0, 1, '2021-09-09 10:28:32', 0, NULL, '0', '0', '0', NULL, 1560350073, NULL, NULL),
(293, 3, 9, 'l.dsouza@shurooq.gov.ae', 'Liewellyn Dsouza', 5, 0, 'participant', 44, 'l.dsouza@shurooq.gov.ae', 'd02339fee86fefa5fd3624993b08fb3b', NULL, '0585323223', '0', '0', '0', '0', 'Sales Coordinator', NULL, 1, 0, 1, '2021-09-23 06:04:58', 0, NULL, '0', '0', '0', NULL, 1631715702, NULL, NULL),
(294, 3, 9, 'n.rajah@shurooq.gov.ae', 'Nirmal Rajah', 5, 0, 'participant', 44, 'n.rajah@shurooq.gov.ae', 'c1e537fabe9863bc490656599363926a', NULL, '0504258299', '0', '0', '0', '0', 'Head of Tours', NULL, 1, 0, 0, '2021-11-05 11:32:25', 0, NULL, '0', '0', '0', NULL, 1631716062, NULL, NULL),
(295, 3, 8, 'e.alhajri@shurooq.gov.ae', 'Eman Rashid AlHajri ', 4, 0, 'participant', 74, 'e.alhajri@shurooq.gov.ae', 'd591eedcd14696e4972032a254153287', NULL, '06 519 5875', '0', '0', '0', '0', 'Destination Marketing Manager', NULL, 1, 0, 1, '2020-10-01 05:16:09', 0, NULL, '0', '0', '0', NULL, 1601471646, NULL, NULL),
(296, 3, 8, 'm.khayat@shurooq.gov.ae', 'Michel Khayat', 4, 0, 'participant', 45, 'm.khayat@shurooq.gov.ae', '191e8e6b171cc8825ac03c869f0a9563', NULL, '567326244', '0', '0', '0', '0', 'Manager-Corporate Alliance & Sponsorship', NULL, 1, 0, 0, '2022-01-27 07:30:39', 0, NULL, '0', '0', '0', NULL, 1643867520, NULL, NULL),
(297, 3, 10, 'm.alqaseer@shurooq.gov.ae', 'Mira Al Qaseer', 4, 0, 'participant', 76, 'm.alqaseer@shurooq.gov.ae', '955a31c8e0db2479ced31a1ed11a7589', NULL, '0504814040', '0', '0', '0', '0', 'Head of Creative', NULL, 1, 0, 0, '2022-03-02 10:03:49', 0, NULL, '0', '0', '0', NULL, 1645085343, NULL, NULL),
(298, 3, 10, 'd.chambayil@shurooq.gov.ae', 'Dheerajlal Chambayil ', 4, 0, 'participant', 73, 'd.chambayil@shurooq.gov.ae', '8ac0aa1fe54f1e751e8ae84ac5ee6dcb', NULL, '+971566865760 ', '0', '0', '0', '0', 'Restaurant Manager', NULL, 1, 0, 1, '2022-02-28 09:00:04', 0, NULL, '0', '0', '0', NULL, 1646220943, NULL, NULL),
(2831, 3, 3, 'a.almaazmi_30_8_2021@shurooq.gov.ae', 'Abdullah Othman Omar Al Mazmi', 4, 0, 'participant', 78, 'a.almaazmi@shurooq.gov.ae', 'suspended', NULL, '0562778858', '0', '0', '0', '0', 'Head of Protocol and Guest Relations', NULL, 0, 0, 1, '2021-09-09 10:49:11', 0, NULL, '0', '0', '0', NULL, 1613995282, NULL, NULL);

-- --------------------------------------------------------

--
-- Структура таблицы `user_departments`
--

