-- https://www.phpmyadmin.net/
--
-- Servidor: 127.0.0.1:3306
-- Tiempo de generación: 20-06-2019 a las 17:15:47
-- Versión del servidor: 5.7.26
-- Versión de PHP: 7.2.18

START TRANSACTION;



--
-- Base de datos: `mantaentusmanos`
--
CREATE DATABASE IF NOT EXISTS `mantaentusmanos` DEFAULT CHARACTER SET utf8 COLLATE utf8_general_ci;
USE `mantaentusmanos`;

-- --------------------------------------------------------

--
-- Estructura de tabla para la tabla `ad_auditoria`
--

CREATE TABLE IF NOT EXISTS `ad_auditoria` (
  `id` int(11) NOT NULL AUTO_INCREMENT,
  `idusuario` int(11) NOT NULL,
  `urlmenu` varchar(255) NOT NULL,
  `accion` varchar(255) NOT NULL,
  `ip` varchar(255) NOT NULL,
  `nompc` varchar(255) NOT NULL,
  `created_at` datetime NOT NULL,
  `updated_at` datetime NOT NULL,
  PRIMARY KEY (`id`)
) ENGINE=InnoDB AUTO_INCREMENT=2 DEFAULT CHARSET=utf8;

--
-- Volcado de datos para la tabla `ad_auditoria`
--

INSERT INTO `ad_auditoria` (`id`, `idusuario`, `urlmenu`, `accion`, `ip`, `nompc`, `created_at`, `updated_at`) VALUES
(1, 1, '/usuarios/2', 'Edición Variable de Configuración - ID: 2-1315604361', '127.0.0.1', 'localhost', '2019-06-19 09:01:26', '2019-06-19 09:01:26');

-- --------------------------------------------------------

--
-- Estructura de tabla para la tabla `ad_menu_modulo`
--

CREATE TABLE IF NOT EXISTS `ad_menu_modulo` (
  `id` int(10) UNSIGNED NOT NULL AUTO_INCREMENT,
  `id_modulo` int(10) UNSIGNED NOT NULL,
  `id_menu` int(10) UNSIGNED NOT NULL,
  `ruta` varchar(250) DEFAULT NULL,
  `icono` varchar(45) DEFAULT NULL,
  `nivel` varchar(45) DEFAULT NULL,
  `idmain` int(11) DEFAULT NULL,
  `orden` decimal(10,2) DEFAULT NULL,
  `visible` varchar(45) DEFAULT NULL,
  `adicional` varchar(250) DEFAULT NULL,
  `created_at` timestamp NULL DEFAULT NULL,
  `updated_at` timestamp NULL DEFAULT NULL,
  PRIMARY KEY (`id`),
  KEY `fk_ad_menu_modulo_menu1_idx` (`id_menu`),
  KEY `fk_ad_menu_modulo_ad_modulos1_idx` (`id_modulo`)
) ENGINE=InnoDB AUTO_INCREMENT=12 DEFAULT CHARSET=utf8;

--
-- Volcado de datos para la tabla `ad_menu_modulo`
--

INSERT INTO `ad_menu_modulo` (`id`, `id_modulo`, `id_menu`, `ruta`, `icono`, `nivel`, `idmain`, `orden`, `visible`, `adicional`, `created_at`, `updated_at`) VALUES
(1, 1, 1, 'incidenciasmanta', 'fa fa-warning', '1', NULL, NULL, NULL, NULL, NULL, NULL),
(2, 1, 2, 'incidenciasmanta/incidencia', 'fa fa-warning', '2', 1, '2.00', 'SI', '', '2019-06-18 23:33:51', '2019-06-20 14:10:33'),
(3, 2, 3, '#', 'fa fa-pencil-square-o', '1', NULL, NULL, NULL, NULL, NULL, NULL),
(4, 2, 4, 'usuarios', '', '2', 3, '1.00', 'SI', '', '2019-06-19 11:03:32', '2019-06-19 11:03:32'),
(5, 2, 7, 'menuperfil', '', '2', 3, '3.00', 'SI', '', '2019-06-19 11:04:32', '2019-06-19 11:25:14'),
(6, 2, 5, 'menu', '', '2', 3, '4.00', 'SI', '', '2019-06-19 11:06:50', '2019-06-19 11:06:50'),
(7, 2, 9, 'modulos', '', '2', 3, '6.00', 'SI', '', '2019-06-19 11:08:05', '2019-06-19 11:20:14'),
(8, 2, 10, 'menumodulos', '', '2', 3, '7.00', 'SI', '', '2019-06-19 11:13:48', '2019-06-19 11:20:15'),
(9, 2, 6, 'perfil', '', '2', 3, '2.00', 'SI', '', '2019-06-19 11:15:14', '2019-06-19 11:20:56'),
(10, 2, 11, 'auditoria', '', '2', 3, '8.00', 'SI', '', '2019-06-19 11:18:52', '2019-06-19 11:18:52'),
(11, 1, 12, 'incidenciasmanta/entidades', 'fa fa-building', '2', 1, '3.00', 'SI', '', '2019-06-20 13:59:45', '2019-06-20 14:03:02');

-- --------------------------------------------------------

--
-- Estructura de tabla para la tabla `ad_menu_perfil`
--

CREATE TABLE IF NOT EXISTS `ad_menu_perfil` (
  `id` int(10) UNSIGNED NOT NULL AUTO_INCREMENT,
  `id_perfil` int(10) UNSIGNED NOT NULL,
  `id_menu_modulo` int(10) UNSIGNED NOT NULL,
  `created_at` timestamp NULL DEFAULT NULL,
  `updated_at` timestamp NULL DEFAULT NULL,
  `ver` varchar(2) COLLATE utf8_unicode_ci DEFAULT 'SI',
  `editar` varchar(2) COLLATE utf8_unicode_ci DEFAULT 'NO',
  `eliminar` varchar(2) COLLATE utf8_unicode_ci DEFAULT 'NO',
  `crear` varchar(2) COLLATE utf8_unicode_ci DEFAULT 'NO',
  `extra` varchar(50) COLLATE utf8_unicode_ci DEFAULT NULL,
  PRIMARY KEY (`id`),
  KEY `fk_ad_menu_perfil_ad_menu_modulo1_idx` (`id_menu_modulo`),
  KEY `fk_ad_menu_perfil_ad_perfil1_idx` (`id_perfil`)
) ENGINE=InnoDB AUTO_INCREMENT=5 DEFAULT CHARSET=utf8 COLLATE=utf8_unicode_ci;

--
-- Volcado de datos para la tabla `ad_menu_perfil`
--

INSERT INTO `ad_menu_perfil` (`id`, `id_perfil`, `id_menu_modulo`, `created_at`, `updated_at`, `ver`, `editar`, `eliminar`, `crear`, `extra`) VALUES
(3, 1, 2, '2019-06-18 23:37:28', '2019-06-18 23:37:28', 'SI', 'SI', 'SI', 'SI', NULL),
(4, 1, 1, '2019-06-18 23:37:29', '2019-06-18 23:37:29', 'SI', 'NO', 'NO', 'NO', NULL);

-- --------------------------------------------------------

--
-- Estructura de tabla para la tabla `ad_modulos`
--

CREATE TABLE IF NOT EXISTS `ad_modulos` (
  `id` int(10) UNSIGNED NOT NULL AUTO_INCREMENT,
  `nombre` varchar(100) NOT NULL,
  `estado` varchar(3) DEFAULT 'ACT',
  `created_at` datetime DEFAULT NULL,
  `updated_at` datetime DEFAULT NULL,
  `detalle` varchar(250) DEFAULT NULL,
  `icono` varchar(100) DEFAULT NULL,
  `ruta` varchar(200) DEFAULT NULL,
  PRIMARY KEY (`id`),
  UNIQUE KEY `nombre_modulo_UNIQUE` (`nombre`)
) ENGINE=InnoDB AUTO_INCREMENT=3 DEFAULT CHARSET=utf8;

--
-- Volcado de datos para la tabla `ad_modulos`
--

INSERT INTO `ad_modulos` (`id`, `nombre`, `estado`, `created_at`, `updated_at`, `detalle`, `icono`, `ruta`) VALUES
(1, 'Incidencias', 'ACT', NULL, NULL, NULL, NULL, ''),
(2, 'Administracion', 'ACT', '2019-06-19 05:56:03', '2019-06-19 05:56:03', 'Sirve para administar el sistema', NULL, '/');

-- --------------------------------------------------------

--
-- Estructura de tabla para la tabla `ad_perfil`
--

CREATE TABLE IF NOT EXISTS `ad_perfil` (
  `id` int(10) UNSIGNED NOT NULL AUTO_INCREMENT,
  `nombre_perfil` varchar(255) COLLATE utf8_unicode_ci NOT NULL,
  `estado` varchar(3) COLLATE utf8_unicode_ci DEFAULT 'ACT',
  `created_at` timestamp NULL DEFAULT NULL,
  `updated_at` timestamp NULL DEFAULT NULL,
  `tipo` int(11) DEFAULT NULL,
  PRIMARY KEY (`id`),
  UNIQUE KEY `ad_perfil_nombre_perfil_unique` (`nombre_perfil`)
) ENGINE=InnoDB AUTO_INCREMENT=2 DEFAULT CHARSET=utf8 COLLATE=utf8_unicode_ci;

--
-- Volcado de datos para la tabla `ad_perfil`
--

INSERT INTO `ad_perfil` (`id`, `nombre_perfil`, `estado`, `created_at`, `updated_at`, `tipo`) VALUES
(1, 'Administrador', 'ACT', NULL, NULL, 1);

-- --------------------------------------------------------

--
-- Estructura de tabla para la tabla `ad_usuario_modulo`
--

CREATE TABLE IF NOT EXISTS `ad_usuario_modulo` (
  `id` int(10) UNSIGNED NOT NULL AUTO_INCREMENT,
  `id_usuario` int(10) UNSIGNED NOT NULL,
  `id_modulo` int(10) UNSIGNED NOT NULL,
  `created_at` timestamp NULL DEFAULT NULL,
  `updated_at` timestamp NULL DEFAULT NULL,
  PRIMARY KEY (`id`),
  KEY `fk_ad_usuario_modulo_ad_modulos1_idx` (`id_modulo`),
  KEY `fk_ad_usuario_modulo_users1_idx` (`id_usuario`)
) ENGINE=InnoDB AUTO_INCREMENT=6 DEFAULT CHARSET=utf8 COLLATE=utf8_unicode_ci;

--
-- Volcado de datos para la tabla `ad_usuario_modulo`
--

INSERT INTO `ad_usuario_modulo` (`id`, `id_usuario`, `id_modulo`, `created_at`, `updated_at`) VALUES
(1, 1, 2, NULL, NULL),
(2, 2, 1, NULL, NULL),
(3, 1, 2, NULL, NULL),
(4, 2, 1, NULL, NULL),
(5, 2, 2, '2019-06-19 14:01:26', '2019-06-19 14:01:26');

-- --------------------------------------------------------

--
-- Estructura de tabla para la tabla `comp_tma_tipo_contratacion`
--

CREATE TABLE IF NOT EXISTS `comp_tma_tipo_contratacion` (
  `id` int(10) UNSIGNED NOT NULL AUTO_INCREMENT,
  `descripcion` varchar(45) COLLATE utf8_bin NOT NULL,
  `estado` varchar(3) COLLATE utf8_bin NOT NULL DEFAULT 'ACT',
  `created_at` datetime NOT NULL,
  `updated_at` datetime NOT NULL,
  PRIMARY KEY (`id`)
) ENGINE=InnoDB DEFAULT CHARSET=utf8 COLLATE=utf8_bin;

-- --------------------------------------------------------

--
-- Estructura de tabla para la tabla `comp_tmo_aplicar_proceso`
--

CREATE TABLE IF NOT EXISTS `comp_tmo_aplicar_proceso` (
  `id` int(10) UNSIGNED NOT NULL AUTO_INCREMENT,
  `id_proveedor` int(10) UNSIGNED NOT NULL,
  `id_proceso_contratacion` int(10) UNSIGNED NOT NULL,
  `monto_ofertado` decimal(16,2) DEFAULT NULL,
  `fecha_entrega` datetime DEFAULT NULL,
  `observaciones` varchar(500) DEFAULT NULL,
  `created_at` datetime DEFAULT NULL,
  `updated_at` datetime DEFAULT NULL,
  PRIMARY KEY (`id`),
  KEY `fk_comp_tmov_aplicar_proceso_comp_tmo_contratista1_idx` (`id_proveedor`),
  KEY `fk_comp_tmov_aplicar_proceso_com_tmov_proceso_contratacion1_idx` (`id_proceso_contratacion`)
) ENGINE=InnoDB DEFAULT CHARSET=utf8;

-- --------------------------------------------------------

--
-- Estructura de tabla para la tabla `comp_tmo_proceso_contratacion`
--

CREATE TABLE IF NOT EXISTS `comp_tmo_proceso_contratacion` (
  `id` int(10) UNSIGNED NOT NULL AUTO_INCREMENT,
  `id_tipo_contratacion` int(10) UNSIGNED NOT NULL,
  `codigo` varchar(45) NOT NULL,
  `objeto` varchar(45) NOT NULL,
  `estado` varchar(45) NOT NULL,
  `estado_proceso` enum('RECEPCION DE OFERTAS','EN SELECCION','ADJUDICADO','CANCELADO') NOT NULL,
  `fecha_publicacion` datetime NOT NULL,
  `fecha_expiracion` datetime NOT NULL,
  `tdr_file` varchar(100) DEFAULT NULL,
  `created_at` datetime NOT NULL,
  `updated_at` datetime NOT NULL,
  PRIMARY KEY (`id`),
  KEY `fk_com_tmov_proceso_contratacion_comp_tma_tipo_contratacion_idx` (`id_tipo_contratacion`)
) ENGINE=InnoDB DEFAULT CHARSET=utf8;

-- --------------------------------------------------------

--
-- Estructura de tabla para la tabla `comp_tmo_proveedor`
--

CREATE TABLE IF NOT EXISTS `comp_tmo_proveedor` (
  `id` int(10) UNSIGNED NOT NULL,
  `id_users` int(10) UNSIGNED NOT NULL,
  `razon_social` text,
  `nombre_comercial` text,
  `nombre_contacto` varchar(45) DEFAULT NULL,
  `created_at` datetime DEFAULT NULL,
  `updated_at` datetime DEFAULT NULL,
  PRIMARY KEY (`id`),
  UNIQUE KEY `id_UNIQUE` (`id`),
  KEY `fk_comp_tmo_contratista_users1_idx` (`id_users`)
) ENGINE=InnoDB DEFAULT CHARSET=utf8;

-- --------------------------------------------------------

--
-- Estructura de tabla para la tabla `denu_tma_entidades`
--

CREATE TABLE IF NOT EXISTS `denu_tma_entidades` (
  `id` int(10) UNSIGNED NOT NULL AUTO_INCREMENT,
  `nombre_entidad` varchar(250) NOT NULL,
  `id_modulo` int(10) UNSIGNED NOT NULL,
  `estado` varchar(3) DEFAULT 'ACT',
  `created_at` datetime DEFAULT NULL,
  `updated_at` datetime DEFAULT NULL,
  `ruta_app` varchar(100) DEFAULT NULL,
  `icono_app` varchar(100) DEFAULT NULL,
  PRIMARY KEY (`id`),
  UNIQUE KEY `nombre_UNIQUE` (`nombre_entidad`),
  KEY `fk_tme_entidades_tme_moduloa_idx` (`id_modulo`)
) ENGINE=InnoDB AUTO_INCREMENT=2 DEFAULT CHARSET=utf8;

--
-- Volcado de datos para la tabla `denu_tma_entidades`
--

INSERT INTO `denu_tma_entidades` (`id`, `nombre_entidad`, `id_modulo`, `estado`, `created_at`, `updated_at`, `ruta_app`, `icono_app`) VALUES
(1, 'Epam', 1, 'ACT', NULL, NULL, NULL, NULL);

-- --------------------------------------------------------

--
-- Estructura de tabla para la tabla `denu_tma_responsable_cuadrilla`
--

CREATE TABLE IF NOT EXISTS `denu_tma_responsable_cuadrilla` (
  `id` int(10) UNSIGNED NOT NULL AUTO_INCREMENT,
  `id_responsable_entidad` int(10) UNSIGNED NOT NULL,
  `id_usuario_responsable` int(10) UNSIGNED NOT NULL,
  `estado` varchar(3) DEFAULT 'ACT',
  `created_at` datetime DEFAULT NULL,
  `updated_at` datetime DEFAULT NULL,
  PRIMARY KEY (`id`),
  KEY `fk_denu_tma_responsable_cuadrilla_users1_idx` (`id_usuario_responsable`),
  KEY `fk_tma_personas_cuadrilla_tma_responsable_entidad1_idx` (`id_responsable_entidad`)
) ENGINE=InnoDB AUTO_INCREMENT=2 DEFAULT CHARSET=utf8;

--
-- Volcado de datos para la tabla `denu_tma_responsable_cuadrilla`
--

INSERT INTO `denu_tma_responsable_cuadrilla` (`id`, `id_responsable_entidad`, `id_usuario_responsable`, `estado`, `created_at`, `updated_at`) VALUES
(1, 0, 2, 'ACT', NULL, NULL);

-- --------------------------------------------------------

--
-- Estructura de tabla para la tabla `denu_tma_responsable_entidad`
--

CREATE TABLE IF NOT EXISTS `denu_tma_responsable_entidad` (
  `id` int(10) UNSIGNED NOT NULL AUTO_INCREMENT,
  `id_usuario_responsable` int(11) UNSIGNED NOT NULL,
  `id_entidad` int(10) UNSIGNED NOT NULL,
  `created_at` datetime DEFAULT NULL,
  `updated_at` datetime DEFAULT NULL,
  PRIMARY KEY (`id`),
  KEY `fk_tma_responsable_entidad_tme_entidades1_idx` (`id_entidad`),
  KEY `fk_denu_tma_responsable_entidad_users1_idx` (`id_usuario_responsable`)
) ENGINE=InnoDB AUTO_INCREMENT=11 DEFAULT CHARSET=utf8;

--
-- Volcado de datos para la tabla `denu_tma_responsable_entidad`
--

INSERT INTO `denu_tma_responsable_entidad` (`id`, `id_usuario_responsable`, `id_entidad`, `created_at`, `updated_at`) VALUES
(10, 2, 1, NULL, NULL);

-- --------------------------------------------------------

--
-- Estructura de tabla para la tabla `denu_tma_tecnico_inspector`
--

CREATE TABLE IF NOT EXISTS `denu_tma_tecnico_inspector` (
  `id` int(10) UNSIGNED NOT NULL AUTO_INCREMENT,
  `id_usuario_tec` int(10) UNSIGNED NOT NULL,
  `id_resp_cuadrilla` int(10) UNSIGNED NOT NULL,
  `estado` varchar(3) DEFAULT 'ACT',
  `created_at` datetime DEFAULT NULL,
  `updated_at` datetime DEFAULT NULL,
  PRIMARY KEY (`id`),
  KEY `fk_tma_tecnico_inspector_tma_responsable_cuadrilla1_idx` (`id_resp_cuadrilla`),
  KEY `fk_denu_tma_tecnico_inspector_users1_idx` (`id_usuario_tec`)
) ENGINE=InnoDB DEFAULT CHARSET=utf8;

-- --------------------------------------------------------

--
-- Estructura de tabla para la tabla `denu_tma_tipo_denuncias`
--

CREATE TABLE IF NOT EXISTS `denu_tma_tipo_denuncias` (
  `id` int(10) UNSIGNED NOT NULL AUTO_INCREMENT,
  `nombre_denuncia` varchar(45) NOT NULL,
  `id_entidad` int(10) UNSIGNED NOT NULL,
  `tiempo_respuesta` varchar(100) DEFAULT NULL,
  `estado` varchar(3) NOT NULL DEFAULT 'ACT',
  `icono_app` varchar(100) DEFAULT NULL,
  PRIMARY KEY (`id`),
  UNIQUE KEY `nombre_denunciia_UNIQUE` (`nombre_denuncia`),
  KEY `fk_tme_tipo_denuncias_tme_entidades1_idx` (`id_entidad`)
) ENGINE=InnoDB AUTO_INCREMENT=2 DEFAULT CHARSET=utf8;

--
-- Volcado de datos para la tabla `denu_tma_tipo_denuncias`
--

INSERT INTO `denu_tma_tipo_denuncias` (`id`, `nombre_denuncia`, `id_entidad`, `tiempo_respuesta`, `estado`, `icono_app`) VALUES
(1, 'Alcantarilla rebosada', 1, '24 HORAS', 'ACT', NULL);

-- --------------------------------------------------------

--
-- Estructura de tabla para la tabla `denu_tmo_delegacion`
--

CREATE TABLE IF NOT EXISTS `denu_tmo_delegacion` (
  `id` int(10) UNSIGNED NOT NULL AUTO_INCREMENT,
  `id_responsable_cuadrilla` int(10) UNSIGNED NOT NULL,
  `estado` varchar(3) DEFAULT 'ACT',
  `created_at` datetime DEFAULT NULL,
  `updated_at` datetime DEFAULT NULL,
  `id_denunica` int(10) UNSIGNED NOT NULL,
  PRIMARY KEY (`id`),
  KEY `fk_denu_tmo_delegacion_denu_tma_responsable_cuadrilla1_idx` (`id_responsable_cuadrilla`),
  KEY `fk_denu_tmo_delegacion_denu_tmo_denuncia1_idx` (`id_denunica`)
) ENGINE=InnoDB DEFAULT CHARSET=utf8;

-- --------------------------------------------------------

--
-- Estructura de tabla para la tabla `denu_tmo_denuncia`
--

CREATE TABLE IF NOT EXISTS `denu_tmo_denuncia` (
  `id` int(10) UNSIGNED NOT NULL AUTO_INCREMENT,
  `observacion` text NOT NULL,
  `imagen` text NOT NULL,
  `latitud` text NOT NULL,
  `longitud` text NOT NULL,
  `id_tipo_denuncia` int(10) UNSIGNED NOT NULL,
  `direccion` text,
  `estado_denuncia` varchar(100) DEFAULT 'PENDIENTE',
  `fecha_solucion` datetime DEFAULT NULL,
  `fecha_real_solucion` datetime DEFAULT NULL,
  `estado` varchar(3) DEFAULT 'ACT',
  `created_at` datetime DEFAULT NULL,
  `updated_at` datetime DEFAULT NULL,
  `id_usuario` int(11) NOT NULL,
  PRIMARY KEY (`id`),
  KEY `fk_tmo_denuncia_tme_tipo_denuncias1_idx` (`id_tipo_denuncia`)
) ENGINE=InnoDB AUTO_INCREMENT=2 DEFAULT CHARSET=utf8;

--
-- Volcado de datos para la tabla `denu_tmo_denuncia`
--

INSERT INTO `denu_tmo_denuncia` (`id`, `observacion`, `imagen`, `latitud`, `longitud`, `id_tipo_denuncia`, `direccion`, `estado_denuncia`, `fecha_solucion`, `fecha_real_solucion`, `estado`, `created_at`, `updated_at`, `id_usuario`) VALUES
(1, 'wqert', '1.png', '-0.948271', ' -80.721611', 1, 'weqewq', 'por sss', '2019-06-20 00:00:00', NULL, 'ACT', NULL, NULL, 2);

-- --------------------------------------------------------

--
-- Estructura de tabla para la tabla `menu`
--

CREATE TABLE IF NOT EXISTS `menu` (
  `id` int(10) UNSIGNED NOT NULL AUTO_INCREMENT,
  `menu` varchar(255) COLLATE utf8_unicode_ci NOT NULL,
  `adicional` varchar(255) COLLATE utf8_unicode_ci DEFAULT NULL,
  `created_at` timestamp NULL DEFAULT NULL,
  `updated_at` timestamp NULL DEFAULT NULL,
  `icono` varchar(45) COLLATE utf8_unicode_ci DEFAULT NULL,
  PRIMARY KEY (`id`)
) ENGINE=InnoDB AUTO_INCREMENT=13 DEFAULT CHARSET=utf8 COLLATE=utf8_unicode_ci;

--
-- Volcado de datos para la tabla `menu`
--

INSERT INTO `menu` (`id`, `menu`, `adicional`, `created_at`, `updated_at`, `icono`) VALUES
(1, 'Indicencias', NULL, NULL, NULL, NULL),
(2, 'Incidencia', '', '2019-06-18 23:32:12', '2019-06-18 23:32:12', ''),
(3, 'Administracion', '', '2019-06-19 10:47:03', '2019-06-19 10:47:03', ''),
(4, 'Usuarios', '', '2019-06-19 10:47:33', '2019-06-19 10:47:33', ''),
(5, 'Menu de Opciones', '', '2019-06-19 10:47:46', '2019-06-19 10:49:48', ''),
(6, 'Perfiles', '', '2019-06-19 10:48:00', '2019-06-19 10:52:28', ''),
(7, 'Permisos por Perfiles', '', '2019-06-19 10:48:14', '2019-06-19 10:53:15', ''),
(8, 'Variables de configuración', '', '2019-06-19 10:50:26', '2019-06-19 10:50:26', ''),
(9, 'Módulos del sistema', '', '2019-06-19 10:50:56', '2019-06-19 10:50:56', ''),
(10, 'Asignar Menú a Módulo', '', '2019-06-19 10:51:44', '2019-06-19 10:51:44', ''),
(11, 'Auditoria', '', '2019-06-19 11:18:19', '2019-06-19 11:18:19', ''),
(12, 'Entidades', '', '2019-06-20 13:08:39', '2019-06-20 13:08:39', '');

-- --------------------------------------------------------

--
-- Estructura de tabla para la tabla `sysconfig`
--

CREATE TABLE IF NOT EXISTS `sysconfig` (
  `id` int(10) UNSIGNED NOT NULL AUTO_INCREMENT,
  `campo` varchar(255) COLLATE utf8_unicode_ci NOT NULL,
  `valor` varchar(255) COLLATE utf8_unicode_ci NOT NULL,
  `valorsub` varchar(255) COLLATE utf8_unicode_ci NOT NULL,
  `created_at` timestamp NULL DEFAULT NULL,
  `updated_at` timestamp NULL DEFAULT NULL,
  PRIMARY KEY (`id`),
  UNIQUE KEY `sysconfig_campo_unique` (`campo`)
) ENGINE=InnoDB AUTO_INCREMENT=15 DEFAULT CHARSET=utf8 COLLATE=utf8_unicode_ci;

--
-- Restricciones para tablas volcadas
--

--
-- Filtros para la tabla `ad_menu_modulo`
--
ALTER TABLE `ad_menu_modulo`
  ADD CONSTRAINT `fk_ad_menu_modulo_ad_modulos1` FOREIGN KEY (`id_modulo`) REFERENCES `ad_modulos` (`id`) ON DELETE NO ACTION ON UPDATE NO ACTION,
  ADD CONSTRAINT `fk_ad_menu_modulo_menu1` FOREIGN KEY (`id_menu`) REFERENCES `menu` (`id`) ON DELETE NO ACTION ON UPDATE NO ACTION;

--
-- Filtros para la tabla `ad_menu_perfil`
--
ALTER TABLE `ad_menu_perfil`
  ADD CONSTRAINT `fk_ad_menu_perfil_ad_menu_modulo1` FOREIGN KEY (`id_menu_modulo`) REFERENCES `ad_menu_modulo` (`id`) ON DELETE NO ACTION ON UPDATE NO ACTION,
  ADD CONSTRAINT `fk_ad_menu_perfil_ad_perfil1` FOREIGN KEY (`id_perfil`) REFERENCES `ad_perfil` (`id`) ON DELETE NO ACTION ON UPDATE NO ACTION;

--
-- Filtros para la tabla `ad_usuario_modulo`
--
ALTER TABLE `ad_usuario_modulo`
  ADD CONSTRAINT `fk_ad_usuario_modulo_ad_modulos1` FOREIGN KEY (`id_modulo`) REFERENCES `ad_modulos` (`id`) ON DELETE NO ACTION ON UPDATE NO ACTION,
  ADD CONSTRAINT `fk_ad_usuario_modulo_users1` FOREIGN KEY (`id_usuario`) REFERENCES `users` (`id`) ON DELETE NO ACTION ON UPDATE NO ACTION;

--
-- Filtros para la tabla `comp_tmo_aplicar_proceso`
--
ALTER TABLE `comp_tmo_aplicar_proceso`
  ADD CONSTRAINT `fk_comp_tmov_aplicar_proceso_com_tmov_proceso_contratacion1` FOREIGN KEY (`id_proceso_contratacion`) REFERENCES `comp_tmo_proceso_contratacion` (`id`) ON DELETE NO ACTION ON UPDATE NO ACTION,
  ADD CONSTRAINT `fk_comp_tmov_aplicar_proceso_comp_tmo_contratista1` FOREIGN KEY (`id_proveedor`) REFERENCES `comp_tmo_proveedor` (`id`) ON DELETE NO ACTION ON UPDATE NO ACTION;

--
-- Filtros para la tabla `comp_tmo_proceso_contratacion`
--
ALTER TABLE `comp_tmo_proceso_contratacion`
  ADD CONSTRAINT `fk_com_tmov_proceso_contratacion_comp_tma_tipo_contratacion1` FOREIGN KEY (`id_tipo_contratacion`) REFERENCES `comp_tma_tipo_contratacion` (`id`) ON DELETE NO ACTION ON UPDATE NO ACTION;

--
-- Filtros para la tabla `comp_tmo_proveedor`
--
ALTER TABLE `comp_tmo_proveedor`
  ADD CONSTRAINT `fk_comp_tmo_contratista_users1` FOREIGN KEY (`id_users`) REFERENCES `users` (`id`) ON DELETE NO ACTION ON UPDATE NO ACTION;

--
-- Filtros para la tabla `denu_tma_entidades`
--
ALTER TABLE `denu_tma_entidades`
  ADD CONSTRAINT `fk_tme_entidades_tme_moduloa` FOREIGN KEY (`id_modulo`) REFERENCES `ad_modulos` (`id`) ON DELETE NO ACTION ON UPDATE NO ACTION;

--
-- Filtros para la tabla `denu_tma_responsable_cuadrilla`
--
ALTER TABLE `denu_tma_responsable_cuadrilla`
  ADD CONSTRAINT `fk_denu_tma_responsable_cuadrilla_users1` FOREIGN KEY (`id_usuario_responsable`) REFERENCES `users` (`id`) ON DELETE NO ACTION ON UPDATE NO ACTION,
  ADD CONSTRAINT `fk_tma_personas_cuadrilla_tma_responsable_entidad1` FOREIGN KEY (`id_responsable_entidad`) REFERENCES `denu_tma_responsable_entidad` (`id`) ON DELETE NO ACTION ON UPDATE NO ACTION;

--
-- Filtros para la tabla `denu_tma_responsable_entidad`
--
ALTER TABLE `denu_tma_responsable_entidad`
  ADD CONSTRAINT `fk_denu_tma_responsable_entidad_users1` FOREIGN KEY (`id_usuario_responsable`) REFERENCES `users` (`id`) ON DELETE NO ACTION ON UPDATE NO ACTION,
  ADD CONSTRAINT `fk_tma_responsable_entidad_tme_entidades1` FOREIGN KEY (`id_entidad`) REFERENCES `denu_tma_entidades` (`id`) ON DELETE NO ACTION ON UPDATE NO ACTION;

--
-- Filtros para la tabla `denu_tma_tecnico_inspector`
--
ALTER TABLE `denu_tma_tecnico_inspector`
  ADD CONSTRAINT `fk_denu_tma_tecnico_inspector_users1` FOREIGN KEY (`id_usuario_tec`) REFERENCES `users` (`id`) ON DELETE NO ACTION ON UPDATE NO ACTION,
  ADD CONSTRAINT `fk_tma_tecnico_inspector_tma_responsable_cuadrilla1` FOREIGN KEY (`id_resp_cuadrilla`) REFERENCES `denu_tma_responsable_cuadrilla` (`id`) ON DELETE NO ACTION ON UPDATE NO ACTION;

--
-- Filtros para la tabla `denu_tma_tipo_denuncias`
--
ALTER TABLE `denu_tma_tipo_denuncias`
  ADD CONSTRAINT `fk_tme_tipo_denuncias_tme_entidades1` FOREIGN KEY (`id_entidad`) REFERENCES `denu_tma_entidades` (`id`) ON DELETE NO ACTION ON UPDATE NO ACTION;

--
-- Filtros para la tabla `denu_tmo_delegacion`
--
ALTER TABLE `denu_tmo_delegacion`
  ADD CONSTRAINT `fk_denu_tmo_delegacion_denu_tma_responsable_cuadrilla1` FOREIGN KEY (`id_responsable_cuadrilla`) REFERENCES `denu_tma_responsable_cuadrilla` (`id`) ON DELETE NO ACTION ON UPDATE NO ACTION,
  ADD CONSTRAINT `fk_denu_tmo_delegacion_denu_tmo_denuncia1` FOREIGN KEY (`id_denunica`) REFERENCES `denu_tmo_denuncia` (`id`) ON DELETE NO ACTION ON UPDATE NO ACTION;

--
-- Filtros para la tabla `denu_tmo_denuncia`
--
ALTER TABLE `denu_tmo_denuncia`
  ADD CONSTRAINT `fk_tmo_denuncia_tme_tipo_denuncias1` FOREIGN KEY (`id_tipo_denuncia`) REFERENCES `denu_tma_tipo_denuncias` (`id`) ON DELETE NO ACTION ON UPDATE NO ACTION;
COMMIT;

